74.7.227.170 - - [30/Nov/2025:07:45:19 -0500] "GET /sffg/wk/admin.php?dir=//proc/3263544/root/var/softaculous/htmly/php71 HTTP/1.1" 200 1979 "-" "Mozilla/5.0 AppleWebKit/537.36 (KHTML, like Gecko; compatible; GPTBot/1.3; +https://openai.com/gptbot)"
74.7.243.223 - - [30/Nov/2025:07:45:20 -0500] "GET /sffg/wk/admin.php?dir=//proc/3159889/root/var/softaculous/magento17/php53 HTTP/1.1" 200 1985 "-" "Mozilla/5.0 AppleWebKit/537.36 (KHTML, like Gecko; compatible; GPTBot/1.3; +https://openai.com/gptbot)"
18.213.27.222 - - [30/Nov/2025:07:45:21 -0500] "GET /admin/wk/admin.php?action=chmod&dir=//etc&item=DIR_COLORS HTTP/1.1" 200 6989 "-" "Mozilla/5.0 AppleWebKit/537.36 (KHTML, like Gecko; compatible; Amazonbot/0.1; +https://developer.amazon.com/support/amazonbot) Chrome/119.0.6045.214 Safari/537.36"
74.7.227.170 - - [30/Nov/2025:07:45:21 -0500] "GET /sffg/wk/admin.php?dir=//proc/3263544/root/var/softaculous/zenber/php53 HTTP/1.1" 200 1991 "-" "Mozilla/5.0 AppleWebKit/537.36 (KHTML, like Gecko; compatible; GPTBot/1.3; +https://openai.com/gptbot)"
74.7.243.223 - - [30/Nov/2025:07:45:22 -0500] "GET /sffg/wk/admin.php?dir=//proc/3263544/root/var/softaculous/magento246/php82 HTTP/1.1" 200 1996 "-" "Mozilla/5.0 AppleWebKit/537.36 (KHTML, like Gecko; compatible; GPTBot/1.3; +https://openai.com/gptbot)"
74.7.227.170 - - [30/Nov/2025:07:45:23 -0500] "GET /sffg/wk/admin.php?dir=//proc/3263544/root/var/softaculous/bludit/php71 HTTP/1.1" 200 1990 "-" "Mozilla/5.0 AppleWebKit/537.36 (KHTML, like Gecko; compatible; GPTBot/1.3; +https://openai.com/gptbot)"
74.7.243.223 - - [30/Nov/2025:07:45:25 -0500] "GET /sffg/wk/admin.php?dir=//proc/3263544/root/var/softaculous/moodle39/php71 HTTP/1.1" 200 1978 "-" "Mozilla/5.0 AppleWebKit/537.36 (KHTML, like Gecko; compatible; GPTBot/1.3; +https://openai.com/gptbot)"
74.7.227.170 - - [30/Nov/2025:07:45:25 -0500] "GET /sffg/wk/admin.php?dir=//proc/3263544/root/var/softaculous/webcal/php71 HTTP/1.1" 200 1991 "-" "Mozilla/5.0 AppleWebKit/537.36 (KHTML, like Gecko; compatible; GPTBot/1.3; +https://openai.com/gptbot)"
3.217.82.254 - - [30/Nov/2025:07:45:26 -0500] "GET /admin/wk/admin.php?action=chmod&dir=//bin&item=pkg-config HTTP/1.1" 200 29753 "-" "Mozilla/5.0 AppleWebKit/537.36 (KHTML, like Gecko; compatible; Amazonbot/0.1; +https://developer.amazon.com/support/amazonbot) Chrome/119.0.6045.214 Safari/537.36"
74.7.243.223 - - [30/Nov/2025:07:45:27 -0500] "GET /sffg/wk/admin.php?dir=//proc/3263544/root/var/softaculous/vtiger72/php81 HTTP/1.1" 200 1978 "-" "Mozilla/5.0 AppleWebKit/537.36 (KHTML, like Gecko; compatible; GPTBot/1.3; +https://openai.com/gptbot)"
74.7.227.170 - - [30/Nov/2025:07:45:27 -0500] "GET /sffg/wk/admin.php?dir=//proc/3589831/root/var/softaculous/thbees/php56 HTTP/1.1" 200 1991 "-" "Mozilla/5.0 AppleWebKit/537.36 (KHTML, like Gecko; compatible; GPTBot/1.3; +https://openai.com/gptbot)"
74.7.243.223 - - [30/Nov/2025:07:45:29 -0500] "GET /sffg/wk/admin.php?dir=//proc/3159889/root/var/softaculous/magento17/php56 HTTP/1.1" 200 1985 "-" "Mozilla/5.0 AppleWebKit/537.36 (KHTML, like Gecko; compatible; GPTBot/1.3; +https://openai.com/gptbot)"
74.7.227.170 - - [30/Nov/2025:07:45:30 -0500] "GET /sffg/wk/admin.php?dir=//proc/3263544/root/var/softaculous/uvdesk/php71 HTTP/1.1" 200 1991 "-" "Mozilla/5.0 AppleWebKit/537.36 (KHTML, like Gecko; compatible; GPTBot/1.3; +https://openai.com/gptbot)"
54.225.81.20 - - [30/Nov/2025:07:45:30 -0500] "GET /sdfsf/wk/admin.php?action=chmod&dir=//bin&item=getopt HTTP/1.1" 200 28333 "-" "Mozilla/5.0 AppleWebKit/537.36 (KHTML, like Gecko; compatible; Amazonbot/0.1; +https://developer.amazon.com/support/amazonbot) Chrome/119.0.6045.214 Safari/537.36"
74.7.243.223 - - [30/Nov/2025:07:45:32 -0500] "GET /sffg/wk/admin.php?dir=//proc/3263544/root/var/softaculous/magento17/php53 HTTP/1.1" 200 1985 "-" "Mozilla/5.0 AppleWebKit/537.36 (KHTML, like Gecko; compatible; GPTBot/1.3; +https://openai.com/gptbot)"
74.7.227.170 - - [30/Nov/2025:07:45:32 -0500] "GET /sffg/wk/admin.php?dir=//proc/3779464/root/var/softaculous/nuked/php81 HTTP/1.1" 200 1979 "-" "Mozilla/5.0 AppleWebKit/537.36 (KHTML, like Gecko; compatible; GPTBot/1.3; +https://openai.com/gptbot)"
52.203.152.231 - - [30/Nov/2025:07:45:34 -0500] "GET /admin/wk/admin.php?action=chmod&dir=//bin&item=at HTTP/1.1" 200 29034 "-" "Mozilla/5.0 AppleWebKit/537.36 (KHTML, like Gecko; compatible; Amazonbot/0.1; +https://developer.amazon.com/support/amazonbot) Chrome/119.0.6045.214 Safari/537.36"
74.7.243.223 - - [30/Nov/2025:07:45:34 -0500] "GET /sffg/wk/admin.php?dir=//proc/3263544/root/var/softaculous/vtiger72/php56 HTTP/1.1" 200 1978 "-" "Mozilla/5.0 AppleWebKit/537.36 (KHTML, like Gecko; compatible; GPTBot/1.3; +https://openai.com/gptbot)"
74.7.227.170 - - [30/Nov/2025:07:45:34 -0500] "GET /sffg/wk/admin.php?dir=//proc/3263544/root/var/softaculous/zeus/php71 HTTP/1.1" 200 1974 "-" "Mozilla/5.0 AppleWebKit/537.36 (KHTML, like Gecko; compatible; GPTBot/1.3; +https://openai.com/gptbot)"
74.7.227.170 - - [30/Nov/2025:07:45:36 -0500] "GET /sffg/wk/admin.php?dir=//proc/3779464/root/var/softaculous/wbce/php53 HTTP/1.1" 200 1978 "-" "Mozilla/5.0 AppleWebKit/537.36 (KHTML, like Gecko; compatible; GPTBot/1.3; +https://openai.com/gptbot)"
74.7.243.223 - - [30/Nov/2025:07:45:36 -0500] "GET /sffg/wk/admin.php?dir=//proc/3263544/root/var/softaculous/magento246/php71 HTTP/1.1" 200 1996 "-" "Mozilla/5.0 AppleWebKit/537.36 (KHTML, like Gecko; compatible; GPTBot/1.3; +https://openai.com/gptbot)"
74.7.227.170 - - [30/Nov/2025:07:45:39 -0500] "GET /sffg/wk/admin.php?dir=//proc/3779464/root/var/softaculous/openb/php81 HTTP/1.1" 200 1979 "-" "Mozilla/5.0 AppleWebKit/537.36 (KHTML, like Gecko; compatible; GPTBot/1.3; +https://openai.com/gptbot)"
74.7.243.223 - - [30/Nov/2025:07:45:39 -0500] "GET /sffg/wk/admin.php?dir=//proc/3263544/root/var/softaculous/goffice62/php81 HTTP/1.1" 200 1985 "-" "Mozilla/5.0 AppleWebKit/537.36 (KHTML, like Gecko; compatible; GPTBot/1.3; +https://openai.com/gptbot)"
34.195.248.30 - - [30/Nov/2025:07:45:39 -0500] "GET /images/wk/admin.php?action=chmod&dir=//bin&item=createdb HTTP/1.1" 200 29463 "-" "Mozilla/5.0 AppleWebKit/537.36 (KHTML, like Gecko; compatible; Amazonbot/0.1; +https://developer.amazon.com/support/amazonbot) Chrome/119.0.6045.214 Safari/537.36"
44.193.102.198 - - [30/Nov/2025:07:45:40 -0500] "GET /sdfsf/wk/admin.php?action=chmod&dir=//bin&item=screen HTTP/1.1" 200 29192 "-" "Mozilla/5.0 AppleWebKit/537.36 (KHTML, like Gecko; compatible; Amazonbot/0.1; +https://developer.amazon.com/support/amazonbot) Chrome/119.0.6045.214 Safari/537.36"
74.7.227.170 - - [30/Nov/2025:07:45:41 -0500] "GET /sffg/wk/admin.php?dir=//proc/3263544/root/var/softaculous/myweb/php53 HTTP/1.1" 200 1979 "-" "Mozilla/5.0 AppleWebKit/537.36 (KHTML, like Gecko; compatible; GPTBot/1.3; +https://openai.com/gptbot)"
74.7.243.223 - - [30/Nov/2025:07:45:41 -0500] "GET /sffg/wk/admin.php?dir=//proc/3159889/root/var/softaculous/magento24/php53 HTTP/1.1" 200 1985 "-" "Mozilla/5.0 AppleWebKit/537.36 (KHTML, like Gecko; compatible; GPTBot/1.3; +https://openai.com/gptbot)"
74.7.227.170 - - [30/Nov/2025:07:45:43 -0500] "GET /sffg/wk/admin.php?dir=//proc/3779464/root/var/softaculous/htmly/php81 HTTP/1.1" 200 1979 "-" "Mozilla/5.0 AppleWebKit/537.36 (KHTML, like Gecko; compatible; GPTBot/1.3; +https://openai.com/gptbot)"
74.7.243.223 - - [30/Nov/2025:07:45:43 -0500] "GET /sffg/wk/admin.php?dir=//proc/3159889/root/var/softaculous/magento24/php81 HTTP/1.1" 200 1985 "-" "Mozilla/5.0 AppleWebKit/537.36 (KHTML, like Gecko; compatible; GPTBot/1.3; +https://openai.com/gptbot)"
74.7.227.170 - - [30/Nov/2025:07:45:45 -0500] "GET /sffg/wk/admin.php?dir=//proc/3589831/root/var/softaculous/fluxbb/php71 HTTP/1.1" 200 1991 "-" "Mozilla/5.0 AppleWebKit/537.36 (KHTML, like Gecko; compatible; GPTBot/1.3; +https://openai.com/gptbot)"
74.7.243.223 - - [30/Nov/2025:07:45:46 -0500] "GET /sffg/wk/admin.php?dir=//proc/3263544/root/var/softaculous/moodle50/php82 HTTP/1.1" 200 1978 "-" "Mozilla/5.0 AppleWebKit/537.36 (KHTML, like Gecko; compatible; GPTBot/1.3; +https://openai.com/gptbot)"
74.7.227.170 - - [30/Nov/2025:07:45:48 -0500] "GET /sffg/wk/admin.php?dir=//proc/3779464/root/var/softaculous/lychee/php71 HTTP/1.1" 200 1991 "-" "Mozilla/5.0 AppleWebKit/537.36 (KHTML, like Gecko; compatible; GPTBot/1.3; +https://openai.com/gptbot)"
74.7.243.223 - - [30/Nov/2025:07:45:48 -0500] "GET /sffg/wk/admin.php?dir=//proc/3159889/root/var/softaculous/moodle44/php56 HTTP/1.1" 200 1978 "-" "Mozilla/5.0 AppleWebKit/537.36 (KHTML, like Gecko; compatible; GPTBot/1.3; +https://openai.com/gptbot)"
3.219.81.66 - - [30/Nov/2025:07:45:48 -0500] "GET /wp-includes/wk/admin.php?action=view&dir=//bin&item=at HTTP/1.1" 200 30174 "-" "Mozilla/5.0 AppleWebKit/537.36 (KHTML, like Gecko; compatible; Amazonbot/0.1; +https://developer.amazon.com/support/amazonbot) Chrome/119.0.6045.214 Safari/537.36"
23.23.104.107 - - [30/Nov/2025:07:45:49 -0500] "GET /wp-content/wk/admin.php?action=chmod&dir=//bin&item=podchecker HTTP/1.1" 200 29758 "-" "Mozilla/5.0 AppleWebKit/537.36 (KHTML, like Gecko; compatible; Amazonbot/0.1; +https://developer.amazon.com/support/amazonbot) Chrome/119.0.6045.214 Safari/537.36"
74.7.227.170 - - [30/Nov/2025:07:45:50 -0500] "GET /sffg/wk/admin.php?dir=//proc/3589831/root/var/softaculous/4images/php71 HTTP/1.1" 200 1975 "-" "Mozilla/5.0 AppleWebKit/537.36 (KHTML, like Gecko; compatible; GPTBot/1.3; +https://openai.com/gptbot)"
74.7.243.223 - - [30/Nov/2025:07:45:50 -0500] "GET /sffg/wk/admin.php?dir=//proc/3159889/root/var/softaculous/moodle27/php71 HTTP/1.1" 200 1978 "-" "Mozilla/5.0 AppleWebKit/537.36 (KHTML, like Gecko; compatible; GPTBot/1.3; +https://openai.com/gptbot)"
74.7.227.170 - - [30/Nov/2025:07:45:52 -0500] "GET /sffg/wk/admin.php?dir=//proc/3589831/root/var/softaculous/vxgb/php71 HTTP/1.1" 200 1979 "-" "Mozilla/5.0 AppleWebKit/537.36 (KHTML, like Gecko; compatible; GPTBot/1.3; +https://openai.com/gptbot)"
74.7.243.223 - - [30/Nov/2025:07:45:52 -0500] "GET /sffg/wk/admin.php?dir=//proc/3263544/root/var/softaculous/magento17/php71 HTTP/1.1" 200 1985 "-" "Mozilla/5.0 AppleWebKit/537.36 (KHTML, like Gecko; compatible; GPTBot/1.3; +https://openai.com/gptbot)"
23.23.212.212 - - [30/Nov/2025:07:45:54 -0500] "GET /wp-includes/wk/admin.php?action=chmod&dir=//sbin&item=named-compilezone HTTP/1.1" 200 5396 "-" "Mozilla/5.0 AppleWebKit/537.36 (KHTML, like Gecko; compatible; Amazonbot/0.1; +https://developer.amazon.com/support/amazonbot) Chrome/119.0.6045.214 Safari/537.36"
74.7.227.170 - - [30/Nov/2025:07:45:54 -0500] "GET /sffg/wk/admin.php?dir=//proc/3263544/root/var/softaculous/lychee/php81 HTTP/1.1" 200 1991 "-" "Mozilla/5.0 AppleWebKit/537.36 (KHTML, like Gecko; compatible; GPTBot/1.3; +https://openai.com/gptbot)"
74.7.243.223 - - [30/Nov/2025:07:45:54 -0500] "GET /sffg/wk/admin.php?dir=//proc/3263544/root/var/softaculous/moodle29/php81 HTTP/1.1" 200 1978 "-" "Mozilla/5.0 AppleWebKit/537.36 (KHTML, like Gecko; compatible; GPTBot/1.3; +https://openai.com/gptbot)"
74.7.227.170 - - [30/Nov/2025:07:45:57 -0500] "GET /sffg/wk/admin.php?dir=//proc/3779464/root/var/softaculous/blab/php82 HTTP/1.1" 200 1978 "-" "Mozilla/5.0 AppleWebKit/537.36 (KHTML, like Gecko; compatible; GPTBot/1.3; +https://openai.com/gptbot)"
74.7.243.223 - - [30/Nov/2025:07:45:57 -0500] "GET /sffg/wk/admin.php?dir=//proc/3159889/root/var/softaculous/moodle20/php56 HTTP/1.1" 200 1978 "-" "Mozilla/5.0 AppleWebKit/537.36 (KHTML, like Gecko; compatible; GPTBot/1.3; +https://openai.com/gptbot)"
34.231.156.59 - - [30/Nov/2025:07:45:58 -0500] "GET /images/wk/admin.php?action=chmod&dir=//bin&item=egrep HTTP/1.1" 200 29890 "-" "Mozilla/5.0 AppleWebKit/537.36 (KHTML, like Gecko; compatible; Amazonbot/0.1; +https://developer.amazon.com/support/amazonbot) Chrome/119.0.6045.214 Safari/537.36"
57.141.0.10 - - [30/Nov/2025:07:46:01 -0500] "GET /special1905926784?kg=1903800530 HTTP/1.1" 404 1251 "-" "meta-externalagent/1.1 (+https://developers.facebook.com/docs/sharing/webmasters/crawler)"
74.7.227.170 - - [30/Nov/2025:07:45:59 -0500] "GET /sffg/wk/admin.php?dir=//proc/3263544/root/var/softaculous/dhtmlx/php71 HTTP/1.1" 200 1991 "-" "Mozilla/5.0 AppleWebKit/537.36 (KHTML, like Gecko; compatible; GPTBot/1.3; +https://openai.com/gptbot)"
74.7.243.223 - - [30/Nov/2025:07:45:59 -0500] "GET /sffg/wk/admin.php?dir=//proc/3263544/root/var/softaculous/moodle20/php71 HTTP/1.1" 200 1978 "-" "Mozilla/5.0 AppleWebKit/537.36 (KHTML, like Gecko; compatible; GPTBot/1.3; +https://openai.com/gptbot)"
74.7.227.170 - - [30/Nov/2025:07:46:01 -0500] "GET /sffg/wk/admin.php?dir=//proc/3263544/root/var/softaculous/redax/php71 HTTP/1.1" 200 1981 "-" "Mozilla/5.0 AppleWebKit/537.36 (KHTML, like Gecko; compatible; GPTBot/1.3; +https://openai.com/gptbot)"
74.7.243.223 - - [30/Nov/2025:07:46:01 -0500] "GET /sffg/wk/admin.php?dir=//proc/3263544/root/var/softaculous/moodle38/php71 HTTP/1.1" 200 1978 "-" "Mozilla/5.0 AppleWebKit/537.36 (KHTML, like Gecko; compatible; GPTBot/1.3; +https://openai.com/gptbot)"
23.23.212.212 - - [30/Nov/2025:07:46:01 -0500] "GET /hfrgrh/wk/admin.php?action=chmod&dir=//bin&item=mariadb-binlog HTTP/1.1" 200 29393 "-" "Mozilla/5.0 AppleWebKit/537.36 (KHTML, like Gecko; compatible; Amazonbot/0.1; +https://developer.amazon.com/support/amazonbot) Chrome/119.0.6045.214 Safari/537.36"
74.7.227.170 - - [30/Nov/2025:07:46:03 -0500] "GET /sffg/wk/admin.php?dir=//proc/3263544/root/var/softaculous/wbce/php81 HTTP/1.1" 200 1978 "-" "Mozilla/5.0 AppleWebKit/537.36 (KHTML, like Gecko; compatible; GPTBot/1.3; +https://openai.com/gptbot)"
74.7.243.223 - - [30/Nov/2025:07:46:03 -0500] "GET /sffg/wk/admin.php?dir=//proc/3159889/root/var/softaculous/joomla30/php56 HTTP/1.1" 200 1979 "-" "Mozilla/5.0 AppleWebKit/537.36 (KHTML, like Gecko; compatible; GPTBot/1.3; +https://openai.com/gptbot)"
74.7.227.170 - - [30/Nov/2025:07:46:05 -0500] "GET /sffg/wk/admin.php?dir=//proc/3779464/root/var/softaculous/burden/php56 HTTP/1.1" 200 1991 "-" "Mozilla/5.0 AppleWebKit/537.36 (KHTML, like Gecko; compatible; GPTBot/1.3; +https://openai.com/gptbot)"
74.7.243.223 - - [30/Nov/2025:07:46:05 -0500] "GET /sffg/wk/admin.php?dir=//proc/3263544/root/var/softaculous/joomla310/php82 HTTP/1.1" 200 1986 "-" "Mozilla/5.0 AppleWebKit/537.36 (KHTML, like Gecko; compatible; GPTBot/1.3; +https://openai.com/gptbot)"
100.28.49.152 - - [30/Nov/2025:07:46:05 -0500] "GET /admin/wk/admin.php?action=chmod&dir=//lib64&item=libdbus-glib-1.so.2 HTTP/1.1" 200 89293 "-" "Mozilla/5.0 AppleWebKit/537.36 (KHTML, like Gecko; compatible; Amazonbot/0.1; +https://developer.amazon.com/support/amazonbot) Chrome/119.0.6045.214 Safari/537.36"
74.7.227.170 - - [30/Nov/2025:07:46:07 -0500] "GET /sffg/wk/admin.php?dir=//proc/3779464/root/var/softaculous/tcexam/php56 HTTP/1.1" 200 1991 "-" "Mozilla/5.0 AppleWebKit/537.36 (KHTML, like Gecko; compatible; GPTBot/1.3; +https://openai.com/gptbot)"
74.7.243.223 - - [30/Nov/2025:07:46:08 -0500] "GET /sffg/wk/admin.php?dir=//proc/3159889/root/var/softaculous/joomla310/php82 HTTP/1.1" 200 1985 "-" "Mozilla/5.0 AppleWebKit/537.36 (KHTML, like Gecko; compatible; GPTBot/1.3; +https://openai.com/gptbot)"
74.7.227.170 - - [30/Nov/2025:07:46:09 -0500] "GET /sffg/wk/admin.php?dir=//proc/3589831/root/var/softaculous/symfony2/php56 HTTP/1.1" 200 1978 "-" "Mozilla/5.0 AppleWebKit/537.36 (KHTML, like Gecko; compatible; GPTBot/1.3; +https://openai.com/gptbot)"
44.205.180.155 - - [30/Nov/2025:07:46:10 -0500] "GET /css/wk/admin.php?action=chmod&dir=//bin&item=awk HTTP/1.1" 200 29491 "-" "Mozilla/5.0 AppleWebKit/537.36 (KHTML, like Gecko; compatible; Amazonbot/0.1; +https://developer.amazon.com/support/amazonbot) Chrome/119.0.6045.214 Safari/537.36"
74.7.243.223 - - [30/Nov/2025:07:46:11 -0500] "GET /sffg/wk/admin.php?dir=//proc/3159889/root/var/softaculous/moodle40/php53 HTTP/1.1" 200 1978 "-" "Mozilla/5.0 AppleWebKit/537.36 (KHTML, like Gecko; compatible; GPTBot/1.3; +https://openai.com/gptbot)"
74.7.227.170 - - [30/Nov/2025:07:46:12 -0500] "GET /sffg/wk/admin.php?dir=//proc/3589831/root/var/softaculous/sizzle/php71 HTTP/1.1" 200 1992 "-" "Mozilla/5.0 AppleWebKit/537.36 (KHTML, like Gecko; compatible; GPTBot/1.3; +https://openai.com/gptbot)"
74.7.243.223 - - [30/Nov/2025:07:46:13 -0500] "GET /sffg/wk/admin.php?dir=//proc/3263544/root/var/softaculous/magento247/php53 HTTP/1.1" 200 1996 "-" "Mozilla/5.0 AppleWebKit/537.36 (KHTML, like Gecko; compatible; GPTBot/1.3; +https://openai.com/gptbot)"
35.170.205.140 - - [30/Nov/2025:07:46:14 -0500] "GET /wp-includes/wk/admin.php?action=chmod&dir=//bin&item=script HTTP/1.1" 200 29829 "-" "Mozilla/5.0 AppleWebKit/537.36 (KHTML, like Gecko; compatible; Amazonbot/0.1; +https://developer.amazon.com/support/amazonbot) Chrome/119.0.6045.214 Safari/537.36"
74.7.227.170 - - [30/Nov/2025:07:46:14 -0500] "GET /sffg/wk/admin.php?dir=//proc/3779464/root/var/softaculous/sizzle/php53 HTTP/1.1" 200 1992 "-" "Mozilla/5.0 AppleWebKit/537.36 (KHTML, like Gecko; compatible; GPTBot/1.3; +https://openai.com/gptbot)"
74.7.243.223 - - [30/Nov/2025:07:46:15 -0500] "GET /sffg/wk/admin.php?dir=//proc/3159889/root/var/softaculous/moodle40/php71 HTTP/1.1" 200 1978 "-" "Mozilla/5.0 AppleWebKit/537.36 (KHTML, like Gecko; compatible; GPTBot/1.3; +https://openai.com/gptbot)"
34.236.41.241 - - [30/Nov/2025:07:46:16 -0500] "GET /sdfsf/wk/admin.php?action=chmod&dir=//bin&item=ps2ps HTTP/1.1" 200 29285 "-" "Mozilla/5.0 AppleWebKit/537.36 (KHTML, like Gecko; compatible; Amazonbot/0.1; +https://developer.amazon.com/support/amazonbot) Chrome/119.0.6045.214 Safari/537.36"
74.7.227.170 - - [30/Nov/2025:07:46:17 -0500] "GET /sffg/wk/admin.php?dir=//proc/3779464/root/var/softaculous/blesta/php53 HTTP/1.1" 200 1991 "-" "Mozilla/5.0 AppleWebKit/537.36 (KHTML, like Gecko; compatible; GPTBot/1.3; +https://openai.com/gptbot)"
74.7.243.223 - - [30/Nov/2025:07:46:18 -0500] "GET /sffg/wk/admin.php?dir=//proc/3159889/root/var/softaculous/vtiger72/php56 HTTP/1.1" 200 1978 "-" "Mozilla/5.0 AppleWebKit/537.36 (KHTML, like Gecko; compatible; GPTBot/1.3; +https://openai.com/gptbot)"
74.7.227.170 - - [30/Nov/2025:07:46:19 -0500] "GET /sffg/wk/admin.php?dir=//proc/3779464/root/var/softaculous/feng/php82 HTTP/1.1" 200 1979 "-" "Mozilla/5.0 AppleWebKit/537.36 (KHTML, like Gecko; compatible; GPTBot/1.3; +https://openai.com/gptbot)"
74.7.243.223 - - [30/Nov/2025:07:46:20 -0500] "GET /sffg/wk/admin.php?dir=//proc/3159889/root/var/softaculous/joomla30/php71 HTTP/1.1" 200 1979 "-" "Mozilla/5.0 AppleWebKit/537.36 (KHTML, like Gecko; compatible; GPTBot/1.3; +https://openai.com/gptbot)"
74.7.227.170 - - [30/Nov/2025:07:46:21 -0500] "GET /sffg/wk/admin.php?dir=//proc/3779464/root/var/softaculous/gpeasy/php81 HTTP/1.1" 200 1991 "-" "Mozilla/5.0 AppleWebKit/537.36 (KHTML, like Gecko; compatible; GPTBot/1.3; +https://openai.com/gptbot)"
54.91.122.193 - - [30/Nov/2025:07:46:22 -0500] "GET /images/wk/admin.php?action=chmod&dir=//lib64&item=libprotobuf.so.15.0.0 HTTP/1.1" 200 90996 "-" "Mozilla/5.0 AppleWebKit/537.36 (KHTML, like Gecko; compatible; Amazonbot/0.1; +https://developer.amazon.com/support/amazonbot) Chrome/119.0.6045.214 Safari/537.36"
74.7.243.223 - - [30/Nov/2025:07:46:22 -0500] "GET /sffg/wk/admin.php?dir=//proc/3159889/root/var/softaculous/moodle50/php71 HTTP/1.1" 200 1978 "-" "Mozilla/5.0 AppleWebKit/537.36 (KHTML, like Gecko; compatible; GPTBot/1.3; +https://openai.com/gptbot)"
74.7.227.170 - - [30/Nov/2025:07:46:23 -0500] "GET /sffg/wk/admin.php?dir=//proc/3159889/root/var/softaculous/genix/php56 HTTP/1.1" 200 1979 "-" "Mozilla/5.0 AppleWebKit/537.36 (KHTML, like Gecko; compatible; GPTBot/1.3; +https://openai.com/gptbot)"
3.216.86.144 - - [30/Nov/2025:07:46:24 -0500] "GET /images/wk/admin.php?action=chmod&dir=//bin&item=aclocal-1.16 HTTP/1.1" 200 29541 "-" "Mozilla/5.0 AppleWebKit/537.36 (KHTML, like Gecko; compatible; Amazonbot/0.1; +https://developer.amazon.com/support/amazonbot) Chrome/119.0.6045.214 Safari/537.36"
74.7.243.223 - - [30/Nov/2025:07:46:25 -0500] "GET /sffg/wk/admin.php?dir=//proc/3159889/root/var/softaculous/moodle42/php71 HTTP/1.1" 200 1978 "-" "Mozilla/5.0 AppleWebKit/537.36 (KHTML, like Gecko; compatible; GPTBot/1.3; +https://openai.com/gptbot)"
74.7.227.170 - - [30/Nov/2025:07:46:26 -0500] "GET /sffg/wk/admin.php?dir=//proc/3263544/root/var/softaculous/fluxbb/php71 HTTP/1.1" 200 1991 "-" "Mozilla/5.0 AppleWebKit/537.36 (KHTML, like Gecko; compatible; GPTBot/1.3; +https://openai.com/gptbot)"
74.7.243.223 - - [30/Nov/2025:07:46:27 -0500] "GET /sffg/wk/admin.php?dir=//proc/3159889/root/var/softaculous/goffice67/php53 HTTP/1.1" 200 1985 "-" "Mozilla/5.0 AppleWebKit/537.36 (KHTML, like Gecko; compatible; GPTBot/1.3; +https://openai.com/gptbot)"
74.7.227.170 - - [30/Nov/2025:07:46:28 -0500] "GET /sffg/wk/admin.php?dir=//proc/3159889/root/var/softaculous/zenber/php53 HTTP/1.1" 200 1991 "-" "Mozilla/5.0 AppleWebKit/537.36 (KHTML, like Gecko; compatible; GPTBot/1.3; +https://openai.com/gptbot)"
74.7.243.223 - - [30/Nov/2025:07:46:29 -0500] "GET /sffg/wk/admin.php?dir=//proc/3263544/root/var/softaculous/magento247/php82 HTTP/1.1" 200 1996 "-" "Mozilla/5.0 AppleWebKit/537.36 (KHTML, like Gecko; compatible; GPTBot/1.3; +https://openai.com/gptbot)"
74.7.227.170 - - [30/Nov/2025:07:46:30 -0500] "GET /sffg/wk/admin.php?dir=//proc/3263544/root/var/softaculous/dhtmlx/php81 HTTP/1.1" 200 1991 "-" "Mozilla/5.0 AppleWebKit/537.36 (KHTML, like Gecko; compatible; GPTBot/1.3; +https://openai.com/gptbot)"
52.1.157.90 - - [30/Nov/2025:07:46:31 -0500] "GET /wp-includes/wk/admin.php?dir=//opt/liblve HTTP/1.1" 200 2846 "-" "Mozilla/5.0 AppleWebKit/537.36 (KHTML, like Gecko; compatible; Amazonbot/0.1; +https://developer.amazon.com/support/amazonbot) Chrome/119.0.6045.214 Safari/537.36"
74.7.243.223 - - [30/Nov/2025:07:46:31 -0500] "GET /sffg/wk/admin.php?dir=//proc/3263544/root/var/softaculous/goffice67/php71 HTTP/1.1" 200 1985 "-" "Mozilla/5.0 AppleWebKit/537.36 (KHTML, like Gecko; compatible; GPTBot/1.3; +https://openai.com/gptbot)"
74.7.227.170 - - [30/Nov/2025:07:46:32 -0500] "GET /sffg/wk/admin.php?dir=//proc/3159889/root/var/softaculous/fluxbb/php71 HTTP/1.1" 200 1991 "-" "Mozilla/5.0 AppleWebKit/537.36 (KHTML, like Gecko; compatible; GPTBot/1.3; +https://openai.com/gptbot)"
74.7.243.223 - - [30/Nov/2025:07:46:33 -0500] "GET /sffg/wk/admin.php?dir=//proc/3159889/root/var/softaculous/moodle40/php82 HTTP/1.1" 200 1978 "-" "Mozilla/5.0 AppleWebKit/537.36 (KHTML, like Gecko; compatible; GPTBot/1.3; +https://openai.com/gptbot)"
3.213.106.226 - - [30/Nov/2025:07:46:34 -0500] "GET /admin/wk/admin.php?action=chmod&dir=//lib64&item=libnss_myhostname.so.2 HTTP/1.1" 200 89408 "-" "Mozilla/5.0 AppleWebKit/537.36 (KHTML, like Gecko; compatible; Amazonbot/0.1; +https://developer.amazon.com/support/amazonbot) Chrome/119.0.6045.214 Safari/537.36"
74.7.227.170 - - [30/Nov/2025:07:46:35 -0500] "GET /sffg/wk/admin.php?dir=//proc/3589831/root/var/softaculous/lychee/php56 HTTP/1.1" 200 1991 "-" "Mozilla/5.0 AppleWebKit/537.36 (KHTML, like Gecko; compatible; GPTBot/1.3; +https://openai.com/gptbot)"
34.233.219.155 - - [30/Nov/2025:07:46:36 -0500] "GET /forms/wk/admin.php?action=chmod&dir=//lib64&item=libXrender.so.1.3.0 HTTP/1.1" 200 87784 "-" "Mozilla/5.0 AppleWebKit/537.36 (KHTML, like Gecko; compatible; Amazonbot/0.1; +https://developer.amazon.com/support/amazonbot) Chrome/119.0.6045.214 Safari/537.36"
74.7.227.170 - - [30/Nov/2025:07:46:37 -0500] "GET /sffg/wk/admin.php?dir=//proc/3779464/root/var/softaculous/zend/php53 HTTP/1.1" 200 1978 "-" "Mozilla/5.0 AppleWebKit/537.36 (KHTML, like Gecko; compatible; GPTBot/1.3; +https://openai.com/gptbot)"
74.7.243.223 - - [30/Nov/2025:07:46:36 -0500] "GET /sffg/wk/admin.php?dir=//proc/3263544/root/var/softaculous/joomla30/php81 HTTP/1.1" 200 1979 "-" "Mozilla/5.0 AppleWebKit/537.36 (KHTML, like Gecko; compatible; GPTBot/1.3; +https://openai.com/gptbot)"
74.7.227.170 - - [30/Nov/2025:07:46:39 -0500] "GET /sffg/wk/admin.php?dir=//proc/3779464/root/var/softaculous/zentao/php82 HTTP/1.1" 200 1991 "-" "Mozilla/5.0 AppleWebKit/537.36 (KHTML, like Gecko; compatible; GPTBot/1.3; +https://openai.com/gptbot)"
74.7.243.223 - - [30/Nov/2025:07:46:41 -0500] "GET /sffg/wk/admin.php?dir=//proc/3159889/root/var/softaculous/magento24/php82 HTTP/1.1" 200 1985 "-" "Mozilla/5.0 AppleWebKit/537.36 (KHTML, like Gecko; compatible; GPTBot/1.3; +https://openai.com/gptbot)"
74.7.227.170 - - [30/Nov/2025:07:46:42 -0500] "GET /sffg/wk/admin.php?dir=//proc/3263544/root/var/softaculous/tcexam/php71 HTTP/1.1" 200 1991 "-" "Mozilla/5.0 AppleWebKit/537.36 (KHTML, like Gecko; compatible; GPTBot/1.3; +https://openai.com/gptbot)"
23.21.179.27 - - [30/Nov/2025:07:46:42 -0500] "GET /hfrgrh/wk/admin.php?action=chmod&dir=//bin&item=spell HTTP/1.1" 200 29550 "-" "Mozilla/5.0 AppleWebKit/537.36 (KHTML, like Gecko; compatible; Amazonbot/0.1; +https://developer.amazon.com/support/amazonbot) Chrome/119.0.6045.214 Safari/537.36"
114.119.152.77 - - [30/Nov/2025:07:46:45 -0500] "GET /products/64ou36259 HTTP/1.1" 404 1251 "https://naztechltd.com/?sitemap601.xml" "Mozilla/5.0 (Linux; Android 7.0;) AppleWebKit/537.36 (KHTML, like Gecko) Mobile Safari/537.36 (compatible; PetalBot;+https://webmaster.petalsearch.com/site/petalbot)"
74.7.243.223 - - [30/Nov/2025:07:46:44 -0500] "GET /sffg/wk/admin.php?dir=//proc/3159889/root/var/softaculous/goffice62/php53 HTTP/1.1" 200 1985 "-" "Mozilla/5.0 AppleWebKit/537.36 (KHTML, like Gecko; compatible; GPTBot/1.3; +https://openai.com/gptbot)"
74.7.227.170 - - [30/Nov/2025:07:46:44 -0500] "GET /sffg/wk/admin.php?dir=//proc/3263544/root/var/softaculous/lychee/php71 HTTP/1.1" 200 1991 "-" "Mozilla/5.0 AppleWebKit/537.36 (KHTML, like Gecko; compatible; GPTBot/1.3; +https://openai.com/gptbot)"
52.205.222.214 - - [30/Nov/2025:07:46:46 -0500] "GET /wp-includes/wk/admin.php?action=chmod&dir=//usr&item=share HTTP/1.1" 200 3085 "-" "Mozilla/5.0 AppleWebKit/537.36 (KHTML, like Gecko; compatible; Amazonbot/0.1; +https://developer.amazon.com/support/amazonbot) Chrome/119.0.6045.214 Safari/537.36"
74.7.243.223 - - [30/Nov/2025:07:46:46 -0500] "GET /sffg/wk/admin.php?dir=//proc/3263544/root/var/softaculous/magento18/php56 HTTP/1.1" 200 1985 "-" "Mozilla/5.0 AppleWebKit/537.36 (KHTML, like Gecko; compatible; GPTBot/1.3; +https://openai.com/gptbot)"
74.7.227.170 - - [30/Nov/2025:07:46:46 -0500] "GET /sffg/wk/admin.php?dir=//proc/3159889/root/var/softaculous/sizzle/php82 HTTP/1.1" 200 1992 "-" "Mozilla/5.0 AppleWebKit/537.36 (KHTML, like Gecko; compatible; GPTBot/1.3; +https://openai.com/gptbot)"
74.7.243.223 - - [30/Nov/2025:07:46:48 -0500] "GET /sffg/wk/admin.php?dir=//proc/3263544/root/var/softaculous/magento24/php81 HTTP/1.1" 200 1984 "-" "Mozilla/5.0 AppleWebKit/537.36 (KHTML, like Gecko; compatible; GPTBot/1.3; +https://openai.com/gptbot)"
74.7.227.170 - - [30/Nov/2025:07:46:48 -0500] "GET /sffg/wk/admin.php?dir=//proc/3263544/root/var/softaculous/feng/php81 HTTP/1.1" 200 1980 "-" "Mozilla/5.0 AppleWebKit/537.36 (KHTML, like Gecko; compatible; GPTBot/1.3; +https://openai.com/gptbot)"
54.159.98.248 - - [30/Nov/2025:07:46:49 -0500] "GET /wp-includes/wk/admin.php?action=view&dir=//bin&item=sha1sum HTTP/1.1" 200 29852 "-" "Mozilla/5.0 AppleWebKit/537.36 (KHTML, like Gecko; compatible; Amazonbot/0.1; +https://developer.amazon.com/support/amazonbot) Chrome/119.0.6045.214 Safari/537.36"
74.7.243.223 - - [30/Nov/2025:07:46:50 -0500] "GET /sffg/wk/admin.php?dir=//proc/3159889/root/var/softaculous/goffice67/php82 HTTP/1.1" 200 1985 "-" "Mozilla/5.0 AppleWebKit/537.36 (KHTML, like Gecko; compatible; GPTBot/1.3; +https://openai.com/gptbot)"
74.7.227.170 - - [30/Nov/2025:07:46:51 -0500] "GET /sffg/wk/admin.php?dir=//proc/3779464/root/var/softaculous/tcexam/php53 HTTP/1.1" 200 1991 "-" "Mozilla/5.0 AppleWebKit/537.36 (KHTML, like Gecko; compatible; GPTBot/1.3; +https://openai.com/gptbot)"
74.7.243.223 - - [30/Nov/2025:07:46:53 -0500] "GET /sffg/wk/admin.php?dir=//proc/3263544/root/var/softaculous/magento242/php71 HTTP/1.1" 200 1996 "-" "Mozilla/5.0 AppleWebKit/537.36 (KHTML, like Gecko; compatible; GPTBot/1.3; +https://openai.com/gptbot)"
74.7.227.170 - - [30/Nov/2025:07:46:53 -0500] "GET /sffg/wk/admin.php?dir=//proc/3159889/root/var/softaculous/tcexam/php56 HTTP/1.1" 200 1991 "-" "Mozilla/5.0 AppleWebKit/537.36 (KHTML, like Gecko; compatible; GPTBot/1.3; +https://openai.com/gptbot)"
74.7.243.223 - - [30/Nov/2025:07:46:55 -0500] "GET /sffg/wk/admin.php?dir=//proc/3159889/root/var/softaculous/moodle40/php56 HTTP/1.1" 200 1978 "-" "Mozilla/5.0 AppleWebKit/537.36 (KHTML, like Gecko; compatible; GPTBot/1.3; +https://openai.com/gptbot)"
74.7.227.170 - - [30/Nov/2025:07:46:55 -0500] "GET /sffg/wk/admin.php?dir=//proc/3779464/root/var/softaculous/vxgb/php81 HTTP/1.1" 200 1979 "-" "Mozilla/5.0 AppleWebKit/537.36 (KHTML, like Gecko; compatible; GPTBot/1.3; +https://openai.com/gptbot)"
34.194.233.48 - - [30/Nov/2025:07:46:55 -0500] "GET /sdfsf/wk/admin.php?action=chmod&dir=//bin&item=automake-1.16 HTTP/1.1" 200 29925 "-" "Mozilla/5.0 AppleWebKit/537.36 (KHTML, like Gecko; compatible; Amazonbot/0.1; +https://developer.amazon.com/support/amazonbot) Chrome/119.0.6045.214 Safari/537.36"
54.159.98.248 - - [30/Nov/2025:07:46:56 -0500] "GET /sdfsf/wk/admin.php?action=chmod&dir=//lib64&item=libssl.so.1.1.1k HTTP/1.1" 200 91084 "-" "Mozilla/5.0 AppleWebKit/537.36 (KHTML, like Gecko; compatible; Amazonbot/0.1; +https://developer.amazon.com/support/amazonbot) Chrome/119.0.6045.214 Safari/537.36"
74.7.243.223 - - [30/Nov/2025:07:46:57 -0500] "GET /sffg/wk/admin.php?dir=//proc/3263544/root/var/softaculous/magento17/php56 HTTP/1.1" 200 1985 "-" "Mozilla/5.0 AppleWebKit/537.36 (KHTML, like Gecko; compatible; GPTBot/1.3; +https://openai.com/gptbot)"
74.7.227.170 - - [30/Nov/2025:07:46:58 -0500] "GET /sffg/wk/admin.php?dir=//proc/3779464/root/var/softaculous/myfaq/php81 HTTP/1.1" 200 1979 "-" "Mozilla/5.0 AppleWebKit/537.36 (KHTML, like Gecko; compatible; GPTBot/1.3; +https://openai.com/gptbot)"
74.7.243.223 - - [30/Nov/2025:07:46:59 -0500] "GET /sffg/wk/admin.php?dir=//proc/3159889/root/var/softaculous/magento241/php81 HTTP/1.1" 200 1995 "-" "Mozilla/5.0 AppleWebKit/537.36 (KHTML, like Gecko; compatible; GPTBot/1.3; +https://openai.com/gptbot)"
74.7.227.170 - - [30/Nov/2025:07:47:00 -0500] "GET /sffg/wk/admin.php?dir=//proc/3159889/root/var/softaculous/burden/php56 HTTP/1.1" 200 1991 "-" "Mozilla/5.0 AppleWebKit/537.36 (KHTML, like Gecko; compatible; GPTBot/1.3; +https://openai.com/gptbot)"
74.7.243.223 - - [30/Nov/2025:07:47:01 -0500] "GET /sffg/wk/admin.php?dir=//proc/3263544/root/var/softaculous/moodle40/php71 HTTP/1.1" 200 1978 "-" "Mozilla/5.0 AppleWebKit/537.36 (KHTML, like Gecko; compatible; GPTBot/1.3; +https://openai.com/gptbot)"
74.7.227.170 - - [30/Nov/2025:07:47:02 -0500] "GET /sffg/wk/admin.php?dir=//proc/3589831/root/var/softaculous/nibble/php56 HTTP/1.1" 200 1991 "-" "Mozilla/5.0 AppleWebKit/537.36 (KHTML, like Gecko; compatible; GPTBot/1.3; +https://openai.com/gptbot)"
3.232.39.98 - - [30/Nov/2025:07:47:02 -0500] "GET /wp-admin/wk/admin.php?action=chmod&dir=//var&item=spool HTTP/1.1" 200 3206 "-" "Mozilla/5.0 AppleWebKit/537.36 (KHTML, like Gecko; compatible; Amazonbot/0.1; +https://developer.amazon.com/support/amazonbot) Chrome/119.0.6045.214 Safari/537.36"
74.7.243.223 - - [30/Nov/2025:07:47:04 -0500] "GET /sffg/wk/admin.php?dir=//proc/3263544/root/var/softaculous/magento247/php56 HTTP/1.1" 200 1996 "-" "Mozilla/5.0 AppleWebKit/537.36 (KHTML, like Gecko; compatible; GPTBot/1.3; +https://openai.com/gptbot)"
74.7.227.170 - - [30/Nov/2025:07:47:04 -0500] "GET /sffg/wk/admin.php?dir=//proc/3779464/root/var/softaculous/lime/php81 HTTP/1.1" 200 1977 "-" "Mozilla/5.0 AppleWebKit/537.36 (KHTML, like Gecko; compatible; GPTBot/1.3; +https://openai.com/gptbot)"
57.141.0.65 - - [30/Nov/2025:07:47:06 -0500] "GET /special1543558272?kg=1541836446 HTTP/1.1" 404 1251 "-" "meta-externalagent/1.1 (+https://developers.facebook.com/docs/sharing/webmasters/crawler)"
3.217.171.106 - - [30/Nov/2025:07:47:05 -0500] "GET /NaztechB/wk/admin.php?action=chmod&dir=//bin&item=id HTTP/1.1" 200 29525 "-" "Mozilla/5.0 AppleWebKit/537.36 (KHTML, like Gecko; compatible; Amazonbot/0.1; +https://developer.amazon.com/support/amazonbot) Chrome/119.0.6045.214 Safari/537.36"
74.7.243.223 - - [30/Nov/2025:07:47:06 -0500] "GET /sffg/wk/admin.php?dir=//proc/3263544/root/var/softaculous/moodle311/php71 HTTP/1.1" 200 1985 "-" "Mozilla/5.0 AppleWebKit/537.36 (KHTML, like Gecko; compatible; GPTBot/1.3; +https://openai.com/gptbot)"
74.7.227.170 - - [30/Nov/2025:07:47:07 -0500] "GET /sffg/wk/admin.php?dir=//proc/3263544/root/var/softaculous/blesta/php82 HTTP/1.1" 200 1991 "-" "Mozilla/5.0 AppleWebKit/537.36 (KHTML, like Gecko; compatible; GPTBot/1.3; +https://openai.com/gptbot)"
74.7.243.223 - - [30/Nov/2025:07:47:08 -0500] "GET /sffg/wk/admin.php?dir=//proc/3159889/root/var/softaculous/goffice62/php71 HTTP/1.1" 200 1985 "-" "Mozilla/5.0 AppleWebKit/537.36 (KHTML, like Gecko; compatible; GPTBot/1.3; +https://openai.com/gptbot)"
74.7.227.170 - - [30/Nov/2025:07:47:09 -0500] "GET /sffg/wk/admin.php?dir=//proc/3779464/root/var/softaculous/abante/php81 HTTP/1.1" 200 1991 "-" "Mozilla/5.0 AppleWebKit/537.36 (KHTML, like Gecko; compatible; GPTBot/1.3; +https://openai.com/gptbot)"
44.207.207.36 - - [30/Nov/2025:07:47:10 -0500] "GET /css/wk/admin.php?action=chmod&dir=//lib64&item=libcroco-0.6.so.3.0.1 HTTP/1.1" 200 90750 "-" "Mozilla/5.0 AppleWebKit/537.36 (KHTML, like Gecko; compatible; Amazonbot/0.1; +https://developer.amazon.com/support/amazonbot) Chrome/119.0.6045.214 Safari/537.36"
74.7.243.223 - - [30/Nov/2025:07:47:10 -0500] "GET /sffg/wk/admin.php?dir=//proc/3159889/root/var/softaculous/joomla310/php56 HTTP/1.1" 200 1985 "-" "Mozilla/5.0 AppleWebKit/537.36 (KHTML, like Gecko; compatible; GPTBot/1.3; +https://openai.com/gptbot)"
74.7.227.170 - - [30/Nov/2025:07:47:11 -0500] "GET /sffg/wk/admin.php?dir=//proc/3263544/root/var/softaculous/bludit/php81 HTTP/1.1" 200 1990 "-" "Mozilla/5.0 AppleWebKit/537.36 (KHTML, like Gecko; compatible; GPTBot/1.3; +https://openai.com/gptbot)"
74.7.243.223 - - [30/Nov/2025:07:47:13 -0500] "GET /sffg/wk/admin.php?dir=//proc/3159889/root/var/softaculous/moodle43/php56 HTTP/1.1" 200 1978 "-" "Mozilla/5.0 AppleWebKit/537.36 (KHTML, like Gecko; compatible; GPTBot/1.3; +https://openai.com/gptbot)"
3.93.98.99 - - [30/Nov/2025:07:47:13 -0500] "GET /images/wk/admin.php?action=chmod&dir=//lib64&item=libtraceevent.so.1.5.3 HTTP/1.1" 200 90180 "-" "Mozilla/5.0 AppleWebKit/537.36 (KHTML, like Gecko; compatible; Amazonbot/0.1; +https://developer.amazon.com/support/amazonbot) Chrome/119.0.6045.214 Safari/537.36"
74.7.227.170 - - [30/Nov/2025:07:47:13 -0500] "GET /sffg/wk/admin.php?dir=//proc/3263544/root/var/softaculous/zikula/php81 HTTP/1.1" 200 1992 "-" "Mozilla/5.0 AppleWebKit/537.36 (KHTML, like Gecko; compatible; GPTBot/1.3; +https://openai.com/gptbot)"
74.7.243.223 - - [30/Nov/2025:07:47:15 -0500] "GET /sffg/wk/admin.php?dir=//proc/3263544/root/var/softaculous/zikula15/php81 HTTP/1.1" 200 1979 "-" "Mozilla/5.0 AppleWebKit/537.36 (KHTML, like Gecko; compatible; GPTBot/1.3; +https://openai.com/gptbot)"
74.7.227.170 - - [30/Nov/2025:07:47:15 -0500] "GET /sffg/wk/admin.php?dir=//proc/3779464/root/var/softaculous/vxgb/php53 HTTP/1.1" 200 1979 "-" "Mozilla/5.0 AppleWebKit/537.36 (KHTML, like Gecko; compatible; GPTBot/1.3; +https://openai.com/gptbot)"
74.7.243.223 - - [30/Nov/2025:07:47:17 -0500] "GET /sffg/wk/admin.php?dir=//proc/3159889/root/var/softaculous/moodle30/php71 HTTP/1.1" 200 1978 "-" "Mozilla/5.0 AppleWebKit/537.36 (KHTML, like Gecko; compatible; GPTBot/1.3; +https://openai.com/gptbot)"
74.7.227.170 - - [30/Nov/2025:07:47:18 -0500] "GET /sffg/wk/admin.php?dir=//proc/3779464/root/var/softaculous/sizzle/php81 HTTP/1.1" 200 1992 "-" "Mozilla/5.0 AppleWebKit/537.36 (KHTML, like Gecko; compatible; GPTBot/1.3; +https://openai.com/gptbot)"
74.7.243.223 - - [30/Nov/2025:07:47:19 -0500] "GET /sffg/wk/admin.php?dir=//proc/3263544/root/var/softaculous/symfony24/php71 HTTP/1.1" 200 1985 "-" "Mozilla/5.0 AppleWebKit/537.36 (KHTML, like Gecko; compatible; GPTBot/1.3; +https://openai.com/gptbot)"
74.7.227.170 - - [30/Nov/2025:07:47:20 -0500] "GET /sffg/wk/admin.php?dir=//proc/3263544/root/var/softaculous/thbees/php82 HTTP/1.1" 200 1991 "-" "Mozilla/5.0 AppleWebKit/537.36 (KHTML, like Gecko; compatible; GPTBot/1.3; +https://openai.com/gptbot)"
18.214.238.178 - - [30/Nov/2025:07:47:21 -0500] "GET /images/wk/admin.php?action=chmod&dir=//lib64&item=libnetfilter_conntrack.so.3.6.0 HTTP/1.1" 200 90840 "-" "Mozilla/5.0 AppleWebKit/537.36 (KHTML, like Gecko; compatible; Amazonbot/0.1; +https://developer.amazon.com/support/amazonbot) Chrome/119.0.6045.214 Safari/537.36"
74.7.227.170 - - [30/Nov/2025:07:47:22 -0500] "GET /sffg/wk/admin.php?dir=//proc/3263544/root/var/softaculous/feng/php71 HTTP/1.1" 200 1980 "-" "Mozilla/5.0 AppleWebKit/537.36 (KHTML, like Gecko; compatible; GPTBot/1.3; +https://openai.com/gptbot)"
74.7.243.223 - - [30/Nov/2025:07:47:22 -0500] "GET /sffg/wk/admin.php?dir=//proc/3263544/root/var/softaculous/moodle310/php71 HTTP/1.1" 200 1985 "-" "Mozilla/5.0 AppleWebKit/537.36 (KHTML, like Gecko; compatible; GPTBot/1.3; +https://openai.com/gptbot)"
3.222.190.107 - - [30/Nov/2025:07:47:23 -0500] "GET /css/wk/admin.php?action=chmod&dir=//lib64&item=libIex-2_2.so.12.0.0 HTTP/1.1" 200 89876 "-" "Mozilla/5.0 AppleWebKit/537.36 (KHTML, like Gecko; compatible; Amazonbot/0.1; +https://developer.amazon.com/support/amazonbot) Chrome/119.0.6045.214 Safari/537.36"
74.7.227.170 - - [30/Nov/2025:07:47:24 -0500] "GET /sffg/wk/admin.php?dir=//proc/3263544/root/var/softaculous/thbees/php71 HTTP/1.1" 200 1991 "-" "Mozilla/5.0 AppleWebKit/537.36 (KHTML, like Gecko; compatible; GPTBot/1.3; +https://openai.com/gptbot)"
74.7.243.223 - - [30/Nov/2025:07:47:25 -0500] "GET /sffg/wk/admin.php?dir=//proc/3159889/root/var/softaculous/joomla54/php71 HTTP/1.1" 200 1979 "-" "Mozilla/5.0 AppleWebKit/537.36 (KHTML, like Gecko; compatible; GPTBot/1.3; +https://openai.com/gptbot)"
74.7.227.170 - - [30/Nov/2025:07:47:26 -0500] "GET /sffg/wk/admin.php?dir=//proc/3263544/root/var/softaculous/gibbon/php71 HTTP/1.1" 200 1991 "-" "Mozilla/5.0 AppleWebKit/537.36 (KHTML, like Gecko; compatible; GPTBot/1.3; +https://openai.com/gptbot)"
3.94.199.128 - - [30/Nov/2025:07:47:26 -0500] "GET /sdfsf/wk/admin.php?action=chmod&dir=//bin&item=utmpdump HTTP/1.1" 200 29796 "-" "Mozilla/5.0 AppleWebKit/537.36 (KHTML, like Gecko; compatible; Amazonbot/0.1; +https://developer.amazon.com/support/amazonbot) Chrome/119.0.6045.214 Safari/537.36"
74.7.243.223 - - [30/Nov/2025:07:47:27 -0500] "GET /sffg/wk/admin.php?dir=//proc/3263544/root/var/softaculous/joomla16/php71 HTTP/1.1" 200 1978 "-" "Mozilla/5.0 AppleWebKit/537.36 (KHTML, like Gecko; compatible; GPTBot/1.3; +https://openai.com/gptbot)"
3.221.244.28 - - [30/Nov/2025:07:47:28 -0500] "GET /sdfsf/wk/admin.php?action=chmod&dir=//bin&item=mariadb-dump HTTP/1.1" 200 29814 "-" "Mozilla/5.0 AppleWebKit/537.36 (KHTML, like Gecko; compatible; Amazonbot/0.1; +https://developer.amazon.com/support/amazonbot) Chrome/119.0.6045.214 Safari/537.36"
74.7.227.170 - - [30/Nov/2025:07:47:29 -0500] "GET /sffg/wk/admin.php?dir=//proc/3779464/root/var/softaculous/vtiger/php82 HTTP/1.1" 200 1991 "-" "Mozilla/5.0 AppleWebKit/537.36 (KHTML, like Gecko; compatible; GPTBot/1.3; +https://openai.com/gptbot)"
74.7.243.223 - - [30/Nov/2025:07:47:30 -0500] "GET /sffg/wk/admin.php?dir=//proc/3159889/root/var/softaculous/moodle44/php71 HTTP/1.1" 200 1978 "-" "Mozilla/5.0 AppleWebKit/537.36 (KHTML, like Gecko; compatible; GPTBot/1.3; +https://openai.com/gptbot)"
74.7.227.170 - - [30/Nov/2025:07:47:31 -0500] "GET /sffg/wk/admin.php?dir=//proc/3589831/root/var/softaculous/zenber/php81 HTTP/1.1" 200 1991 "-" "Mozilla/5.0 AppleWebKit/537.36 (KHTML, like Gecko; compatible; GPTBot/1.3; +https://openai.com/gptbot)"
74.7.243.223 - - [30/Nov/2025:07:47:32 -0500] "GET /sffg/wk/admin.php?dir=//proc/3263544/root/var/softaculous/magento242/php81 HTTP/1.1" 200 1996 "-" "Mozilla/5.0 AppleWebKit/537.36 (KHTML, like Gecko; compatible; GPTBot/1.3; +https://openai.com/gptbot)"
74.7.227.170 - - [30/Nov/2025:07:47:33 -0500] "GET /sffg/wk/admin.php?dir=//proc/3779464/root/var/softaculous/sqlite/php56 HTTP/1.1" 200 1991 "-" "Mozilla/5.0 AppleWebKit/537.36 (KHTML, like Gecko; compatible; GPTBot/1.3; +https://openai.com/gptbot)"
74.7.243.223 - - [30/Nov/2025:07:47:34 -0500] "GET /sffg/wk/admin.php?dir=//proc/3159889/root/var/softaculous/moodle310/php71 HTTP/1.1" 200 1985 "-" "Mozilla/5.0 AppleWebKit/537.36 (KHTML, like Gecko; compatible; GPTBot/1.3; +https://openai.com/gptbot)"
23.21.148.226 - - [30/Nov/2025:07:47:35 -0500] "GET /assets/wk/admin.php?action=chmod&dir=//etc&item=recent_authed_mail_ips HTTP/1.1" 200 6961 "-" "Mozilla/5.0 AppleWebKit/537.36 (KHTML, like Gecko; compatible; Amazonbot/0.1; +https://developer.amazon.com/support/amazonbot) Chrome/119.0.6045.214 Safari/537.36"
74.7.227.170 - - [30/Nov/2025:07:47:35 -0500] "GET /sffg/wk/admin.php?dir=//proc/3263544/root/var/softaculous/lime/php81 HTTP/1.1" 200 1978 "-" "Mozilla/5.0 AppleWebKit/537.36 (KHTML, like Gecko; compatible; GPTBot/1.3; +https://openai.com/gptbot)"
74.7.243.223 - - [30/Nov/2025:07:47:37 -0500] "GET /sffg/wk/admin.php?dir=//proc/3263544/root/var/softaculous/moodle50/php81 HTTP/1.1" 200 1978 "-" "Mozilla/5.0 AppleWebKit/537.36 (KHTML, like Gecko; compatible; GPTBot/1.3; +https://openai.com/gptbot)"
100.28.204.82 - - [30/Nov/2025:07:47:37 -0500] "GET /hfrgrh/wk/admin.php?action=chmod&dir=//lib64&item=libpanelw.so.5 HTTP/1.1" 200 90684 "-" "Mozilla/5.0 AppleWebKit/537.36 (KHTML, like Gecko; compatible; Amazonbot/0.1; +https://developer.amazon.com/support/amazonbot) Chrome/119.0.6045.214 Safari/537.36"
74.7.227.170 - - [30/Nov/2025:07:47:38 -0500] "GET /sffg/wk/admin.php?dir=//proc/3589831/root/var/softaculous/zenber/php53 HTTP/1.1" 200 1991 "-" "Mozilla/5.0 AppleWebKit/537.36 (KHTML, like Gecko; compatible; GPTBot/1.3; +https://openai.com/gptbot)"
74.7.243.223 - - [30/Nov/2025:07:47:39 -0500] "GET /sffg/wk/admin.php?dir=//proc/3263544/root/var/softaculous/moodle20/php81 HTTP/1.1" 200 1978 "-" "Mozilla/5.0 AppleWebKit/537.36 (KHTML, like Gecko; compatible; GPTBot/1.3; +https://openai.com/gptbot)"
74.7.227.170 - - [30/Nov/2025:07:47:40 -0500] "GET /sffg/wk/admin.php?dir=//proc/3779464/root/var/softaculous/lychee/php81 HTTP/1.1" 200 1991 "-" "Mozilla/5.0 AppleWebKit/537.36 (KHTML, like Gecko; compatible; GPTBot/1.3; +https://openai.com/gptbot)"
44.205.192.249 - - [30/Nov/2025:07:47:40 -0500] "GET /admin/wk/admin.php?action=chmod&dir=//sbin&item=ip HTTP/1.1" 200 5307 "-" "Mozilla/5.0 AppleWebKit/537.36 (KHTML, like Gecko; compatible; Amazonbot/0.1; +https://developer.amazon.com/support/amazonbot) Chrome/119.0.6045.214 Safari/537.36"
74.7.243.223 - - [30/Nov/2025:07:47:41 -0500] "GET /sffg/wk/admin.php?dir=//proc/3159889/root/var/softaculous/moodle310/php82 HTTP/1.1" 200 1985 "-" "Mozilla/5.0 AppleWebKit/537.36 (KHTML, like Gecko; compatible; GPTBot/1.3; +https://openai.com/gptbot)"
74.7.227.170 - - [30/Nov/2025:07:47:42 -0500] "GET /sffg/wk/admin.php?dir=//proc/3589831/root/var/softaculous/webid/php71 HTTP/1.1" 200 1979 "-" "Mozilla/5.0 AppleWebKit/537.36 (KHTML, like Gecko; compatible; GPTBot/1.3; +https://openai.com/gptbot)"
74.7.243.223 - - [30/Nov/2025:07:47:43 -0500] "GET /sffg/wk/admin.php?dir=//proc/3263544/root/var/softaculous/magento241/php81 HTTP/1.1" 200 1996 "-" "Mozilla/5.0 AppleWebKit/537.36 (KHTML, like Gecko; compatible; GPTBot/1.3; +https://openai.com/gptbot)"
74.7.227.170 - - [30/Nov/2025:07:47:45 -0500] "GET /sffg/wk/admin.php?dir=//proc/3159889/root/var/softaculous/fluxbb/php56 HTTP/1.1" 200 1991 "-" "Mozilla/5.0 AppleWebKit/537.36 (KHTML, like Gecko; compatible; GPTBot/1.3; +https://openai.com/gptbot)"
100.28.57.133 - - [30/Nov/2025:07:47:45 -0500] "GET /NaztechB/wk/admin.php?action=chmod&dir=//var&item=spool HTTP/1.1" 200 3234 "-" "Mozilla/5.0 AppleWebKit/537.36 (KHTML, like Gecko; compatible; Amazonbot/0.1; +https://developer.amazon.com/support/amazonbot) Chrome/119.0.6045.214 Safari/537.36"
74.7.243.223 - - [30/Nov/2025:07:47:46 -0500] "GET /sffg/wk/admin.php?dir=//proc/3263544/root/var/softaculous/moodle28/php71 HTTP/1.1" 200 1978 "-" "Mozilla/5.0 AppleWebKit/537.36 (KHTML, like Gecko; compatible; GPTBot/1.3; +https://openai.com/gptbot)"
74.7.227.170 - - [30/Nov/2025:07:47:47 -0500] "GET /sffg/wk/admin.php?dir=//proc/3263544/root/var/softaculous/wbce/php82 HTTP/1.1" 200 1978 "-" "Mozilla/5.0 AppleWebKit/537.36 (KHTML, like Gecko; compatible; GPTBot/1.3; +https://openai.com/gptbot)"
74.7.243.223 - - [30/Nov/2025:07:47:48 -0500] "GET /sffg/wk/admin.php?dir=//proc/3159889/root/var/softaculous/goffice62/php56 HTTP/1.1" 200 1985 "-" "Mozilla/5.0 AppleWebKit/537.36 (KHTML, like Gecko; compatible; GPTBot/1.3; +https://openai.com/gptbot)"
18.233.24.238 - - [30/Nov/2025:07:47:48 -0500] "GET /css/wk/admin.php?action=chmod&dir=//lib64&item=libteam.so.5 HTTP/1.1" 200 90682 "-" "Mozilla/5.0 AppleWebKit/537.36 (KHTML, like Gecko; compatible; Amazonbot/0.1; +https://developer.amazon.com/support/amazonbot) Chrome/119.0.6045.214 Safari/537.36"
74.7.227.170 - - [30/Nov/2025:07:47:49 -0500] "GET /sffg/wk/admin.php?dir=//proc/3589831/root/var/softaculous/wbce/php71 HTTP/1.1" 200 1978 "-" "Mozilla/5.0 AppleWebKit/537.36 (KHTML, like Gecko; compatible; GPTBot/1.3; +https://openai.com/gptbot)"
74.7.243.223 - - [30/Nov/2025:07:47:50 -0500] "GET /sffg/wk/admin.php?dir=//proc/3159889/root/var/softaculous/moodle20/php71 HTTP/1.1" 200 1978 "-" "Mozilla/5.0 AppleWebKit/537.36 (KHTML, like Gecko; compatible; GPTBot/1.3; +https://openai.com/gptbot)"
74.7.227.170 - - [30/Nov/2025:07:47:51 -0500] "GET /sffg/wk/admin.php?dir=//proc/3779464/root/var/softaculous/mybb/php53 HTTP/1.1" 200 1978 "-" "Mozilla/5.0 AppleWebKit/537.36 (KHTML, like Gecko; compatible; GPTBot/1.3; +https://openai.com/gptbot)"
74.7.243.223 - - [30/Nov/2025:07:47:52 -0500] "GET /sffg/wk/admin.php?dir=//proc/3263544/root/var/softaculous/joomla310/php81 HTTP/1.1" 200 1986 "-" "Mozilla/5.0 AppleWebKit/537.36 (KHTML, like Gecko; compatible; GPTBot/1.3; +https://openai.com/gptbot)"
74.7.227.170 - - [30/Nov/2025:07:47:53 -0500] "GET /sffg/wk/admin.php?dir=//proc/3779464/root/var/softaculous/baker/php81 HTTP/1.1" 200 1979 "-" "Mozilla/5.0 AppleWebKit/537.36 (KHTML, like Gecko; compatible; GPTBot/1.3; +https://openai.com/gptbot)"
18.205.213.231 - - [30/Nov/2025:07:47:53 -0500] "GET /admin/wk/admin.php?action=chmod&dir=/home/bappguir/rariya.com.ng&item=wp-login.php HTTP/1.1" 200 4778 "-" "Mozilla/5.0 AppleWebKit/537.36 (KHTML, like Gecko; compatible; Amazonbot/0.1; +https://developer.amazon.com/support/amazonbot) Chrome/119.0.6045.214 Safari/537.36"
74.7.243.223 - - [30/Nov/2025:07:47:54 -0500] "GET /sffg/wk/admin.php?dir=//proc/3263544/root/var/softaculous/moodle50/php71 HTTP/1.1" 200 1978 "-" "Mozilla/5.0 AppleWebKit/537.36 (KHTML, like Gecko; compatible; GPTBot/1.3; +https://openai.com/gptbot)"
74.7.227.170 - - [30/Nov/2025:07:47:56 -0500] "GET /sffg/wk/admin.php?dir=//proc/3263544/root/var/softaculous/genix/php71 HTTP/1.1" 200 1979 "-" "Mozilla/5.0 AppleWebKit/537.36 (KHTML, like Gecko; compatible; GPTBot/1.3; +https://openai.com/gptbot)"
3.227.180.70 - - [30/Nov/2025:07:47:56 -0500] "GET /forms/wk/admin.php?action=chmod&dir=//lib64&item=libcomps.so.0 HTTP/1.1" 200 90670 "-" "Mozilla/5.0 AppleWebKit/537.36 (KHTML, like Gecko; compatible; Amazonbot/0.1; +https://developer.amazon.com/support/amazonbot) Chrome/119.0.6045.214 Safari/537.36"
74.7.243.223 - - [30/Nov/2025:07:47:57 -0500] "GET /sffg/wk/admin.php?dir=//proc/3263544/root/var/softaculous/moodle40/php81 HTTP/1.1" 200 1978 "-" "Mozilla/5.0 AppleWebKit/537.36 (KHTML, like Gecko; compatible; GPTBot/1.3; +https://openai.com/gptbot)"
74.7.227.170 - - [30/Nov/2025:07:47:58 -0500] "GET /sffg/wk/admin.php?dir=//proc/3263544/root/var/softaculous/mybb/php82 HTTP/1.1" 200 1978 "-" "Mozilla/5.0 AppleWebKit/537.36 (KHTML, like Gecko; compatible; GPTBot/1.3; +https://openai.com/gptbot)"
74.7.243.223 - - [30/Nov/2025:07:47:59 -0500] "GET /sffg/wk/admin.php?dir=//proc/3159889/root/var/softaculous/symfony24/php56 HTTP/1.1" 200 1985 "-" "Mozilla/5.0 AppleWebKit/537.36 (KHTML, like Gecko; compatible; GPTBot/1.3; +https://openai.com/gptbot)"
74.7.227.170 - - [30/Nov/2025:07:48:00 -0500] "GET /sffg/wk/admin.php?dir=//proc/3779464/root/var/softaculous/yeti/php82 HTTP/1.1" 200 1978 "-" "Mozilla/5.0 AppleWebKit/537.36 (KHTML, like Gecko; compatible; GPTBot/1.3; +https://openai.com/gptbot)"
74.7.243.223 - - [30/Nov/2025:07:48:01 -0500] "GET /sffg/wk/admin.php?dir=//proc/3263544/root/var/softaculous/magento18/php81 HTTP/1.1" 200 1985 "-" "Mozilla/5.0 AppleWebKit/537.36 (KHTML, like Gecko; compatible; GPTBot/1.3; +https://openai.com/gptbot)"
74.7.227.170 - - [30/Nov/2025:07:48:03 -0500] "GET /sffg/wk/admin.php?dir=//proc/3159889/root/proc/self/root/lib/firmware/rtl_bt HTTP/1.1" 200 1997 "-" "Mozilla/5.0 AppleWebKit/537.36 (KHTML, like Gecko; compatible; GPTBot/1.3; +https://openai.com/gptbot)"
3.210.223.61 - - [30/Nov/2025:07:48:01 -0500] "GET /admin/wk/admin.php?action=chmod&dir=//lib64&item=libsecret-1.so.0 HTTP/1.1" 200 90451 "-" "Mozilla/5.0 AppleWebKit/537.36 (KHTML, like Gecko; compatible; Amazonbot/0.1; +https://developer.amazon.com/support/amazonbot) Chrome/119.0.6045.214 Safari/537.36"
74.7.243.223 - - [30/Nov/2025:07:48:04 -0500] "GET /sffg/wk/admin.php?dir=//proc/3159889/root/var/softaculous/symfony24/php82 HTTP/1.1" 200 1985 "-" "Mozilla/5.0 AppleWebKit/537.36 (KHTML, like Gecko; compatible; GPTBot/1.3; +https://openai.com/gptbot)"
74.7.227.170 - - [30/Nov/2025:07:48:05 -0500] "GET /sffg/wk/admin.php?dir=//proc/3589831/root/proc/self/root/lib/firmware/rtl_nic HTTP/1.1" 200 1993 "-" "Mozilla/5.0 AppleWebKit/537.36 (KHTML, like Gecko; compatible; GPTBot/1.3; +https://openai.com/gptbot)"
