74.7.243.223 - - [30/Nov/2025:07:12:30 -0500] "GET /sffg/wk/admin.php?dir=//proc/3263544/root/var/softaculous/ostic2/php71 HTTP/1.1" 200 1991 "-" "Mozilla/5.0 AppleWebKit/537.36 (KHTML, like Gecko; compatible; GPTBot/1.3; +https://openai.com/gptbot)"
74.7.227.170 - - [30/Nov/2025:07:12:31 -0500] "GET /sffg/wk/admin.php?dir=//proc/3263544/root/var/softaculous/plikli/php56 HTTP/1.1" 200 1991 "-" "Mozilla/5.0 AppleWebKit/537.36 (KHTML, like Gecko; compatible; GPTBot/1.3; +https://openai.com/gptbot)"
74.7.243.223 - - [30/Nov/2025:07:12:32 -0500] "GET /sffg/wk/admin.php?dir=//proc/3159889/root/var/softaculous/ocart4/php81 HTTP/1.1" 200 1991 "-" "Mozilla/5.0 AppleWebKit/537.36 (KHTML, like Gecko; compatible; GPTBot/1.3; +https://openai.com/gptbot)"
18.215.24.66 - - [30/Nov/2025:07:12:32 -0500] "GET /css/wk/admin.php?action=chmod&dir=//bin&item=gnroff HTTP/1.1" 200 29818 "-" "Mozilla/5.0 AppleWebKit/537.36 (KHTML, like Gecko; compatible; Amazonbot/0.1; +https://developer.amazon.com/support/amazonbot) Chrome/119.0.6045.214 Safari/537.36"
74.7.227.170 - - [30/Nov/2025:07:12:34 -0500] "GET /sffg/wk/admin.php?dir=//proc/3263544/root/var/softaculous/hotaru/php71 HTTP/1.1" 200 1991 "-" "Mozilla/5.0 AppleWebKit/537.36 (KHTML, like Gecko; compatible; GPTBot/1.3; +https://openai.com/gptbot)"
74.7.243.223 - - [30/Nov/2025:07:12:35 -0500] "GET /sffg/wk/admin.php?dir=//proc/3159889/root/var/softaculous/ocart2/php82 HTTP/1.1" 200 1991 "-" "Mozilla/5.0 AppleWebKit/537.36 (KHTML, like Gecko; compatible; GPTBot/1.3; +https://openai.com/gptbot)"
74.7.227.170 - - [30/Nov/2025:07:12:36 -0500] "GET /sffg/wk/admin.php?dir=//proc/3589831/root/var/softaculous/ossn/php53 HTTP/1.1" 200 1978 "-" "Mozilla/5.0 AppleWebKit/537.36 (KHTML, like Gecko; compatible; GPTBot/1.3; +https://openai.com/gptbot)"
74.7.243.223 - - [30/Nov/2025:07:12:37 -0500] "GET /sffg/wk/admin.php?dir=//proc/3263544/root/var/softaculous/ocart2/php71 HTTP/1.1" 200 1991 "-" "Mozilla/5.0 AppleWebKit/537.36 (KHTML, like Gecko; compatible; GPTBot/1.3; +https://openai.com/gptbot)"
44.193.102.198 - - [30/Nov/2025:07:12:37 -0500] "GET /NaztechB/wk/admin.php?action=chmod&dir=//bin&item=host HTTP/1.1" 200 29504 "-" "Mozilla/5.0 AppleWebKit/537.36 (KHTML, like Gecko; compatible; Amazonbot/0.1; +https://developer.amazon.com/support/amazonbot) Chrome/119.0.6045.214 Safari/537.36"
74.7.227.170 - - [30/Nov/2025:07:12:38 -0500] "GET /sffg/wk/admin.php?dir=//proc/3589831/root/var/softaculous/mahara/php81 HTTP/1.1" 200 1991 "-" "Mozilla/5.0 AppleWebKit/537.36 (KHTML, like Gecko; compatible; GPTBot/1.3; +https://openai.com/gptbot)"
57.141.0.73 - - [30/Nov/2025:07:12:40 -0500] "GET /special293596416?kg=0293269637 HTTP/1.1" 404 1251 "-" "meta-externalagent/1.1 (+https://developers.facebook.com/docs/sharing/webmasters/crawler)"
74.7.243.223 - - [30/Nov/2025:07:12:39 -0500] "GET /sffg/wk/admin.php?dir=//proc/3263544/root/var/softaculous/ocart2/php56 HTTP/1.1" 200 1990 "-" "Mozilla/5.0 AppleWebKit/537.36 (KHTML, like Gecko; compatible; GPTBot/1.3; +https://openai.com/gptbot)"
74.7.227.170 - - [30/Nov/2025:07:12:40 -0500] "GET /sffg/wk/admin.php?dir=//proc/3159889/root/var/softaculous/doku/php81 HTTP/1.1" 200 1977 "-" "Mozilla/5.0 AppleWebKit/537.36 (KHTML, like Gecko; compatible; GPTBot/1.3; +https://openai.com/gptbot)"
74.7.243.223 - - [30/Nov/2025:07:12:41 -0500] "GET /sffg/wk/admin.php?dir=//proc/3263544/root/var/softaculous/ocart4/php71 HTTP/1.1" 200 1990 "-" "Mozilla/5.0 AppleWebKit/537.36 (KHTML, like Gecko; compatible; GPTBot/1.3; +https://openai.com/gptbot)"
52.71.203.206 - - [30/Nov/2025:07:12:41 -0500] "GET /assets/wk/admin.php?action=chmod&dir=//bin&item=diff3 HTTP/1.1" 200 29809 "-" "Mozilla/5.0 AppleWebKit/537.36 (KHTML, like Gecko; compatible; Amazonbot/0.1; +https://developer.amazon.com/support/amazonbot) Chrome/119.0.6045.214 Safari/537.36"
74.7.227.170 - - [30/Nov/2025:07:12:43 -0500] "GET /sffg/wk/admin.php?dir=//proc/3263544/root/var/softaculous/mautic/php56 HTTP/1.1" 200 1990 "-" "Mozilla/5.0 AppleWebKit/537.36 (KHTML, like Gecko; compatible; GPTBot/1.3; +https://openai.com/gptbot)"
74.7.243.223 - - [30/Nov/2025:07:12:43 -0500] "GET /sffg/wk/admin.php?dir=//proc/3159889/root/var/softaculous/ocart2/php81 HTTP/1.1" 200 1991 "-" "Mozilla/5.0 AppleWebKit/537.36 (KHTML, like Gecko; compatible; GPTBot/1.3; +https://openai.com/gptbot)"
34.233.114.237 - - [30/Nov/2025:07:12:45 -0500] "GET /assets/wk/admin.php?action=chmod&dir=//etc&item=cl.selector HTTP/1.1" 200 6923 "-" "Mozilla/5.0 AppleWebKit/537.36 (KHTML, like Gecko; compatible; Amazonbot/0.1; +https://developer.amazon.com/support/amazonbot) Chrome/119.0.6045.214 Safari/537.36"
74.7.227.170 - - [30/Nov/2025:07:12:45 -0500] "GET /sffg/wk/admin.php?dir=//proc/3159889/root/var/softaculous/luxcal/php53 HTTP/1.1" 200 1991 "-" "Mozilla/5.0 AppleWebKit/537.36 (KHTML, like Gecko; compatible; GPTBot/1.3; +https://openai.com/gptbot)"
74.7.243.223 - - [30/Nov/2025:07:12:45 -0500] "GET /sffg/wk/admin.php?dir=//proc/3159889/root/var/softaculous/ostic2/php56 HTTP/1.1" 200 1991 "-" "Mozilla/5.0 AppleWebKit/537.36 (KHTML, like Gecko; compatible; GPTBot/1.3; +https://openai.com/gptbot)"
74.7.227.170 - - [30/Nov/2025:07:12:47 -0500] "GET /sffg/wk/admin.php?dir=//proc/3159889/root/var/softaculous/sidu/php53 HTTP/1.1" 200 1974 "-" "Mozilla/5.0 AppleWebKit/537.36 (KHTML, like Gecko; compatible; GPTBot/1.3; +https://openai.com/gptbot)"
74.7.243.223 - - [30/Nov/2025:07:12:47 -0500] "GET /sffg/wk/admin.php?dir=//proc/3159889/root/var/softaculous/ostic2/php53 HTTP/1.1" 200 1991 "-" "Mozilla/5.0 AppleWebKit/537.36 (KHTML, like Gecko; compatible; GPTBot/1.3; +https://openai.com/gptbot)"
74.7.227.170 - - [30/Nov/2025:07:12:49 -0500] "GET /sffg/wk/admin.php?dir=//proc/3589831/root/var/softaculous/clip/php71 HTTP/1.1" 200 1978 "-" "Mozilla/5.0 AppleWebKit/537.36 (KHTML, like Gecko; compatible; GPTBot/1.3; +https://openai.com/gptbot)"
74.7.243.223 - - [30/Nov/2025:07:12:50 -0500] "GET /sffg/wk/admin.php?dir=//proc/3159889/root/var/softaculous/ocart4/php82 HTTP/1.1" 200 1991 "-" "Mozilla/5.0 AppleWebKit/537.36 (KHTML, like Gecko; compatible; GPTBot/1.3; +https://openai.com/gptbot)"
18.213.27.222 - - [30/Nov/2025:07:12:50 -0500] "GET /wp-content/wk/admin.php?action=chmod&dir=//bin&item=createdb HTTP/1.1" 200 29857 "-" "Mozilla/5.0 AppleWebKit/537.36 (KHTML, like Gecko; compatible; Amazonbot/0.1; +https://developer.amazon.com/support/amazonbot) Chrome/119.0.6045.214 Safari/537.36"
74.7.227.170 - - [30/Nov/2025:07:12:52 -0500] "GET /sffg/wk/admin.php?dir=//proc/3159889/root/var/softaculous/ossn/php81 HTTP/1.1" 200 1978 "-" "Mozilla/5.0 AppleWebKit/537.36 (KHTML, like Gecko; compatible; GPTBot/1.3; +https://openai.com/gptbot)"
74.7.243.223 - - [30/Nov/2025:07:12:52 -0500] "GET /sffg/wk/admin.php?dir=//proc/3263544/root/var/softaculous/ocart4/php81 HTTP/1.1" 200 1990 "-" "Mozilla/5.0 AppleWebKit/537.36 (KHTML, like Gecko; compatible; GPTBot/1.3; +https://openai.com/gptbot)"
18.215.24.66 - - [30/Nov/2025:07:12:53 -0500] "GET /hfrgrh/wk/admin.php?action=chmod&dir=//proc&item=stat HTTP/1.1" 200 6142 "-" "Mozilla/5.0 AppleWebKit/537.36 (KHTML, like Gecko; compatible; Amazonbot/0.1; +https://developer.amazon.com/support/amazonbot) Chrome/119.0.6045.214 Safari/537.36"
74.7.227.170 - - [30/Nov/2025:07:12:54 -0500] "GET /sffg/wk/admin.php?dir=//proc/3159889/root/var/softaculous/uikit/php81 HTTP/1.1" 200 1979 "-" "Mozilla/5.0 AppleWebKit/537.36 (KHTML, like Gecko; compatible; GPTBot/1.3; +https://openai.com/gptbot)"
74.7.243.223 - - [30/Nov/2025:07:12:54 -0500] "GET /sffg/wk/admin.php?dir=//proc/3263544/root/var/softaculous/ninja4/php56 HTTP/1.1" 200 1990 "-" "Mozilla/5.0 AppleWebKit/537.36 (KHTML, like Gecko; compatible; GPTBot/1.3; +https://openai.com/gptbot)"
74.7.227.170 - - [30/Nov/2025:07:12:56 -0500] "GET /sffg/wk/admin.php?dir=//proc/3159889/root/var/softaculous/slims/php81 HTTP/1.1" 200 1978 "-" "Mozilla/5.0 AppleWebKit/537.36 (KHTML, like Gecko; compatible; GPTBot/1.3; +https://openai.com/gptbot)"
74.7.243.223 - - [30/Nov/2025:07:12:56 -0500] "GET /sffg/wk/admin.php?dir=//proc/3263544/root/var/softaculous/ostic2/php53 HTTP/1.1" 200 1990 "-" "Mozilla/5.0 AppleWebKit/537.36 (KHTML, like Gecko; compatible; GPTBot/1.3; +https://openai.com/gptbot)"
34.196.114.170 - - [30/Nov/2025:07:12:57 -0500] "GET /assets/wk/admin.php?action=chmod&dir=//bin&item=tar HTTP/1.1" 200 29938 "-" "Mozilla/5.0 AppleWebKit/537.36 (KHTML, like Gecko; compatible; Amazonbot/0.1; +https://developer.amazon.com/support/amazonbot) Chrome/119.0.6045.214 Safari/537.36"
74.7.227.170 - - [30/Nov/2025:07:12:58 -0500] "GET /sffg/wk/admin.php?dir=//proc/3159889/root/var/softaculous/koken/php53 HTTP/1.1" 200 1979 "-" "Mozilla/5.0 AppleWebKit/537.36 (KHTML, like Gecko; compatible; GPTBot/1.3; +https://openai.com/gptbot)"
74.7.243.223 - - [30/Nov/2025:07:12:58 -0500] "GET /sffg/wk/admin.php?dir=//proc/3263544/root/var/softaculous/ninja4/php53 HTTP/1.1" 200 1990 "-" "Mozilla/5.0 AppleWebKit/537.36 (KHTML, like Gecko; compatible; GPTBot/1.3; +https://openai.com/gptbot)"
74.7.227.170 - - [30/Nov/2025:07:13:00 -0500] "GET /sffg/wk/admin.php?dir=//proc/3779464/root/var/softaculous/faveo/php71 HTTP/1.1" 200 1979 "-" "Mozilla/5.0 AppleWebKit/537.36 (KHTML, like Gecko; compatible; GPTBot/1.3; +https://openai.com/gptbot)"
74.7.243.223 - - [30/Nov/2025:07:13:01 -0500] "GET /sffg/wk/admin.php?dir=//proc/3263544/root/var/softaculous/ocart4/php56 HTTP/1.1" 200 1990 "-" "Mozilla/5.0 AppleWebKit/537.36 (KHTML, like Gecko; compatible; GPTBot/1.3; +https://openai.com/gptbot)"
52.71.203.206 - - [30/Nov/2025:07:13:01 -0500] "GET /images/wk/admin.php?action=chmod&dir=//lib64&item=libcollection.so.4 HTTP/1.1" 200 90530 "-" "Mozilla/5.0 AppleWebKit/537.36 (KHTML, like Gecko; compatible; Amazonbot/0.1; +https://developer.amazon.com/support/amazonbot) Chrome/119.0.6045.214 Safari/537.36"
74.7.227.170 - - [30/Nov/2025:07:13:02 -0500] "GET /sffg/wk/admin.php?dir=//proc/3589831/root/var/softaculous/lime/php81 HTTP/1.1" 200 1977 "-" "Mozilla/5.0 AppleWebKit/537.36 (KHTML, like Gecko; compatible; GPTBot/1.3; +https://openai.com/gptbot)"
74.7.243.223 - - [30/Nov/2025:07:13:03 -0500] "GET /sffg/wk/admin.php?dir=//proc/3159889/root/var/softaculous/ocart4/php56 HTTP/1.1" 200 1991 "-" "Mozilla/5.0 AppleWebKit/537.36 (KHTML, like Gecko; compatible; GPTBot/1.3; +https://openai.com/gptbot)"
74.7.227.170 - - [30/Nov/2025:07:13:05 -0500] "GET /sffg/wk/admin.php?dir=//proc/3589831/root/var/softaculous/mautic/php56 HTTP/1.1" 200 1990 "-" "Mozilla/5.0 AppleWebKit/537.36 (KHTML, like Gecko; compatible; GPTBot/1.3; +https://openai.com/gptbot)"
74.7.243.223 - - [30/Nov/2025:07:13:05 -0500] "GET /sffg/wk/admin.php?dir=//proc/3263544/root/var/softaculous/ocart2/php81 HTTP/1.1" 200 1991 "-" "Mozilla/5.0 AppleWebKit/537.36 (KHTML, like Gecko; compatible; GPTBot/1.3; +https://openai.com/gptbot)"
74.7.227.170 - - [30/Nov/2025:07:13:07 -0500] "GET /sffg/wk/admin.php?dir=//proc/3779464/root/var/softaculous/clip/php81 HTTP/1.1" 200 1978 "-" "Mozilla/5.0 AppleWebKit/537.36 (KHTML, like Gecko; compatible; GPTBot/1.3; +https://openai.com/gptbot)"
74.7.243.223 - - [30/Nov/2025:07:13:07 -0500] "GET /sffg/wk/admin.php?dir=//proc/3263544/root/var/softaculous/ocart2/php53 HTTP/1.1" 200 1990 "-" "Mozilla/5.0 AppleWebKit/537.36 (KHTML, like Gecko; compatible; GPTBot/1.3; +https://openai.com/gptbot)"
35.174.253.85 - - [30/Nov/2025:07:13:07 -0500] "GET /wp-admin/wk/admin.php?action=chmod&dir=//bin&item=perlthanks HTTP/1.1" 200 29880 "-" "Mozilla/5.0 AppleWebKit/537.36 (KHTML, like Gecko; compatible; Amazonbot/0.1; +https://developer.amazon.com/support/amazonbot) Chrome/119.0.6045.214 Safari/537.36"
50.16.72.185 - - [30/Nov/2025:07:13:08 -0500] "GET /css/wk/admin.php?action=chmod&dir=//bin&item=ar HTTP/1.1" 200 29685 "-" "Mozilla/5.0 AppleWebKit/537.36 (KHTML, like Gecko; compatible; Amazonbot/0.1; +https://developer.amazon.com/support/amazonbot) Chrome/119.0.6045.214 Safari/537.36"
74.7.227.170 - - [30/Nov/2025:07:13:09 -0500] "GET /sffg/wk/admin.php?dir=//proc/3159889/root/var/softaculous/ossn/php82 HTTP/1.1" 200 1978 "-" "Mozilla/5.0 AppleWebKit/537.36 (KHTML, like Gecko; compatible; GPTBot/1.3; +https://openai.com/gptbot)"
74.7.243.223 - - [30/Nov/2025:07:13:10 -0500] "GET /sffg/wk/admin.php?dir=//proc/3159889/root/var/softaculous/ocart4/php71 HTTP/1.1" 200 1991 "-" "Mozilla/5.0 AppleWebKit/537.36 (KHTML, like Gecko; compatible; GPTBot/1.3; +https://openai.com/gptbot)"
207.46.13.78 - - [30/Nov/2025:07:13:12 -0500] "GET /?detail/21437406 HTTP/1.1" 200 1972 "-" "Mozilla/5.0 AppleWebKit/537.36 (KHTML, like Gecko; compatible; bingbot/2.0; +http://www.bing.com/bingbot.htm) Chrome/116.0.1938.76 Safari/537.36"
74.7.227.170 - - [30/Nov/2025:07:13:11 -0500] "GET /sffg/wk/admin.php?dir=//proc/3159889/root/var/softaculous/kopage/php53 HTTP/1.1" 200 1991 "-" "Mozilla/5.0 AppleWebKit/537.36 (KHTML, like Gecko; compatible; GPTBot/1.3; +https://openai.com/gptbot)"
74.7.243.223 - - [30/Nov/2025:07:13:12 -0500] "GET /sffg/wk/admin.php?dir=//proc/3159889/root/var/softaculous/ostic2/php71 HTTP/1.1" 200 1991 "-" "Mozilla/5.0 AppleWebKit/537.36 (KHTML, like Gecko; compatible; GPTBot/1.3; +https://openai.com/gptbot)"
44.197.76.210 - - [30/Nov/2025:07:13:14 -0500] "GET /forms/wk/admin.php?action=chmod&dir=//dev&item=stdout HTTP/1.1" 200 2901 "-" "Mozilla/5.0 AppleWebKit/537.36 (KHTML, like Gecko; compatible; Amazonbot/0.1; +https://developer.amazon.com/support/amazonbot) Chrome/119.0.6045.214 Safari/537.36"
74.7.227.170 - - [30/Nov/2025:07:13:14 -0500] "GET /sffg/wk/admin.php?dir=//proc/3263544/root/var/softaculous/ostic/php81 HTTP/1.1" 200 1978 "-" "Mozilla/5.0 AppleWebKit/537.36 (KHTML, like Gecko; compatible; GPTBot/1.3; +https://openai.com/gptbot)"
74.7.243.223 - - [30/Nov/2025:07:13:14 -0500] "GET /sffg/wk/admin.php?dir=//proc/3263544/root/var/softaculous/ocart4/php82 HTTP/1.1" 200 1989 "-" "Mozilla/5.0 AppleWebKit/537.36 (KHTML, like Gecko; compatible; GPTBot/1.3; +https://openai.com/gptbot)"
114.119.131.180 - - [30/Nov/2025:07:13:18 -0500] "GET /scene/k210?pid=7344 HTTP/1.1" 404 1251 "https://naztechltd.com/?sitemap601.xml" "Mozilla/5.0 (Linux; Android 7.0;) AppleWebKit/537.36 (KHTML, like Gecko) Mobile Safari/537.36 (compatible; PetalBot;+https://webmaster.petalsearch.com/site/petalbot)"
74.7.227.170 - - [30/Nov/2025:07:13:16 -0500] "GET /sffg/wk/admin.php?dir=//proc/3779464/root/var/softaculous/ricar/php81 HTTP/1.1" 200 1978 "-" "Mozilla/5.0 AppleWebKit/537.36 (KHTML, like Gecko; compatible; GPTBot/1.3; +https://openai.com/gptbot)"
74.7.243.223 - - [30/Nov/2025:07:13:17 -0500] "GET /sffg/wk/admin.php?dir=//proc/3263544/root/var/softaculous/ocart2/php82 HTTP/1.1" 200 1990 "-" "Mozilla/5.0 AppleWebKit/537.36 (KHTML, like Gecko; compatible; GPTBot/1.3; +https://openai.com/gptbot)"
52.200.93.170 - - [30/Nov/2025:07:13:17 -0500] "GET /admin/wk/admin.php?action=chmod&dir=//proc&item=self HTTP/1.1" 200 5944 "-" "Mozilla/5.0 AppleWebKit/537.36 (KHTML, like Gecko; compatible; Amazonbot/0.1; +https://developer.amazon.com/support/amazonbot) Chrome/119.0.6045.214 Safari/537.36"
74.7.227.170 - - [30/Nov/2025:07:13:18 -0500] "GET /sffg/wk/admin.php?dir=//proc/3589831/root/var/softaculous/presta/php56 HTTP/1.1" 200 1990 "-" "Mozilla/5.0 AppleWebKit/537.36 (KHTML, like Gecko; compatible; GPTBot/1.3; +https://openai.com/gptbot)"
74.7.243.223 - - [30/Nov/2025:07:13:19 -0500] "GET /sffg/wk/admin.php?dir=//proc/3159889/root/var/softaculous/ocart2/php56 HTTP/1.1" 200 1991 "-" "Mozilla/5.0 AppleWebKit/537.36 (KHTML, like Gecko; compatible; GPTBot/1.3; +https://openai.com/gptbot)"
74.7.227.170 - - [30/Nov/2025:07:13:20 -0500] "GET /sffg/wk/admin.php?dir=//proc/3159889/root/var/softaculous/fusion/php81 HTTP/1.1" 200 1993 "-" "Mozilla/5.0 AppleWebKit/537.36 (KHTML, like Gecko; compatible; GPTBot/1.3; +https://openai.com/gptbot)"
34.227.156.153 - - [30/Nov/2025:07:13:21 -0500] "GET /images/wk/admin.php?action=chmod&dir=//bin&item=mariadb-find-rows HTTP/1.1" 200 29937 "-" "Mozilla/5.0 AppleWebKit/537.36 (KHTML, like Gecko; compatible; Amazonbot/0.1; +https://developer.amazon.com/support/amazonbot) Chrome/119.0.6045.214 Safari/537.36"
74.7.243.223 - - [30/Nov/2025:07:13:21 -0500] "GET /sffg/wk/admin.php?dir=//proc/3263544/root/usr/lib/firmware/nvidia/ad104 HTTP/1.1" 200 1988 "-" "Mozilla/5.0 AppleWebKit/537.36 (KHTML, like Gecko; compatible; GPTBot/1.3; +https://openai.com/gptbot)"
74.7.227.170 - - [30/Nov/2025:07:13:23 -0500] "GET /sffg/wk/admin.php?dir=//proc/3263544/root/var/softaculous/fuel/php56 HTTP/1.1" 200 1978 "-" "Mozilla/5.0 AppleWebKit/537.36 (KHTML, like Gecko; compatible; GPTBot/1.3; +https://openai.com/gptbot)"
74.7.243.223 - - [30/Nov/2025:07:13:23 -0500] "GET /sffg/wk/admin.php?dir=//proc/3263544/root/var/softaculous/ostic2/php56 HTTP/1.1" 200 1990 "-" "Mozilla/5.0 AppleWebKit/537.36 (KHTML, like Gecko; compatible; GPTBot/1.3; +https://openai.com/gptbot)"
74.7.227.170 - - [30/Nov/2025:07:13:25 -0500] "GET /sffg/wk/admin.php?dir=//proc/3263544/root/var/softaculous/clip/php81 HTTP/1.1" 200 1978 "-" "Mozilla/5.0 AppleWebKit/537.36 (KHTML, like Gecko; compatible; GPTBot/1.3; +https://openai.com/gptbot)"
34.236.135.14 - - [30/Nov/2025:07:13:25 -0500] "GET /forms/wk/admin.php?action=chmod&dir=//var&item=php HTTP/1.1" 200 3256 "-" "Mozilla/5.0 AppleWebKit/537.36 (KHTML, like Gecko; compatible; Amazonbot/0.1; +https://developer.amazon.com/support/amazonbot) Chrome/119.0.6045.214 Safari/537.36"
74.7.243.223 - - [30/Nov/2025:07:13:26 -0500] "GET /sffg/wk/admin.php?dir=//proc/3263544/root/usr/lib/firmware/nvidia/ad102 HTTP/1.1" 200 1988 "-" "Mozilla/5.0 AppleWebKit/537.36 (KHTML, like Gecko; compatible; GPTBot/1.3; +https://openai.com/gptbot)"
74.7.227.170 - - [30/Nov/2025:07:13:27 -0500] "GET /sffg/wk/admin.php?dir=//proc/3779464/root/var/softaculous/ospos/php53 HTTP/1.1" 200 1978 "-" "Mozilla/5.0 AppleWebKit/537.36 (KHTML, like Gecko; compatible; GPTBot/1.3; +https://openai.com/gptbot)"
74.7.243.223 - - [30/Nov/2025:07:13:28 -0500] "GET /sffg/wk/admin.php?dir=//proc/3263544/root/usr/lib/firmware/nvidia/ad103 HTTP/1.1" 200 1988 "-" "Mozilla/5.0 AppleWebKit/537.36 (KHTML, like Gecko; compatible; GPTBot/1.3; +https://openai.com/gptbot)"
18.210.58.238 - - [30/Nov/2025:07:13:28 -0500] "GET /images/wk/admin.php?action=chmod&dir=//bin&item=chrt HTTP/1.1" 200 29888 "-" "Mozilla/5.0 AppleWebKit/537.36 (KHTML, like Gecko; compatible; Amazonbot/0.1; +https://developer.amazon.com/support/amazonbot) Chrome/119.0.6045.214 Safari/537.36"
74.7.227.170 - - [30/Nov/2025:07:13:29 -0500] "GET /sffg/wk/admin.php?dir=//proc/3589831/root/var/softaculous/claro/php81 HTTP/1.1" 200 1979 "-" "Mozilla/5.0 AppleWebKit/537.36 (KHTML, like Gecko; compatible; GPTBot/1.3; +https://openai.com/gptbot)"
74.7.243.223 - - [30/Nov/2025:07:13:30 -0500] "GET /sffg/wk/admin.php?dir=//proc/3263544/root/usr/lib/firmware/nvidia/ad107 HTTP/1.1" 200 1988 "-" "Mozilla/5.0 AppleWebKit/537.36 (KHTML, like Gecko; compatible; GPTBot/1.3; +https://openai.com/gptbot)"
74.7.227.170 - - [30/Nov/2025:07:13:31 -0500] "GET /sffg/wk/admin.php?dir=//proc/3589831/root/var/softaculous/typo/php56 HTTP/1.1" 200 1978 "-" "Mozilla/5.0 AppleWebKit/537.36 (KHTML, like Gecko; compatible; GPTBot/1.3; +https://openai.com/gptbot)"
74.7.243.223 - - [30/Nov/2025:07:13:32 -0500] "GET /sffg/wk/admin.php?dir=//proc/3263544/root/usr/lib/firmware/nvidia/ad106 HTTP/1.1" 200 1988 "-" "Mozilla/5.0 AppleWebKit/537.36 (KHTML, like Gecko; compatible; GPTBot/1.3; +https://openai.com/gptbot)"
74.7.227.170 - - [30/Nov/2025:07:13:34 -0500] "GET /sffg/wk/admin.php?dir=//proc/3779464/root/var/softaculous/wolf/php56 HTTP/1.1" 200 1978 "-" "Mozilla/5.0 AppleWebKit/537.36 (KHTML, like Gecko; compatible; GPTBot/1.3; +https://openai.com/gptbot)"
18.210.58.238 - - [30/Nov/2025:07:13:34 -0500] "GET /NaztechB/wk/admin.php?action=chmod&dir=//bin&item=word-list-compress HTTP/1.1" 200 28585 "-" "Mozilla/5.0 AppleWebKit/537.36 (KHTML, like Gecko; compatible; Amazonbot/0.1; +https://developer.amazon.com/support/amazonbot) Chrome/119.0.6045.214 Safari/537.36"
74.7.243.223 - - [30/Nov/2025:07:13:35 -0500] "GET /sffg/wk/admin.php?action=chmod&dir=//proc/3160976/root/opt/cpanel/ea-openssl11/etc/pki/tls/certs&item=premium239.web-hosting.com.crt HTTP/1.1" 200 2077 "-" "Mozilla/5.0 AppleWebKit/537.36 (KHTML, like Gecko; compatible; GPTBot/1.3; +https://openai.com/gptbot)"
74.7.227.170 - - [30/Nov/2025:07:13:36 -0500] "GET /sffg/wk/admin.php?dir=//proc/3263544/root/var/softaculous/piwik/php82 HTTP/1.1" 200 1980 "-" "Mozilla/5.0 AppleWebKit/537.36 (KHTML, like Gecko; compatible; GPTBot/1.3; +https://openai.com/gptbot)"
23.22.59.87 - - [30/Nov/2025:07:13:37 -0500] "GET /hfrgrh/wk/admin.php?action=chmod&dir=//bin&item=tzselect HTTP/1.1" 200 29145 "-" "Mozilla/5.0 AppleWebKit/537.36 (KHTML, like Gecko; compatible; Amazonbot/0.1; +https://developer.amazon.com/support/amazonbot) Chrome/119.0.6045.214 Safari/537.36"
74.7.243.223 - - [30/Nov/2025:07:13:37 -0500] "GET /sffg/wk/admin.php?action=rename&dir=//proc/3160976/root/opt/cpanel/ea-openssl11/etc/pki/tls/certs&item=premium239.web-hosting.com.crt HTTP/1.1" 200 2079 "-" "Mozilla/5.0 AppleWebKit/537.36 (KHTML, like Gecko; compatible; GPTBot/1.3; +https://openai.com/gptbot)"
207.46.13.78 - - [30/Nov/2025:07:13:40 -0500] "GET /?detail/8950817 HTTP/1.1" 200 1929 "-" "Mozilla/5.0 AppleWebKit/537.36 (KHTML, like Gecko; compatible; bingbot/2.0; +http://www.bing.com/bingbot.htm) Chrome/116.0.1938.76 Safari/537.36"
74.7.227.170 - - [30/Nov/2025:07:13:38 -0500] "GET /sffg/wk/admin.php?dir=//proc/3589831/root/var/softaculous/redax/php53 HTTP/1.1" 200 1981 "-" "Mozilla/5.0 AppleWebKit/537.36 (KHTML, like Gecko; compatible; GPTBot/1.3; +https://openai.com/gptbot)"
74.7.243.223 - - [30/Nov/2025:07:13:39 -0500] "GET /sffg/wk/admin.php?action=edit&dir=//proc/3160976/root/opt/cpanel/ea-openssl11/etc/pki/tls/certs&item=premium239.web-hosting.com.crt HTTP/1.1" 200 2092 "-" "Mozilla/5.0 AppleWebKit/537.36 (KHTML, like Gecko; compatible; GPTBot/1.3; +https://openai.com/gptbot)"
100.28.44.58 - - [30/Nov/2025:07:13:40 -0500] "GET /hfrgrh/wk/admin.php?action=chmod&dir=//bin&item=mariadb-embedded HTTP/1.1" 200 29754 "-" "Mozilla/5.0 AppleWebKit/537.36 (KHTML, like Gecko; compatible; Amazonbot/0.1; +https://developer.amazon.com/support/amazonbot) Chrome/119.0.6045.214 Safari/537.36"
74.7.227.170 - - [30/Nov/2025:07:13:40 -0500] "GET /sffg/wk/admin.php?dir=//proc/3589831/root/var/softaculous/dolph/php71 HTTP/1.1" 200 1979 "-" "Mozilla/5.0 AppleWebKit/537.36 (KHTML, like Gecko; compatible; GPTBot/1.3; +https://openai.com/gptbot)"
74.7.243.223 - - [30/Nov/2025:07:13:41 -0500] "GET /sffg/wk/admin.php?dir=//proc/3160976/root/opt/alt/openldap11/lib64 HTTP/1.1" 200 1985 "-" "Mozilla/5.0 AppleWebKit/537.36 (KHTML, like Gecko; compatible; GPTBot/1.3; +https://openai.com/gptbot)"
74.7.227.170 - - [30/Nov/2025:07:13:43 -0500] "GET /sffg/wk/admin.php?dir=//proc/3589831/root/var/softaculous/phorum/php81 HTTP/1.1" 200 1991 "-" "Mozilla/5.0 AppleWebKit/537.36 (KHTML, like Gecko; compatible; GPTBot/1.3; +https://openai.com/gptbot)"
74.7.243.223 - - [30/Nov/2025:07:13:44 -0500] "GET /sffg/wk/admin.php?dir=//proc/3159889/root/var/softaculous/magento246/php81 HTTP/1.1" 200 1996 "-" "Mozilla/5.0 AppleWebKit/537.36 (KHTML, like Gecko; compatible; GPTBot/1.3; +https://openai.com/gptbot)"
57.141.0.18 - - [30/Nov/2025:07:13:46 -0500] "GET /special97986560?kg=0097878095 HTTP/1.1" 404 1251 "-" "meta-externalagent/1.1 (+https://developers.facebook.com/docs/sharing/webmasters/crawler)"
74.7.227.170 - - [30/Nov/2025:07:13:45 -0500] "GET /sffg/wk/admin.php?dir=//proc/3779464/root/var/softaculous/forma/php71 HTTP/1.1" 200 1979 "-" "Mozilla/5.0 AppleWebKit/537.36 (KHTML, like Gecko; compatible; GPTBot/1.3; +https://openai.com/gptbot)"
34.231.77.232 - - [30/Nov/2025:07:13:45 -0500] "GET /sdfsf/wk/admin.php?action=chmod&dir=//bin&item=vimdiff HTTP/1.1" 200 29872 "-" "Mozilla/5.0 AppleWebKit/537.36 (KHTML, like Gecko; compatible; Amazonbot/0.1; +https://developer.amazon.com/support/amazonbot) Chrome/119.0.6045.214 Safari/537.36"
74.7.243.223 - - [30/Nov/2025:07:13:46 -0500] "GET /sffg/wk/admin.php?dir=//proc/3159889/root/var/softaculous/magento241/php56 HTTP/1.1" 200 1996 "-" "Mozilla/5.0 AppleWebKit/537.36 (KHTML, like Gecko; compatible; GPTBot/1.3; +https://openai.com/gptbot)"
74.7.227.170 - - [30/Nov/2025:07:13:47 -0500] "GET /sffg/wk/admin.php?dir=//proc/3779464/root/var/softaculous/piwik/php53 HTTP/1.1" 200 1980 "-" "Mozilla/5.0 AppleWebKit/537.36 (KHTML, like Gecko; compatible; GPTBot/1.3; +https://openai.com/gptbot)"
74.7.243.223 - - [30/Nov/2025:07:13:48 -0500] "GET /sffg/wk/admin.php?dir=//proc/3159889/root/var/softaculous/magento241/php71 HTTP/1.1" 200 1995 "-" "Mozilla/5.0 AppleWebKit/537.36 (KHTML, like Gecko; compatible; GPTBot/1.3; +https://openai.com/gptbot)"
3.225.45.252 - - [30/Nov/2025:07:13:49 -0500] "GET /css/wk/admin.php?action=chmod&dir=//bin&item=word-list-compress HTTP/1.1" 200 29938 "-" "Mozilla/5.0 AppleWebKit/537.36 (KHTML, like Gecko; compatible; Amazonbot/0.1; +https://developer.amazon.com/support/amazonbot) Chrome/119.0.6045.214 Safari/537.36"
74.7.227.170 - - [30/Nov/2025:07:13:49 -0500] "GET /sffg/wk/admin.php?dir=//proc/3263544/root/var/softaculous/anchor/php53 HTTP/1.1" 200 1991 "-" "Mozilla/5.0 AppleWebKit/537.36 (KHTML, like Gecko; compatible; GPTBot/1.3; +https://openai.com/gptbot)"
74.7.243.223 - - [30/Nov/2025:07:13:50 -0500] "GET /sffg/wk/admin.php?dir=//proc/3263544/root/var/softaculous/magento247/php81 HTTP/1.1" 200 1996 "-" "Mozilla/5.0 AppleWebKit/537.36 (KHTML, like Gecko; compatible; GPTBot/1.3; +https://openai.com/gptbot)"
74.7.227.170 - - [30/Nov/2025:07:13:52 -0500] "GET /sffg/wk/admin.php?dir=//proc/3263544/root/var/softaculous/fusion/php82 HTTP/1.1" 200 1993 "-" "Mozilla/5.0 AppleWebKit/537.36 (KHTML, like Gecko; compatible; GPTBot/1.3; +https://openai.com/gptbot)"
74.7.243.223 - - [30/Nov/2025:07:13:53 -0500] "GET /sffg/wk/admin.php?dir=//proc/3263544/root/var/softaculous/magento18/php71 HTTP/1.1" 200 1985 "-" "Mozilla/5.0 AppleWebKit/537.36 (KHTML, like Gecko; compatible; GPTBot/1.3; +https://openai.com/gptbot)"
18.232.12.157 - - [30/Nov/2025:07:13:53 -0500] "GET /admin/wk/admin.php?action=chmod&dir=//bin&item=top HTTP/1.1" 200 29461 "-" "Mozilla/5.0 AppleWebKit/537.36 (KHTML, like Gecko; compatible; Amazonbot/0.1; +https://developer.amazon.com/support/amazonbot) Chrome/119.0.6045.214 Safari/537.36"
74.7.227.170 - - [30/Nov/2025:07:13:54 -0500] "GET /sffg/wk/admin.php?dir=//proc/3589831/root/var/softaculous/unmark/php56 HTTP/1.1" 200 1991 "-" "Mozilla/5.0 AppleWebKit/537.36 (KHTML, like Gecko; compatible; GPTBot/1.3; +https://openai.com/gptbot)"
74.7.243.223 - - [30/Nov/2025:07:13:55 -0500] "GET /sffg/wk/admin.php?dir=//proc/3159889/root/var/softaculous/magento242/php71 HTTP/1.1" 200 1996 "-" "Mozilla/5.0 AppleWebKit/537.36 (KHTML, like Gecko; compatible; GPTBot/1.3; +https://openai.com/gptbot)"
74.7.227.170 - - [30/Nov/2025:07:13:56 -0500] "GET /sffg/wk/admin.php?dir=//proc/3589831/root/var/softaculous/symfony3/php81 HTTP/1.1" 200 1978 "-" "Mozilla/5.0 AppleWebKit/537.36 (KHTML, like Gecko; compatible; GPTBot/1.3; +https://openai.com/gptbot)"
34.231.45.47 - - [30/Nov/2025:07:13:56 -0500] "GET /images/wk/admin.php?action=chmod&dir=//bin&item=mysqlcheck HTTP/1.1" 200 29080 "-" "Mozilla/5.0 AppleWebKit/537.36 (KHTML, like Gecko; compatible; Amazonbot/0.1; +https://developer.amazon.com/support/amazonbot) Chrome/119.0.6045.214 Safari/537.36"
74.7.243.223 - - [30/Nov/2025:07:13:57 -0500] "GET /sffg/wk/admin.php?dir=//proc/3159889/root/var/softaculous/magento247/php71 HTTP/1.1" 200 1996 "-" "Mozilla/5.0 AppleWebKit/537.36 (KHTML, like Gecko; compatible; GPTBot/1.3; +https://openai.com/gptbot)"
74.7.227.170 - - [30/Nov/2025:07:13:58 -0500] "GET /sffg/wk/admin.php?dir=//proc/3159889/root/var/softaculous/gibbon/php81 HTTP/1.1" 200 1991 "-" "Mozilla/5.0 AppleWebKit/537.36 (KHTML, like Gecko; compatible; GPTBot/1.3; +https://openai.com/gptbot)"
74.7.243.223 - - [30/Nov/2025:07:13:59 -0500] "GET /sffg/wk/admin.php?dir=//proc/3159889/root/var/softaculous/magento246/php82 HTTP/1.1" 200 1996 "-" "Mozilla/5.0 AppleWebKit/537.36 (KHTML, like Gecko; compatible; GPTBot/1.3; +https://openai.com/gptbot)"
74.7.227.170 - - [30/Nov/2025:07:14:00 -0500] "GET /sffg/wk/admin.php?dir=//proc/3159889/root/var/softaculous/openb/php81 HTTP/1.1" 200 1979 "-" "Mozilla/5.0 AppleWebKit/537.36 (KHTML, like Gecko; compatible; GPTBot/1.3; +https://openai.com/gptbot)"
3.221.156.96 - - [30/Nov/2025:07:14:01 -0500] "GET /css/wk/admin.php?action=chmod&dir=//bin&item=sum HTTP/1.1" 200 29499 "-" "Mozilla/5.0 AppleWebKit/537.36 (KHTML, like Gecko; compatible; Amazonbot/0.1; +https://developer.amazon.com/support/amazonbot) Chrome/119.0.6045.214 Safari/537.36"
74.7.243.223 - - [30/Nov/2025:07:14:01 -0500] "GET /sffg/wk/admin.php?dir=//proc/3263544/root/var/softaculous/magento17/php81 HTTP/1.1" 200 1985 "-" "Mozilla/5.0 AppleWebKit/537.36 (KHTML, like Gecko; compatible; GPTBot/1.3; +https://openai.com/gptbot)"
74.7.227.170 - - [30/Nov/2025:07:14:02 -0500] "GET /sffg/wk/admin.php?dir=//proc/3779464/root/var/softaculous/atutor/php56 HTTP/1.1" 200 1991 "-" "Mozilla/5.0 AppleWebKit/537.36 (KHTML, like Gecko; compatible; GPTBot/1.3; +https://openai.com/gptbot)"
74.7.243.223 - - [30/Nov/2025:07:14:04 -0500] "GET /sffg/wk/admin.php?dir=//proc/3159889/root/var/softaculous/magento247/php81 HTTP/1.1" 200 1996 "-" "Mozilla/5.0 AppleWebKit/537.36 (KHTML, like Gecko; compatible; GPTBot/1.3; +https://openai.com/gptbot)"
74.7.227.170 - - [30/Nov/2025:07:14:05 -0500] "GET /sffg/wk/admin.php?dir=//proc/3779464/root/var/softaculous/orange/php71 HTTP/1.1" 200 1990 "-" "Mozilla/5.0 AppleWebKit/537.36 (KHTML, like Gecko; compatible; GPTBot/1.3; +https://openai.com/gptbot)"
3.219.81.66 - - [30/Nov/2025:07:14:05 -0500] "GET /wp-content/wk/admin.php?action=chmod&dir=//bin&item=find HTTP/1.1" 200 29894 "-" "Mozilla/5.0 AppleWebKit/537.36 (KHTML, like Gecko; compatible; Amazonbot/0.1; +https://developer.amazon.com/support/amazonbot) Chrome/119.0.6045.214 Safari/537.36"
74.7.243.223 - - [30/Nov/2025:07:14:06 -0500] "GET /sffg/wk/admin.php?dir=//proc/3159889/root/var/softaculous/magento247/php82 HTTP/1.1" 200 1996 "-" "Mozilla/5.0 AppleWebKit/537.36 (KHTML, like Gecko; compatible; GPTBot/1.3; +https://openai.com/gptbot)"
74.7.227.170 - - [30/Nov/2025:07:14:07 -0500] "GET /sffg/wk/admin.php?dir=//proc/3589831/root/var/softaculous/logic/php56 HTTP/1.1" 200 1978 "-" "Mozilla/5.0 AppleWebKit/537.36 (KHTML, like Gecko; compatible; GPTBot/1.3; +https://openai.com/gptbot)"
74.7.243.223 - - [30/Nov/2025:07:14:08 -0500] "GET /sffg/wk/admin.php?dir=//proc/3159889/root/var/softaculous/magento24/php71 HTTP/1.1" 200 1985 "-" "Mozilla/5.0 AppleWebKit/537.36 (KHTML, like Gecko; compatible; GPTBot/1.3; +https://openai.com/gptbot)"
3.211.181.86 - - [30/Nov/2025:07:14:08 -0500] "GET /wp-admin/wk/admin.php?action=chmod&dir=//bin&item=mytop HTTP/1.1" 200 29875 "-" "Mozilla/5.0 AppleWebKit/537.36 (KHTML, like Gecko; compatible; Amazonbot/0.1; +https://developer.amazon.com/support/amazonbot) Chrome/119.0.6045.214 Safari/537.36"
74.7.227.170 - - [30/Nov/2025:07:14:09 -0500] "GET /sffg/wk/admin.php?dir=//proc/3589831/root/var/softaculous/oxwall/php53 HTTP/1.1" 200 1991 "-" "Mozilla/5.0 AppleWebKit/537.36 (KHTML, like Gecko; compatible; GPTBot/1.3; +https://openai.com/gptbot)"
74.7.243.223 - - [30/Nov/2025:07:14:10 -0500] "GET /sffg/wk/admin.php?dir=//proc/3159889/root/var/softaculous/magento246/php53 HTTP/1.1" 200 1996 "-" "Mozilla/5.0 AppleWebKit/537.36 (KHTML, like Gecko; compatible; GPTBot/1.3; +https://openai.com/gptbot)"
74.7.227.170 - - [30/Nov/2025:07:14:11 -0500] "GET /sffg/wk/admin.php?dir=//proc/3263544/root/var/softaculous/cscart/php53 HTTP/1.1" 200 1990 "-" "Mozilla/5.0 AppleWebKit/537.36 (KHTML, like Gecko; compatible; GPTBot/1.3; +https://openai.com/gptbot)"
207.46.13.78 - - [30/Nov/2025:07:14:14 -0500] "GET /?detail/9811240 HTTP/1.1" 200 1972 "-" "Mozilla/5.0 AppleWebKit/537.36 (KHTML, like Gecko; compatible; bingbot/2.0; +http://www.bing.com/bingbot.htm) Chrome/116.0.1938.76 Safari/537.36"
74.7.243.223 - - [30/Nov/2025:07:14:12 -0500] "GET /sffg/wk/admin.php?dir=//proc/3159889/root/var/softaculous/magento247/php53 HTTP/1.1" 200 1996 "-" "Mozilla/5.0 AppleWebKit/537.36 (KHTML, like Gecko; compatible; GPTBot/1.3; +https://openai.com/gptbot)"
35.171.117.160 - - [30/Nov/2025:07:14:13 -0500] "GET /hfrgrh/wk/admin.php?action=chmod&dir=//bin&item=tput HTTP/1.1" 200 29224 "-" "Mozilla/5.0 AppleWebKit/537.36 (KHTML, like Gecko; compatible; Amazonbot/0.1; +https://developer.amazon.com/support/amazonbot) Chrome/119.0.6045.214 Safari/537.36"
74.7.227.170 - - [30/Nov/2025:07:14:14 -0500] "GET /sffg/wk/admin.php?dir=//proc/3779464/root/var/softaculous/unmark/php53 HTTP/1.1" 200 1991 "-" "Mozilla/5.0 AppleWebKit/537.36 (KHTML, like Gecko; compatible; GPTBot/1.3; +https://openai.com/gptbot)"
74.7.243.223 - - [30/Nov/2025:07:14:14 -0500] "GET /sffg/wk/admin.php?dir=//proc/3159889/root/var/softaculous/magento242/php56 HTTP/1.1" 200 1996 "-" "Mozilla/5.0 AppleWebKit/537.36 (KHTML, like Gecko; compatible; GPTBot/1.3; +https://openai.com/gptbot)"
74.7.227.170 - - [30/Nov/2025:07:14:16 -0500] "GET /sffg/wk/admin.php?dir=//proc/3589831/root/var/softaculous/croogo/php56 HTTP/1.1" 200 1991 "-" "Mozilla/5.0 AppleWebKit/537.36 (KHTML, like Gecko; compatible; GPTBot/1.3; +https://openai.com/gptbot)"
18.214.124.6 - - [30/Nov/2025:07:14:16 -0500] "GET /images/wk/admin.php?action=chmod&dir=//bin&item=mv HTTP/1.1" 200 29767 "-" "Mozilla/5.0 AppleWebKit/537.36 (KHTML, like Gecko; compatible; Amazonbot/0.1; +https://developer.amazon.com/support/amazonbot) Chrome/119.0.6045.214 Safari/537.36"
74.7.243.223 - - [30/Nov/2025:07:14:17 -0500] "GET /sffg/wk/admin.php?dir=//proc/3159889/root/var/softaculous/magento24/php56 HTTP/1.1" 200 1985 "-" "Mozilla/5.0 AppleWebKit/537.36 (KHTML, like Gecko; compatible; GPTBot/1.3; +https://openai.com/gptbot)"
74.7.227.170 - - [30/Nov/2025:07:14:18 -0500] "GET /sffg/wk/admin.php?dir=//proc/3159889/root/var/softaculous/fusio/php53 HTTP/1.1" 200 1979 "-" "Mozilla/5.0 AppleWebKit/537.36 (KHTML, like Gecko; compatible; GPTBot/1.3; +https://openai.com/gptbot)"
74.7.243.223 - - [30/Nov/2025:07:14:19 -0500] "GET /sffg/wk/admin.php?dir=//proc/3159889/root/var/softaculous/magento246/php56 HTTP/1.1" 200 1996 "-" "Mozilla/5.0 AppleWebKit/537.36 (KHTML, like Gecko; compatible; GPTBot/1.3; +https://openai.com/gptbot)"
74.7.227.170 - - [30/Nov/2025:07:14:20 -0500] "GET /sffg/wk/admin.php?dir=//proc/3263544/root/var/softaculous/fork/php56 HTTP/1.1" 200 1978 "-" "Mozilla/5.0 AppleWebKit/537.36 (KHTML, like Gecko; compatible; GPTBot/1.3; +https://openai.com/gptbot)"
74.7.243.223 - - [30/Nov/2025:07:14:21 -0500] "GET /sffg/wk/admin.php?dir=//proc/3589831/root/proc/574888 HTTP/1.1" 200 1945 "-" "Mozilla/5.0 AppleWebKit/537.36 (KHTML, like Gecko; compatible; GPTBot/1.3; +https://openai.com/gptbot)"
74.7.227.170 - - [30/Nov/2025:07:14:22 -0500] "GET /sffg/wk/admin.php?dir=//proc/3263544/root/var/softaculous/phorum/php56 HTTP/1.1" 200 1991 "-" "Mozilla/5.0 AppleWebKit/537.36 (KHTML, like Gecko; compatible; GPTBot/1.3; +https://openai.com/gptbot)"
52.204.71.8 - - [30/Nov/2025:07:14:22 -0500] "GET /css/wk/admin.php?action=chmod&dir=//sbin&item=named-compilezone HTTP/1.1" 200 5228 "-" "Mozilla/5.0 AppleWebKit/537.36 (KHTML, like Gecko; compatible; Amazonbot/0.1; +https://developer.amazon.com/support/amazonbot) Chrome/119.0.6045.214 Safari/537.36"
74.7.243.223 - - [30/Nov/2025:07:14:23 -0500] "GET /sffg/wk/admin.php?dir=//proc/3160976/root/proc/999066 HTTP/1.1" 200 1945 "-" "Mozilla/5.0 AppleWebKit/537.36 (KHTML, like Gecko; compatible; GPTBot/1.3; +https://openai.com/gptbot)"
74.7.227.170 - - [30/Nov/2025:07:14:24 -0500] "GET /sffg/wk/admin.php?dir=//proc/3159889/root/var/softaculous/agora/php71 HTTP/1.1" 200 1979 "-" "Mozilla/5.0 AppleWebKit/537.36 (KHTML, like Gecko; compatible; GPTBot/1.3; +https://openai.com/gptbot)"
52.54.249.218 - - [30/Nov/2025:07:14:24 -0500] "GET /sdfsf/wk/admin.php?action=chmod&dir=//bin&item=dropdb HTTP/1.1" 200 29431 "-" "Mozilla/5.0 AppleWebKit/537.36 (KHTML, like Gecko; compatible; Amazonbot/0.1; +https://developer.amazon.com/support/amazonbot) Chrome/119.0.6045.214 Safari/537.36"
74.7.243.223 - - [30/Nov/2025:07:14:25 -0500] "GET /sffg/wk/admin.php?dir=//proc/3160976/root/proc/999094 HTTP/1.1" 200 1945 "-" "Mozilla/5.0 AppleWebKit/537.36 (KHTML, like Gecko; compatible; GPTBot/1.3; +https://openai.com/gptbot)"
74.7.227.170 - - [30/Nov/2025:07:14:26 -0500] "GET /sffg/wk/admin.php?dir=//proc/3263544/root/var/softaculous/saurus/php81 HTTP/1.1" 200 1989 "-" "Mozilla/5.0 AppleWebKit/537.36 (KHTML, like Gecko; compatible; GPTBot/1.3; +https://openai.com/gptbot)"
74.7.243.223 - - [30/Nov/2025:07:14:28 -0500] "GET /sffg/wk/admin.php?dir=//proc/3159889/root/proc/999066 HTTP/1.1" 200 1945 "-" "Mozilla/5.0 AppleWebKit/537.36 (KHTML, like Gecko; compatible; GPTBot/1.3; +https://openai.com/gptbot)"
3.216.86.144 - - [30/Nov/2025:07:14:28 -0500] "GET /admin/wk/admin.php?action=chmod&dir=//bin&item=libnetcfg HTTP/1.1" 200 29514 "-" "Mozilla/5.0 AppleWebKit/537.36 (KHTML, like Gecko; compatible; Amazonbot/0.1; +https://developer.amazon.com/support/amazonbot) Chrome/119.0.6045.214 Safari/537.36"
74.7.227.170 - - [30/Nov/2025:07:14:29 -0500] "GET /sffg/wk/admin.php?dir=//proc/3159889/root/var/softaculous/traq/php56 HTTP/1.1" 200 1977 "-" "Mozilla/5.0 AppleWebKit/537.36 (KHTML, like Gecko; compatible; GPTBot/1.3; +https://openai.com/gptbot)"
74.7.243.223 - - [30/Nov/2025:07:14:30 -0500] "GET /sffg/wk/admin.php?dir=//proc/3159889/root/proc/999105 HTTP/1.1" 200 1945 "-" "Mozilla/5.0 AppleWebKit/537.36 (KHTML, like Gecko; compatible; GPTBot/1.3; +https://openai.com/gptbot)"
74.7.227.170 - - [30/Nov/2025:07:14:31 -0500] "GET /sffg/wk/admin.php?dir=//proc/3779464/root/var/softaculous/sidu/php53 HTTP/1.1" 200 1975 "-" "Mozilla/5.0 AppleWebKit/537.36 (KHTML, like Gecko; compatible; GPTBot/1.3; +https://openai.com/gptbot)"
98.82.38.120 - - [30/Nov/2025:07:14:32 -0500] "GET /css/wk/admin.php?action=chmod&dir=//bin&item=cksum HTTP/1.1" 200 29645 "-" "Mozilla/5.0 AppleWebKit/537.36 (KHTML, like Gecko; compatible; Amazonbot/0.1; +https://developer.amazon.com/support/amazonbot) Chrome/119.0.6045.214 Safari/537.36"
74.7.243.223 - - [30/Nov/2025:07:14:32 -0500] "GET /sffg/wk/admin.php?dir=//proc/3159889/root/proc/999094 HTTP/1.1" 200 1945 "-" "Mozilla/5.0 AppleWebKit/537.36 (KHTML, like Gecko; compatible; GPTBot/1.3; +https://openai.com/gptbot)"
74.7.227.170 - - [30/Nov/2025:07:14:33 -0500] "GET /sffg/wk/admin.php?dir=//proc/3589831/root/var/softaculous/mantis/php82 HTTP/1.1" 200 1991 "-" "Mozilla/5.0 AppleWebKit/537.36 (KHTML, like Gecko; compatible; GPTBot/1.3; +https://openai.com/gptbot)"
74.7.243.223 - - [30/Nov/2025:07:14:34 -0500] "GET /sffg/wk/admin.php?dir=//proc/3263544/root/usr/lib/polkit-1 HTTP/1.1" 200 1967 "-" "Mozilla/5.0 AppleWebKit/537.36 (KHTML, like Gecko; compatible; GPTBot/1.3; +https://openai.com/gptbot)"
74.7.227.170 - - [30/Nov/2025:07:14:35 -0500] "GET /sffg/wk/admin.php?dir=//proc/3779464/root/var/softaculous/logic/php56 HTTP/1.1" 200 1979 "-" "Mozilla/5.0 AppleWebKit/537.36 (KHTML, like Gecko; compatible; GPTBot/1.3; +https://openai.com/gptbot)"
74.7.243.223 - - [30/Nov/2025:07:14:37 -0500] "GET /sffg/wk/admin.php?dir=//proc/3263544/root/var/softaculous/sitepad/editor/site-admin HTTP/1.1" 200 1998 "-" "Mozilla/5.0 AppleWebKit/537.36 (KHTML, like Gecko; compatible; GPTBot/1.3; +https://openai.com/gptbot)"
74.7.227.170 - - [30/Nov/2025:07:14:38 -0500] "GET /sffg/wk/admin.php?dir=//proc/3779464/root/var/softaculous/hotaru/php53 HTTP/1.1" 200 1991 "-" "Mozilla/5.0 AppleWebKit/537.36 (KHTML, like Gecko; compatible; GPTBot/1.3; +https://openai.com/gptbot)"
98.84.184.80 - - [30/Nov/2025:07:14:38 -0500] "GET /wp-includes/wk/admin.php?action=view&dir=//bin&item=run-with-aspell HTTP/1.1" 200 29749 "-" "Mozilla/5.0 AppleWebKit/537.36 (KHTML, like Gecko; compatible; Amazonbot/0.1; +https://developer.amazon.com/support/amazonbot) Chrome/119.0.6045.214 Safari/537.36"
74.7.243.223 - - [30/Nov/2025:07:14:39 -0500] "GET /sffg/wk/admin.php?dir=//proc/3159889/root/var/softaculous/sitepad/editor/site-admin HTTP/1.1" 200 1997 "-" "Mozilla/5.0 AppleWebKit/537.36 (KHTML, like Gecko; compatible; GPTBot/1.3; +https://openai.com/gptbot)"
74.7.227.170 - - [30/Nov/2025:07:14:40 -0500] "GET /sffg/wk/admin.php?dir=//proc/3589831/root/var/softaculous/ftools/php82 HTTP/1.1" 200 1990 "-" "Mozilla/5.0 AppleWebKit/537.36 (KHTML, like Gecko; compatible; GPTBot/1.3; +https://openai.com/gptbot)"
74.7.243.223 - - [30/Nov/2025:07:14:41 -0500] "GET /sffg/wk/admin.php?dir=//proc/3159889/root/proc/self/root/home HTTP/1.1" 200 1955 "-" "Mozilla/5.0 AppleWebKit/537.36 (KHTML, like Gecko; compatible; GPTBot/1.3; +https://openai.com/gptbot)"
3.210.114.189 - - [30/Nov/2025:07:14:41 -0500] "GET /images/wk/admin.php?action=chmod&dir=//bin&item=strings HTTP/1.1" 200 29606 "-" "Mozilla/5.0 AppleWebKit/537.36 (KHTML, like Gecko; compatible; Amazonbot/0.1; +https://developer.amazon.com/support/amazonbot) Chrome/119.0.6045.214 Safari/537.36"
114.119.130.61 - - [30/Nov/2025:07:14:43 -0500] "GET /rip/u217?pid=12545 HTTP/1.1" 404 1251 "https://naztechltd.com/?sitemap601.xml" "Mozilla/5.0 (Linux; Android 7.0;) AppleWebKit/537.36 (KHTML, like Gecko) Mobile Safari/537.36 (compatible; PetalBot;+https://webmaster.petalsearch.com/site/petalbot)"
74.7.227.170 - - [30/Nov/2025:07:14:42 -0500] "GET /sffg/wk/admin.php?dir=//proc/3779464/root/var/softaculous/yourls/php71 HTTP/1.1" 200 1991 "-" "Mozilla/5.0 AppleWebKit/537.36 (KHTML, like Gecko; compatible; GPTBot/1.3; +https://openai.com/gptbot)"
74.7.243.223 - - [30/Nov/2025:07:14:43 -0500] "GET /sffg/wk/admin.php?dir=//proc/3589831/root/proc/self/root/home HTTP/1.1" 200 1955 "-" "Mozilla/5.0 AppleWebKit/537.36 (KHTML, like Gecko; compatible; GPTBot/1.3; +https://openai.com/gptbot)"
74.7.227.170 - - [30/Nov/2025:07:14:44 -0500] "GET /sffg/wk/admin.php?dir=//proc/3779464/root/var/softaculous/agora/php71 HTTP/1.1" 200 1979 "-" "Mozilla/5.0 AppleWebKit/537.36 (KHTML, like Gecko; compatible; GPTBot/1.3; +https://openai.com/gptbot)"
44.223.116.149 - - [30/Nov/2025:07:14:45 -0500] "GET /wp-content/wk/admin.php?action=chmod&dir=//bin&item=cmp HTTP/1.1" 200 29285 "-" "Mozilla/5.0 AppleWebKit/537.36 (KHTML, like Gecko; compatible; Amazonbot/0.1; +https://developer.amazon.com/support/amazonbot) Chrome/119.0.6045.214 Safari/537.36"
74.7.243.223 - - [30/Nov/2025:07:14:45 -0500] "GET /sffg/wk/admin.php?dir=//proc/3779464/root/proc/self/root/home HTTP/1.1" 200 1955 "-" "Mozilla/5.0 AppleWebKit/537.36 (KHTML, like Gecko; compatible; GPTBot/1.3; +https://openai.com/gptbot)"
74.7.227.170 - - [30/Nov/2025:07:14:47 -0500] "GET /sffg/wk/admin.php?dir=//proc/3159889/root/var/softaculous/hotaru/php81 HTTP/1.1" 200 1991 "-" "Mozilla/5.0 AppleWebKit/537.36 (KHTML, like Gecko; compatible; GPTBot/1.3; +https://openai.com/gptbot)"
74.7.243.223 - - [30/Nov/2025:07:14:48 -0500] "GET /sffg/wk/admin.php?dir=//proc/3263544/root/proc/self/root/home HTTP/1.1" 200 1955 "-" "Mozilla/5.0 AppleWebKit/537.36 (KHTML, like Gecko; compatible; GPTBot/1.3; +https://openai.com/gptbot)"
52.23.112.144 - - [30/Nov/2025:07:14:48 -0500] "GET /wewtetg/wk/admin.php?action=chmod&dir=//bin&item=aspell HTTP/1.1" 200 29599 "-" "Mozilla/5.0 AppleWebKit/537.36 (KHTML, like Gecko; compatible; Amazonbot/0.1; +https://developer.amazon.com/support/amazonbot) Chrome/119.0.6045.214 Safari/537.36"
74.7.227.170 - - [30/Nov/2025:07:14:49 -0500] "GET /sffg/wk/admin.php?dir=//proc/3779464/root/var/softaculous/ostic/php53 HTTP/1.1" 200 1978 "-" "Mozilla/5.0 AppleWebKit/537.36 (KHTML, like Gecko; compatible; GPTBot/1.3; +https://openai.com/gptbot)"
74.7.243.223 - - [30/Nov/2025:07:14:50 -0500] "GET /sffg/wk/admin.php?action=view&dir=//proc/3160976/root/proc/sys/net/ipv4&item=tcp_l3mdev_accept HTTP/1.1" 200 2058 "-" "Mozilla/5.0 AppleWebKit/537.36 (KHTML, like Gecko; compatible; GPTBot/1.3; +https://openai.com/gptbot)"
74.7.227.170 - - [30/Nov/2025:07:14:51 -0500] "GET /sffg/wk/admin.php?dir=//proc/3159889/root/var/softaculous/traq/php53 HTTP/1.1" 200 1977 "-" "Mozilla/5.0 AppleWebKit/537.36 (KHTML, like Gecko; compatible; GPTBot/1.3; +https://openai.com/gptbot)"
57.141.0.17 - - [30/Nov/2025:07:14:53 -0500] "GET /special1598697984?kg=1596914619 HTTP/1.1" 404 1251 "-" "meta-externalagent/1.1 (+https://developers.facebook.com/docs/sharing/webmasters/crawler)"
74.7.243.223 - - [30/Nov/2025:07:14:52 -0500] "GET /sffg/wk/admin.php?action=view&dir=//proc/3263544/root/proc/sys/net/ipv4&item=udp_l3mdev_accept HTTP/1.1" 200 2058 "-" "Mozilla/5.0 AppleWebKit/537.36 (KHTML, like Gecko; compatible; GPTBot/1.3; +https://openai.com/gptbot)"
44.205.180.155 - - [30/Nov/2025:07:14:52 -0500] "GET /admin/wk/admin.php?action=chmod&dir=//bin&item=ranlib HTTP/1.1" 200 28918 "-" "Mozilla/5.0 AppleWebKit/537.36 (KHTML, like Gecko; compatible; Amazonbot/0.1; +https://developer.amazon.com/support/amazonbot) Chrome/119.0.6045.214 Safari/537.36"
74.7.227.170 - - [30/Nov/2025:07:14:54 -0500] "GET /sffg/wk/admin.php?dir=//proc/3779464/root/var/softaculous/doku/php56 HTTP/1.1" 200 1977 "-" "Mozilla/5.0 AppleWebKit/537.36 (KHTML, like Gecko; compatible; GPTBot/1.3; +https://openai.com/gptbot)"
74.7.243.223 - - [30/Nov/2025:07:14:55 -0500] "GET /sffg/wk/admin.php?action=view&dir=//proc/3159889/root/proc/sys/net/ipv4&item=tcp_l3mdev_accept HTTP/1.1" 200 2058 "-" "Mozilla/5.0 AppleWebKit/537.36 (KHTML, like Gecko; compatible; GPTBot/1.3; +https://openai.com/gptbot)"
74.7.227.170 - - [30/Nov/2025:07:14:56 -0500] "GET /sffg/wk/admin.php?dir=//proc/3589831/root/var/softaculous/redax/php81 HTTP/1.1" 200 1980 "-" "Mozilla/5.0 AppleWebKit/537.36 (KHTML, like Gecko; compatible; GPTBot/1.3; +https://openai.com/gptbot)"
74.7.243.223 - - [30/Nov/2025:07:14:57 -0500] "GET /sffg/wk/admin.php?action=view&dir=//proc/3589831/root/proc/sys/net/ipv4&item=udp_l3mdev_accept HTTP/1.1" 200 2055 "-" "Mozilla/5.0 AppleWebKit/537.36 (KHTML, like Gecko; compatible; GPTBot/1.3; +https://openai.com/gptbot)"
3.218.103.254 - - [30/Nov/2025:07:14:57 -0500] "GET /wp-includes/wk/admin.php?action=chmod&dir=//bin&item=h2ph HTTP/1.1" 200 29547 "-" "Mozilla/5.0 AppleWebKit/537.36 (KHTML, like Gecko; compatible; Amazonbot/0.1; +https://developer.amazon.com/support/amazonbot) Chrome/119.0.6045.214 Safari/537.36"
74.7.227.170 - - [30/Nov/2025:07:14:58 -0500] "GET /sffg/wk/admin.php?dir=//proc/3159889/root/var/softaculous/hizup/php81 HTTP/1.1" 200 1980 "-" "Mozilla/5.0 AppleWebKit/537.36 (KHTML, like Gecko; compatible; GPTBot/1.3; +https://openai.com/gptbot)"
74.7.243.223 - - [30/Nov/2025:07:14:59 -0500] "GET /sffg/wk/admin.php?action=view&dir=//proc/3263544/root/proc/thread-self/net/dev_snmp6&item=eth1 HTTP/1.1" 200 2050 "-" "Mozilla/5.0 AppleWebKit/537.36 (KHTML, like Gecko; compatible; GPTBot/1.3; +https://openai.com/gptbot)"
74.7.227.170 - - [30/Nov/2025:07:15:00 -0500] "GET /sffg/wk/admin.php?dir=//proc/3159889/root/var/softaculous/icehrm/php81 HTTP/1.1" 200 1991 "-" "Mozilla/5.0 AppleWebKit/537.36 (KHTML, like Gecko; compatible; GPTBot/1.3; +https://openai.com/gptbot)"
74.7.243.223 - - [30/Nov/2025:07:15:01 -0500] "GET /sffg/wk/admin.php?action=view&dir=//proc/3779464/root/proc/sys/net/ipv4&item=udp_l3mdev_accept HTTP/1.1" 200 2055 "-" "Mozilla/5.0 AppleWebKit/537.36 (KHTML, like Gecko; compatible; GPTBot/1.3; +https://openai.com/gptbot)"
3.224.215.150 - - [30/Nov/2025:07:15:01 -0500] "GET /hfrgrh/wk/admin.php?action=chmod&dir=//bin&item=scl HTTP/1.1" 200 29086 "-" "Mozilla/5.0 AppleWebKit/537.36 (KHTML, like Gecko; compatible; Amazonbot/0.1; +https://developer.amazon.com/support/amazonbot) Chrome/119.0.6045.214 Safari/537.36"
74.7.227.170 - - [30/Nov/2025:07:15:02 -0500] "GET /sffg/wk/admin.php?dir=//proc/3779464/root/var/softaculous/jorani/php56 HTTP/1.1" 200 1991 "-" "Mozilla/5.0 AppleWebKit/537.36 (KHTML, like Gecko; compatible; GPTBot/1.3; +https://openai.com/gptbot)"
74.7.243.223 - - [30/Nov/2025:07:15:03 -0500] "GET /sffg/wk/admin.php?action=view&dir=//proc/3589831/root/proc/sys/net/ipv4&item=tcp_l3mdev_accept HTTP/1.1" 200 2058 "-" "Mozilla/5.0 AppleWebKit/537.36 (KHTML, like Gecko; compatible; GPTBot/1.3; +https://openai.com/gptbot)"
74.7.227.170 - - [30/Nov/2025:07:15:04 -0500] "GET /sffg/wk/admin.php?dir=//proc/3589831/root/var/softaculous/carbon/php71 HTTP/1.1" 200 1989 "-" "Mozilla/5.0 AppleWebKit/537.36 (KHTML, like Gecko; compatible; GPTBot/1.3; +https://openai.com/gptbot)"
52.71.218.25 - - [30/Nov/2025:07:15:05 -0500] "GET /wp-includes/wk/admin.php?action=chmod&dir=//bin&item=dd HTTP/1.1" 200 28347 "-" "Mozilla/5.0 AppleWebKit/537.36 (KHTML, like Gecko; compatible; Amazonbot/0.1; +https://developer.amazon.com/support/amazonbot) Chrome/119.0.6045.214 Safari/537.36"
74.7.243.223 - - [30/Nov/2025:07:15:05 -0500] "GET /sffg/wk/admin.php?action=view&dir=//proc/3159889/root/proc/sys/net/ipv4&item=udp_l3mdev_accept HTTP/1.1" 200 2055 "-" "Mozilla/5.0 AppleWebKit/537.36 (KHTML, like Gecko; compatible; GPTBot/1.3; +https://openai.com/gptbot)"
74.7.227.170 - - [30/Nov/2025:07:15:07 -0500] "GET /sffg/wk/admin.php?dir=//proc/3589831/root/var/softaculous/morph/php71 HTTP/1.1" 200 1979 "-" "Mozilla/5.0 AppleWebKit/537.36 (KHTML, like Gecko; compatible; GPTBot/1.3; +https://openai.com/gptbot)"
74.7.243.223 - - [30/Nov/2025:07:15:08 -0500] "GET /sffg/wk/admin.php?action=view&dir=//proc/3263544/root/proc/thread-self/net/dev_snmp6&item=eth0 HTTP/1.1" 200 2050 "-" "Mozilla/5.0 AppleWebKit/537.36 (KHTML, like Gecko; compatible; GPTBot/1.3; +https://openai.com/gptbot)"
