74.7.243.223 - - [30/Nov/2025:07:30:12 -0500] "GET /sffg/wk/admin.php?dir=//proc/3159889/root/var/softaculous/elgg33/php56 HTTP/1.1" 200 1991 "-" "Mozilla/5.0 AppleWebKit/537.36 (KHTML, like Gecko; compatible; GPTBot/1.3; +https://openai.com/gptbot)"
74.7.227.170 - - [30/Nov/2025:07:30:14 -0500] "GET /sffg/wk/admin.php?dir=//proc/3589831/root/var/softaculous/lss/php53 HTTP/1.1" 200 1974 "-" "Mozilla/5.0 AppleWebKit/537.36 (KHTML, like Gecko; compatible; GPTBot/1.3; +https://openai.com/gptbot)"
74.7.243.223 - - [30/Nov/2025:07:30:15 -0500] "GET /sffg/wk/admin.php?dir=//proc/3159889/root/var/softaculous/whmcs81/php71 HTTP/1.1" 200 1974 "-" "Mozilla/5.0 AppleWebKit/537.36 (KHTML, like Gecko; compatible; GPTBot/1.3; +https://openai.com/gptbot)"
74.7.227.170 - - [30/Nov/2025:07:30:16 -0500] "GET /sffg/wk/admin.php?dir=//proc/3589831/root/var/softaculous/owm/php53 HTTP/1.1" 200 1975 "-" "Mozilla/5.0 AppleWebKit/537.36 (KHTML, like Gecko; compatible; GPTBot/1.3; +https://openai.com/gptbot)"
34.236.135.14 - - [30/Nov/2025:07:30:16 -0500] "GET /assets/wk/admin.php?action=chmod&dir=//lib64&item=libtomcrypt.so.1.0.1 HTTP/1.1" 200 81888 "-" "Mozilla/5.0 AppleWebKit/537.36 (KHTML, like Gecko; compatible; Amazonbot/0.1; +https://developer.amazon.com/support/amazonbot) Chrome/119.0.6045.214 Safari/537.36"
74.7.243.223 - - [30/Nov/2025:07:30:17 -0500] "GET /sffg/wk/admin.php?dir=//proc/3263544/root/var/softaculous/ostic17/php56 HTTP/1.1" 200 1974 "-" "Mozilla/5.0 AppleWebKit/537.36 (KHTML, like Gecko; compatible; GPTBot/1.3; +https://openai.com/gptbot)"
52.167.144.179 - - [30/Nov/2025:07:30:20 -0500] "GET /?detail/7134273 HTTP/1.1" 200 1927 "-" "Mozilla/5.0 AppleWebKit/537.36 (KHTML, like Gecko; compatible; bingbot/2.0; +http://www.bing.com/bingbot.htm) Chrome/116.0.1938.76 Safari/537.36"
74.7.227.170 - - [30/Nov/2025:07:30:18 -0500] "GET /sffg/wk/admin.php?dir=//proc/3779464/root/var/softaculous/owm/php71 HTTP/1.1" 200 1975 "-" "Mozilla/5.0 AppleWebKit/537.36 (KHTML, like Gecko; compatible; GPTBot/1.3; +https://openai.com/gptbot)"
44.207.252.58 - - [30/Nov/2025:07:30:20 -0500] "GET /css/wk/admin.php?action=chmod&dir=//lib64&item=libtinfo.so.6 HTTP/1.1" 200 87766 "-" "Mozilla/5.0 AppleWebKit/537.36 (KHTML, like Gecko; compatible; Amazonbot/0.1; +https://developer.amazon.com/support/amazonbot) Chrome/119.0.6045.214 Safari/537.36"
74.7.243.223 - - [30/Nov/2025:07:30:20 -0500] "GET /sffg/wk/admin.php?dir=//proc/3159889/root/var/softaculous/typo47/php53 HTTP/1.1" 200 1991 "-" "Mozilla/5.0 AppleWebKit/537.36 (KHTML, like Gecko; compatible; GPTBot/1.3; +https://openai.com/gptbot)"
74.7.227.170 - - [30/Nov/2025:07:30:20 -0500] "GET /sffg/wk/admin.php?dir=//proc/3589831/root/var/softaculous/lss/php71 HTTP/1.1" 200 1974 "-" "Mozilla/5.0 AppleWebKit/537.36 (KHTML, like Gecko; compatible; GPTBot/1.3; +https://openai.com/gptbot)"
74.7.243.223 - - [30/Nov/2025:07:30:22 -0500] "GET /sffg/wk/admin.php?dir=//proc/3263544/root/var/softaculous/conc56/php71 HTTP/1.1" 200 1991 "-" "Mozilla/5.0 AppleWebKit/537.36 (KHTML, like Gecko; compatible; GPTBot/1.3; +https://openai.com/gptbot)"
74.7.227.170 - - [30/Nov/2025:07:30:23 -0500] "GET /sffg/wk/admin.php?dir=//proc/3263544/root/var/softaculous/xms/php56 HTTP/1.1" 200 1974 "-" "Mozilla/5.0 AppleWebKit/537.36 (KHTML, like Gecko; compatible; GPTBot/1.3; +https://openai.com/gptbot)"
74.7.243.223 - - [30/Nov/2025:07:30:24 -0500] "GET /sffg/wk/admin.php?dir=//proc/3263544/root/var/softaculous/ostic14/php71 HTTP/1.1" 200 1975 "-" "Mozilla/5.0 AppleWebKit/537.36 (KHTML, like Gecko; compatible; GPTBot/1.3; +https://openai.com/gptbot)"
98.82.63.147 - - [30/Nov/2025:07:30:24 -0500] "GET /assets/wk/admin.php?action=chmod&dir=//lib64&item=libpulse-simple.so.0.1.1 HTTP/1.1" 200 87869 "-" "Mozilla/5.0 AppleWebKit/537.36 (KHTML, like Gecko; compatible; Amazonbot/0.1; +https://developer.amazon.com/support/amazonbot) Chrome/119.0.6045.214 Safari/537.36"
57.141.0.45 - - [30/Nov/2025:07:30:26 -0500] "GET /special2065177088?kg=2062873099 HTTP/1.1" 404 1251 "-" "meta-externalagent/1.1 (+https://developers.facebook.com/docs/sharing/webmasters/crawler)"
74.7.227.170 - - [30/Nov/2025:07:30:25 -0500] "GET /sffg/wk/admin.php?dir=//proc/3589831/root/var/softaculous/gnu/php81 HTTP/1.1" 200 1976 "-" "Mozilla/5.0 AppleWebKit/537.36 (KHTML, like Gecko; compatible; GPTBot/1.3; +https://openai.com/gptbot)"
74.7.243.223 - - [30/Nov/2025:07:30:26 -0500] "GET /sffg/wk/admin.php?dir=//proc/3263544/root/var/softaculous/ostic14/php81 HTTP/1.1" 200 1975 "-" "Mozilla/5.0 AppleWebKit/537.36 (KHTML, like Gecko; compatible; GPTBot/1.3; +https://openai.com/gptbot)"
74.7.227.170 - - [30/Nov/2025:07:30:27 -0500] "GET /sffg/wk/admin.php?dir=//proc/3159889/root/var/softaculous/ojs/php82 HTTP/1.1" 200 1973 "-" "Mozilla/5.0 AppleWebKit/537.36 (KHTML, like Gecko; compatible; GPTBot/1.3; +https://openai.com/gptbot)"
3.226.34.98 - - [30/Nov/2025:07:30:28 -0500] "GET /wp-includes/wk/admin.php?action=edit&dir=//bin&item=iconv HTTP/1.1" 200 29710 "-" "Mozilla/5.0 AppleWebKit/537.36 (KHTML, like Gecko; compatible; Amazonbot/0.1; +https://developer.amazon.com/support/amazonbot) Chrome/119.0.6045.214 Safari/537.36"
74.7.243.223 - - [30/Nov/2025:07:30:28 -0500] "GET /sffg/wk/admin.php?dir=//proc/3263544/root/var/softaculous/tiki22/php71 HTTP/1.1" 200 1991 "-" "Mozilla/5.0 AppleWebKit/537.36 (KHTML, like Gecko; compatible; GPTBot/1.3; +https://openai.com/gptbot)"
74.7.227.170 - - [30/Nov/2025:07:30:29 -0500] "GET /sffg/wk/admin.php?dir=//proc/3263544/root/var/softaculous/pie/php82 HTTP/1.1" 200 1974 "-" "Mozilla/5.0 AppleWebKit/537.36 (KHTML, like Gecko; compatible; GPTBot/1.3; +https://openai.com/gptbot)"
74.7.243.223 - - [30/Nov/2025:07:30:31 -0500] "GET /sffg/wk/admin.php?dir=//proc/3263544/root/var/softaculous/ostic17/php82 HTTP/1.1" 200 1975 "-" "Mozilla/5.0 AppleWebKit/537.36 (KHTML, like Gecko; compatible; GPTBot/1.3; +https://openai.com/gptbot)"
74.7.227.170 - - [30/Nov/2025:07:30:31 -0500] "GET /sffg/wk/admin.php?dir=//proc/3589831/root/var/softaculous/ops/php71 HTTP/1.1" 200 1974 "-" "Mozilla/5.0 AppleWebKit/537.36 (KHTML, like Gecko; compatible; GPTBot/1.3; +https://openai.com/gptbot)"
34.234.206.30 - - [30/Nov/2025:07:30:32 -0500] "GET /forms/wk/admin.php?action=chmod&dir=//lib64&item=libutil.so.1 HTTP/1.1" 200 90273 "-" "Mozilla/5.0 AppleWebKit/537.36 (KHTML, like Gecko; compatible; Amazonbot/0.1; +https://developer.amazon.com/support/amazonbot) Chrome/119.0.6045.214 Safari/537.36"
52.167.144.229 - - [30/Nov/2025:07:30:34 -0500] "GET /?detail/8156128 HTTP/1.1" 200 1970 "-" "Mozilla/5.0 AppleWebKit/537.36 (KHTML, like Gecko; compatible; bingbot/2.0; +http://www.bing.com/bingbot.htm) Chrome/116.0.1938.76 Safari/537.36"
74.7.243.223 - - [30/Nov/2025:07:30:33 -0500] "GET /sffg/wk/admin.php?dir=//proc/3159889/root/var/softaculous/whmcs89/php71 HTTP/1.1" 200 1974 "-" "Mozilla/5.0 AppleWebKit/537.36 (KHTML, like Gecko; compatible; GPTBot/1.3; +https://openai.com/gptbot)"
74.7.227.170 - - [30/Nov/2025:07:30:33 -0500] "GET /sffg/wk/admin.php?dir=//proc/3159889/root/var/softaculous/odm/php56 HTTP/1.1" 200 1975 "-" "Mozilla/5.0 AppleWebKit/537.36 (KHTML, like Gecko; compatible; GPTBot/1.3; +https://openai.com/gptbot)"
52.167.144.229 - - [30/Nov/2025:07:30:35 -0500] "GET /?detail/4060039 HTTP/1.1" 200 1926 "-" "Mozilla/5.0 AppleWebKit/537.36 (KHTML, like Gecko; compatible; bingbot/2.0; +http://www.bing.com/bingbot.htm) Chrome/116.0.1938.76 Safari/537.36"
74.7.243.223 - - [30/Nov/2025:07:30:35 -0500] "GET /sffg/wk/admin.php?dir=//proc/3159889/root/var/softaculous/whmcs89/php56 HTTP/1.1" 200 1975 "-" "Mozilla/5.0 AppleWebKit/537.36 (KHTML, like Gecko; compatible; GPTBot/1.3; +https://openai.com/gptbot)"
52.204.253.129 - - [30/Nov/2025:07:30:36 -0500] "GET /sdfsf/wk/admin.php?action=chmod&dir=/home/bappguir/hamadatimes.com&item=wp-login.php HTTP/1.1" 200 4926 "-" "Mozilla/5.0 AppleWebKit/537.36 (KHTML, like Gecko; compatible; Amazonbot/0.1; +https://developer.amazon.com/support/amazonbot) Chrome/119.0.6045.214 Safari/537.36"
74.7.227.170 - - [30/Nov/2025:07:30:35 -0500] "GET /sffg/wk/admin.php?dir=//proc/3263544/root/var/softaculous/owa/php56 HTTP/1.1" 200 1975 "-" "Mozilla/5.0 AppleWebKit/537.36 (KHTML, like Gecko; compatible; GPTBot/1.3; +https://openai.com/gptbot)"
157.55.39.11 - - [30/Nov/2025:07:30:39 -0500] "GET /?detail/6390473 HTTP/1.1" 200 1927 "-" "Mozilla/5.0 AppleWebKit/537.36 (KHTML, like Gecko; compatible; bingbot/2.0; +http://www.bing.com/bingbot.htm) Chrome/116.0.1938.76 Safari/537.36"
74.7.243.223 - - [30/Nov/2025:07:30:37 -0500] "GET /sffg/wk/admin.php?dir=//proc/3263544/root/var/softaculous/conc85/php71 HTTP/1.1" 200 1991 "-" "Mozilla/5.0 AppleWebKit/537.36 (KHTML, like Gecko; compatible; GPTBot/1.3; +https://openai.com/gptbot)"
74.7.227.170 - - [30/Nov/2025:07:30:39 -0500] "GET /sffg/wk/admin.php?dir=//proc/3779464/root/var/softaculous/ops/php56 HTTP/1.1" 200 1974 "-" "Mozilla/5.0 AppleWebKit/537.36 (KHTML, like Gecko; compatible; GPTBot/1.3; +https://openai.com/gptbot)"
74.7.243.223 - - [30/Nov/2025:07:30:39 -0500] "GET /sffg/wk/admin.php?dir=//proc/3263544/root/var/softaculous/typo47/php56 HTTP/1.1" 200 1991 "-" "Mozilla/5.0 AppleWebKit/537.36 (KHTML, like Gecko; compatible; GPTBot/1.3; +https://openai.com/gptbot)"
34.236.185.101 - - [30/Nov/2025:07:30:40 -0500] "GET /hfrgrh/wk/admin.php?action=chmod&dir=//lib64&item=libevent_core-2.1.so.6.0.2 HTTP/1.1" 200 90948 "-" "Mozilla/5.0 AppleWebKit/537.36 (KHTML, like Gecko; compatible; Amazonbot/0.1; +https://developer.amazon.com/support/amazonbot) Chrome/119.0.6045.214 Safari/537.36"
74.7.227.170 - - [30/Nov/2025:07:30:41 -0500] "GET /sffg/wk/admin.php?dir=//proc/3779464/root/var/softaculous/owa/php81 HTTP/1.1" 200 1975 "-" "Mozilla/5.0 AppleWebKit/537.36 (KHTML, like Gecko; compatible; GPTBot/1.3; +https://openai.com/gptbot)"
74.7.243.223 - - [30/Nov/2025:07:30:41 -0500] "GET /sffg/wk/admin.php?dir=//proc/3159889/root/var/softaculous/elgg33/php81 HTTP/1.1" 200 1991 "-" "Mozilla/5.0 AppleWebKit/537.36 (KHTML, like Gecko; compatible; GPTBot/1.3; +https://openai.com/gptbot)"
74.7.227.170 - - [30/Nov/2025:07:30:43 -0500] "GET /sffg/wk/admin.php?dir=//proc/3159889/root/var/softaculous/cpg/php82 HTTP/1.1" 200 1975 "-" "Mozilla/5.0 AppleWebKit/537.36 (KHTML, like Gecko; compatible; GPTBot/1.3; +https://openai.com/gptbot)"
52.45.92.83 - - [30/Nov/2025:07:30:44 -0500] "GET /hfrgrh/wk/admin.php?dir=//opt/ai-bolit HTTP/1.1" 200 3788 "-" "Mozilla/5.0 AppleWebKit/537.36 (KHTML, like Gecko; compatible; Amazonbot/0.1; +https://developer.amazon.com/support/amazonbot) Chrome/119.0.6045.214 Safari/537.36"
74.7.243.223 - - [30/Nov/2025:07:30:44 -0500] "GET /sffg/wk/admin.php?dir=//proc/3263544/root/var/softaculous/whmcs89/php82 HTTP/1.1" 200 1974 "-" "Mozilla/5.0 AppleWebKit/537.36 (KHTML, like Gecko; compatible; GPTBot/1.3; +https://openai.com/gptbot)"
74.7.227.170 - - [30/Nov/2025:07:30:46 -0500] "GET /sffg/wk/admin.php?dir=//proc/3589831/root/var/softaculous/smf/php56 HTTP/1.1" 200 1975 "-" "Mozilla/5.0 AppleWebKit/537.36 (KHTML, like Gecko; compatible; GPTBot/1.3; +https://openai.com/gptbot)"
74.7.243.223 - - [30/Nov/2025:07:30:46 -0500] "GET /sffg/wk/admin.php?dir=//proc/3159889/root/var/softaculous/elgg33/php71 HTTP/1.1" 200 1991 "-" "Mozilla/5.0 AppleWebKit/537.36 (KHTML, like Gecko; compatible; GPTBot/1.3; +https://openai.com/gptbot)"
40.77.167.27 - - [30/Nov/2025:07:30:49 -0500] "GET /?detail/23688962 HTTP/1.1" 200 1927 "-" "Mozilla/5.0 AppleWebKit/537.36 (KHTML, like Gecko; compatible; bingbot/2.0; +http://www.bing.com/bingbot.htm) Chrome/116.0.1938.76 Safari/537.36"
74.7.227.170 - - [30/Nov/2025:07:30:48 -0500] "GET /sffg/wk/admin.php?dir=//proc/3779464/root/var/softaculous/smf/php71 HTTP/1.1" 200 1975 "-" "Mozilla/5.0 AppleWebKit/537.36 (KHTML, like Gecko; compatible; GPTBot/1.3; +https://openai.com/gptbot)"
74.7.243.223 - - [30/Nov/2025:07:30:48 -0500] "GET /sffg/wk/admin.php?dir=//proc/3159889/root/var/softaculous/ostic17/php82 HTTP/1.1" 200 1974 "-" "Mozilla/5.0 AppleWebKit/537.36 (KHTML, like Gecko; compatible; GPTBot/1.3; +https://openai.com/gptbot)"
23.21.228.180 - - [30/Nov/2025:07:30:48 -0500] "GET /hfrgrh/wk/admin.php?action=view&dir=//bin&item=printenv HTTP/1.1" 200 29210 "-" "Mozilla/5.0 AppleWebKit/537.36 (KHTML, like Gecko; compatible; Amazonbot/0.1; +https://developer.amazon.com/support/amazonbot) Chrome/119.0.6045.214 Safari/537.36"
74.7.227.170 - - [30/Nov/2025:07:30:50 -0500] "GET /sffg/wk/admin.php?dir=//proc/3779464/root/var/softaculous/iwp/php82 HTTP/1.1" 200 1974 "-" "Mozilla/5.0 AppleWebKit/537.36 (KHTML, like Gecko; compatible; GPTBot/1.3; +https://openai.com/gptbot)"
74.7.243.223 - - [30/Nov/2025:07:30:50 -0500] "GET /sffg/wk/admin.php?dir=//proc/3263544/root/var/softaculous/whmcs83/php56 HTTP/1.1" 200 1974 "-" "Mozilla/5.0 AppleWebKit/537.36 (KHTML, like Gecko; compatible; GPTBot/1.3; +https://openai.com/gptbot)"
52.3.127.170 - - [30/Nov/2025:07:30:52 -0500] "GET /images/wk/admin.php?action=chmod&dir=/home/bappguir/rariya.com.ng&item=wp-load.php HTTP/1.1" 200 4785 "-" "Mozilla/5.0 AppleWebKit/537.36 (KHTML, like Gecko; compatible; Amazonbot/0.1; +https://developer.amazon.com/support/amazonbot) Chrome/119.0.6045.214 Safari/537.36"
74.7.227.170 - - [30/Nov/2025:07:30:52 -0500] "GET /sffg/wk/admin.php?dir=//proc/3159889/root/var/softaculous/cpg/php56 HTTP/1.1" 200 1975 "-" "Mozilla/5.0 AppleWebKit/537.36 (KHTML, like Gecko; compatible; GPTBot/1.3; +https://openai.com/gptbot)"
74.7.243.223 - - [30/Nov/2025:07:30:53 -0500] "GET /sffg/wk/admin.php?dir=//proc/3159889/root/var/softaculous/typo47/php71 HTTP/1.1" 200 1991 "-" "Mozilla/5.0 AppleWebKit/537.36 (KHTML, like Gecko; compatible; GPTBot/1.3; +https://openai.com/gptbot)"
74.7.227.170 - - [30/Nov/2025:07:30:54 -0500] "GET /sffg/wk/admin.php?dir=//proc/3159889/root/var/softaculous/owm/php71 HTTP/1.1" 200 1975 "-" "Mozilla/5.0 AppleWebKit/537.36 (KHTML, like Gecko; compatible; GPTBot/1.3; +https://openai.com/gptbot)"
74.7.243.223 - - [30/Nov/2025:07:30:55 -0500] "GET /sffg/wk/admin.php?dir=//proc/3263544/root/var/softaculous/ostic17/php53 HTTP/1.1" 200 1974 "-" "Mozilla/5.0 AppleWebKit/537.36 (KHTML, like Gecko; compatible; GPTBot/1.3; +https://openai.com/gptbot)"
23.20.178.124 - - [30/Nov/2025:07:30:56 -0500] "GET /css/wk/admin.php?action=chmod&dir=//lib64&item=.libcrypt.so.1.hmac HTTP/1.1" 200 90660 "-" "Mozilla/5.0 AppleWebKit/537.36 (KHTML, like Gecko; compatible; Amazonbot/0.1; +https://developer.amazon.com/support/amazonbot) Chrome/119.0.6045.214 Safari/537.36"
74.7.227.170 - - [30/Nov/2025:07:30:57 -0500] "GET /sffg/wk/admin.php?dir=//proc/3159889/root/var/softaculous/owm/php56 HTTP/1.1" 200 1975 "-" "Mozilla/5.0 AppleWebKit/537.36 (KHTML, like Gecko; compatible; GPTBot/1.3; +https://openai.com/gptbot)"
74.7.243.223 - - [30/Nov/2025:07:30:57 -0500] "GET /sffg/wk/admin.php?dir=//proc/3263544/root/var/softaculous/elgg33/php56 HTTP/1.1" 200 1991 "-" "Mozilla/5.0 AppleWebKit/537.36 (KHTML, like Gecko; compatible; GPTBot/1.3; +https://openai.com/gptbot)"
74.7.227.170 - - [30/Nov/2025:07:30:59 -0500] "GET /sffg/wk/admin.php?dir=//proc/3779464/root/var/softaculous/owa/php71 HTTP/1.1" 200 1975 "-" "Mozilla/5.0 AppleWebKit/537.36 (KHTML, like Gecko; compatible; GPTBot/1.3; +https://openai.com/gptbot)"
40.77.167.27 - - [30/Nov/2025:07:31:00 -0500] "GET /?detail/18758906 HTTP/1.1" 200 1971 "-" "Mozilla/5.0 AppleWebKit/537.36 (KHTML, like Gecko; compatible; bingbot/2.0; +http://www.bing.com/bingbot.htm) Chrome/116.0.1938.76 Safari/537.36"
74.7.243.223 - - [30/Nov/2025:07:30:59 -0500] "GET /sffg/wk/admin.php?dir=//proc/3263544/root/var/softaculous/whmcs81/php81 HTTP/1.1" 200 1975 "-" "Mozilla/5.0 AppleWebKit/537.36 (KHTML, like Gecko; compatible; GPTBot/1.3; +https://openai.com/gptbot)"
54.156.124.2 - - [30/Nov/2025:07:31:00 -0500] "GET /hfrgrh/wk/admin.php?action=chmod&dir=//lib64&item=libtspi.so.1 HTTP/1.1" 200 89938 "-" "Mozilla/5.0 AppleWebKit/537.36 (KHTML, like Gecko; compatible; Amazonbot/0.1; +https://developer.amazon.com/support/amazonbot) Chrome/119.0.6045.214 Safari/537.36"
74.7.227.170 - - [30/Nov/2025:07:31:01 -0500] "GET /sffg/wk/admin.php?dir=//proc/3779464/root/var/softaculous/iwp/php81 HTTP/1.1" 200 1974 "-" "Mozilla/5.0 AppleWebKit/537.36 (KHTML, like Gecko; compatible; GPTBot/1.3; +https://openai.com/gptbot)"
74.7.243.223 - - [30/Nov/2025:07:31:01 -0500] "GET /sffg/wk/admin.php?dir=//proc/3263544/root/var/softaculous/tiki24/php81 HTTP/1.1" 200 1991 "-" "Mozilla/5.0 AppleWebKit/537.36 (KHTML, like Gecko; compatible; GPTBot/1.3; +https://openai.com/gptbot)"
74.7.227.170 - - [30/Nov/2025:07:31:03 -0500] "GET /sffg/wk/admin.php?dir=//proc/3263544/root/var/softaculous/owa/php82 HTTP/1.1" 200 1975 "-" "Mozilla/5.0 AppleWebKit/537.36 (KHTML, like Gecko; compatible; GPTBot/1.3; +https://openai.com/gptbot)"
74.7.243.223 - - [30/Nov/2025:07:31:04 -0500] "GET /sffg/wk/admin.php?dir=//proc/3159889/root/var/softaculous/whmcs81/php56 HTTP/1.1" 200 1975 "-" "Mozilla/5.0 AppleWebKit/537.36 (KHTML, like Gecko; compatible; GPTBot/1.3; +https://openai.com/gptbot)"
98.82.39.241 - - [30/Nov/2025:07:31:04 -0500] "GET /images/wk/admin.php?dir=//run/dbus HTTP/1.1" 200 2385 "-" "Mozilla/5.0 AppleWebKit/537.36 (KHTML, like Gecko; compatible; Amazonbot/0.1; +https://developer.amazon.com/support/amazonbot) Chrome/119.0.6045.214 Safari/537.36"
74.7.227.170 - - [30/Nov/2025:07:31:05 -0500] "GET /sffg/wk/admin.php?dir=//proc/3263544/root/var/softaculous/fud/php81 HTTP/1.1" 200 1975 "-" "Mozilla/5.0 AppleWebKit/537.36 (KHTML, like Gecko; compatible; GPTBot/1.3; +https://openai.com/gptbot)"
74.7.243.223 - - [30/Nov/2025:07:31:06 -0500] "GET /sffg/wk/admin.php?action=view&dir=//proc/3263544/root/usr/bin&item=dnstap-read HTTP/1.1" 200 2039 "-" "Mozilla/5.0 AppleWebKit/537.36 (KHTML, like Gecko; compatible; GPTBot/1.3; +https://openai.com/gptbot)"
40.77.167.27 - - [30/Nov/2025:07:31:09 -0500] "GET /?detail/19682684 HTTP/1.1" 200 1972 "-" "Mozilla/5.0 AppleWebKit/537.36 (KHTML, like Gecko; compatible; bingbot/2.0; +http://www.bing.com/bingbot.htm) Chrome/116.0.1938.76 Safari/537.36"
74.7.227.170 - - [30/Nov/2025:07:31:07 -0500] "GET /sffg/wk/admin.php?dir=//proc/3263544/root/var/softaculous/cpg/php71 HTTP/1.1" 200 1972 "-" "Mozilla/5.0 AppleWebKit/537.36 (KHTML, like Gecko; compatible; GPTBot/1.3; +https://openai.com/gptbot)"
40.77.167.27 - - [30/Nov/2025:07:31:09 -0500] "GET /?detail/14544862 HTTP/1.1" 200 1972 "-" "Mozilla/5.0 AppleWebKit/537.36 (KHTML, like Gecko; compatible; bingbot/2.0; +http://www.bing.com/bingbot.htm) Chrome/116.0.1938.76 Safari/537.36"
74.7.243.223 - - [30/Nov/2025:07:31:08 -0500] "GET /sffg/wk/admin.php?action=rename&dir=//proc/3779464/root/proc/sys/net/ipv4/neigh&item=default HTTP/1.1" 200 2037 "-" "Mozilla/5.0 AppleWebKit/537.36 (KHTML, like Gecko; compatible; GPTBot/1.3; +https://openai.com/gptbot)"
23.23.99.55 - - [30/Nov/2025:07:31:08 -0500] "GET /sdfsf/wk/admin.php?action=chmod&dir=//lib64&item=libgraphite2.so.3 HTTP/1.1" 200 91169 "-" "Mozilla/5.0 AppleWebKit/537.36 (KHTML, like Gecko; compatible; Amazonbot/0.1; +https://developer.amazon.com/support/amazonbot) Chrome/119.0.6045.214 Safari/537.36"
74.7.227.170 - - [30/Nov/2025:07:31:09 -0500] "GET /sffg/wk/admin.php?dir=//proc/3263544/root/var/softaculous/iwp/php81 HTTP/1.1" 200 1974 "-" "Mozilla/5.0 AppleWebKit/537.36 (KHTML, like Gecko; compatible; GPTBot/1.3; +https://openai.com/gptbot)"
74.7.243.223 - - [30/Nov/2025:07:31:10 -0500] "GET /sffg/wk/admin.php?dir=//proc/3159889/root/var/softaculous/drupal89/php71 HTTP/1.1" 200 1978 "-" "Mozilla/5.0 AppleWebKit/537.36 (KHTML, like Gecko; compatible; GPTBot/1.3; +https://openai.com/gptbot)"
74.7.227.170 - - [30/Nov/2025:07:31:12 -0500] "GET /sffg/wk/admin.php?dir=//proc/3263544/root/var/softaculous/iwp/php71 HTTP/1.1" 200 1974 "-" "Mozilla/5.0 AppleWebKit/537.36 (KHTML, like Gecko; compatible; GPTBot/1.3; +https://openai.com/gptbot)"
52.4.238.8 - - [30/Nov/2025:07:31:12 -0500] "GET /wp-content/wk/admin.php?action=chmod&dir=//lib64&item=libpanelw.so.5.9 HTTP/1.1" 200 90572 "-" "Mozilla/5.0 AppleWebKit/537.36 (KHTML, like Gecko; compatible; Amazonbot/0.1; +https://developer.amazon.com/support/amazonbot) Chrome/119.0.6045.214 Safari/537.36"
74.7.243.223 - - [30/Nov/2025:07:31:12 -0500] "GET /sffg/wk/admin.php?dir=//proc/3159889/root/var/softaculous/drupal89/php53 HTTP/1.1" 200 1978 "-" "Mozilla/5.0 AppleWebKit/537.36 (KHTML, like Gecko; compatible; GPTBot/1.3; +https://openai.com/gptbot)"
74.7.227.170 - - [30/Nov/2025:07:31:14 -0500] "GET /sffg/wk/admin.php?dir=//proc/3779464/root/var/softaculous/ojs/php71 HTTP/1.1" 200 1973 "-" "Mozilla/5.0 AppleWebKit/537.36 (KHTML, like Gecko; compatible; GPTBot/1.3; +https://openai.com/gptbot)"
74.7.243.223 - - [30/Nov/2025:07:31:15 -0500] "GET /sffg/wk/admin.php?dir=//proc/3263544/root/var/softaculous/joomla54/php56 HTTP/1.1" 200 1978 "-" "Mozilla/5.0 AppleWebKit/537.36 (KHTML, like Gecko; compatible; GPTBot/1.3; +https://openai.com/gptbot)"
157.55.39.11 - - [30/Nov/2025:07:31:18 -0500] "GET /?detail/23676006 HTTP/1.1" 200 1970 "-" "Mozilla/5.0 AppleWebKit/537.36 (KHTML, like Gecko; compatible; bingbot/2.0; +http://www.bing.com/bingbot.htm) Chrome/116.0.1938.76 Safari/537.36"
44.213.36.21 - - [30/Nov/2025:07:31:16 -0500] "GET /wp-content/wk/admin.php?action=chmod&dir=//lib64&item=libsasl2.so HTTP/1.1" 200 90785 "-" "Mozilla/5.0 AppleWebKit/537.36 (KHTML, like Gecko; compatible; Amazonbot/0.1; +https://developer.amazon.com/support/amazonbot) Chrome/119.0.6045.214 Safari/537.36"
74.7.227.170 - - [30/Nov/2025:07:31:16 -0500] "GET /sffg/wk/admin.php?dir=//proc/3159889/root/var/softaculous/seo/php53 HTTP/1.1" 200 1974 "-" "Mozilla/5.0 AppleWebKit/537.36 (KHTML, like Gecko; compatible; GPTBot/1.3; +https://openai.com/gptbot)"
74.7.243.223 - - [30/Nov/2025:07:31:17 -0500] "GET /sffg/wk/admin.php?dir=//proc/3263544/root/var/softaculous/moodle43/php53 HTTP/1.1" 200 1978 "-" "Mozilla/5.0 AppleWebKit/537.36 (KHTML, like Gecko; compatible; GPTBot/1.3; +https://openai.com/gptbot)"
157.55.39.11 - - [30/Nov/2025:07:31:19 -0500] "GET /?detail/10421639 HTTP/1.1" 200 1972 "-" "Mozilla/5.0 AppleWebKit/537.36 (KHTML, like Gecko; compatible; bingbot/2.0; +http://www.bing.com/bingbot.htm) Chrome/116.0.1938.76 Safari/537.36"
74.7.227.170 - - [30/Nov/2025:07:31:18 -0500] "GET /sffg/wk/admin.php?dir=//proc/3263544/root/var/softaculous/seo/php56 HTTP/1.1" 200 1974 "-" "Mozilla/5.0 AppleWebKit/537.36 (KHTML, like Gecko; compatible; GPTBot/1.3; +https://openai.com/gptbot)"
74.7.243.223 - - [30/Nov/2025:07:31:19 -0500] "GET /sffg/wk/admin.php?dir=//proc/3159889/root/var/softaculous/moodle39/php81 HTTP/1.1" 200 1977 "-" "Mozilla/5.0 AppleWebKit/537.36 (KHTML, like Gecko; compatible; GPTBot/1.3; +https://openai.com/gptbot)"
3.81.253.213 - - [30/Nov/2025:07:31:20 -0500] "GET /forms/wk/admin.php?action=chmod&dir=//lib64&item=galera-4 HTTP/1.1" 200 90249 "-" "Mozilla/5.0 AppleWebKit/537.36 (KHTML, like Gecko; compatible; Amazonbot/0.1; +https://developer.amazon.com/support/amazonbot) Chrome/119.0.6045.214 Safari/537.36"
74.7.227.170 - - [30/Nov/2025:07:31:20 -0500] "GET /sffg/wk/admin.php?dir=//proc/3779464/root/var/softaculous/odm/php71 HTTP/1.1" 200 1975 "-" "Mozilla/5.0 AppleWebKit/537.36 (KHTML, like Gecko; compatible; GPTBot/1.3; +https://openai.com/gptbot)"
74.7.243.223 - - [30/Nov/2025:07:31:21 -0500] "GET /sffg/wk/admin.php?dir=//proc/3263544/root/var/softaculous/goffice62/php56 HTTP/1.1" 200 1985 "-" "Mozilla/5.0 AppleWebKit/537.36 (KHTML, like Gecko; compatible; GPTBot/1.3; +https://openai.com/gptbot)"
74.7.227.170 - - [30/Nov/2025:07:31:23 -0500] "GET /sffg/wk/admin.php?dir=//proc/3263544/root/var/softaculous/iwp/php82 HTTP/1.1" 200 1975 "-" "Mozilla/5.0 AppleWebKit/537.36 (KHTML, like Gecko; compatible; GPTBot/1.3; +https://openai.com/gptbot)"
74.7.243.223 - - [30/Nov/2025:07:31:23 -0500] "GET /sffg/wk/admin.php?dir=//proc/3159889/root/var/softaculous/moodle39/php53 HTTP/1.1" 200 1977 "-" "Mozilla/5.0 AppleWebKit/537.36 (KHTML, like Gecko; compatible; GPTBot/1.3; +https://openai.com/gptbot)"
34.236.41.241 - - [30/Nov/2025:07:31:24 -0500] "GET /hfrgrh/wk/admin.php?action=chmod&dir=//lib64&item=libasound.so.2 HTTP/1.1" 200 85643 "-" "Mozilla/5.0 AppleWebKit/537.36 (KHTML, like Gecko; compatible; Amazonbot/0.1; +https://developer.amazon.com/support/amazonbot) Chrome/119.0.6045.214 Safari/537.36"
74.7.227.170 - - [30/Nov/2025:07:31:25 -0500] "GET /sffg/wk/admin.php?dir=//proc/3159889/root/var/softaculous/owm/php53 HTTP/1.1" 200 1975 "-" "Mozilla/5.0 AppleWebKit/537.36 (KHTML, like Gecko; compatible; GPTBot/1.3; +https://openai.com/gptbot)"
114.119.130.210 - - [30/Nov/2025:07:31:27 -0500] "GET /products/45ms43398 HTTP/1.1" 404 1251 "https://naztechltd.com/?sitemap601.xml" "Mozilla/5.0 (Linux; Android 7.0;) AppleWebKit/537.36 (KHTML, like Gecko) Mobile Safari/537.36 (compatible; PetalBot;+https://webmaster.petalsearch.com/site/petalbot)"
74.7.243.223 - - [30/Nov/2025:07:31:26 -0500] "GET /sffg/wk/admin.php?dir=//proc/3159889/root/var/softaculous/drupal10/php81 HTTP/1.1" 200 1979 "-" "Mozilla/5.0 AppleWebKit/537.36 (KHTML, like Gecko; compatible; GPTBot/1.3; +https://openai.com/gptbot)"
74.7.227.170 - - [30/Nov/2025:07:31:27 -0500] "GET /sffg/wk/admin.php?dir=//proc/3589831/root/var/softaculous/fud/php56 HTTP/1.1" 200 1975 "-" "Mozilla/5.0 AppleWebKit/537.36 (KHTML, like Gecko; compatible; GPTBot/1.3; +https://openai.com/gptbot)"
40.77.167.27 - - [30/Nov/2025:07:31:29 -0500] "GET /?detail/10397951 HTTP/1.1" 200 1929 "-" "Mozilla/5.0 AppleWebKit/537.36 (KHTML, like Gecko; compatible; bingbot/2.0; +http://www.bing.com/bingbot.htm) Chrome/116.0.1938.76 Safari/537.36"
74.7.243.223 - - [30/Nov/2025:07:31:28 -0500] "GET /sffg/wk/admin.php?dir=//proc/3263544/root/var/softaculous/moodle45/php53 HTTP/1.1" 200 1978 "-" "Mozilla/5.0 AppleWebKit/537.36 (KHTML, like Gecko; compatible; GPTBot/1.3; +https://openai.com/gptbot)"
3.94.199.128 - - [30/Nov/2025:07:31:28 -0500] "GET /assets/css/wk/admin.php?dir=//root HTTP/1.1" 200 2077 "-" "Mozilla/5.0 AppleWebKit/537.36 (KHTML, like Gecko; compatible; Amazonbot/0.1; +https://developer.amazon.com/support/amazonbot) Chrome/119.0.6045.214 Safari/537.36"
74.7.227.170 - - [30/Nov/2025:07:31:29 -0500] "GET /sffg/wk/admin.php?dir=//proc/3779464/root/var/softaculous/cpg/php81 HTTP/1.1" 200 1975 "-" "Mozilla/5.0 AppleWebKit/537.36 (KHTML, like Gecko; compatible; GPTBot/1.3; +https://openai.com/gptbot)"
74.7.243.223 - - [30/Nov/2025:07:31:30 -0500] "GET /sffg/wk/admin.php?dir=//proc/3263544/root/var/softaculous/moodle44/php56 HTTP/1.1" 200 1978 "-" "Mozilla/5.0 AppleWebKit/537.36 (KHTML, like Gecko; compatible; GPTBot/1.3; +https://openai.com/gptbot)"
57.141.0.27 - - [30/Nov/2025:07:31:33 -0500] "GET /special357598336?kg=0357200126 HTTP/1.1" 404 1251 "-" "meta-externalagent/1.1 (+https://developers.facebook.com/docs/sharing/webmasters/crawler)"
74.7.227.170 - - [30/Nov/2025:07:31:31 -0500] "GET /sffg/wk/admin.php?dir=//proc/3779464/root/var/softaculous/aef/php71 HTTP/1.1" 200 1975 "-" "Mozilla/5.0 AppleWebKit/537.36 (KHTML, like Gecko; compatible; GPTBot/1.3; +https://openai.com/gptbot)"
98.84.200.43 - - [30/Nov/2025:07:31:32 -0500] "GET /wp-includes/wk/admin.php?action=chmod&dir=/home/bappguir/rariya.com.ng&item=wp-cron.php HTTP/1.1" 200 4783 "-" "Mozilla/5.0 AppleWebKit/537.36 (KHTML, like Gecko; compatible; Amazonbot/0.1; +https://developer.amazon.com/support/amazonbot) Chrome/119.0.6045.214 Safari/537.36"
74.7.243.223 - - [30/Nov/2025:07:31:32 -0500] "GET /sffg/wk/admin.php?dir=//proc/3263544/root/var/softaculous/moodle43/php56 HTTP/1.1" 200 1978 "-" "Mozilla/5.0 AppleWebKit/537.36 (KHTML, like Gecko; compatible; GPTBot/1.3; +https://openai.com/gptbot)"
74.7.227.170 - - [30/Nov/2025:07:31:34 -0500] "GET /sffg/wk/admin.php?dir=//proc/3589831/root/var/softaculous/smf/php71 HTTP/1.1" 200 1975 "-" "Mozilla/5.0 AppleWebKit/537.36 (KHTML, like Gecko; compatible; GPTBot/1.3; +https://openai.com/gptbot)"
74.7.243.223 - - [30/Nov/2025:07:31:34 -0500] "GET /sffg/wk/admin.php?dir=//proc/3263544/root/var/softaculous/moodle42/php53 HTTP/1.1" 200 1978 "-" "Mozilla/5.0 AppleWebKit/537.36 (KHTML, like Gecko; compatible; GPTBot/1.3; +https://openai.com/gptbot)"
157.55.39.11 - - [30/Nov/2025:07:31:37 -0500] "GET /?detail/2538851 HTTP/1.1" 200 1972 "-" "Mozilla/5.0 AppleWebKit/537.36 (KHTML, like Gecko; compatible; bingbot/2.0; +http://www.bing.com/bingbot.htm) Chrome/116.0.1938.76 Safari/537.36"
74.7.227.170 - - [30/Nov/2025:07:31:36 -0500] "GET /sffg/wk/admin.php?dir=//proc/3159889/root/var/softaculous/gnu/php53 HTTP/1.1" 200 1976 "-" "Mozilla/5.0 AppleWebKit/537.36 (KHTML, like Gecko; compatible; GPTBot/1.3; +https://openai.com/gptbot)"
74.7.243.223 - - [30/Nov/2025:07:31:36 -0500] "GET /sffg/wk/admin.php?dir=//proc/3159889/root/var/softaculous/drupal89/php56 HTTP/1.1" 200 1978 "-" "Mozilla/5.0 AppleWebKit/537.36 (KHTML, like Gecko; compatible; GPTBot/1.3; +https://openai.com/gptbot)"
54.210.155.69 - - [30/Nov/2025:07:31:36 -0500] "GET /hfrgrh/wk/admin.php?action=chmod&dir=//lib64&item=libpython3.8.so HTTP/1.1" 200 89378 "-" "Mozilla/5.0 AppleWebKit/537.36 (KHTML, like Gecko; compatible; Amazonbot/0.1; +https://developer.amazon.com/support/amazonbot) Chrome/119.0.6045.214 Safari/537.36"
74.7.227.170 - - [30/Nov/2025:07:31:38 -0500] "GET /sffg/wk/admin.php?dir=//proc/3589831/root/var/softaculous/gnu/php71 HTTP/1.1" 200 1976 "-" "Mozilla/5.0 AppleWebKit/537.36 (KHTML, like Gecko; compatible; GPTBot/1.3; +https://openai.com/gptbot)"
74.7.243.223 - - [30/Nov/2025:07:31:38 -0500] "GET /sffg/wk/admin.php?dir=//proc/3159889/root/var/softaculous/moodle38/php81 HTTP/1.1" 200 1978 "-" "Mozilla/5.0 AppleWebKit/537.36 (KHTML, like Gecko; compatible; GPTBot/1.3; +https://openai.com/gptbot)"
74.7.227.170 - - [30/Nov/2025:07:31:40 -0500] "GET /sffg/wk/admin.php?dir=//proc/3779464/root/var/softaculous/una/php53 HTTP/1.1" 200 1975 "-" "Mozilla/5.0 AppleWebKit/537.36 (KHTML, like Gecko; compatible; GPTBot/1.3; +https://openai.com/gptbot)"
44.205.120.22 - - [30/Nov/2025:07:31:40 -0500] "GET /css/wk/admin.php?action=chmod&dir=//lib64&item=libbabeltrace-lttng-live.so.1.0.0 HTTP/1.1" 200 87236 "-" "Mozilla/5.0 AppleWebKit/537.36 (KHTML, like Gecko; compatible; Amazonbot/0.1; +https://developer.amazon.com/support/amazonbot) Chrome/119.0.6045.214 Safari/537.36"
74.7.243.223 - - [30/Nov/2025:07:31:41 -0500] "GET /sffg/wk/admin.php?dir=//proc/3159889/root/var/softaculous/drupal10/php53 HTTP/1.1" 200 1979 "-" "Mozilla/5.0 AppleWebKit/537.36 (KHTML, like Gecko; compatible; GPTBot/1.3; +https://openai.com/gptbot)"
74.7.227.170 - - [30/Nov/2025:07:31:42 -0500] "GET /sffg/wk/admin.php?dir=//proc/3159889/root/var/softaculous/omp/php53 HTTP/1.1" 200 1975 "-" "Mozilla/5.0 AppleWebKit/537.36 (KHTML, like Gecko; compatible; GPTBot/1.3; +https://openai.com/gptbot)"
74.7.243.223 - - [30/Nov/2025:07:31:43 -0500] "GET /sffg/wk/admin.php?dir=//proc/3159889/root/var/softaculous/moodle38/php53 HTTP/1.1" 200 1978 "-" "Mozilla/5.0 AppleWebKit/537.36 (KHTML, like Gecko; compatible; GPTBot/1.3; +https://openai.com/gptbot)"
74.7.227.170 - - [30/Nov/2025:07:31:44 -0500] "GET /sffg/wk/admin.php?dir=//proc/3263544/root/var/softaculous/fud/php56 HTTP/1.1" 200 1975 "-" "Mozilla/5.0 AppleWebKit/537.36 (KHTML, like Gecko; compatible; GPTBot/1.3; +https://openai.com/gptbot)"
100.28.118.16 - - [30/Nov/2025:07:31:45 -0500] "GET /images/wk/admin.php?action=chmod&dir=/home/bappguir/mail&item=dovecot-quota HTTP/1.1" 200 6077 "-" "Mozilla/5.0 AppleWebKit/537.36 (KHTML, like Gecko; compatible; Amazonbot/0.1; +https://developer.amazon.com/support/amazonbot) Chrome/119.0.6045.214 Safari/537.36"
74.7.243.223 - - [30/Nov/2025:07:31:45 -0500] "GET /sffg/wk/admin.php?dir=//proc/3159889/root/var/softaculous/moodle311/php81 HTTP/1.1" 200 1985 "-" "Mozilla/5.0 AppleWebKit/537.36 (KHTML, like Gecko; compatible; GPTBot/1.3; +https://openai.com/gptbot)"
74.7.227.170 - - [30/Nov/2025:07:31:46 -0500] "GET /sffg/wk/admin.php?dir=//proc/3589831/root/var/softaculous/lss/php56 HTTP/1.1" 200 1974 "-" "Mozilla/5.0 AppleWebKit/537.36 (KHTML, like Gecko; compatible; GPTBot/1.3; +https://openai.com/gptbot)"
74.7.243.223 - - [30/Nov/2025:07:31:47 -0500] "GET /sffg/wk/admin.php?dir=//proc/3263544/root/var/softaculous/moodle45/php56 HTTP/1.1" 200 1978 "-" "Mozilla/5.0 AppleWebKit/537.36 (KHTML, like Gecko; compatible; GPTBot/1.3; +https://openai.com/gptbot)"
50.16.216.166 - - [30/Nov/2025:07:31:48 -0500] "GET /sdfsf/wk/admin.php?action=chmod&dir=//lib64&item=libdav1d.so.3 HTTP/1.1" 200 90581 "-" "Mozilla/5.0 AppleWebKit/537.36 (KHTML, like Gecko; compatible; Amazonbot/0.1; +https://developer.amazon.com/support/amazonbot) Chrome/119.0.6045.214 Safari/537.36"
74.7.227.170 - - [30/Nov/2025:07:31:49 -0500] "GET /sffg/wk/admin.php?dir=//proc/3779464/root/var/softaculous/pie/php56 HTTP/1.1" 200 1974 "-" "Mozilla/5.0 AppleWebKit/537.36 (KHTML, like Gecko; compatible; GPTBot/1.3; +https://openai.com/gptbot)"
74.7.243.223 - - [30/Nov/2025:07:31:50 -0500] "GET /sffg/wk/admin.php?dir=//proc/3263544/root/var/softaculous/moodle44/php53 HTTP/1.1" 200 1978 "-" "Mozilla/5.0 AppleWebKit/537.36 (KHTML, like Gecko; compatible; GPTBot/1.3; +https://openai.com/gptbot)"
74.7.227.170 - - [30/Nov/2025:07:31:51 -0500] "GET /sffg/wk/admin.php?dir=//proc/3263544/root/var/softaculous/cpg/php53 HTTP/1.1" 200 1976 "-" "Mozilla/5.0 AppleWebKit/537.36 (KHTML, like Gecko; compatible; GPTBot/1.3; +https://openai.com/gptbot)"
74.7.243.223 - - [30/Nov/2025:07:31:52 -0500] "GET /sffg/wk/admin.php?dir=//proc/3159889/root/var/softaculous/drupal89/php81 HTTP/1.1" 200 1978 "-" "Mozilla/5.0 AppleWebKit/537.36 (KHTML, like Gecko; compatible; GPTBot/1.3; +https://openai.com/gptbot)"
34.225.138.57 - - [30/Nov/2025:07:31:52 -0500] "GET /assets/wk/admin.php?dir=//proc/acpi HTTP/1.1" 200 2577 "-" "Mozilla/5.0 AppleWebKit/537.36 (KHTML, like Gecko; compatible; Amazonbot/0.1; +https://developer.amazon.com/support/amazonbot) Chrome/119.0.6045.214 Safari/537.36"
74.7.227.170 - - [30/Nov/2025:07:31:53 -0500] "GET /sffg/wk/admin.php?dir=//proc/3263544/root/var/softaculous/vty/php53 HTTP/1.1" 200 1975 "-" "Mozilla/5.0 AppleWebKit/537.36 (KHTML, like Gecko; compatible; GPTBot/1.3; +https://openai.com/gptbot)"
74.7.243.223 - - [30/Nov/2025:07:31:54 -0500] "GET /sffg/wk/admin.php?dir=//proc/3263544/root/var/softaculous/goffice62/php53 HTTP/1.1" 200 1985 "-" "Mozilla/5.0 AppleWebKit/537.36 (KHTML, like Gecko; compatible; GPTBot/1.3; +https://openai.com/gptbot)"
34.194.233.48 - - [30/Nov/2025:07:31:56 -0500] "GET /NaztechB/wk/admin.php?action=view&dir=//bin&item=mysqldump HTTP/1.1" 200 29603 "-" "Mozilla/5.0 AppleWebKit/537.36 (KHTML, like Gecko; compatible; Amazonbot/0.1; +https://developer.amazon.com/support/amazonbot) Chrome/119.0.6045.214 Safari/537.36"
74.7.227.170 - - [30/Nov/2025:07:31:55 -0500] "GET /sffg/wk/admin.php?dir=//proc/3779464/root/var/softaculous/ojs/php53 HTTP/1.1" 200 1973 "-" "Mozilla/5.0 AppleWebKit/537.36 (KHTML, like Gecko; compatible; GPTBot/1.3; +https://openai.com/gptbot)"
74.7.243.223 - - [30/Nov/2025:07:31:56 -0500] "GET /sffg/wk/admin.php?dir=//proc/3263544/root/var/softaculous/joomla54/php53 HTTP/1.1" 200 1978 "-" "Mozilla/5.0 AppleWebKit/537.36 (KHTML, like Gecko; compatible; GPTBot/1.3; +https://openai.com/gptbot)"
74.7.243.223 - - [30/Nov/2025:07:31:58 -0500] "GET /sffg/wk/admin.php?action=rename&dir=//proc/3589831/root/proc/sys/net/ipv4&item=tcp_congestion_control HTTP/1.1" 200 2035 "-" "Mozilla/5.0 AppleWebKit/537.36 (KHTML, like Gecko; compatible; GPTBot/1.3; +https://openai.com/gptbot)"
74.7.227.170 - - [30/Nov/2025:07:31:58 -0500] "GET /sffg/wk/admin.php?dir=//proc/3779464/root/var/softaculous/omp/php53 HTTP/1.1" 200 1975 "-" "Mozilla/5.0 AppleWebKit/537.36 (KHTML, like Gecko; compatible; GPTBot/1.3; +https://openai.com/gptbot)"
74.7.243.223 - - [30/Nov/2025:07:32:00 -0500] "GET /sffg/wk/admin.php?action=rename&dir=//proc/3779464/root/proc/sys/net/ipv4&item=tcp_congestion_control HTTP/1.1" 200 2035 "-" "Mozilla/5.0 AppleWebKit/537.36 (KHTML, like Gecko; compatible; GPTBot/1.3; +https://openai.com/gptbot)"
44.218.6.93 - - [30/Nov/2025:07:32:00 -0500] "GET /assets/wk/admin.php?action=chmod&dir=//lib64&item=libpmem.so.1 HTTP/1.1" 200 90470 "-" "Mozilla/5.0 AppleWebKit/537.36 (KHTML, like Gecko; compatible; Amazonbot/0.1; +https://developer.amazon.com/support/amazonbot) Chrome/119.0.6045.214 Safari/537.36"
74.7.227.170 - - [30/Nov/2025:07:32:00 -0500] "GET /sffg/wk/admin.php?dir=//proc/3159889/root/var/softaculous/xms/php53 HTTP/1.1" 200 1974 "-" "Mozilla/5.0 AppleWebKit/537.36 (KHTML, like Gecko; compatible; GPTBot/1.3; +https://openai.com/gptbot)"
74.7.243.223 - - [30/Nov/2025:07:32:02 -0500] "GET /sffg/wk/admin.php?action=rename&dir=//proc/3159889/root/proc/sys/net/ipv4&item=tcp_congestion_control HTTP/1.1" 200 2035 "-" "Mozilla/5.0 AppleWebKit/537.36 (KHTML, like Gecko; compatible; GPTBot/1.3; +https://openai.com/gptbot)"
74.7.227.170 - - [30/Nov/2025:07:32:03 -0500] "GET /sffg/wk/admin.php?dir=//proc/3779464/root/var/softaculous/ops/php82 HTTP/1.1" 200 1974 "-" "Mozilla/5.0 AppleWebKit/537.36 (KHTML, like Gecko; compatible; GPTBot/1.3; +https://openai.com/gptbot)"
52.44.229.124 - - [30/Nov/2025:07:32:04 -0500] "GET /assets/wk/admin.php?action=view&dir=//bin&item=which HTTP/1.1" 200 28758 "-" "Mozilla/5.0 AppleWebKit/537.36 (KHTML, like Gecko; compatible; Amazonbot/0.1; +https://developer.amazon.com/support/amazonbot) Chrome/119.0.6045.214 Safari/537.36"
74.7.243.223 - - [30/Nov/2025:07:32:04 -0500] "GET /sffg/wk/admin.php?action=rename&dir=//proc/3779464/root/proc/sys/net/ipv4&item=tcp_synack_retries HTTP/1.1" 200 2033 "-" "Mozilla/5.0 AppleWebKit/537.36 (KHTML, like Gecko; compatible; GPTBot/1.3; +https://openai.com/gptbot)"
74.7.227.170 - - [30/Nov/2025:07:32:05 -0500] "GET /sffg/wk/admin.php?dir=//proc/3589831/root/var/softaculous/omp/php71 HTTP/1.1" 200 1975 "-" "Mozilla/5.0 AppleWebKit/537.36 (KHTML, like Gecko; compatible; GPTBot/1.3; +https://openai.com/gptbot)"
74.7.243.223 - - [30/Nov/2025:07:32:06 -0500] "GET /sffg/wk/admin.php?dir=//proc/3160976/root/opt/cloudlinux/venv/lib/python3.11/site-packages/filelock-3.13.1.dist-info HTTP/1.1" 200 2032 "-" "Mozilla/5.0 AppleWebKit/537.36 (KHTML, like Gecko; compatible; GPTBot/1.3; +https://openai.com/gptbot)"
207.46.13.9 - - [30/Nov/2025:07:32:09 -0500] "GET /?detail/7512162 HTTP/1.1" 200 1928 "-" "Mozilla/5.0 AppleWebKit/537.36 (KHTML, like Gecko; compatible; bingbot/2.0; +http://www.bing.com/bingbot.htm) Chrome/116.0.1938.76 Safari/537.36"
74.7.227.170 - - [30/Nov/2025:07:32:07 -0500] "GET /sffg/wk/admin.php?dir=//proc/3159889/root/var/softaculous/iwp/php53 HTTP/1.1" 200 1974 "-" "Mozilla/5.0 AppleWebKit/537.36 (KHTML, like Gecko; compatible; GPTBot/1.3; +https://openai.com/gptbot)"
34.231.45.47 - - [30/Nov/2025:07:32:08 -0500] "GET /assets/wk/admin.php?action=chmod&dir=//lib64&item=libtermcap.so HTTP/1.1" 200 90691 "-" "Mozilla/5.0 AppleWebKit/537.36 (KHTML, like Gecko; compatible; Amazonbot/0.1; +https://developer.amazon.com/support/amazonbot) Chrome/119.0.6045.214 Safari/537.36"
74.7.243.223 - - [30/Nov/2025:07:32:09 -0500] "GET /sffg/wk/admin.php?dir=//proc/3160976/root/opt/cloudlinux/venv/lib/python3.11/site-packages/alembic-1.11.1.dist-info HTTP/1.1" 200 2038 "-" "Mozilla/5.0 AppleWebKit/537.36 (KHTML, like Gecko; compatible; GPTBot/1.3; +https://openai.com/gptbot)"
207.46.13.9 - - [30/Nov/2025:07:32:10 -0500] "GET /?detail/18464506 HTTP/1.1" 200 1972 "-" "Mozilla/5.0 AppleWebKit/537.36 (KHTML, like Gecko; compatible; bingbot/2.0; +http://www.bing.com/bingbot.htm) Chrome/116.0.1938.76 Safari/537.36"
207.46.13.9 - - [30/Nov/2025:07:32:11 -0500] "GET /?detail/7707428 HTTP/1.1" 200 1928 "-" "Mozilla/5.0 AppleWebKit/537.36 (KHTML, like Gecko; compatible; bingbot/2.0; +http://www.bing.com/bingbot.htm) Chrome/116.0.1938.76 Safari/537.36"
74.7.227.170 - - [30/Nov/2025:07:32:09 -0500] "GET /sffg/wk/admin.php?dir=//proc/3159889/root/var/softaculous/smf/php56 HTTP/1.1" 200 1975 "-" "Mozilla/5.0 AppleWebKit/537.36 (KHTML, like Gecko; compatible; GPTBot/1.3; +https://openai.com/gptbot)"
74.7.243.223 - - [30/Nov/2025:07:32:11 -0500] "GET /sffg/wk/admin.php?action=view&dir=//proc/3589831/root/proc/self/net&item=ip_tables_targets HTTP/1.1" 200 2044 "-" "Mozilla/5.0 AppleWebKit/537.36 (KHTML, like Gecko; compatible; GPTBot/1.3; +https://openai.com/gptbot)"
74.7.227.170 - - [30/Nov/2025:07:32:11 -0500] "GET /sffg/wk/admin.php?dir=//proc/3159889/root/var/softaculous/twg/php56 HTTP/1.1" 200 1975 "-" "Mozilla/5.0 AppleWebKit/537.36 (KHTML, like Gecko; compatible; GPTBot/1.3; +https://openai.com/gptbot)"
52.202.233.37 - - [30/Nov/2025:07:32:12 -0500] "GET /wp-content/wk/admin.php?action=view&dir=//bin&item=mariadb-embedded HTTP/1.1" 200 29690 "-" "Mozilla/5.0 AppleWebKit/537.36 (KHTML, like Gecko; compatible; Amazonbot/0.1; +https://developer.amazon.com/support/amazonbot) Chrome/119.0.6045.214 Safari/537.36"
74.7.243.223 - - [30/Nov/2025:07:32:13 -0500] "GET /sffg/wk/admin.php?action=view&dir=//proc/3159889/root/proc/self/net&item=ip_tables_targets HTTP/1.1" 200 2044 "-" "Mozilla/5.0 AppleWebKit/537.36 (KHTML, like Gecko; compatible; GPTBot/1.3; +https://openai.com/gptbot)"
74.7.227.170 - - [30/Nov/2025:07:32:14 -0500] "GET /sffg/wk/admin.php?dir=//proc/3779464/root/var/softaculous/smf/php81 HTTP/1.1" 200 1975 "-" "Mozilla/5.0 AppleWebKit/537.36 (KHTML, like Gecko; compatible; GPTBot/1.3; +https://openai.com/gptbot)"
52.167.144.229 - - [30/Nov/2025:07:32:17 -0500] "GET /?detail/17061606 HTTP/1.1" 200 1928 "-" "Mozilla/5.0 AppleWebKit/537.36 (KHTML, like Gecko; compatible; bingbot/2.0; +http://www.bing.com/bingbot.htm) Chrome/116.0.1938.76 Safari/537.36"
74.7.243.223 - - [30/Nov/2025:07:32:15 -0500] "GET /sffg/wk/admin.php?action=view&dir=//proc/3263544/root/proc/sys/net/core&item=message_burst HTTP/1.1" 200 2050 "-" "Mozilla/5.0 AppleWebKit/537.36 (KHTML, like Gecko; compatible; GPTBot/1.3; +https://openai.com/gptbot)"
52.167.144.229 - - [30/Nov/2025:07:32:17 -0500] "GET /?detail/24589251 HTTP/1.1" 200 1973 "-" "Mozilla/5.0 AppleWebKit/537.36 (KHTML, like Gecko; compatible; bingbot/2.0; +http://www.bing.com/bingbot.htm) Chrome/116.0.1938.76 Safari/537.36"
74.7.227.170 - - [30/Nov/2025:07:32:16 -0500] "GET /sffg/wk/admin.php?dir=//proc/3263544/root/var/softaculous/seo/php82 HTTP/1.1" 200 1974 "-" "Mozilla/5.0 AppleWebKit/537.36 (KHTML, like Gecko; compatible; GPTBot/1.3; +https://openai.com/gptbot)"
34.231.45.47 - - [30/Nov/2025:07:32:16 -0500] "GET /images/wk/admin.php?action=chmod&dir=//lib64&item=.libssl.so.1.1.1k.hmac HTTP/1.1" 200 90541 "-" "Mozilla/5.0 AppleWebKit/537.36 (KHTML, like Gecko; compatible; Amazonbot/0.1; +https://developer.amazon.com/support/amazonbot) Chrome/119.0.6045.214 Safari/537.36"
74.7.243.223 - - [30/Nov/2025:07:32:17 -0500] "GET /sffg/wk/admin.php?action=view&dir=//proc/3159889/root/proc/sys/net/core&item=netdev_budget HTTP/1.1" 200 2049 "-" "Mozilla/5.0 AppleWebKit/537.36 (KHTML, like Gecko; compatible; GPTBot/1.3; +https://openai.com/gptbot)"
74.7.227.170 - - [30/Nov/2025:07:32:18 -0500] "GET /sffg/wk/admin.php?dir=//proc/3779464/root/var/softaculous/iwp/php71 HTTP/1.1" 200 1974 "-" "Mozilla/5.0 AppleWebKit/537.36 (KHTML, like Gecko; compatible; GPTBot/1.3; +https://openai.com/gptbot)"
74.7.243.223 - - [30/Nov/2025:07:32:20 -0500] "GET /sffg/wk/admin.php?action=view&dir=//proc/3263544/root/proc/self/net&item=ip_tables_targets HTTP/1.1" 200 2044 "-" "Mozilla/5.0 AppleWebKit/537.36 (KHTML, like Gecko; compatible; GPTBot/1.3; +https://openai.com/gptbot)"
74.7.227.170 - - [30/Nov/2025:07:32:20 -0500] "GET /sffg/wk/admin.php?dir=//proc/3263544/root/var/softaculous/owm/php56 HTTP/1.1" 200 1974 "-" "Mozilla/5.0 AppleWebKit/537.36 (KHTML, like Gecko; compatible; GPTBot/1.3; +https://openai.com/gptbot)"
40.77.167.27 - - [30/Nov/2025:07:32:22 -0500] "GET /?detail/2538684 HTTP/1.1" 200 1972 "-" "Mozilla/5.0 AppleWebKit/537.36 (KHTML, like Gecko; compatible; bingbot/2.0; +http://www.bing.com/bingbot.htm) Chrome/116.0.1938.76 Safari/537.36"
18.211.39.188 - - [30/Nov/2025:07:32:22 -0500] "GET /assets/wk/admin.php?action=chmod&dir=//usr&item=libexec HTTP/1.1" 200 3083 "-" "Mozilla/5.0 AppleWebKit/537.36 (KHTML, like Gecko; compatible; Amazonbot/0.1; +https://developer.amazon.com/support/amazonbot) Chrome/119.0.6045.214 Safari/537.36"
74.7.243.223 - - [30/Nov/2025:07:32:22 -0500] "GET /sffg/wk/admin.php?action=view&dir=//proc/3160976/root/proc/sys/net/core&item=message_burst HTTP/1.1" 200 2047 "-" "Mozilla/5.0 AppleWebKit/537.36 (KHTML, like Gecko; compatible; GPTBot/1.3; +https://openai.com/gptbot)"
74.7.227.170 - - [30/Nov/2025:07:32:22 -0500] "GET /sffg/wk/admin.php?dir=//proc/3159889/root/var/softaculous/aef/php53 HTTP/1.1" 200 1975 "-" "Mozilla/5.0 AppleWebKit/537.36 (KHTML, like Gecko; compatible; GPTBot/1.3; +https://openai.com/gptbot)"
74.7.243.223 - - [30/Nov/2025:07:32:24 -0500] "GET /sffg/wk/admin.php?action=view&dir=//proc/3263544/root/proc/sys/net/core&item=netdev_budget HTTP/1.1" 200 2052 "-" "Mozilla/5.0 AppleWebKit/537.36 (KHTML, like Gecko; compatible; GPTBot/1.3; +https://openai.com/gptbot)"
74.7.227.170 - - [30/Nov/2025:07:32:24 -0500] "GET /sffg/wk/admin.php?dir=//proc/3779464/root/var/softaculous/gnu/php53 HTTP/1.1" 200 1976 "-" "Mozilla/5.0 AppleWebKit/537.36 (KHTML, like Gecko; compatible; GPTBot/1.3; +https://openai.com/gptbot)"
3.232.39.98 - - [30/Nov/2025:07:32:25 -0500] "GET /wp-admin/wk/admin.php?action=chmod&dir=//etc&item=hosts HTTP/1.1" 200 6964 "-" "Mozilla/5.0 AppleWebKit/537.36 (KHTML, like Gecko; compatible; Amazonbot/0.1; +https://developer.amazon.com/support/amazonbot) Chrome/119.0.6045.214 Safari/537.36"
74.7.243.223 - - [30/Nov/2025:07:32:26 -0500] "GET /sffg/wk/admin.php?action=view&dir=//proc/3779464/root/proc/sys/net/core&item=netdev_budget HTTP/1.1" 200 2049 "-" "Mozilla/5.0 AppleWebKit/537.36 (KHTML, like Gecko; compatible; GPTBot/1.3; +https://openai.com/gptbot)"
74.7.227.170 - - [30/Nov/2025:07:32:27 -0500] "GET /sffg/wk/admin.php?dir=//proc/3589831/root/var/softaculous/aef/php71 HTTP/1.1" 200 1975 "-" "Mozilla/5.0 AppleWebKit/537.36 (KHTML, like Gecko; compatible; GPTBot/1.3; +https://openai.com/gptbot)"
74.7.243.223 - - [30/Nov/2025:07:32:29 -0500] "GET /sffg/wk/admin.php?action=view&dir=//proc/3159889/root/proc/sys/net/core&item=message_burst HTTP/1.1" 200 2047 "-" "Mozilla/5.0 AppleWebKit/537.36 (KHTML, like Gecko; compatible; GPTBot/1.3; +https://openai.com/gptbot)"
74.7.227.170 - - [30/Nov/2025:07:32:29 -0500] "GET /sffg/wk/admin.php?dir=//proc/3589831/root/var/softaculous/omp/php53 HTTP/1.1" 200 1975 "-" "Mozilla/5.0 AppleWebKit/537.36 (KHTML, like Gecko; compatible; GPTBot/1.3; +https://openai.com/gptbot)"
54.91.122.193 - - [30/Nov/2025:07:32:29 -0500] "GET /NaztechB/wk/admin.php?action=view&dir=//bin&item=infocmp HTTP/1.1" 200 29724 "-" "Mozilla/5.0 AppleWebKit/537.36 (KHTML, like Gecko; compatible; Amazonbot/0.1; +https://developer.amazon.com/support/amazonbot) Chrome/119.0.6045.214 Safari/537.36"
74.7.243.223 - - [30/Nov/2025:07:32:31 -0500] "GET /sffg/wk/admin.php?action=view&dir=//proc/3779464/root/proc/sys/net/core&item=message_burst HTTP/1.1" 200 2047 "-" "Mozilla/5.0 AppleWebKit/537.36 (KHTML, like Gecko; compatible; GPTBot/1.3; +https://openai.com/gptbot)"
74.7.227.170 - - [30/Nov/2025:07:32:31 -0500] "GET /sffg/wk/admin.php?dir=//proc/3589831/root/var/softaculous/owm/php71 HTTP/1.1" 200 1975 "-" "Mozilla/5.0 AppleWebKit/537.36 (KHTML, like Gecko; compatible; GPTBot/1.3; +https://openai.com/gptbot)"
98.84.131.195 - - [30/Nov/2025:07:32:32 -0500] "GET /wewtetg/wk/admin.php?action=chmod&dir=//lib64&item=libpthread.so.0 HTTP/1.1" 200 90133 "-" "Mozilla/5.0 AppleWebKit/537.36 (KHTML, like Gecko; compatible; Amazonbot/0.1; +https://developer.amazon.com/support/amazonbot) Chrome/119.0.6045.214 Safari/537.36"
52.167.144.229 - - [30/Nov/2025:07:32:34 -0500] "GET /?detail/23766573 HTTP/1.1" 200 1928 "-" "Mozilla/5.0 AppleWebKit/537.36 (KHTML, like Gecko; compatible; bingbot/2.0; +http://www.bing.com/bingbot.htm) Chrome/116.0.1938.76 Safari/537.36"
52.167.144.229 - - [30/Nov/2025:07:32:35 -0500] "GET /?detail/13482606 HTTP/1.1" 200 1931 "-" "Mozilla/5.0 AppleWebKit/537.36 (KHTML, like Gecko; compatible; bingbot/2.0; +http://www.bing.com/bingbot.htm) Chrome/116.0.1938.76 Safari/537.36"
74.7.243.223 - - [30/Nov/2025:07:32:33 -0500] "GET /sffg/wk/admin.php?action=view&dir=//proc/3589831/root/proc/sys/net/core&item=message_burst HTTP/1.1" 200 2047 "-" "Mozilla/5.0 AppleWebKit/537.36 (KHTML, like Gecko; compatible; GPTBot/1.3; +https://openai.com/gptbot)"
74.7.227.170 - - [30/Nov/2025:07:32:33 -0500] "GET /sffg/wk/admin.php?dir=//proc/3589831/root/var/softaculous/fud/php81 HTTP/1.1" 200 1975 "-" "Mozilla/5.0 AppleWebKit/537.36 (KHTML, like Gecko; compatible; GPTBot/1.3; +https://openai.com/gptbot)"
74.7.243.223 - - [30/Nov/2025:07:32:35 -0500] "GET /sffg/wk/admin.php?action=view&dir=//proc/3779464/root/proc/self/net&item=ip_tables_targets HTTP/1.1" 200 2041 "-" "Mozilla/5.0 AppleWebKit/537.36 (KHTML, like Gecko; compatible; GPTBot/1.3; +https://openai.com/gptbot)"
74.7.227.170 - - [30/Nov/2025:07:32:35 -0500] "GET /sffg/wk/admin.php?dir=//proc/3263544/root/var/softaculous/gnu/php56 HTTP/1.1" 200 1975 "-" "Mozilla/5.0 AppleWebKit/537.36 (KHTML, like Gecko; compatible; GPTBot/1.3; +https://openai.com/gptbot)"
74.7.243.223 - - [30/Nov/2025:07:32:37 -0500] "GET /sffg/wk/admin.php?action=chmod&dir=//proc/3779464/root/proc/sys/net/ipv4&item=cipso_cache_bucket_size HTTP/1.1" 200 2042 "-" "Mozilla/5.0 AppleWebKit/537.36 (KHTML, like Gecko; compatible; GPTBot/1.3; +https://openai.com/gptbot)"
74.7.227.170 - - [30/Nov/2025:07:32:38 -0500] "GET /sffg/wk/admin.php?dir=//proc/3159889/root/var/softaculous/cpg/php71 HTTP/1.1" 200 1975 "-" "Mozilla/5.0 AppleWebKit/537.36 (KHTML, like Gecko; compatible; GPTBot/1.3; +https://openai.com/gptbot)"
