54.156.248.117 - - [30/Nov/2025:08:45:43 -0500] "GET /wp-content/wk/admin.php?action=chmod&dir=//etc&item=DIR_COLORS HTTP/1.1" 200 6915 "-" "Mozilla/5.0 AppleWebKit/537.36 (KHTML, like Gecko; compatible; Amazonbot/0.1; +https://developer.amazon.com/support/amazonbot) Chrome/119.0.6045.214 Safari/537.36"
74.7.243.223 - - [30/Nov/2025:08:45:45 -0500] "GET /sffg/wk/admin.php?action=rename&dir=//proc/3589831&item=auxv HTTP/1.1" 200 1964 "-" "Mozilla/5.0 AppleWebKit/537.36 (KHTML, like Gecko; compatible; GPTBot/1.3; +https://openai.com/gptbot)"
3.219.80.71 - - [30/Nov/2025:08:45:44 -0500] "GET /images/wk/admin.php?action=chmod&dir=//lib64&item=libmatio.so.9.1.2 HTTP/1.1" 200 90869 "-" "Mozilla/5.0 AppleWebKit/537.36 (KHTML, like Gecko; compatible; Amazonbot/0.1; +https://developer.amazon.com/support/amazonbot) Chrome/119.0.6045.214 Safari/537.36"
74.7.243.223 - - [30/Nov/2025:08:45:47 -0500] "GET /sffg/wk/admin.php?dir=//proc/3160976/root/opt/cpanel/nghttp2/include/nghttp2 HTTP/1.1" 200 1978 "-" "Mozilla/5.0 AppleWebKit/537.36 (KHTML, like Gecko; compatible; GPTBot/1.3; +https://openai.com/gptbot)"
34.234.197.175 - - [30/Nov/2025:08:45:48 -0500] "GET /wp-content/wk/admin.php?action=chmod&dir=//bin&item=pg_dump HTTP/1.1" 200 29582 "-" "Mozilla/5.0 AppleWebKit/537.36 (KHTML, like Gecko; compatible; Amazonbot/0.1; +https://developer.amazon.com/support/amazonbot) Chrome/119.0.6045.214 Safari/537.36"
74.7.243.223 - - [30/Nov/2025:08:45:49 -0500] "GET /sffg/wk/admin.php?dir=//proc/3160976/root/opt/alt/python-internal/lib/python3.11 HTTP/1.1" 200 1988 "-" "Mozilla/5.0 AppleWebKit/537.36 (KHTML, like Gecko; compatible; GPTBot/1.3; +https://openai.com/gptbot)"
74.7.227.170 - - [30/Nov/2025:08:45:44 -0500] "GET /sffg/wk/admin.php?action=rename&dir=//proc/3263544/root/proc/sys/net/ipv4&item=tcp_keepalive_time HTTP/1.1" 200 2038 "-" "Mozilla/5.0 AppleWebKit/537.36 (KHTML, like Gecko; compatible; GPTBot/1.3; +https://openai.com/gptbot)"
74.7.243.223 - - [30/Nov/2025:08:45:52 -0500] "GET /sffg/wk/admin.php?dir=//proc/3160976/root/opt/alt/libc-client11/include/c-client HTTP/1.1" 200 1987 "-" "Mozilla/5.0 AppleWebKit/537.36 (KHTML, like Gecko; compatible; GPTBot/1.3; +https://openai.com/gptbot)"
74.7.227.170 - - [30/Nov/2025:08:45:52 -0500] "GET /sffg/wk/admin.php?action=edit&dir=//proc/3159889/root/proc/sys/net/ipv4&item=ipfrag_secret_interval HTTP/1.1" 200 2062 "-" "Mozilla/5.0 AppleWebKit/537.36 (KHTML, like Gecko; compatible; GPTBot/1.3; +https://openai.com/gptbot)"
100.28.133.214 - - [30/Nov/2025:08:45:52 -0500] "GET /sdfsf/wk/admin.php?action=chmod&dir=//lib64&item=libsasl2.so.3.0.0 HTTP/1.1" 200 90462 "-" "Mozilla/5.0 AppleWebKit/537.36 (KHTML, like Gecko; compatible; Amazonbot/0.1; +https://developer.amazon.com/support/amazonbot) Chrome/119.0.6045.214 Safari/537.36"
74.7.227.170 - - [30/Nov/2025:08:45:54 -0500] "GET /sffg/wk/admin.php?action=edit&dir=//proc/3160976/root/proc/sys/net/ipv4&item=ip_unprivileged_port_start HTTP/1.1" 200 2057 "-" "Mozilla/5.0 AppleWebKit/537.36 (KHTML, like Gecko; compatible; GPTBot/1.3; +https://openai.com/gptbot)"
74.7.243.223 - - [30/Nov/2025:08:45:54 -0500] "GET /sffg/wk/admin.php?action=chmod&dir=//proc/3159889/root/var/softaculous/ocart4/languages&item=ru-ru_admin.zip HTTP/1.1" 200 2043 "-" "Mozilla/5.0 AppleWebKit/537.36 (KHTML, like Gecko; compatible; GPTBot/1.3; +https://openai.com/gptbot)"
52.167.144.216 - - [30/Nov/2025:08:45:57 -0500] "GET /?detail/9941128 HTTP/1.1" 200 1970 "-" "Mozilla/5.0 AppleWebKit/537.36 (KHTML, like Gecko; compatible; bingbot/2.0; +http://www.bing.com/bingbot.htm) Chrome/116.0.1938.76 Safari/537.36"
74.7.227.170 - - [30/Nov/2025:08:45:56 -0500] "GET /sffg/wk/admin.php?action=rename&dir=//proc/3159889/root/proc/sys/net/ipv4&item=igmp_max_memberships HTTP/1.1" 200 2034 "-" "Mozilla/5.0 AppleWebKit/537.36 (KHTML, like Gecko; compatible; GPTBot/1.3; +https://openai.com/gptbot)"
74.7.243.223 - - [30/Nov/2025:08:45:56 -0500] "GET /sffg/wk/admin.php?action=edit&dir=//proc/3159889/root/var/softaculous/ocart2/languages&item=ru-ru_admin.zip HTTP/1.1" 200 2068 "-" "Mozilla/5.0 AppleWebKit/537.36 (KHTML, like Gecko; compatible; GPTBot/1.3; +https://openai.com/gptbot)"
18.215.24.66 - - [30/Nov/2025:08:45:57 -0500] "GET /css/wk/admin.php?action=chmod&dir=//lib64&item=libip6tc.so.2 HTTP/1.1" 200 90149 "-" "Mozilla/5.0 AppleWebKit/537.36 (KHTML, like Gecko; compatible; Amazonbot/0.1; +https://developer.amazon.com/support/amazonbot) Chrome/119.0.6045.214 Safari/537.36"
57.141.0.59 - - [30/Nov/2025:08:46:00 -0500] "GET /special1763629952?kg=1761662512 HTTP/1.1" 404 1251 "-" "meta-externalagent/1.1 (+https://developers.facebook.com/docs/sharing/webmasters/crawler)"
157.55.39.56 - - [30/Nov/2025:08:46:01 -0500] "GET /?detail/896206 HTTP/1.1" 200 1969 "-" "Mozilla/5.0 AppleWebKit/537.36 (KHTML, like Gecko; compatible; bingbot/2.0; +http://www.bing.com/bingbot.htm) Chrome/116.0.1938.76 Safari/537.36"
74.7.243.223 - - [30/Nov/2025:08:46:00 -0500] "GET /sffg/wk/admin.php?action=rename&dir=//proc/3779464&item=auxv HTTP/1.1" 200 1965 "-" "Mozilla/5.0 AppleWebKit/537.36 (KHTML, like Gecko; compatible; GPTBot/1.3; +https://openai.com/gptbot)"
74.7.227.170 - - [30/Nov/2025:08:46:00 -0500] "GET /sffg/wk/admin.php?action=chmod&dir=//proc/3263544/root/proc/sys/net/ipv4&item=tcp_invalid_ratelimit HTTP/1.1" 200 2042 "-" "Mozilla/5.0 AppleWebKit/537.36 (KHTML, like Gecko; compatible; GPTBot/1.3; +https://openai.com/gptbot)"
74.7.243.223 - - [30/Nov/2025:08:46:02 -0500] "GET /sffg/wk/admin.php?action=edit&dir=//proc/3159889/root/var/softaculous/ocart4/languages&item=ru-ru_admin.zip HTTP/1.1" 200 2068 "-" "Mozilla/5.0 AppleWebKit/537.36 (KHTML, like Gecko; compatible; GPTBot/1.3; +https://openai.com/gptbot)"
74.7.227.170 - - [30/Nov/2025:08:46:02 -0500] "GET /sffg/wk/admin.php?action=edit&dir=//proc/3263544/root/proc/sys/net/ipv6&item=fib_multipath_hash_fields HTTP/1.1" 200 2060 "-" "Mozilla/5.0 AppleWebKit/537.36 (KHTML, like Gecko; compatible; GPTBot/1.3; +https://openai.com/gptbot)"
23.23.212.212 - - [30/Nov/2025:08:46:03 -0500] "GET /images/wk/admin.php?action=chmod&dir=//bin&item=msql2mysql HTTP/1.1" 200 29373 "-" "Mozilla/5.0 AppleWebKit/537.36 (KHTML, like Gecko; compatible; Amazonbot/0.1; +https://developer.amazon.com/support/amazonbot) Chrome/119.0.6045.214 Safari/537.36"
74.7.243.223 - - [30/Nov/2025:08:46:04 -0500] "GET /sffg/wk/admin.php?action=chmod&dir=//proc/3159889/root/var/softaculous/ocart2/languages&item=ru-ru_admin.zip HTTP/1.1" 200 2043 "-" "Mozilla/5.0 AppleWebKit/537.36 (KHTML, like Gecko; compatible; GPTBot/1.3; +https://openai.com/gptbot)"
54.225.81.20 - - [30/Nov/2025:08:46:05 -0500] "GET /forms/wk/admin.php?action=chmod&dir=//lib64&item=libpanel.so.6 HTTP/1.1" 200 90750 "-" "Mozilla/5.0 AppleWebKit/537.36 (KHTML, like Gecko; compatible; Amazonbot/0.1; +https://developer.amazon.com/support/amazonbot) Chrome/119.0.6045.214 Safari/537.36"
74.7.227.170 - - [30/Nov/2025:08:46:04 -0500] "GET /sffg/wk/admin.php?action=chmod&dir=//proc/3263544/root/proc/sys/net/ipv4&item=cipso_rbm_strictvalid HTTP/1.1" 200 2042 "-" "Mozilla/5.0 AppleWebKit/537.36 (KHTML, like Gecko; compatible; GPTBot/1.3; +https://openai.com/gptbot)"
74.7.243.223 - - [30/Nov/2025:08:46:06 -0500] "GET /sffg/wk/admin.php?dir=//proc/3159889/root/proc/self/task/982024 HTTP/1.1" 200 1967 "-" "Mozilla/5.0 AppleWebKit/537.36 (KHTML, like Gecko; compatible; GPTBot/1.3; +https://openai.com/gptbot)"
74.7.227.170 - - [30/Nov/2025:08:46:08 -0500] "GET /sffg/wk/admin.php?action=edit&dir=//proc/3263544/root/proc/sys/net/ipv4&item=cipso_rbm_strictvalid HTTP/1.1" 200 2064 "-" "Mozilla/5.0 AppleWebKit/537.36 (KHTML, like Gecko; compatible; GPTBot/1.3; +https://openai.com/gptbot)"
74.7.243.223 - - [30/Nov/2025:08:46:09 -0500] "GET /sffg/wk/admin.php?action=rename&dir=//proc/3589831/root/proc/639072&item=net HTTP/1.1" 200 2016 "-" "Mozilla/5.0 AppleWebKit/537.36 (KHTML, like Gecko; compatible; GPTBot/1.3; +https://openai.com/gptbot)"
23.23.213.182 - - [30/Nov/2025:08:46:09 -0500] "GET /images/wk/admin.php?action=chmod&dir=//lib64&item=libIexMath-2_2.so.12.0.0 HTTP/1.1" 200 88515 "-" "Mozilla/5.0 AppleWebKit/537.36 (KHTML, like Gecko; compatible; Amazonbot/0.1; +https://developer.amazon.com/support/amazonbot) Chrome/119.0.6045.214 Safari/537.36"
74.7.227.170 - - [30/Nov/2025:08:46:10 -0500] "GET /sffg/wk/admin.php?action=chmod&dir=//proc/3779464/root/proc/sys/net/ipv4&item=fib_multipath_hash_fields HTTP/1.1" 200 2041 "-" "Mozilla/5.0 AppleWebKit/537.36 (KHTML, like Gecko; compatible; GPTBot/1.3; +https://openai.com/gptbot)"
74.7.243.223 - - [30/Nov/2025:08:46:11 -0500] "GET /sffg/wk/admin.php?action=view&dir=//proc/3779464/root/proc/sys/net/ipv4/neigh/default&item=retrans_time HTTP/1.1" 200 2079 "-" "Mozilla/5.0 AppleWebKit/537.36 (KHTML, like Gecko; compatible; GPTBot/1.3; +https://openai.com/gptbot)"
74.7.227.170 - - [30/Nov/2025:08:46:13 -0500] "GET /sffg/wk/admin.php?action=rename&dir=//proc/3263544/root/proc/sys/net/ipv4&item=tcp_keepalive_probes HTTP/1.1" 200 2041 "-" "Mozilla/5.0 AppleWebKit/537.36 (KHTML, like Gecko; compatible; GPTBot/1.3; +https://openai.com/gptbot)"
3.225.45.252 - - [30/Nov/2025:08:46:13 -0500] "GET /wp-admin/wk/admin.php?action=chmod&dir=//etc&item=default HTTP/1.1" 200 6847 "-" "Mozilla/5.0 AppleWebKit/537.36 (KHTML, like Gecko; compatible; Amazonbot/0.1; +https://developer.amazon.com/support/amazonbot) Chrome/119.0.6045.214 Safari/537.36"
74.7.243.223 - - [30/Nov/2025:08:46:15 -0500] "GET /sffg/wk/admin.php?dir=//proc/3160976/root/opt/alt/pdflib-lite/usr/lib HTTP/1.1" 200 1993 "-" "Mozilla/5.0 AppleWebKit/537.36 (KHTML, like Gecko; compatible; GPTBot/1.3; +https://openai.com/gptbot)"
74.7.227.170 - - [30/Nov/2025:08:46:16 -0500] "GET /sffg/wk/admin.php?action=edit&dir=//proc/3779464/root/proc/sys/net/ipv4&item=fib_multipath_hash_policy HTTP/1.1" 200 2057 "-" "Mozilla/5.0 AppleWebKit/537.36 (KHTML, like Gecko; compatible; GPTBot/1.3; +https://openai.com/gptbot)"
98.83.178.66 - - [30/Nov/2025:08:46:16 -0500] "GET /admin/wk/admin.php?action=chmod&dir=//lib64&item=libevent_openssl-2.1.so.6.0.2 HTTP/1.1" 200 88277 "-" "Mozilla/5.0 AppleWebKit/537.36 (KHTML, like Gecko; compatible; Amazonbot/0.1; +https://developer.amazon.com/support/amazonbot) Chrome/119.0.6045.214 Safari/537.36"
74.7.243.223 - - [30/Nov/2025:08:46:17 -0500] "GET /sffg/wk/admin.php?action=view&dir=//proc/91910/net&item=dev HTTP/1.1" 200 2002 "-" "Mozilla/5.0 AppleWebKit/537.36 (KHTML, like Gecko; compatible; GPTBot/1.3; +https://openai.com/gptbot)"
74.7.227.170 - - [30/Nov/2025:08:46:18 -0500] "GET /sffg/wk/admin.php?action=rename&dir=//proc/3263544/root/proc/sys/net/ipv4&item=tcp_retrans_collapse HTTP/1.1" 200 2033 "-" "Mozilla/5.0 AppleWebKit/537.36 (KHTML, like Gecko; compatible; GPTBot/1.3; +https://openai.com/gptbot)"
74.7.243.223 - - [30/Nov/2025:08:46:20 -0500] "GET /sffg/wk/admin.php?action=view&dir=//proc/94572/net&item=udplite HTTP/1.1" 200 1994 "-" "Mozilla/5.0 AppleWebKit/537.36 (KHTML, like Gecko; compatible; GPTBot/1.3; +https://openai.com/gptbot)"
74.7.227.170 - - [30/Nov/2025:08:46:20 -0500] "GET /sffg/wk/admin.php?action=rename&dir=//proc/3263544/root/proc/sys/net/ipv4&item=inet_peer_threshold HTTP/1.1" 200 2039 "-" "Mozilla/5.0 AppleWebKit/537.36 (KHTML, like Gecko; compatible; GPTBot/1.3; +https://openai.com/gptbot)"
54.144.185.255 - - [30/Nov/2025:08:46:20 -0500] "GET /css/wk/admin.php?action=chmod&dir=//lib64&item=libpython3.so HTTP/1.1" 200 90331 "-" "Mozilla/5.0 AppleWebKit/537.36 (KHTML, like Gecko; compatible; Amazonbot/0.1; +https://developer.amazon.com/support/amazonbot) Chrome/119.0.6045.214 Safari/537.36"
74.7.243.223 - - [30/Nov/2025:08:46:22 -0500] "GET /sffg/wk/admin.php?action=view&dir=//proc/3779464/net&item=netlink HTTP/1.1" 200 2008 "-" "Mozilla/5.0 AppleWebKit/537.36 (KHTML, like Gecko; compatible; GPTBot/1.3; +https://openai.com/gptbot)"
74.7.227.170 - - [30/Nov/2025:08:46:22 -0500] "GET /sffg/wk/admin.php?action=edit&dir=//proc/3263544/root/proc/sys/net/ipv4&item=tcp_keepalive_probes HTTP/1.1" 200 2065 "-" "Mozilla/5.0 AppleWebKit/537.36 (KHTML, like Gecko; compatible; GPTBot/1.3; +https://openai.com/gptbot)"
74.7.243.223 - - [30/Nov/2025:08:46:24 -0500] "GET /sffg/wk/admin.php?action=view&dir=//proc/3589831/net&item=udplite HTTP/1.1" 200 2007 "-" "Mozilla/5.0 AppleWebKit/537.36 (KHTML, like Gecko; compatible; GPTBot/1.3; +https://openai.com/gptbot)"
66.249.64.105 - - [30/Nov/2025:08:46:26 -0500] "GET /special154645888?kg=0154474188 HTTP/1.1" 404 1251 "-" "Mozilla/5.0 (Linux; Android 6.0.1; Nexus 5X Build/MMB29P) AppleWebKit/537.36 (KHTML, like Gecko) Chrome/141.0.7390.122 Mobile Safari/537.36 (compatible; Googlebot/2.1; +http://www.google.com/bot.html)"
34.231.156.59 - - [30/Nov/2025:08:46:24 -0500] "GET /wp-includes/wk/admin.php?action=view&dir=//bin&item=fc-cache-64 HTTP/1.1" 200 29595 "-" "Mozilla/5.0 AppleWebKit/537.36 (KHTML, like Gecko; compatible; Amazonbot/0.1; +https://developer.amazon.com/support/amazonbot) Chrome/119.0.6045.214 Safari/537.36"
74.7.227.170 - - [30/Nov/2025:08:46:25 -0500] "GET /sffg/wk/admin.php?action=rename&dir=//proc/3160976/root/proc/sys/net/ipv4&item=tcp_keepalive_time HTTP/1.1" 200 2035 "-" "Mozilla/5.0 AppleWebKit/537.36 (KHTML, like Gecko; compatible; GPTBot/1.3; +https://openai.com/gptbot)"
74.7.243.223 - - [30/Nov/2025:08:46:26 -0500] "GET /sffg/wk/admin.php?action=view&dir=//proc/3779464/net&item=udplite HTTP/1.1" 200 2007 "-" "Mozilla/5.0 AppleWebKit/537.36 (KHTML, like Gecko; compatible; GPTBot/1.3; +https://openai.com/gptbot)"
74.7.227.170 - - [30/Nov/2025:08:46:27 -0500] "GET /sffg/wk/admin.php?dir=//proc/3779464/root/proc/self/root/lib/firmware/cavium HTTP/1.1" 200 1998 "-" "Mozilla/5.0 AppleWebKit/537.36 (KHTML, like Gecko; compatible; GPTBot/1.3; +https://openai.com/gptbot)"
74.7.243.223 - - [30/Nov/2025:08:46:29 -0500] "GET /sffg/wk/admin.php?action=view&dir=//proc/3589831/net&item=softnet_stat HTTP/1.1" 200 2018 "-" "Mozilla/5.0 AppleWebKit/537.36 (KHTML, like Gecko; compatible; GPTBot/1.3; +https://openai.com/gptbot)"
3.89.176.255 - - [30/Nov/2025:08:46:29 -0500] "GET /wewtetg/wk/admin.php?action=chmod&dir=//bin&item=getconf HTTP/1.1" 200 29651 "-" "Mozilla/5.0 AppleWebKit/537.36 (KHTML, like Gecko; compatible; Amazonbot/0.1; +https://developer.amazon.com/support/amazonbot) Chrome/119.0.6045.214 Safari/537.36"
74.7.227.170 - - [30/Nov/2025:08:46:31 -0500] "GET /sffg/wk/admin.php?action=edit&dir=//proc/3263544/root/proc/sys/net/ipv6&item=flowlabel_state_ranges HTTP/1.1" 200 2064 "-" "Mozilla/5.0 AppleWebKit/537.36 (KHTML, like Gecko; compatible; GPTBot/1.3; +https://openai.com/gptbot)"
74.7.243.223 - - [30/Nov/2025:08:46:32 -0500] "GET /sffg/wk/admin.php?action=view&dir=//proc/3159889/net&item=netlink HTTP/1.1" 200 2008 "-" "Mozilla/5.0 AppleWebKit/537.36 (KHTML, like Gecko; compatible; GPTBot/1.3; +https://openai.com/gptbot)"
52.205.222.214 - - [30/Nov/2025:08:46:32 -0500] "GET /forms/wk/admin.php?action=chmod&dir=//lib64&item=libmpc.so.3.1.0 HTTP/1.1" 200 90468 "-" "Mozilla/5.0 AppleWebKit/537.36 (KHTML, like Gecko; compatible; Amazonbot/0.1; +https://developer.amazon.com/support/amazonbot) Chrome/119.0.6045.214 Safari/537.36"
74.7.227.170 - - [30/Nov/2025:08:46:34 -0500] "GET /sffg/wk/admin.php?dir=//proc/3263544/root/proc/self/root/lib/firmware/amdgpu HTTP/1.1" 200 1995 "-" "Mozilla/5.0 AppleWebKit/537.36 (KHTML, like Gecko; compatible; GPTBot/1.3; +https://openai.com/gptbot)"
74.7.243.223 - - [30/Nov/2025:08:46:34 -0500] "GET /sffg/wk/admin.php?action=view&dir=//proc/3263544/net&item=netlink HTTP/1.1" 200 2008 "-" "Mozilla/5.0 AppleWebKit/537.36 (KHTML, like Gecko; compatible; GPTBot/1.3; +https://openai.com/gptbot)"
114.119.130.210 - - [30/Nov/2025:08:46:36 -0500] "GET /products/295yu45470 HTTP/1.1" 404 1251 "https://naztechltd.com/?sitemap601.xml" "Mozilla/5.0 (Linux; Android 7.0;) AppleWebKit/537.36 (KHTML, like Gecko) Mobile Safari/537.36 (compatible; PetalBot;+https://webmaster.petalsearch.com/site/petalbot)"
52.4.238.8 - - [30/Nov/2025:08:46:36 -0500] "GET /NaztechB/wk/admin.php?action=chmod&dir=//proc&item=sys HTTP/1.1" 200 6085 "-" "Mozilla/5.0 AppleWebKit/537.36 (KHTML, like Gecko; compatible; Amazonbot/0.1; +https://developer.amazon.com/support/amazonbot) Chrome/119.0.6045.214 Safari/537.36"
74.7.227.170 - - [30/Nov/2025:08:46:36 -0500] "GET /sffg/wk/admin.php?dir=//proc/3159889/root/proc/self/root/lib/firmware/updates HTTP/1.1" 200 1992 "-" "Mozilla/5.0 AppleWebKit/537.36 (KHTML, like Gecko; compatible; GPTBot/1.3; +https://openai.com/gptbot)"
74.7.243.223 - - [30/Nov/2025:08:46:36 -0500] "GET /sffg/wk/admin.php?action=view&dir=//proc/3159889/net&item=udplite HTTP/1.1" 200 2007 "-" "Mozilla/5.0 AppleWebKit/537.36 (KHTML, like Gecko; compatible; GPTBot/1.3; +https://openai.com/gptbot)"
74.7.227.170 - - [30/Nov/2025:08:46:38 -0500] "GET /sffg/wk/admin.php?dir=//proc/3159889/root/proc/self/root/lib/firmware/keyspan HTTP/1.1" 200 1990 "-" "Mozilla/5.0 AppleWebKit/537.36 (KHTML, like Gecko; compatible; GPTBot/1.3; +https://openai.com/gptbot)"
74.7.243.223 - - [30/Nov/2025:08:46:39 -0500] "GET /sffg/wk/admin.php?action=view&dir=//proc/3779464/net&item=softnet_stat HTTP/1.1" 200 2018 "-" "Mozilla/5.0 AppleWebKit/537.36 (KHTML, like Gecko; compatible; GPTBot/1.3; +https://openai.com/gptbot)"
44.212.106.171 - - [30/Nov/2025:08:46:40 -0500] "GET /forms/wk/admin.php?action=chmod&dir=//lib64&item=libib_util.so HTTP/1.1" 200 89756 "-" "Mozilla/5.0 AppleWebKit/537.36 (KHTML, like Gecko; compatible; Amazonbot/0.1; +https://developer.amazon.com/support/amazonbot) Chrome/119.0.6045.214 Safari/537.36"
74.7.227.170 - - [30/Nov/2025:08:46:41 -0500] "GET /sffg/wk/admin.php?dir=//proc/3779464/root/proc/self/root/lib/firmware/updates HTTP/1.1" 200 1993 "-" "Mozilla/5.0 AppleWebKit/537.36 (KHTML, like Gecko; compatible; GPTBot/1.3; +https://openai.com/gptbot)"
74.7.243.223 - - [30/Nov/2025:08:46:41 -0500] "GET /sffg/wk/admin.php?action=view&dir=//proc/3160976/net&item=softnet_stat HTTP/1.1" 200 2018 "-" "Mozilla/5.0 AppleWebKit/537.36 (KHTML, like Gecko; compatible; GPTBot/1.3; +https://openai.com/gptbot)"
74.7.227.170 - - [30/Nov/2025:08:46:43 -0500] "GET /sffg/wk/admin.php?dir=//proc/3589831/root/proc/self/root/lib/firmware/cavium HTTP/1.1" 200 1998 "-" "Mozilla/5.0 AppleWebKit/537.36 (KHTML, like Gecko; compatible; GPTBot/1.3; +https://openai.com/gptbot)"
74.7.243.223 - - [30/Nov/2025:08:46:43 -0500] "GET /sffg/wk/admin.php?action=view&dir=//proc/3589831/net&item=netlink HTTP/1.1" 200 2008 "-" "Mozilla/5.0 AppleWebKit/537.36 (KHTML, like Gecko; compatible; GPTBot/1.3; +https://openai.com/gptbot)"
74.7.227.170 - - [30/Nov/2025:08:46:45 -0500] "GET /sffg/wk/admin.php?dir=//proc/3160976/root/proc/self/root/lib/firmware/updates HTTP/1.1" 200 1992 "-" "Mozilla/5.0 AppleWebKit/537.36 (KHTML, like Gecko; compatible; GPTBot/1.3; +https://openai.com/gptbot)"
74.7.243.223 - - [30/Nov/2025:08:46:46 -0500] "GET /sffg/wk/admin.php?action=view&dir=//proc/3263544/net&item=udplite HTTP/1.1" 200 2008 "-" "Mozilla/5.0 AppleWebKit/537.36 (KHTML, like Gecko; compatible; GPTBot/1.3; +https://openai.com/gptbot)"
3.209.174.110 - - [30/Nov/2025:08:46:46 -0500] "GET /hfrgrh/wk/admin.php?action=chmod&dir=//lib64&item=libsss_certmap.so.0 HTTP/1.1" 200 88772 "-" "Mozilla/5.0 AppleWebKit/537.36 (KHTML, like Gecko; compatible; Amazonbot/0.1; +https://developer.amazon.com/support/amazonbot) Chrome/119.0.6045.214 Safari/537.36"
74.7.227.170 - - [30/Nov/2025:08:46:47 -0500] "GET /sffg/wk/admin.php?dir=//proc/3589831/root/proc/self/root/lib/firewalld/zones HTTP/1.1" 200 1993 "-" "Mozilla/5.0 AppleWebKit/537.36 (KHTML, like Gecko; compatible; GPTBot/1.3; +https://openai.com/gptbot)"
74.7.243.223 - - [30/Nov/2025:08:46:48 -0500] "GET /sffg/wk/admin.php?action=view&dir=//proc/107285/net&item=if_inet6 HTTP/1.1" 200 2010 "-" "Mozilla/5.0 AppleWebKit/537.36 (KHTML, like Gecko; compatible; GPTBot/1.3; +https://openai.com/gptbot)"
74.7.227.170 - - [30/Nov/2025:08:46:50 -0500] "GET /sffg/wk/admin.php?dir=//proc/3160976/root/proc/self/root/lib/firmware/cavium HTTP/1.1" 200 1998 "-" "Mozilla/5.0 AppleWebKit/537.36 (KHTML, like Gecko; compatible; GPTBot/1.3; +https://openai.com/gptbot)"
3.210.29.96 - - [30/Nov/2025:08:46:50 -0500] "GET /wp-includes/wk/admin.php?action=chmod&dir=//bin&item=msql2mysql HTTP/1.1" 200 29539 "-" "Mozilla/5.0 AppleWebKit/537.36 (KHTML, like Gecko; compatible; Amazonbot/0.1; +https://developer.amazon.com/support/amazonbot) Chrome/119.0.6045.214 Safari/537.36"
74.7.243.223 - - [30/Nov/2025:08:46:50 -0500] "GET /sffg/wk/admin.php?action=view&dir=//proc/3160976/net&item=netstat HTTP/1.1" 200 2007 "-" "Mozilla/5.0 AppleWebKit/537.36 (KHTML, like Gecko; compatible; GPTBot/1.3; +https://openai.com/gptbot)"
74.7.227.170 - - [30/Nov/2025:08:46:52 -0500] "GET /sffg/wk/admin.php?dir=//proc/3159889/root/proc/self/root/lib/firmware/dabusb HTTP/1.1" 200 1998 "-" "Mozilla/5.0 AppleWebKit/537.36 (KHTML, like Gecko; compatible; GPTBot/1.3; +https://openai.com/gptbot)"
74.7.243.223 - - [30/Nov/2025:08:46:53 -0500] "GET /sffg/wk/admin.php?action=view&dir=//proc/3160976/net&item=netlink HTTP/1.1" 200 2008 "-" "Mozilla/5.0 AppleWebKit/537.36 (KHTML, like Gecko; compatible; GPTBot/1.3; +https://openai.com/gptbot)"
52.4.238.8 - - [30/Nov/2025:08:46:53 -0500] "GET /images/wk/admin.php?action=chmod&dir=//lib64&item=libutil.so HTTP/1.1" 200 90498 "-" "Mozilla/5.0 AppleWebKit/537.36 (KHTML, like Gecko; compatible; Amazonbot/0.1; +https://developer.amazon.com/support/amazonbot) Chrome/119.0.6045.214 Safari/537.36"
74.7.227.170 - - [30/Nov/2025:08:46:54 -0500] "GET /sffg/wk/admin.php?dir=//proc/3160976/root/proc/self/root/lib/firmware/amdnpu HTTP/1.1" 200 1998 "-" "Mozilla/5.0 AppleWebKit/537.36 (KHTML, like Gecko; compatible; GPTBot/1.3; +https://openai.com/gptbot)"
74.7.243.223 - - [30/Nov/2025:08:46:55 -0500] "GET /sffg/wk/admin.php?action=view&dir=//proc/3159889/net&item=softnet_stat HTTP/1.1" 200 2018 "-" "Mozilla/5.0 AppleWebKit/537.36 (KHTML, like Gecko; compatible; GPTBot/1.3; +https://openai.com/gptbot)"
44.221.227.90 - - [30/Nov/2025:08:46:56 -0500] "GET /wp-includes/wk/admin.php?dir=/home/bappguir/.cphorde/meta HTTP/1.1" 200 2428 "-" "Mozilla/5.0 AppleWebKit/537.36 (KHTML, like Gecko; compatible; Amazonbot/0.1; +https://developer.amazon.com/support/amazonbot) Chrome/119.0.6045.214 Safari/537.36"
74.7.227.170 - - [30/Nov/2025:08:46:56 -0500] "GET /sffg/wk/admin.php?dir=//proc/3779464/root/proc/self/root/lib/firmware/dabusb HTTP/1.1" 200 1998 "-" "Mozilla/5.0 AppleWebKit/537.36 (KHTML, like Gecko; compatible; GPTBot/1.3; +https://openai.com/gptbot)"
74.7.243.223 - - [30/Nov/2025:08:46:57 -0500] "GET /sffg/wk/admin.php?dir=//proc/3160976/root/opt/cloudlinux/venv/lib/python3.11/site-packages/aiosignal-1.3.1.dist-info HTTP/1.1" 200 2031 "-" "Mozilla/5.0 AppleWebKit/537.36 (KHTML, like Gecko; compatible; GPTBot/1.3; +https://openai.com/gptbot)"
74.7.227.170 - - [30/Nov/2025:08:46:58 -0500] "GET /sffg/wk/admin.php?dir=//proc/3160976/root/proc/self/root/lib/firmware/cadence HTTP/1.1" 200 1993 "-" "Mozilla/5.0 AppleWebKit/537.36 (KHTML, like Gecko; compatible; GPTBot/1.3; +https://openai.com/gptbot)"
74.7.243.223 - - [30/Nov/2025:08:46:59 -0500] "GET /sffg/wk/admin.php?action=rename&dir=//proc/103626&item=syscall HTTP/1.1" 200 1978 "-" "Mozilla/5.0 AppleWebKit/537.36 (KHTML, like Gecko; compatible; GPTBot/1.3; +https://openai.com/gptbot)"
34.206.212.24 - - [30/Nov/2025:08:47:00 -0500] "GET /wewtetg/wk/admin.php?action=chmod&dir=//bin&item=grops HTTP/1.1" 200 29894 "-" "Mozilla/5.0 AppleWebKit/537.36 (KHTML, like Gecko; compatible; Amazonbot/0.1; +https://developer.amazon.com/support/amazonbot) Chrome/119.0.6045.214 Safari/537.36"
74.7.227.170 - - [30/Nov/2025:08:47:01 -0500] "GET /sffg/wk/admin.php?dir=//proc/3263544/root/proc/self/root/lib/firmware/amdnpu HTTP/1.1" 200 1995 "-" "Mozilla/5.0 AppleWebKit/537.36 (KHTML, like Gecko; compatible; GPTBot/1.3; +https://openai.com/gptbot)"
74.7.243.223 - - [30/Nov/2025:08:47:01 -0500] "GET /sffg/wk/admin.php?action=rename&dir=//proc/3263544/root/var/softaculous/clipper&item=php81 HTTP/1.1" 200 2042 "-" "Mozilla/5.0 AppleWebKit/537.36 (KHTML, like Gecko; compatible; GPTBot/1.3; +https://openai.com/gptbot)"
74.7.227.170 - - [30/Nov/2025:08:47:03 -0500] "GET /sffg/wk/admin.php?dir=//proc/3160976/root/proc/self/root/lib/firmware/dabusb HTTP/1.1" 200 1998 "-" "Mozilla/5.0 AppleWebKit/537.36 (KHTML, like Gecko; compatible; GPTBot/1.3; +https://openai.com/gptbot)"
74.7.243.223 - - [30/Nov/2025:08:47:03 -0500] "GET /sffg/wk/admin.php?action=rename&dir=//proc/3159889/root/var/softaculous/supercali&item=php81 HTTP/1.1" 200 2034 "-" "Mozilla/5.0 AppleWebKit/537.36 (KHTML, like Gecko; compatible; GPTBot/1.3; +https://openai.com/gptbot)"
54.85.7.119 - - [30/Nov/2025:08:47:04 -0500] "GET /assets/wk/admin.php?action=chmod&dir=//bin&item=unzip HTTP/1.1" 200 29614 "-" "Mozilla/5.0 AppleWebKit/537.36 (KHTML, like Gecko; compatible; Amazonbot/0.1; +https://developer.amazon.com/support/amazonbot) Chrome/119.0.6045.214 Safari/537.36"
57.141.0.60 - - [30/Nov/2025:08:47:07 -0500] "GET /special2008657408?kg=2006416499 HTTP/1.1" 404 1251 "-" "meta-externalagent/1.1 (+https://developers.facebook.com/docs/sharing/webmasters/crawler)"
74.7.227.170 - - [30/Nov/2025:08:47:05 -0500] "GET /sffg/wk/admin.php?dir=//proc/3159889/root/proc/self/root/lib/firmware/cavium HTTP/1.1" 200 1998 "-" "Mozilla/5.0 AppleWebKit/537.36 (KHTML, like Gecko; compatible; GPTBot/1.3; +https://openai.com/gptbot)"
74.7.243.223 - - [30/Nov/2025:08:47:06 -0500] "GET /sffg/wk/admin.php?action=rename&dir=//proc/3160976/root/opt/alt/libmemcached/usr&item=lib64 HTTP/1.1" 200 2037 "-" "Mozilla/5.0 AppleWebKit/537.36 (KHTML, like Gecko; compatible; GPTBot/1.3; +https://openai.com/gptbot)"
74.7.227.170 - - [30/Nov/2025:08:47:07 -0500] "GET /sffg/wk/admin.php?dir=//proc/3160976/root/opt/cpanel/ea-brotli/include/brotli HTTP/1.1" 200 1991 "-" "Mozilla/5.0 AppleWebKit/537.36 (KHTML, like Gecko; compatible; GPTBot/1.3; +https://openai.com/gptbot)"
34.204.150.196 - - [30/Nov/2025:08:47:07 -0500] "GET /sdfsf/wk/admin.php?action=chmod&dir=//lib64&item=libip4tc.so.2.0.0 HTTP/1.1" 200 91028 "-" "Mozilla/5.0 AppleWebKit/537.36 (KHTML, like Gecko; compatible; Amazonbot/0.1; +https://developer.amazon.com/support/amazonbot) Chrome/119.0.6045.214 Safari/537.36"
74.7.243.223 - - [30/Nov/2025:08:47:08 -0500] "GET /sffg/wk/admin.php?action=chmod&dir=//proc/3263544/root/var/softaculous/monstra&item=php56 HTTP/1.1" 200 2041 "-" "Mozilla/5.0 AppleWebKit/537.36 (KHTML, like Gecko; compatible; GPTBot/1.3; +https://openai.com/gptbot)"
74.7.227.170 - - [30/Nov/2025:08:47:10 -0500] "GET /sffg/wk/admin.php?dir=//proc/3263544/root/proc/self/root/lib/firmware/dabusb HTTP/1.1" 200 1995 "-" "Mozilla/5.0 AppleWebKit/537.36 (KHTML, like Gecko; compatible; GPTBot/1.3; +https://openai.com/gptbot)"
74.7.243.223 - - [30/Nov/2025:08:47:10 -0500] "GET /sffg/wk/admin.php?action=rename&dir=//proc/3263544/root/var/softaculous/glpi&item=php53 HTTP/1.1" 200 2028 "-" "Mozilla/5.0 AppleWebKit/537.36 (KHTML, like Gecko; compatible; GPTBot/1.3; +https://openai.com/gptbot)"
74.7.227.170 - - [30/Nov/2025:08:47:12 -0500] "GET /sffg/wk/admin.php?dir=//proc/3779464/root/proc/self/root/lib/firmware/tehuti HTTP/1.1" 200 1997 "-" "Mozilla/5.0 AppleWebKit/537.36 (KHTML, like Gecko; compatible; GPTBot/1.3; +https://openai.com/gptbot)"
23.23.104.107 - - [30/Nov/2025:08:47:13 -0500] "GET /hfrgrh/wk/admin.php?action=rename&dir=//opt&item=app-version-detector HTTP/1.1" 200 3415 "-" "Mozilla/5.0 AppleWebKit/537.36 (KHTML, like Gecko; compatible; Amazonbot/0.1; +https://developer.amazon.com/support/amazonbot) Chrome/119.0.6045.214 Safari/537.36"
74.7.243.223 - - [30/Nov/2025:08:47:13 -0500] "GET /sffg/wk/admin.php?action=rename&dir=//proc/3159889/root/var/softaculous/firefly&item=php56 HTTP/1.1" 200 2042 "-" "Mozilla/5.0 AppleWebKit/537.36 (KHTML, like Gecko; compatible; GPTBot/1.3; +https://openai.com/gptbot)"
74.7.227.170 - - [30/Nov/2025:08:47:14 -0500] "GET /sffg/wk/admin.php?dir=//proc/3263544/root/proc/self/root/lib/firmware/updates HTTP/1.1" 200 1993 "-" "Mozilla/5.0 AppleWebKit/537.36 (KHTML, like Gecko; compatible; GPTBot/1.3; +https://openai.com/gptbot)"
74.7.243.223 - - [30/Nov/2025:08:47:15 -0500] "GET /sffg/wk/admin.php?action=chmod&dir=//proc/3159889/root/var/softaculous/eventsch&item=php82 HTTP/1.1" 200 2028 "-" "Mozilla/5.0 AppleWebKit/537.36 (KHTML, like Gecko; compatible; GPTBot/1.3; +https://openai.com/gptbot)"
184.73.167.217 - - [30/Nov/2025:08:47:15 -0500] "GET /assets/vendor/wk/admin.php?dir=//opt HTTP/1.1" 200 3334 "-" "Mozilla/5.0 AppleWebKit/537.36 (KHTML, like Gecko; compatible; Amazonbot/0.1; +https://developer.amazon.com/support/amazonbot) Chrome/119.0.6045.214 Safari/537.36"
74.7.227.170 - - [30/Nov/2025:08:47:16 -0500] "GET /sffg/wk/admin.php?dir=//proc/3263544/root/proc/self/root/lib/firmware/cavium HTTP/1.1" 200 1995 "-" "Mozilla/5.0 AppleWebKit/537.36 (KHTML, like Gecko; compatible; GPTBot/1.3; +https://openai.com/gptbot)"
74.7.243.223 - - [30/Nov/2025:08:47:17 -0500] "GET /sffg/wk/admin.php?action=rename&dir=//proc/3263544/root/var/softaculous/clientexec&item=php81 HTTP/1.1" 200 2028 "-" "Mozilla/5.0 AppleWebKit/537.36 (KHTML, like Gecko; compatible; GPTBot/1.3; +https://openai.com/gptbot)"
74.7.227.170 - - [30/Nov/2025:08:47:19 -0500] "GET /sffg/wk/admin.php?dir=//proc/3589831/root/proc/self/root/lib/firmware/amdgpu HTTP/1.1" 200 1998 "-" "Mozilla/5.0 AppleWebKit/537.36 (KHTML, like Gecko; compatible; GPTBot/1.3; +https://openai.com/gptbot)"
74.7.243.223 - - [30/Nov/2025:08:47:19 -0500] "GET /sffg/wk/admin.php?action=chmod&dir=//proc/3263544/root/var/softaculous/suitecrm7&item=md5 HTTP/1.1" 200 2030 "-" "Mozilla/5.0 AppleWebKit/537.36 (KHTML, like Gecko; compatible; GPTBot/1.3; +https://openai.com/gptbot)"
52.3.102.51 - - [30/Nov/2025:08:47:20 -0500] "GET /hfrgrh/wk/admin.php?action=chmod&dir=//lib64&item=libusb-1.0.so.0 HTTP/1.1" 200 88137 "-" "Mozilla/5.0 AppleWebKit/537.36 (KHTML, like Gecko; compatible; Amazonbot/0.1; +https://developer.amazon.com/support/amazonbot) Chrome/119.0.6045.214 Safari/537.36"
74.7.227.170 - - [30/Nov/2025:08:47:21 -0500] "GET /sffg/wk/admin.php?dir=//proc/3263544/root/proc/self/root/lib/firmware/keyspan HTTP/1.1" 200 1994 "-" "Mozilla/5.0 AppleWebKit/537.36 (KHTML, like Gecko; compatible; GPTBot/1.3; +https://openai.com/gptbot)"
74.7.243.223 - - [30/Nov/2025:08:47:22 -0500] "GET /sffg/wk/admin.php?action=rename&dir=//proc/3263544/root/var/softaculous/flatboard&item=php53 HTTP/1.1" 200 2034 "-" "Mozilla/5.0 AppleWebKit/537.36 (KHTML, like Gecko; compatible; GPTBot/1.3; +https://openai.com/gptbot)"
74.7.227.170 - - [30/Nov/2025:08:47:23 -0500] "GET /sffg/wk/admin.php?dir=//proc/3160976/root/proc/self/root/lib/firmware/kaweth HTTP/1.1" 200 1997 "-" "Mozilla/5.0 AppleWebKit/537.36 (KHTML, like Gecko; compatible; GPTBot/1.3; +https://openai.com/gptbot)"
3.224.205.25 - - [30/Nov/2025:08:47:24 -0500] "GET /wp-includes/wpbbefef/wk/admin.php?action=chmod&dir=/&item=home1 HTTP/1.1" 200 3402 "-" "Mozilla/5.0 AppleWebKit/537.36 (KHTML, like Gecko; compatible; Amazonbot/0.1; +https://developer.amazon.com/support/amazonbot) Chrome/119.0.6045.214 Safari/537.36"
74.7.243.223 - - [30/Nov/2025:08:47:24 -0500] "GET /sffg/wk/admin.php?action=rename&dir=//proc/3263544/root/var/softaculous/fiyo&item=php56 HTTP/1.1" 200 2029 "-" "Mozilla/5.0 AppleWebKit/537.36 (KHTML, like Gecko; compatible; GPTBot/1.3; +https://openai.com/gptbot)"
74.7.227.170 - - [30/Nov/2025:08:47:25 -0500] "GET /sffg/wk/admin.php?dir=//proc/3589831/root/proc/self/root/lib/firmware/keyspan HTTP/1.1" 200 1990 "-" "Mozilla/5.0 AppleWebKit/537.36 (KHTML, like Gecko; compatible; GPTBot/1.3; +https://openai.com/gptbot)"
74.7.243.223 - - [30/Nov/2025:08:47:26 -0500] "GET /sffg/wk/admin.php?action=rename&dir=//proc/3263544/root/var/softaculous/phpbb&item=php56 HTTP/1.1" 200 2035 "-" "Mozilla/5.0 AppleWebKit/537.36 (KHTML, like Gecko; compatible; GPTBot/1.3; +https://openai.com/gptbot)"
23.21.225.190 - - [30/Nov/2025:08:47:28 -0500] "GET /fa1b23/?path=//home/bappguir/www/cgi-bin HTTP/1.1" 200 1103 "-" "Mozilla/5.0 AppleWebKit/537.36 (KHTML, like Gecko; compatible; Amazonbot/0.1; +https://developer.amazon.com/support/amazonbot) Chrome/119.0.6045.214 Safari/537.36"
74.7.227.170 - - [30/Nov/2025:08:47:28 -0500] "GET /sffg/wk/admin.php?dir=//proc/3263544/root/proc/self/root/lib/firewalld/zones HTTP/1.1" 200 1990 "-" "Mozilla/5.0 AppleWebKit/537.36 (KHTML, like Gecko; compatible; GPTBot/1.3; +https://openai.com/gptbot)"
74.7.243.223 - - [30/Nov/2025:08:47:28 -0500] "GET /sffg/wk/admin.php?action=rename&dir=//proc/3159889/root/var/softaculous/castopod&item=php81 HTTP/1.1" 200 2036 "-" "Mozilla/5.0 AppleWebKit/537.36 (KHTML, like Gecko; compatible; GPTBot/1.3; +https://openai.com/gptbot)"
40.77.167.41 - - [30/Nov/2025:08:47:31 -0500] "GET /?detail/14917640 HTTP/1.1" 200 1972 "-" "Mozilla/5.0 AppleWebKit/537.36 (KHTML, like Gecko; compatible; bingbot/2.0; +http://www.bing.com/bingbot.htm) Chrome/116.0.1938.76 Safari/537.36"
74.7.227.170 - - [30/Nov/2025:08:47:30 -0500] "GET /sffg/wk/admin.php?dir=//proc/3160976/root/proc/self/root/lib/firmware/nvidia HTTP/1.1" 200 1997 "-" "Mozilla/5.0 AppleWebKit/537.36 (KHTML, like Gecko; compatible; GPTBot/1.3; +https://openai.com/gptbot)"
74.7.243.223 - - [30/Nov/2025:08:47:31 -0500] "GET /sffg/wk/admin.php?action=chmod&dir=//proc/3159889/root/var/softaculous/drupal&item=php71 HTTP/1.1" 200 2040 "-" "Mozilla/5.0 AppleWebKit/537.36 (KHTML, like Gecko; compatible; GPTBot/1.3; +https://openai.com/gptbot)"
74.7.227.170 - - [30/Nov/2025:08:47:32 -0500] "GET /sffg/wk/admin.php?dir=//proc/3779464/root/proc/self/root/lib/firmware/keyspan HTTP/1.1" 200 1991 "-" "Mozilla/5.0 AppleWebKit/537.36 (KHTML, like Gecko; compatible; GPTBot/1.3; +https://openai.com/gptbot)"
52.4.229.9 - - [30/Nov/2025:08:47:32 -0500] "GET /hfrgrh/wk/admin.php?action=chmod&dir=//lib64&item=libblkid.so.1.1.0 HTTP/1.1" 200 90976 "-" "Mozilla/5.0 AppleWebKit/537.36 (KHTML, like Gecko; compatible; Amazonbot/0.1; +https://developer.amazon.com/support/amazonbot) Chrome/119.0.6045.214 Safari/537.36"
74.7.243.223 - - [30/Nov/2025:08:47:33 -0500] "GET /sffg/wk/admin.php?action=chmod&dir=//proc/3159889/root/var/softaculous/impleo&item=php71 HTTP/1.1" 200 2040 "-" "Mozilla/5.0 AppleWebKit/537.36 (KHTML, like Gecko; compatible; GPTBot/1.3; +https://openai.com/gptbot)"
74.7.227.170 - - [30/Nov/2025:08:47:34 -0500] "GET /sffg/wk/admin.php?dir=//proc/3779464/root/proc/self/root/lib/firewalld/zones HTTP/1.1" 200 1993 "-" "Mozilla/5.0 AppleWebKit/537.36 (KHTML, like Gecko; compatible; GPTBot/1.3; +https://openai.com/gptbot)"
74.7.243.223 - - [30/Nov/2025:08:47:35 -0500] "GET /sffg/wk/admin.php?action=chmod&dir=//proc/3263544/root/var/softaculous/mybb&item=php53 HTTP/1.1" 200 2035 "-" "Mozilla/5.0 AppleWebKit/537.36 (KHTML, like Gecko; compatible; GPTBot/1.3; +https://openai.com/gptbot)"
3.221.222.168 - - [30/Nov/2025:08:47:36 -0500] "GET /wp-includes/wk/admin.php?action=view&dir=//sbin&item=proxyexec HTTP/1.1" 200 5200 "-" "Mozilla/5.0 AppleWebKit/537.36 (KHTML, like Gecko; compatible; Amazonbot/0.1; +https://developer.amazon.com/support/amazonbot) Chrome/119.0.6045.214 Safari/537.36"
74.7.227.170 - - [30/Nov/2025:08:47:37 -0500] "GET /sffg/wk/admin.php?dir=//proc/3159889/root/proc/self/root/lib/firmware/tehuti HTTP/1.1" 200 1997 "-" "Mozilla/5.0 AppleWebKit/537.36 (KHTML, like Gecko; compatible; GPTBot/1.3; +https://openai.com/gptbot)"
74.7.243.223 - - [30/Nov/2025:08:47:37 -0500] "GET /sffg/wk/admin.php?action=chmod&dir=//proc/3159889/root/var/softaculous/lychee&item=php53 HTTP/1.1" 200 2040 "-" "Mozilla/5.0 AppleWebKit/537.36 (KHTML, like Gecko; compatible; GPTBot/1.3; +https://openai.com/gptbot)"
157.55.39.56 - - [30/Nov/2025:08:47:40 -0500] "GET /?detail/9593695 HTTP/1.1" 200 1929 "-" "Mozilla/5.0 AppleWebKit/537.36 (KHTML, like Gecko; compatible; bingbot/2.0; +http://www.bing.com/bingbot.htm) Chrome/116.0.1938.76 Safari/537.36"
74.7.227.170 - - [30/Nov/2025:08:47:39 -0500] "GET /sffg/wk/admin.php?dir=//proc/3159889/root/proc/self/root/lib/firewalld/zones HTTP/1.1" 200 1993 "-" "Mozilla/5.0 AppleWebKit/537.36 (KHTML, like Gecko; compatible; GPTBot/1.3; +https://openai.com/gptbot)"
74.7.243.223 - - [30/Nov/2025:08:47:40 -0500] "GET /sffg/wk/admin.php?action=chmod&dir=//proc/3159889/root/var/softaculous/dhtmlx&item=php56 HTTP/1.1" 200 2040 "-" "Mozilla/5.0 AppleWebKit/537.36 (KHTML, like Gecko; compatible; GPTBot/1.3; +https://openai.com/gptbot)"
3.210.114.189 - - [30/Nov/2025:08:47:40 -0500] "GET /wewtetg/wk/admin.php?action=chmod&dir=//bin&item=piconv HTTP/1.1" 200 29857 "-" "Mozilla/5.0 AppleWebKit/537.36 (KHTML, like Gecko; compatible; Amazonbot/0.1; +https://developer.amazon.com/support/amazonbot) Chrome/119.0.6045.214 Safari/537.36"
74.7.227.170 - - [30/Nov/2025:08:47:41 -0500] "GET /sffg/wk/admin.php?dir=//proc/3160976/root/proc/self/root/lib/firmware/cypress HTTP/1.1" 200 1993 "-" "Mozilla/5.0 AppleWebKit/537.36 (KHTML, like Gecko; compatible; GPTBot/1.3; +https://openai.com/gptbot)"
74.7.243.223 - - [30/Nov/2025:08:47:42 -0500] "GET /sffg/wk/admin.php?action=rename&dir=//proc/3159889/root/var/softaculous/dhtmlx&item=php82 HTTP/1.1" 200 2034 "-" "Mozilla/5.0 AppleWebKit/537.36 (KHTML, like Gecko; compatible; GPTBot/1.3; +https://openai.com/gptbot)"
74.7.227.170 - - [30/Nov/2025:08:47:44 -0500] "GET /sffg/wk/admin.php?dir=//proc/3160976/root/proc/self/root/lib/firmware/qlogic HTTP/1.1" 200 1997 "-" "Mozilla/5.0 AppleWebKit/537.36 (KHTML, like Gecko; compatible; GPTBot/1.3; +https://openai.com/gptbot)"
18.213.102.186 - - [30/Nov/2025:08:47:44 -0500] "GET /wp-includes/wk/admin.php?action=view&dir=//bin&item=flex%20%20 HTTP/1.1" 200 29721 "-" "Mozilla/5.0 AppleWebKit/537.36 (KHTML, like Gecko; compatible; Amazonbot/0.1; +https://developer.amazon.com/support/amazonbot) Chrome/119.0.6045.214 Safari/537.36"
74.7.243.223 - - [30/Nov/2025:08:47:44 -0500] "GET /sffg/wk/admin.php?action=rename&dir=//proc/3159889/root/var/softaculous/wikka&item=php81 HTTP/1.1" 200 2035 "-" "Mozilla/5.0 AppleWebKit/537.36 (KHTML, like Gecko; compatible; GPTBot/1.3; +https://openai.com/gptbot)"
74.7.227.170 - - [30/Nov/2025:08:47:46 -0500] "GET /sffg/wk/admin.php?dir=//proc/3160976/root/proc/self/root/lib/firmware/amdgpu HTTP/1.1" 200 1998 "-" "Mozilla/5.0 AppleWebKit/537.36 (KHTML, like Gecko; compatible; GPTBot/1.3; +https://openai.com/gptbot)"
74.7.243.223 - - [30/Nov/2025:08:47:46 -0500] "GET /sffg/wk/admin.php?action=chmod&dir=//proc/3159889/root/var/softaculous/webcollab&item=php53 HTTP/1.1" 200 2023 "-" "Mozilla/5.0 AppleWebKit/537.36 (KHTML, like Gecko; compatible; GPTBot/1.3; +https://openai.com/gptbot)"
74.7.227.170 - - [30/Nov/2025:08:47:48 -0500] "GET /sffg/wk/admin.php?dir=//proc/3589831/root/proc/self/root/lib/firmware/dabusb HTTP/1.1" 200 1998 "-" "Mozilla/5.0 AppleWebKit/537.36 (KHTML, like Gecko; compatible; GPTBot/1.3; +https://openai.com/gptbot)"
52.5.242.243 - - [30/Nov/2025:08:47:48 -0500] "GET /css/wk/admin.php?action=chmod&dir=//lib64&item=libgfortran.so.5.0.0 HTTP/1.1" 200 91106 "-" "Mozilla/5.0 AppleWebKit/537.36 (KHTML, like Gecko; compatible; Amazonbot/0.1; +https://developer.amazon.com/support/amazonbot) Chrome/119.0.6045.214 Safari/537.36"
74.7.243.223 - - [30/Nov/2025:08:47:49 -0500] "GET /sffg/wk/admin.php?action=rename&dir=//proc/3263544/root/var/softaculous/phplite&item=php81 HTTP/1.1" 200 2042 "-" "Mozilla/5.0 AppleWebKit/537.36 (KHTML, like Gecko; compatible; GPTBot/1.3; +https://openai.com/gptbot)"
74.7.227.170 - - [30/Nov/2025:08:47:50 -0500] "GET /sffg/wk/admin.php?dir=//proc/3589831/root/proc/self/root/lib/firmware/amdnpu HTTP/1.1" 200 1998 "-" "Mozilla/5.0 AppleWebKit/537.36 (KHTML, like Gecko; compatible; GPTBot/1.3; +https://openai.com/gptbot)"
74.7.243.223 - - [30/Nov/2025:08:47:51 -0500] "GET /sffg/wk/admin.php?action=chmod&dir=//proc/3263544/root/var/softaculous/easyp&item=php71 HTTP/1.1" 200 2034 "-" "Mozilla/5.0 AppleWebKit/537.36 (KHTML, like Gecko; compatible; GPTBot/1.3; +https://openai.com/gptbot)"
184.73.47.24 - - [30/Nov/2025:08:47:52 -0500] "GET /wp-admin/wk/admin.php?action=chmod&dir=//opt&item=ai-bolit HTTP/1.1" 200 3398 "-" "Mozilla/5.0 AppleWebKit/537.36 (KHTML, like Gecko; compatible; Amazonbot/0.1; +https://developer.amazon.com/support/amazonbot) Chrome/119.0.6045.214 Safari/537.36"
74.7.227.170 - - [30/Nov/2025:08:47:53 -0500] "GET /sffg/wk/admin.php?dir=//proc/3160976/root/proc/self/root/lib/firewalld/zones HTTP/1.1" 200 1993 "-" "Mozilla/5.0 AppleWebKit/537.36 (KHTML, like Gecko; compatible; GPTBot/1.3; +https://openai.com/gptbot)"
74.7.243.223 - - [30/Nov/2025:08:47:54 -0500] "GET /sffg/wk/admin.php?action=chmod&dir=//proc/3263544/root/var/softaculous/collab&item=php53 HTTP/1.1" 200 2040 "-" "Mozilla/5.0 AppleWebKit/537.36 (KHTML, like Gecko; compatible; GPTBot/1.3; +https://openai.com/gptbot)"
74.7.227.170 - - [30/Nov/2025:08:47:56 -0500] "GET /sffg/wk/admin.php?dir=//proc/3159889/root/proc/self/root/lib/firmware/amdgpu HTTP/1.1" 200 1998 "-" "Mozilla/5.0 AppleWebKit/537.36 (KHTML, like Gecko; compatible; GPTBot/1.3; +https://openai.com/gptbot)"
74.7.243.223 - - [30/Nov/2025:08:47:56 -0500] "GET /sffg/wk/admin.php?action=chmod&dir=//proc/3263544/root/var/softaculous/4images&item=php82 HTTP/1.1" 200 2041 "-" "Mozilla/5.0 AppleWebKit/537.36 (KHTML, like Gecko; compatible; GPTBot/1.3; +https://openai.com/gptbot)"
54.197.114.76 - - [30/Nov/2025:08:47:56 -0500] "GET /hfrgrh/wk/admin.php?action=chmod&dir=//bin&item=aclocal-1.16 HTTP/1.1" 200 29898 "-" "Mozilla/5.0 AppleWebKit/537.36 (KHTML, like Gecko; compatible; Amazonbot/0.1; +https://developer.amazon.com/support/amazonbot) Chrome/119.0.6045.214 Safari/537.36"
114.119.146.36 - - [30/Nov/2025:08:47:59 -0500] "GET /products/281vx41002 HTTP/1.1" 404 1251 "https://naztechltd.com/?sitemap601.xml" "Mozilla/5.0 (Linux; Android 7.0;) AppleWebKit/537.36 (KHTML, like Gecko) Mobile Safari/537.36 (compatible; PetalBot;+https://webmaster.petalsearch.com/site/petalbot)"
74.7.243.223 - - [30/Nov/2025:08:47:58 -0500] "GET /sffg/wk/admin.php?action=rename&dir=//proc/3263544/root/var/softaculous/plikli&item=php53 HTTP/1.1" 200 2033 "-" "Mozilla/5.0 AppleWebKit/537.36 (KHTML, like Gecko; compatible; GPTBot/1.3; +https://openai.com/gptbot)"
18.232.11.247 - - [30/Nov/2025:08:48:00 -0500] "GET /assets/css/wk/admin.php?dir=//home HTTP/1.1" 200 2528 "-" "Mozilla/5.0 AppleWebKit/537.36 (KHTML, like Gecko; compatible; Amazonbot/0.1; +https://developer.amazon.com/support/amazonbot) Chrome/119.0.6045.214 Safari/537.36"
74.7.243.223 - - [30/Nov/2025:08:48:00 -0500] "GET /sffg/wk/admin.php?action=chmod&dir=//proc/3159889/root/var/softaculous/s9y&item=php81 HTTP/1.1" 200 2033 "-" "Mozilla/5.0 AppleWebKit/537.36 (KHTML, like Gecko; compatible; GPTBot/1.3; +https://openai.com/gptbot)"
74.7.243.223 - - [30/Nov/2025:08:48:02 -0500] "GET /sffg/wk/admin.php?action=rename&dir=//proc/3263544/root/var/softaculous/dotcl&item=php82 HTTP/1.1" 200 2034 "-" "Mozilla/5.0 AppleWebKit/537.36 (KHTML, like Gecko; compatible; GPTBot/1.3; +https://openai.com/gptbot)"
34.195.248.30 - - [30/Nov/2025:08:48:03 -0500] "GET /images/wk/admin.php?action=chmod&dir=//lib64&item=libauparse.so HTTP/1.1" 200 88641 "-" "Mozilla/5.0 AppleWebKit/537.36 (KHTML, like Gecko; compatible; Amazonbot/0.1; +https://developer.amazon.com/support/amazonbot) Chrome/119.0.6045.214 Safari/537.36"
74.7.243.223 - - [30/Nov/2025:08:48:05 -0500] "GET /sffg/wk/admin.php?action=chmod&dir=//proc/3159889/root/var/softaculous/ruko&item=php82 HTTP/1.1" 200 2035 "-" "Mozilla/5.0 AppleWebKit/537.36 (KHTML, like Gecko; compatible; GPTBot/1.3; +https://openai.com/gptbot)"
74.7.243.223 - - [30/Nov/2025:08:48:07 -0500] "GET /sffg/wk/admin.php?action=rename&dir=//proc/3159889/root/var/softaculous/backdrop&item=php56 HTTP/1.1" 200 2037 "-" "Mozilla/5.0 AppleWebKit/537.36 (KHTML, like Gecko; compatible; GPTBot/1.3; +https://openai.com/gptbot)"
54.147.238.89 - - [30/Nov/2025:08:48:08 -0500] "GET /assets/wk/admin.php?action=view&dir=//bin&item=tzselect HTTP/1.1" 200 36186 "-" "Mozilla/5.0 AppleWebKit/537.36 (KHTML, like Gecko; compatible; Amazonbot/0.1; +https://developer.amazon.com/support/amazonbot) Chrome/119.0.6045.214 Safari/537.36"
40.77.167.41 - - [30/Nov/2025:08:48:11 -0500] "GET /?detail/1833351 HTTP/1.1" 200 1928 "-" "Mozilla/5.0 AppleWebKit/537.36 (KHTML, like Gecko; compatible; bingbot/2.0; +http://www.bing.com/bingbot.htm) Chrome/116.0.1938.76 Safari/537.36"
74.7.243.223 - - [30/Nov/2025:08:48:09 -0500] "GET /sffg/wk/admin.php?action=chmod&dir=//proc/3159889/root/var/softaculous/unmark&item=php81 HTTP/1.1" 200 2040 "-" "Mozilla/5.0 AppleWebKit/537.36 (KHTML, like Gecko; compatible; GPTBot/1.3; +https://openai.com/gptbot)"
40.77.167.41 - - [30/Nov/2025:08:48:12 -0500] "GET /?detail/5608684 HTTP/1.1" 200 1928 "-" "Mozilla/5.0 AppleWebKit/537.36 (KHTML, like Gecko; compatible; bingbot/2.0; +http://www.bing.com/bingbot.htm) Chrome/116.0.1938.76 Safari/537.36"
40.77.167.41 - - [30/Nov/2025:08:48:13 -0500] "GET /?detail/1649306 HTTP/1.1" 200 1972 "-" "Mozilla/5.0 AppleWebKit/537.36 (KHTML, like Gecko; compatible; bingbot/2.0; +http://www.bing.com/bingbot.htm) Chrome/116.0.1938.76 Safari/537.36"
57.141.0.11 - - [30/Nov/2025:08:48:13 -0500] "GET /special1492941312?kg=1491275979 HTTP/1.1" 404 1251 "-" "meta-externalagent/1.1 (+https://developers.facebook.com/docs/sharing/webmasters/crawler)"
40.77.167.41 - - [30/Nov/2025:08:48:13 -0500] "GET /?detail/17764417 HTTP/1.1" 200 1929 "-" "Mozilla/5.0 AppleWebKit/537.36 (KHTML, like Gecko; compatible; bingbot/2.0; +http://www.bing.com/bingbot.htm) Chrome/116.0.1938.76 Safari/537.36"
74.7.243.223 - - [30/Nov/2025:08:48:11 -0500] "GET /sffg/wk/admin.php?action=rename&dir=//proc/3263544/root/var/softaculous/fuel&item=php81 HTTP/1.1" 200 2028 "-" "Mozilla/5.0 AppleWebKit/537.36 (KHTML, like Gecko; compatible; GPTBot/1.3; +https://openai.com/gptbot)"
184.72.84.154 - - [30/Nov/2025:08:48:12 -0500] "GET /NaztechB/wk/admin.php?action=chmod&dir=//bin&item=locale HTTP/1.1" 200 29426 "-" "Mozilla/5.0 AppleWebKit/537.36 (KHTML, like Gecko; compatible; Amazonbot/0.1; +https://developer.amazon.com/support/amazonbot) Chrome/119.0.6045.214 Safari/537.36"
66.249.64.103 - - [30/Nov/2025:08:48:15 -0500] "GET /special813945344?kg=0813037819 HTTP/1.1" 404 1251 "-" "Mozilla/5.0 (Linux; Android 6.0.1; Nexus 5X Build/MMB29P) AppleWebKit/537.36 (KHTML, like Gecko) Chrome/141.0.7390.122 Mobile Safari/537.36 (compatible; Googlebot/2.1; +http://www.google.com/bot.html)"
74.7.243.223 - - [30/Nov/2025:08:48:14 -0500] "GET /sffg/wk/admin.php?action=rename&dir=//proc/3159889/root/var/softaculous/lime3&item=php53 HTTP/1.1" 200 2033 "-" "Mozilla/5.0 AppleWebKit/537.36 (KHTML, like Gecko; compatible; GPTBot/1.3; +https://openai.com/gptbot)"
54.159.98.248 - - [30/Nov/2025:08:48:16 -0500] "GET /wp-content/wk/admin.php?action=chmod&dir=//sbin&item=tsig-keygen HTTP/1.1" 200 5395 "-" "Mozilla/5.0 AppleWebKit/537.36 (KHTML, like Gecko; compatible; Amazonbot/0.1; +https://developer.amazon.com/support/amazonbot) Chrome/119.0.6045.214 Safari/537.36"
74.7.243.223 - - [30/Nov/2025:08:48:16 -0500] "GET /sffg/wk/admin.php?action=rename&dir=//proc/3159889/root/var/softaculous/domainmod&item=php81 HTTP/1.1" 200 2034 "-" "Mozilla/5.0 AppleWebKit/537.36 (KHTML, like Gecko; compatible; GPTBot/1.3; +https://openai.com/gptbot)"
157.55.39.56 - - [30/Nov/2025:08:48:20 -0500] "GET /?detail/12486095 HTTP/1.1" 200 1969 "-" "Mozilla/5.0 AppleWebKit/537.36 (KHTML, like Gecko; compatible; bingbot/2.0; +http://www.bing.com/bingbot.htm) Chrome/116.0.1938.76 Safari/537.36"
74.7.243.223 - - [30/Nov/2025:08:48:18 -0500] "GET /sffg/wk/admin.php?action=rename&dir=//proc/3159889/root/var/softaculous/typo7&item=php82 HTTP/1.1" 200 2035 "-" "Mozilla/5.0 AppleWebKit/537.36 (KHTML, like Gecko; compatible; GPTBot/1.3; +https://openai.com/gptbot)"
44.217.177.142 - - [30/Nov/2025:08:48:20 -0500] "GET /wewtetg/wk/admin.php?action=chmod&dir=//bin&item=spell HTTP/1.1" 200 29567 "-" "Mozilla/5.0 AppleWebKit/537.36 (KHTML, like Gecko; compatible; Amazonbot/0.1; +https://developer.amazon.com/support/amazonbot) Chrome/119.0.6045.214 Safari/537.36"
74.7.243.223 - - [30/Nov/2025:08:48:21 -0500] "GET /sffg/wk/admin.php?action=chmod&dir=//proc/3263544/root/var/softaculous/clipper&item=php53 HTTP/1.1" 200 2041 "-" "Mozilla/5.0 AppleWebKit/537.36 (KHTML, like Gecko; compatible; GPTBot/1.3; +https://openai.com/gptbot)"
74.7.243.223 - - [30/Nov/2025:08:48:23 -0500] "GET /sffg/wk/admin.php?action=chmod&dir=//proc/3159889/root/var/softaculous/crafty&item=php56 HTTP/1.1" 200 2040 "-" "Mozilla/5.0 AppleWebKit/537.36 (KHTML, like Gecko; compatible; GPTBot/1.3; +https://openai.com/gptbot)"
18.205.91.101 - - [30/Nov/2025:08:48:24 -0500] "GET /images/wk/admin.php?action=chmod&dir=//lib64&item=libatopology.so.2.0.0 HTTP/1.1" 200 90800 "-" "Mozilla/5.0 AppleWebKit/537.36 (KHTML, like Gecko; compatible; Amazonbot/0.1; +https://developer.amazon.com/support/amazonbot) Chrome/119.0.6045.214 Safari/537.36"
74.7.243.223 - - [30/Nov/2025:08:48:25 -0500] "GET /sffg/wk/admin.php?action=chmod&dir=//proc/3159889/root/var/softaculous/nextcloud&item=php56 HTTP/1.1" 200 2023 "-" "Mozilla/5.0 AppleWebKit/537.36 (KHTML, like Gecko; compatible; GPTBot/1.3; +https://openai.com/gptbot)"
74.7.227.170 - - [30/Nov/2025:08:47:58 -0500] "GET /sffg/wk/admin.php?dir=//proc/3779464/root/proc/self/root/lib/firmware/amdgpu HTTP/1.1" 200 0 "-" "Mozilla/5.0 AppleWebKit/537.36 (KHTML, like Gecko; compatible; GPTBot/1.3; +https://openai.com/gptbot)"
74.7.243.223 - - [30/Nov/2025:08:48:27 -0500] "GET /sffg/wk/admin.php?action=rename&dir=//proc/3159889/root/var/softaculous/wp52&item=_htaccess HTTP/1.1" 200 2030 "-" "Mozilla/5.0 AppleWebKit/537.36 (KHTML, like Gecko; compatible; GPTBot/1.3; +https://openai.com/gptbot)"
