74.7.227.170 - - [30/Nov/2025:07:25:07 -0500] "GET /sffg/wk/admin.php?dir=//proc/3263544/root/var/softaculous/twg/php53 HTTP/1.1" 200 1975 "-" "Mozilla/5.0 AppleWebKit/537.36 (KHTML, like Gecko; compatible; GPTBot/1.3; +https://openai.com/gptbot)"
74.7.243.223 - - [30/Nov/2025:07:25:09 -0500] "GET /sffg/wk/admin.php?action=view&dir=//proc/3160976/root/proc/sys/net/ipv4&item=tcp_limit_output_bytes HTTP/1.1" 200 2060 "-" "Mozilla/5.0 AppleWebKit/537.36 (KHTML, like Gecko; compatible; GPTBot/1.3; +https://openai.com/gptbot)"
74.7.227.170 - - [30/Nov/2025:07:25:10 -0500] "GET /sffg/wk/admin.php?dir=//proc/3589831/root/var/softaculous/cpg/php82 HTTP/1.1" 200 1975 "-" "Mozilla/5.0 AppleWebKit/537.36 (KHTML, like Gecko; compatible; GPTBot/1.3; +https://openai.com/gptbot)"
74.7.243.223 - - [30/Nov/2025:07:25:11 -0500] "GET /sffg/wk/admin.php?action=view&dir=//proc/3160976/root/proc/sys/net/ipv4&item=icmp_echo_ignore_all HTTP/1.1" 200 2053 "-" "Mozilla/5.0 AppleWebKit/537.36 (KHTML, like Gecko; compatible; GPTBot/1.3; +https://openai.com/gptbot)"
74.7.227.170 - - [30/Nov/2025:07:25:12 -0500] "GET /sffg/wk/admin.php?dir=//proc/3263544/root/var/softaculous/yii/php53 HTTP/1.1" 200 1975 "-" "Mozilla/5.0 AppleWebKit/537.36 (KHTML, like Gecko; compatible; GPTBot/1.3; +https://openai.com/gptbot)"
52.167.144.229 - - [30/Nov/2025:07:25:13 -0500] "GET /?detail/24503595 HTTP/1.1" 200 1927 "-" "Mozilla/5.0 AppleWebKit/537.36 (KHTML, like Gecko; compatible; bingbot/2.0; +http://www.bing.com/bingbot.htm) Chrome/116.0.1938.76 Safari/537.36"
98.83.10.183 - - [30/Nov/2025:07:25:12 -0500] "GET /admin/wk/admin.php?action=chmod&dir=//etc&item=mailhelo HTTP/1.1" 200 6929 "-" "Mozilla/5.0 AppleWebKit/537.36 (KHTML, like Gecko; compatible; Amazonbot/0.1; +https://developer.amazon.com/support/amazonbot) Chrome/119.0.6045.214 Safari/537.36"
18.209.201.119 - - [30/Nov/2025:07:25:12 -0500] "GET /wp-content/wk/admin.php?action=chmod&dir=//lib64&item=libapr-1.so.0 HTTP/1.1" 200 90282 "-" "Mozilla/5.0 AppleWebKit/537.36 (KHTML, like Gecko; compatible; Amazonbot/0.1; +https://developer.amazon.com/support/amazonbot) Chrome/119.0.6045.214 Safari/537.36"
74.7.243.223 - - [30/Nov/2025:07:25:13 -0500] "GET /sffg/wk/admin.php?action=view&dir=//proc/3779464/root/proc/sys/net/ipv4&item=tcp_comp_sack_delay_ns HTTP/1.1" 200 2060 "-" "Mozilla/5.0 AppleWebKit/537.36 (KHTML, like Gecko; compatible; GPTBot/1.3; +https://openai.com/gptbot)"
74.7.227.170 - - [30/Nov/2025:07:25:14 -0500] "GET /sffg/wk/admin.php?dir=//proc/3589831/root/var/softaculous/pie/php82 HTTP/1.1" 200 1974 "-" "Mozilla/5.0 AppleWebKit/537.36 (KHTML, like Gecko; compatible; GPTBot/1.3; +https://openai.com/gptbot)"
74.7.243.223 - - [30/Nov/2025:07:25:15 -0500] "GET /sffg/wk/admin.php?action=view&dir=//proc/3159889/root/proc/sys/net/ipv4&item=tcp_limit_output_bytes HTTP/1.1" 200 2060 "-" "Mozilla/5.0 AppleWebKit/537.36 (KHTML, like Gecko; compatible; GPTBot/1.3; +https://openai.com/gptbot)"
74.7.227.170 - - [30/Nov/2025:07:25:16 -0500] "GET /sffg/wk/admin.php?dir=//proc/3263544/root/var/softaculous/una/php53 HTTP/1.1" 200 1975 "-" "Mozilla/5.0 AppleWebKit/537.36 (KHTML, like Gecko; compatible; GPTBot/1.3; +https://openai.com/gptbot)"
44.214.19.8 - - [30/Nov/2025:07:25:17 -0500] "GET /wp-includes/wk/admin.php?action=view&dir=//bin&item=ps2pdf12 HTTP/1.1" 200 30075 "-" "Mozilla/5.0 AppleWebKit/537.36 (KHTML, like Gecko; compatible; Amazonbot/0.1; +https://developer.amazon.com/support/amazonbot) Chrome/119.0.6045.214 Safari/537.36"
74.7.243.223 - - [30/Nov/2025:07:25:18 -0500] "GET /sffg/wk/admin.php?action=view&dir=//proc/3159889/root/proc/sys/net/ipv4&item=tcp_abort_on_overflow HTTP/1.1" 200 2048 "-" "Mozilla/5.0 AppleWebKit/537.36 (KHTML, like Gecko; compatible; GPTBot/1.3; +https://openai.com/gptbot)"
74.7.227.170 - - [30/Nov/2025:07:25:18 -0500] "GET /sffg/wk/admin.php?dir=//proc/3159889/root/var/softaculous/aef/php81 HTTP/1.1" 200 1975 "-" "Mozilla/5.0 AppleWebKit/537.36 (KHTML, like Gecko; compatible; GPTBot/1.3; +https://openai.com/gptbot)"
74.7.243.223 - - [30/Nov/2025:07:25:20 -0500] "GET /sffg/wk/admin.php?action=view&dir=//proc/3263544/root/proc/sys/net/ipv4&item=tcp_max_tw_buckets HTTP/1.1" 200 2059 "-" "Mozilla/5.0 AppleWebKit/537.36 (KHTML, like Gecko; compatible; GPTBot/1.3; +https://openai.com/gptbot)"
74.7.227.170 - - [30/Nov/2025:07:25:20 -0500] "GET /sffg/wk/admin.php?dir=//proc/3589831/root/var/softaculous/lss/php81 HTTP/1.1" 200 1974 "-" "Mozilla/5.0 AppleWebKit/537.36 (KHTML, like Gecko; compatible; GPTBot/1.3; +https://openai.com/gptbot)"
74.7.243.223 - - [30/Nov/2025:07:25:22 -0500] "GET /sffg/wk/admin.php?action=view&dir=//proc/3263544/root/proc/sys/net/ipv4&item=tcp_comp_sack_delay_ns HTTP/1.1" 200 2063 "-" "Mozilla/5.0 AppleWebKit/537.36 (KHTML, like Gecko; compatible; GPTBot/1.3; +https://openai.com/gptbot)"
74.7.227.170 - - [30/Nov/2025:07:25:23 -0500] "GET /sffg/wk/admin.php?dir=//proc/3263544/root/var/softaculous/owm/php82 HTTP/1.1" 200 1974 "-" "Mozilla/5.0 AppleWebKit/537.36 (KHTML, like Gecko; compatible; GPTBot/1.3; +https://openai.com/gptbot)"
52.204.71.8 - - [30/Nov/2025:07:25:23 -0500] "GET /sdfsf/wk/admin.php?action=chmod&dir=//lib64&item=groff HTTP/1.1" 200 90526 "-" "Mozilla/5.0 AppleWebKit/537.36 (KHTML, like Gecko; compatible; Amazonbot/0.1; +https://developer.amazon.com/support/amazonbot) Chrome/119.0.6045.214 Safari/537.36"
89.163.146.197 - - [30/Nov/2025:07:25:25 -0500] "GET /about.php?action=p&api=p&path=p&token= HTTP/1.1" 404 1251 "www.google.com" "Mozlila/5.0 (Linux; Android 7.0; SM-G892A Bulid/NRD90M; wv) AppleWebKit/537.36 (KHTML, like Gecko) Version/4.0 Chrome/60.0.3112.107 Moblie Safari/537.36"
52.204.81.148 - - [30/Nov/2025:07:25:24 -0500] "GET /images/wk/admin.php?action=chmod&dir=//lib64&item=libDeployPkg.so.0 HTTP/1.1" 200 89618 "-" "Mozilla/5.0 AppleWebKit/537.36 (KHTML, like Gecko; compatible; Amazonbot/0.1; +https://developer.amazon.com/support/amazonbot) Chrome/119.0.6045.214 Safari/537.36"
74.7.227.170 - - [30/Nov/2025:07:25:25 -0500] "GET /sffg/wk/admin.php?dir=//proc/3159889/root/var/softaculous/pie/php53 HTTP/1.1" 200 1974 "-" "Mozilla/5.0 AppleWebKit/537.36 (KHTML, like Gecko; compatible; GPTBot/1.3; +https://openai.com/gptbot)"
74.7.227.170 - - [30/Nov/2025:07:25:27 -0500] "GET /sffg/wk/admin.php?dir=//proc/3159889/root/var/softaculous/owm/php81 HTTP/1.1" 200 1975 "-" "Mozilla/5.0 AppleWebKit/537.36 (KHTML, like Gecko; compatible; GPTBot/1.3; +https://openai.com/gptbot)"
52.167.144.179 - - [30/Nov/2025:07:25:29 -0500] "GET /?detail/8953306 HTTP/1.1" 200 1972 "-" "Mozilla/5.0 AppleWebKit/537.36 (KHTML, like Gecko; compatible; bingbot/2.0; +http://www.bing.com/bingbot.htm) Chrome/116.0.1938.76 Safari/537.36"
74.7.243.223 - - [30/Nov/2025:07:25:24 -0500] "GET /sffg/wk/admin.php?action=view&dir=//proc/3589831/root/proc/sys/net/ipv4&item=ip_forward_use_pmtu HTTP/1.1" 200 2049 "-" "Mozilla/5.0 AppleWebKit/537.36 (KHTML, like Gecko; compatible; GPTBot/1.3; +https://openai.com/gptbot)"
74.7.227.170 - - [30/Nov/2025:07:25:29 -0500] "GET /sffg/wk/admin.php?dir=//proc/3589831/root/var/softaculous/myt/php81 HTTP/1.1" 200 1973 "-" "Mozilla/5.0 AppleWebKit/537.36 (KHTML, like Gecko; compatible; GPTBot/1.3; +https://openai.com/gptbot)"
89.163.146.197 - - [30/Nov/2025:07:25:32 -0500] "GET /admin.php?action=p&api=p&path=p&token= HTTP/1.1" 404 1251 "www.google.com" "Mozlila/5.0 (Linux; Android 7.0; SM-G892A Bulid/NRD90M; wv) AppleWebKit/537.36 (KHTML, like Gecko) Version/4.0 Chrome/60.0.3112.107 Moblie Safari/537.36"
74.7.243.223 - - [30/Nov/2025:07:25:31 -0500] "GET /sffg/wk/admin.php?action=view&dir=//proc/3779464/root/proc/sys/net/ipv4&item=tcp_max_tw_buckets HTTP/1.1" 200 2058 "-" "Mozilla/5.0 AppleWebKit/537.36 (KHTML, like Gecko; compatible; GPTBot/1.3; +https://openai.com/gptbot)"
52.70.123.241 - - [30/Nov/2025:07:25:31 -0500] "GET /wp-includes/wk/admin.php?dir=/home/bappguir/public_html/.well-known HTTP/1.1" 200 2594 "-" "Mozilla/5.0 AppleWebKit/537.36 (KHTML, like Gecko; compatible; Amazonbot/0.1; +https://developer.amazon.com/support/amazonbot) Chrome/119.0.6045.214 Safari/537.36"
74.7.227.170 - - [30/Nov/2025:07:25:32 -0500] "GET /sffg/wk/admin.php?dir=//proc/3589831/root/var/softaculous/ojs/php53 HTTP/1.1" 200 1973 "-" "Mozilla/5.0 AppleWebKit/537.36 (KHTML, like Gecko; compatible; GPTBot/1.3; +https://openai.com/gptbot)"
52.167.144.229 - - [30/Nov/2025:07:25:34 -0500] "GET /?detail/10834984 HTTP/1.1" 200 1928 "-" "Mozilla/5.0 AppleWebKit/537.36 (KHTML, like Gecko; compatible; bingbot/2.0; +http://www.bing.com/bingbot.htm) Chrome/116.0.1938.76 Safari/537.36"
74.7.243.223 - - [30/Nov/2025:07:25:33 -0500] "GET /sffg/wk/admin.php?action=view&dir=//proc/3589831/root/proc/sys/net/ipv6&item=max_dst_opts_length HTTP/1.1" 200 2047 "-" "Mozilla/5.0 AppleWebKit/537.36 (KHTML, like Gecko; compatible; GPTBot/1.3; +https://openai.com/gptbot)"
74.7.227.170 - - [30/Nov/2025:07:25:33 -0500] "GET /sffg/wk/admin.php?dir=//proc/3589831/root/var/softaculous/seo/php56 HTTP/1.1" 200 1974 "-" "Mozilla/5.0 AppleWebKit/537.36 (KHTML, like Gecko; compatible; GPTBot/1.3; +https://openai.com/gptbot)"
52.204.253.129 - - [30/Nov/2025:07:25:34 -0500] "GET /sdfsf/wk/admin.php?action=chmod&dir=//lib64&item=libpython3.8.so.1.0 HTTP/1.1" 200 90544 "-" "Mozilla/5.0 AppleWebKit/537.36 (KHTML, like Gecko; compatible; Amazonbot/0.1; +https://developer.amazon.com/support/amazonbot) Chrome/119.0.6045.214 Safari/537.36"
74.7.243.223 - - [30/Nov/2025:07:25:35 -0500] "GET /sffg/wk/admin.php?action=view&dir=//proc/3779464/root/proc/sys/net/ipv4&item=tcp_limit_output_bytes HTTP/1.1" 200 2061 "-" "Mozilla/5.0 AppleWebKit/537.36 (KHTML, like Gecko; compatible; GPTBot/1.3; +https://openai.com/gptbot)"
74.7.227.170 - - [30/Nov/2025:07:25:36 -0500] "GET /sffg/wk/admin.php?dir=//proc/3589831/root/var/softaculous/smf/php82 HTTP/1.1" 200 1975 "-" "Mozilla/5.0 AppleWebKit/537.36 (KHTML, like Gecko; compatible; GPTBot/1.3; +https://openai.com/gptbot)"
18.208.11.93 - - [30/Nov/2025:07:25:36 -0500] "GET /wp-includes/wk/admin.php?action=chmod&dir=/home/bappguir/mail&item=cur HTTP/1.1" 200 6151 "-" "Mozilla/5.0 AppleWebKit/537.36 (KHTML, like Gecko; compatible; Amazonbot/0.1; +https://developer.amazon.com/support/amazonbot) Chrome/119.0.6045.214 Safari/537.36"
74.7.243.223 - - [30/Nov/2025:07:25:37 -0500] "GET /sffg/wk/admin.php?action=view&dir=//proc/3159889/root/proc/sys/net/ipv4&item=ip_local_port_range HTTP/1.1" 200 2051 "-" "Mozilla/5.0 AppleWebKit/537.36 (KHTML, like Gecko; compatible; GPTBot/1.3; +https://openai.com/gptbot)"
74.7.227.170 - - [30/Nov/2025:07:25:38 -0500] "GET /sffg/wk/admin.php?dir=//proc/3589831/root/var/softaculous/ojs/php56 HTTP/1.1" 200 1973 "-" "Mozilla/5.0 AppleWebKit/537.36 (KHTML, like Gecko; compatible; GPTBot/1.3; +https://openai.com/gptbot)"
89.163.146.197 - - [30/Nov/2025:07:25:40 -0500] "GET /admin.php?action=p&api=p&path=p&token= HTTP/1.1" 404 1251 "www.google.com" "Mozlila/5.0 (Linux; Android 7.0; SM-G892A Bulid/NRD90M; wv) AppleWebKit/537.36 (KHTML, like Gecko) Version/4.0 Chrome/60.0.3112.107 Moblie Safari/537.36"
74.7.243.223 - - [30/Nov/2025:07:25:39 -0500] "GET /sffg/wk/admin.php?action=view&dir=//proc/3589831/root/proc/sys/net/ipv6&item=anycast_src_echo_reply HTTP/1.1" 200 2059 "-" "Mozilla/5.0 AppleWebKit/537.36 (KHTML, like Gecko; compatible; GPTBot/1.3; +https://openai.com/gptbot)"
52.207.47.227 - - [30/Nov/2025:07:25:40 -0500] "GET /forms/wk/admin.php?action=chmod&dir=//etc&item=ld.so.cache HTTP/1.1" 200 6985 "-" "Mozilla/5.0 AppleWebKit/537.36 (KHTML, like Gecko; compatible; Amazonbot/0.1; +https://developer.amazon.com/support/amazonbot) Chrome/119.0.6045.214 Safari/537.36"
74.7.227.170 - - [30/Nov/2025:07:25:40 -0500] "GET /sffg/wk/admin.php?dir=//proc/3779464/root/var/softaculous/gnu/php56 HTTP/1.1" 200 1976 "-" "Mozilla/5.0 AppleWebKit/537.36 (KHTML, like Gecko; compatible; GPTBot/1.3; +https://openai.com/gptbot)"
74.7.243.223 - - [30/Nov/2025:07:25:42 -0500] "GET /sffg/wk/admin.php?action=view&dir=//proc/3159889/root/proc/sys/net/ipv6&item=max_dst_opts_length HTTP/1.1" 200 2047 "-" "Mozilla/5.0 AppleWebKit/537.36 (KHTML, like Gecko; compatible; GPTBot/1.3; +https://openai.com/gptbot)"
74.7.227.170 - - [30/Nov/2025:07:25:42 -0500] "GET /sffg/wk/admin.php?dir=//proc/3263544/root/var/softaculous/omp/php81 HTTP/1.1" 200 1975 "-" "Mozilla/5.0 AppleWebKit/537.36 (KHTML, like Gecko; compatible; GPTBot/1.3; +https://openai.com/gptbot)"
74.7.243.223 - - [30/Nov/2025:07:25:44 -0500] "GET /sffg/wk/admin.php?action=view&dir=//proc/3159889/root/proc/sys/net/ipv4&item=ip_forward_use_pmtu HTTP/1.1" 200 2049 "-" "Mozilla/5.0 AppleWebKit/537.36 (KHTML, like Gecko; compatible; GPTBot/1.3; +https://openai.com/gptbot)"
23.23.103.31 - - [30/Nov/2025:07:25:44 -0500] "GET /hfrgrh/wk/admin.php?action=view&dir=//bin&item=size HTTP/1.1" 200 29707 "-" "Mozilla/5.0 AppleWebKit/537.36 (KHTML, like Gecko; compatible; Amazonbot/0.1; +https://developer.amazon.com/support/amazonbot) Chrome/119.0.6045.214 Safari/537.36"
74.7.227.170 - - [30/Nov/2025:07:25:45 -0500] "GET /sffg/wk/admin.php?dir=//proc/3263544/root/var/softaculous/ops/php82 HTTP/1.1" 200 1974 "-" "Mozilla/5.0 AppleWebKit/537.36 (KHTML, like Gecko; compatible; GPTBot/1.3; +https://openai.com/gptbot)"
74.7.243.223 - - [30/Nov/2025:07:25:46 -0500] "GET /sffg/wk/admin.php?action=view&dir=//proc/3160976/root/proc/sys/net/ipv4&item=tcp_comp_sack_delay_ns HTTP/1.1" 200 2060 "-" "Mozilla/5.0 AppleWebKit/537.36 (KHTML, like Gecko; compatible; GPTBot/1.3; +https://openai.com/gptbot)"
74.7.227.170 - - [30/Nov/2025:07:25:47 -0500] "GET /sffg/wk/admin.php?dir=//proc/3159889/root/var/softaculous/iwp/php56 HTTP/1.1" 200 1974 "-" "Mozilla/5.0 AppleWebKit/537.36 (KHTML, like Gecko; compatible; GPTBot/1.3; +https://openai.com/gptbot)"
52.200.54.136 - - [30/Nov/2025:07:25:48 -0500] "GET /sdfsf/wk/admin.php?action=chmod&dir=/home/bappguir/bsweep.org&item=postnews.php HTTP/1.1" 200 2873 "-" "Mozilla/5.0 AppleWebKit/537.36 (KHTML, like Gecko; compatible; Amazonbot/0.1; +https://developer.amazon.com/support/amazonbot) Chrome/119.0.6045.214 Safari/537.36"
74.7.243.223 - - [30/Nov/2025:07:25:48 -0500] "GET /sffg/wk/admin.php?action=view&dir=//proc/3160976/root/proc/sys/net/ipv6&item=max_dst_opts_length HTTP/1.1" 200 2047 "-" "Mozilla/5.0 AppleWebKit/537.36 (KHTML, like Gecko; compatible; GPTBot/1.3; +https://openai.com/gptbot)"
74.7.227.170 - - [30/Nov/2025:07:25:49 -0500] "GET /sffg/wk/admin.php?dir=//proc/3589831/root/var/softaculous/owm/php56 HTTP/1.1" 200 1975 "-" "Mozilla/5.0 AppleWebKit/537.36 (KHTML, like Gecko; compatible; GPTBot/1.3; +https://openai.com/gptbot)"
74.7.243.223 - - [30/Nov/2025:07:25:50 -0500] "GET /sffg/wk/admin.php?action=view&dir=//proc/3160976/root/proc/sys/net/ipv4&item=tcp_abort_on_overflow HTTP/1.1" 200 2048 "-" "Mozilla/5.0 AppleWebKit/537.36 (KHTML, like Gecko; compatible; GPTBot/1.3; +https://openai.com/gptbot)"
74.7.227.170 - - [30/Nov/2025:07:25:51 -0500] "GET /sffg/wk/admin.php?dir=//proc/3779464/root/var/softaculous/iwp/php56 HTTP/1.1" 200 1974 "-" "Mozilla/5.0 AppleWebKit/537.36 (KHTML, like Gecko; compatible; GPTBot/1.3; +https://openai.com/gptbot)"
52.167.144.229 - - [30/Nov/2025:07:25:53 -0500] "GET /?detail/4605995 HTTP/1.1" 200 1970 "-" "Mozilla/5.0 AppleWebKit/537.36 (KHTML, like Gecko; compatible; bingbot/2.0; +http://www.bing.com/bingbot.htm) Chrome/116.0.1938.76 Safari/537.36"
52.167.144.229 - - [30/Nov/2025:07:25:53 -0500] "GET /special50811392?kg=0050755579 HTTP/1.1" 404 1251 "-" "Mozilla/5.0 AppleWebKit/537.36 (KHTML, like Gecko; compatible; bingbot/2.0; +http://www.bing.com/bingbot.htm) Chrome/116.0.1938.76 Safari/537.36"
74.7.243.223 - - [30/Nov/2025:07:25:52 -0500] "GET /sffg/wk/admin.php?action=view&dir=//proc/3589831/root/proc/sys/net/ipv4&item=tcp_comp_sack_delay_ns HTTP/1.1" 200 2060 "-" "Mozilla/5.0 AppleWebKit/537.36 (KHTML, like Gecko; compatible; GPTBot/1.3; +https://openai.com/gptbot)"
74.7.227.170 - - [30/Nov/2025:07:25:53 -0500] "GET /sffg/wk/admin.php?dir=//proc/3159889/root/var/softaculous/omp/php71 HTTP/1.1" 200 1975 "-" "Mozilla/5.0 AppleWebKit/537.36 (KHTML, like Gecko; compatible; GPTBot/1.3; +https://openai.com/gptbot)"
107.20.224.184 - - [30/Nov/2025:07:25:54 -0500] "GET /hfrgrh/wk/admin.php?action=chmod&dir=//lib64&item=libsapdbS.so.2 HTTP/1.1" 200 91037 "-" "Mozilla/5.0 AppleWebKit/537.36 (KHTML, like Gecko; compatible; Amazonbot/0.1; +https://developer.amazon.com/support/amazonbot) Chrome/119.0.6045.214 Safari/537.36"
74.7.243.223 - - [30/Nov/2025:07:25:55 -0500] "GET /sffg/wk/admin.php?action=view&dir=//proc/3589831/root/proc/sys/net/ipv4&item=tcp_limit_output_bytes HTTP/1.1" 200 2060 "-" "Mozilla/5.0 AppleWebKit/537.36 (KHTML, like Gecko; compatible; GPTBot/1.3; +https://openai.com/gptbot)"
74.7.227.170 - - [30/Nov/2025:07:25:56 -0500] "GET /sffg/wk/admin.php?dir=//proc/3779464/root/var/softaculous/owm/php53 HTTP/1.1" 200 1975 "-" "Mozilla/5.0 AppleWebKit/537.36 (KHTML, like Gecko; compatible; GPTBot/1.3; +https://openai.com/gptbot)"
74.7.243.223 - - [30/Nov/2025:07:25:57 -0500] "GET /sffg/wk/admin.php?action=view&dir=//proc/3160976/root/proc/sys/net/ipv4&item=ip_forward_use_pmtu HTTP/1.1" 200 2049 "-" "Mozilla/5.0 AppleWebKit/537.36 (KHTML, like Gecko; compatible; GPTBot/1.3; +https://openai.com/gptbot)"
74.7.227.170 - - [30/Nov/2025:07:25:58 -0500] "GET /sffg/wk/admin.php?dir=//proc/3263544/root/var/softaculous/owm/php53 HTTP/1.1" 200 1974 "-" "Mozilla/5.0 AppleWebKit/537.36 (KHTML, like Gecko; compatible; GPTBot/1.3; +https://openai.com/gptbot)"
57.141.0.15 - - [30/Nov/2025:07:26:00 -0500] "GET /special2217604608?kg=2215130499 HTTP/1.1" 404 1251 "-" "meta-externalagent/1.1 (+https://developers.facebook.com/docs/sharing/webmasters/crawler)"
74.7.243.223 - - [30/Nov/2025:07:25:59 -0500] "GET /sffg/wk/admin.php?action=view&dir=//proc/3160976/root/proc/sys/net/ipv6&item=anycast_src_echo_reply HTTP/1.1" 200 2059 "-" "Mozilla/5.0 AppleWebKit/537.36 (KHTML, like Gecko; compatible; GPTBot/1.3; +https://openai.com/gptbot)"
74.7.227.170 - - [30/Nov/2025:07:26:00 -0500] "GET /sffg/wk/admin.php?dir=//proc/3159889/root/var/softaculous/lss/php81 HTTP/1.1" 200 1974 "-" "Mozilla/5.0 AppleWebKit/537.36 (KHTML, like Gecko; compatible; GPTBot/1.3; +https://openai.com/gptbot)"
3.212.86.97 - - [30/Nov/2025:07:26:00 -0500] "GET /wp-content/wk/admin.php?action=chmod&dir=//lib64&item=libmpc.so.3.1.0 HTTP/1.1" 200 90206 "-" "Mozilla/5.0 AppleWebKit/537.36 (KHTML, like Gecko; compatible; Amazonbot/0.1; +https://developer.amazon.com/support/amazonbot) Chrome/119.0.6045.214 Safari/537.36"
52.1.157.90 - - [30/Nov/2025:07:26:00 -0500] "GET /sdfsf/wk/admin.php?action=chmod&dir=//lib64&item=libp11-kit.so.0 HTTP/1.1" 200 90665 "-" "Mozilla/5.0 AppleWebKit/537.36 (KHTML, like Gecko; compatible; Amazonbot/0.1; +https://developer.amazon.com/support/amazonbot) Chrome/119.0.6045.214 Safari/537.36"
74.7.243.223 - - [30/Nov/2025:07:26:01 -0500] "GET /sffg/wk/admin.php?action=view&dir=//proc/3589831/root/proc/sys/net/ipv4&item=ip_local_port_range HTTP/1.1" 200 2051 "-" "Mozilla/5.0 AppleWebKit/537.36 (KHTML, like Gecko; compatible; GPTBot/1.3; +https://openai.com/gptbot)"
74.7.227.170 - - [30/Nov/2025:07:26:02 -0500] "GET /sffg/wk/admin.php?dir=//proc/3589831/root/var/softaculous/owa/php71 HTTP/1.1" 200 1975 "-" "Mozilla/5.0 AppleWebKit/537.36 (KHTML, like Gecko; compatible; GPTBot/1.3; +https://openai.com/gptbot)"
74.7.243.223 - - [30/Nov/2025:07:26:03 -0500] "GET /sffg/wk/admin.php?action=view&dir=//proc/3159889/root/proc/sys/net/ipv6&item=anycast_src_echo_reply HTTP/1.1" 200 2059 "-" "Mozilla/5.0 AppleWebKit/537.36 (KHTML, like Gecko; compatible; GPTBot/1.3; +https://openai.com/gptbot)"
74.7.227.170 - - [30/Nov/2025:07:26:04 -0500] "GET /sffg/wk/admin.php?dir=//proc/3779464/root/var/softaculous/odm/php53 HTTP/1.1" 200 1975 "-" "Mozilla/5.0 AppleWebKit/537.36 (KHTML, like Gecko; compatible; GPTBot/1.3; +https://openai.com/gptbot)"
74.7.243.223 - - [30/Nov/2025:07:26:05 -0500] "GET /sffg/wk/admin.php?action=view&dir=//proc/3779464/root/proc/sys/net/ipv6&item=max_dst_opts_number HTTP/1.1" 200 2048 "-" "Mozilla/5.0 AppleWebKit/537.36 (KHTML, like Gecko; compatible; GPTBot/1.3; +https://openai.com/gptbot)"
74.7.227.170 - - [30/Nov/2025:07:26:07 -0500] "GET /sffg/wk/admin.php?dir=//proc/3779464/root/var/softaculous/cpg/php71 HTTP/1.1" 200 1975 "-" "Mozilla/5.0 AppleWebKit/537.36 (KHTML, like Gecko; compatible; GPTBot/1.3; +https://openai.com/gptbot)"
52.167.144.179 - - [30/Nov/2025:07:26:09 -0500] "GET /?detail/7447706 HTTP/1.1" 200 1972 "-" "Mozilla/5.0 AppleWebKit/537.36 (KHTML, like Gecko; compatible; bingbot/2.0; +http://www.bing.com/bingbot.htm) Chrome/116.0.1938.76 Safari/537.36"
74.7.243.223 - - [30/Nov/2025:07:26:08 -0500] "GET /sffg/wk/admin.php?action=view&dir=//proc/3589831/root/proc/sys/net/ipv4&item=tcp_abort_on_overflow HTTP/1.1" 200 2048 "-" "Mozilla/5.0 AppleWebKit/537.36 (KHTML, like Gecko; compatible; GPTBot/1.3; +https://openai.com/gptbot)"
52.205.222.214 - - [30/Nov/2025:07:26:08 -0500] "GET /sdfsf/wk/admin.php?action=chmod&dir=//lib64&item=libnl-xfrm-3.so.200 HTTP/1.1" 200 90789 "-" "Mozilla/5.0 AppleWebKit/537.36 (KHTML, like Gecko; compatible; Amazonbot/0.1; +https://developer.amazon.com/support/amazonbot) Chrome/119.0.6045.214 Safari/537.36"
74.7.227.170 - - [30/Nov/2025:07:26:09 -0500] "GET /sffg/wk/admin.php?dir=//proc/3263544/root/var/softaculous/lss/php56 HTTP/1.1" 200 1974 "-" "Mozilla/5.0 AppleWebKit/537.36 (KHTML, like Gecko; compatible; GPTBot/1.3; +https://openai.com/gptbot)"
74.7.243.223 - - [30/Nov/2025:07:26:10 -0500] "GET /sffg/wk/admin.php?action=view&dir=//proc/3159889/root/proc/sys/net/ipv4&item=tcp_comp_sack_delay_ns HTTP/1.1" 200 2060 "-" "Mozilla/5.0 AppleWebKit/537.36 (KHTML, like Gecko; compatible; GPTBot/1.3; +https://openai.com/gptbot)"
52.204.71.8 - - [30/Nov/2025:07:26:10 -0500] "GET /forms/wk/admin.php?action=chmod&dir=//etc&item=sasl2 HTTP/1.1" 200 6927 "-" "Mozilla/5.0 AppleWebKit/537.36 (KHTML, like Gecko; compatible; Amazonbot/0.1; +https://developer.amazon.com/support/amazonbot) Chrome/119.0.6045.214 Safari/537.36"
74.7.227.170 - - [30/Nov/2025:07:26:11 -0500] "GET /sffg/wk/admin.php?dir=//proc/3779464/root/var/softaculous/gnu/php71 HTTP/1.1" 200 1976 "-" "Mozilla/5.0 AppleWebKit/537.36 (KHTML, like Gecko; compatible; GPTBot/1.3; +https://openai.com/gptbot)"
74.7.243.223 - - [30/Nov/2025:07:26:12 -0500] "GET /sffg/wk/admin.php?action=view&dir=//proc/3263544/root/proc/sys/net/ipv6&item=max_dst_opts_number HTTP/1.1" 200 2051 "-" "Mozilla/5.0 AppleWebKit/537.36 (KHTML, like Gecko; compatible; GPTBot/1.3; +https://openai.com/gptbot)"
74.7.227.170 - - [30/Nov/2025:07:26:13 -0500] "GET /sffg/wk/admin.php?dir=//proc/3159889/root/var/softaculous/owm/php82 HTTP/1.1" 200 1975 "-" "Mozilla/5.0 AppleWebKit/537.36 (KHTML, like Gecko; compatible; GPTBot/1.3; +https://openai.com/gptbot)"
3.90.73.206 - - [30/Nov/2025:07:26:14 -0500] "GET /hfrgrh/wk/admin.php?dir=//lib/motd.d HTTP/1.1" 200 2385 "-" "Mozilla/5.0 AppleWebKit/537.36 (KHTML, like Gecko; compatible; Amazonbot/0.1; +https://developer.amazon.com/support/amazonbot) Chrome/119.0.6045.214 Safari/537.36"
74.7.243.223 - - [30/Nov/2025:07:26:14 -0500] "GET /sffg/wk/admin.php?dir=//proc/3160976/root/opt/cloudlinux/venv/lib/python3.11/site-packages/pylint-2.17.4.dist-info HTTP/1.1" 200 2043 "-" "Mozilla/5.0 AppleWebKit/537.36 (KHTML, like Gecko; compatible; GPTBot/1.3; +https://openai.com/gptbot)"
74.7.227.170 - - [30/Nov/2025:07:26:15 -0500] "GET /sffg/wk/admin.php?dir=//proc/3589831/root/var/softaculous/una/php56 HTTP/1.1" 200 1975 "-" "Mozilla/5.0 AppleWebKit/537.36 (KHTML, like Gecko; compatible; GPTBot/1.3; +https://openai.com/gptbot)"
74.7.243.223 - - [30/Nov/2025:07:26:17 -0500] "GET /sffg/wk/admin.php?dir=//proc/3160976/root/opt/cloudlinux/venv/lib/python3.11/site-packages/urllib3-2.0.4.dist-info HTTP/1.1" 200 2045 "-" "Mozilla/5.0 AppleWebKit/537.36 (KHTML, like Gecko; compatible; GPTBot/1.3; +https://openai.com/gptbot)"
74.7.227.170 - - [30/Nov/2025:07:26:18 -0500] "GET /sffg/wk/admin.php?dir=//proc/3159889/root/var/softaculous/iwp/php71 HTTP/1.1" 200 1974 "-" "Mozilla/5.0 AppleWebKit/537.36 (KHTML, like Gecko; compatible; GPTBot/1.3; +https://openai.com/gptbot)"
52.200.58.199 - - [30/Nov/2025:07:26:18 -0500] "GET /wp-content/wk/admin.php?action=chmod&dir=//bin&item=bzip2 HTTP/1.1" 200 29817 "-" "Mozilla/5.0 AppleWebKit/537.36 (KHTML, like Gecko; compatible; Amazonbot/0.1; +https://developer.amazon.com/support/amazonbot) Chrome/119.0.6045.214 Safari/537.36"
74.7.243.223 - - [30/Nov/2025:07:26:19 -0500] "GET /sffg/wk/admin.php?action=rename&dir=//proc/3779464/root/proc/sys/net/ipv6&item=ip6frag_low_thresh HTTP/1.1" 200 2036 "-" "Mozilla/5.0 AppleWebKit/537.36 (KHTML, like Gecko; compatible; GPTBot/1.3; +https://openai.com/gptbot)"
74.7.227.170 - - [30/Nov/2025:07:26:20 -0500] "GET /sffg/wk/admin.php?dir=//proc/3779464/root/var/softaculous/omp/php56 HTTP/1.1" 200 1975 "-" "Mozilla/5.0 AppleWebKit/537.36 (KHTML, like Gecko; compatible; GPTBot/1.3; +https://openai.com/gptbot)"
114.119.135.171 - - [30/Nov/2025:07:26:22 -0500] "GET /products/76yn14841 HTTP/1.1" 404 1251 "https://naztechltd.com/?sitemap601.xml" "Mozilla/5.0 (Linux; Android 7.0;) AppleWebKit/537.36 (KHTML, like Gecko) Mobile Safari/537.36 (compatible; PetalBot;+https://webmaster.petalsearch.com/site/petalbot)"
74.7.243.223 - - [30/Nov/2025:07:26:21 -0500] "GET /sffg/wk/admin.php?action=chmod&dir=//proc/3779464/root/proc/sys/net/ipv6&item=ip6frag_high_thresh HTTP/1.1" 200 2039 "-" "Mozilla/5.0 AppleWebKit/537.36 (KHTML, like Gecko; compatible; GPTBot/1.3; +https://openai.com/gptbot)"
74.7.227.170 - - [30/Nov/2025:07:26:22 -0500] "GET /sffg/wk/admin.php?dir=//proc/3589831/root/var/softaculous/iwp/php82 HTTP/1.1" 200 1974 "-" "Mozilla/5.0 AppleWebKit/537.36 (KHTML, like Gecko; compatible; GPTBot/1.3; +https://openai.com/gptbot)"
34.206.193.60 - - [30/Nov/2025:07:26:22 -0500] "GET /hfrgrh/wk/admin.php?action=chmod&dir=//lib64&item=libgstaudio-1.0.so.0 HTTP/1.1" 200 90549 "-" "Mozilla/5.0 AppleWebKit/537.36 (KHTML, like Gecko; compatible; Amazonbot/0.1; +https://developer.amazon.com/support/amazonbot) Chrome/119.0.6045.214 Safari/537.36"
74.7.243.223 - - [30/Nov/2025:07:26:23 -0500] "GET /sffg/wk/admin.php?action=rename&dir=//proc/3159889/root/proc/sys/net/ipv6&item=ip6frag_high_thresh HTTP/1.1" 200 2038 "-" "Mozilla/5.0 AppleWebKit/537.36 (KHTML, like Gecko; compatible; GPTBot/1.3; +https://openai.com/gptbot)"
74.7.227.170 - - [30/Nov/2025:07:26:24 -0500] "GET /sffg/wk/admin.php?dir=//proc/3159889/root/var/softaculous/smf/php82 HTTP/1.1" 200 1975 "-" "Mozilla/5.0 AppleWebKit/537.36 (KHTML, like Gecko; compatible; GPTBot/1.3; +https://openai.com/gptbot)"
3.221.50.71 - - [30/Nov/2025:07:26:25 -0500] "GET /assets/wk/admin.php?dir=//lib/gems HTTP/1.1" 200 2519 "-" "Mozilla/5.0 AppleWebKit/537.36 (KHTML, like Gecko; compatible; Amazonbot/0.1; +https://developer.amazon.com/support/amazonbot) Chrome/119.0.6045.214 Safari/537.36"
74.7.243.223 - - [30/Nov/2025:07:26:25 -0500] "GET /sffg/wk/admin.php?action=chmod&dir=//proc/3159889/root/proc/sys/net/ipv6&item=ip6frag_secret_interval HTTP/1.1" 200 2042 "-" "Mozilla/5.0 AppleWebKit/537.36 (KHTML, like Gecko; compatible; GPTBot/1.3; +https://openai.com/gptbot)"
74.7.227.170 - - [30/Nov/2025:07:26:26 -0500] "GET /sffg/wk/admin.php?dir=//proc/3263544/root/var/softaculous/iwp/php56 HTTP/1.1" 200 1975 "-" "Mozilla/5.0 AppleWebKit/537.36 (KHTML, like Gecko; compatible; GPTBot/1.3; +https://openai.com/gptbot)"
74.7.243.223 - - [30/Nov/2025:07:26:27 -0500] "GET /sffg/wk/admin.php?action=rename&dir=//proc/3160976/root/proc/sys/net/ipv6&item=ip6frag_high_thresh HTTP/1.1" 200 2038 "-" "Mozilla/5.0 AppleWebKit/537.36 (KHTML, like Gecko; compatible; GPTBot/1.3; +https://openai.com/gptbot)"
74.7.227.170 - - [30/Nov/2025:07:26:29 -0500] "GET /sffg/wk/admin.php?dir=//proc/3263544/root/var/softaculous/vue/php56 HTTP/1.1" 200 1975 "-" "Mozilla/5.0 AppleWebKit/537.36 (KHTML, like Gecko; compatible; GPTBot/1.3; +https://openai.com/gptbot)"
52.3.127.170 - - [30/Nov/2025:07:26:29 -0500] "GET /wp-content/wk/admin.php?action=chmod&dir=//lib64&item=libformw.so.6 HTTP/1.1" 200 91281 "-" "Mozilla/5.0 AppleWebKit/537.36 (KHTML, like Gecko; compatible; Amazonbot/0.1; +https://developer.amazon.com/support/amazonbot) Chrome/119.0.6045.214 Safari/537.36"
74.7.243.223 - - [30/Nov/2025:07:26:30 -0500] "GET /sffg/wk/admin.php?action=chmod&dir=//proc/3159889/root/proc/sys/net/ipv6&item=ip6frag_high_thresh HTTP/1.1" 200 2039 "-" "Mozilla/5.0 AppleWebKit/537.36 (KHTML, like Gecko; compatible; GPTBot/1.3; +https://openai.com/gptbot)"
74.7.227.170 - - [30/Nov/2025:07:26:31 -0500] "GET /sffg/wk/admin.php?dir=//proc/3589831/root/var/softaculous/xms/php53 HTTP/1.1" 200 1973 "-" "Mozilla/5.0 AppleWebKit/537.36 (KHTML, like Gecko; compatible; GPTBot/1.3; +https://openai.com/gptbot)"
74.7.243.223 - - [30/Nov/2025:07:26:32 -0500] "GET /sffg/wk/admin.php?action=rename&dir=//proc/3159889/root/proc/sys/net/ipv6&item=ip6frag_low_thresh HTTP/1.1" 200 2036 "-" "Mozilla/5.0 AppleWebKit/537.36 (KHTML, like Gecko; compatible; GPTBot/1.3; +https://openai.com/gptbot)"
184.72.95.195 - - [30/Nov/2025:07:26:32 -0500] "GET /NaztechB/wk/admin.php?action=chmod&dir=//bin&item=df HTTP/1.1" 200 29702 "-" "Mozilla/5.0 AppleWebKit/537.36 (KHTML, like Gecko; compatible; Amazonbot/0.1; +https://developer.amazon.com/support/amazonbot) Chrome/119.0.6045.214 Safari/537.36"
74.7.227.170 - - [30/Nov/2025:07:26:33 -0500] "GET /sffg/wk/admin.php?dir=//proc/3263544/root/var/softaculous/ops/php71 HTTP/1.1" 200 1974 "-" "Mozilla/5.0 AppleWebKit/537.36 (KHTML, like Gecko; compatible; GPTBot/1.3; +https://openai.com/gptbot)"
74.7.243.223 - - [30/Nov/2025:07:26:34 -0500] "GET /sffg/wk/admin.php?action=rename&dir=//proc/3589831/root/proc/sys/net/ipv6&item=ip6frag_low_thresh HTTP/1.1" 200 2036 "-" "Mozilla/5.0 AppleWebKit/537.36 (KHTML, like Gecko; compatible; GPTBot/1.3; +https://openai.com/gptbot)"
74.7.227.170 - - [30/Nov/2025:07:26:35 -0500] "GET /sffg/wk/admin.php?dir=//proc/3159889/root/var/softaculous/lss/php56 HTTP/1.1" 200 1974 "-" "Mozilla/5.0 AppleWebKit/537.36 (KHTML, like Gecko; compatible; GPTBot/1.3; +https://openai.com/gptbot)"
74.7.243.223 - - [30/Nov/2025:07:26:36 -0500] "GET /sffg/wk/admin.php?action=chmod&dir=//proc/3589831/root/proc/sys/net/ipv6&item=ip6frag_secret_interval HTTP/1.1" 200 2042 "-" "Mozilla/5.0 AppleWebKit/537.36 (KHTML, like Gecko; compatible; GPTBot/1.3; +https://openai.com/gptbot)"
52.167.144.179 - - [30/Nov/2025:07:26:39 -0500] "GET /?detail/1742439 HTTP/1.1" 200 1973 "-" "Mozilla/5.0 AppleWebKit/537.36 (KHTML, like Gecko; compatible; bingbot/2.0; +http://www.bing.com/bingbot.htm) Chrome/116.0.1938.76 Safari/537.36"
3.221.244.28 - - [30/Nov/2025:07:26:36 -0500] "GET /assets/wk/admin.php?action=chmod&dir=//lib64&item=libgov_test.so.1.2 HTTP/1.1" 200 90756 "-" "Mozilla/5.0 AppleWebKit/537.36 (KHTML, like Gecko; compatible; Amazonbot/0.1; +https://developer.amazon.com/support/amazonbot) Chrome/119.0.6045.214 Safari/537.36"
74.7.227.170 - - [30/Nov/2025:07:26:37 -0500] "GET /sffg/wk/admin.php?dir=//proc/3589831/root/var/softaculous/omp/php82 HTTP/1.1" 200 1975 "-" "Mozilla/5.0 AppleWebKit/537.36 (KHTML, like Gecko; compatible; GPTBot/1.3; +https://openai.com/gptbot)"
74.7.243.223 - - [30/Nov/2025:07:26:38 -0500] "GET /sffg/wk/admin.php?action=chmod&dir=//proc/3160976/root/proc/sys/net/ipv6&item=ip6frag_secret_interval HTTP/1.1" 200 2042 "-" "Mozilla/5.0 AppleWebKit/537.36 (KHTML, like Gecko; compatible; GPTBot/1.3; +https://openai.com/gptbot)"
74.7.227.170 - - [30/Nov/2025:07:26:40 -0500] "GET /sffg/wk/admin.php?dir=//proc/3159889/root/var/softaculous/omp/php56 HTTP/1.1" 200 1975 "-" "Mozilla/5.0 AppleWebKit/537.36 (KHTML, like Gecko; compatible; GPTBot/1.3; +https://openai.com/gptbot)"
74.7.243.223 - - [30/Nov/2025:07:26:41 -0500] "GET /sffg/wk/admin.php?action=chmod&dir=//proc/3263544/root/proc/sys/net/ipv6&item=ip6frag_high_thresh HTTP/1.1" 200 2043 "-" "Mozilla/5.0 AppleWebKit/537.36 (KHTML, like Gecko; compatible; GPTBot/1.3; +https://openai.com/gptbot)"
34.225.24.180 - - [30/Nov/2025:07:26:41 -0500] "GET /images/wk/admin.php?action=chmod&dir=//lib64&item=libbz2.so HTTP/1.1" 200 90914 "-" "Mozilla/5.0 AppleWebKit/537.36 (KHTML, like Gecko; compatible; Amazonbot/0.1; +https://developer.amazon.com/support/amazonbot) Chrome/119.0.6045.214 Safari/537.36"
74.7.227.170 - - [30/Nov/2025:07:26:42 -0500] "GET /sffg/wk/admin.php?dir=//proc/3263544/root/var/softaculous/cpg/php82 HTTP/1.1" 200 1975 "-" "Mozilla/5.0 AppleWebKit/537.36 (KHTML, like Gecko; compatible; GPTBot/1.3; +https://openai.com/gptbot)"
74.7.243.223 - - [30/Nov/2025:07:26:43 -0500] "GET /sffg/wk/admin.php?action=chmod&dir=//proc/3589831/root/proc/sys/net/ipv6&item=ip6frag_high_thresh HTTP/1.1" 200 2039 "-" "Mozilla/5.0 AppleWebKit/537.36 (KHTML, like Gecko; compatible; GPTBot/1.3; +https://openai.com/gptbot)"
74.7.227.170 - - [30/Nov/2025:07:26:44 -0500] "GET /sffg/wk/admin.php?dir=//proc/3589831/root/var/softaculous/fud/php82 HTTP/1.1" 200 1975 "-" "Mozilla/5.0 AppleWebKit/537.36 (KHTML, like Gecko; compatible; GPTBot/1.3; +https://openai.com/gptbot)"
98.84.131.195 - - [30/Nov/2025:07:26:45 -0500] "GET /images/wk/admin.php?action=chmod&dir=/home/bappguir/www&item=assets HTTP/1.1" 200 3305 "-" "Mozilla/5.0 AppleWebKit/537.36 (KHTML, like Gecko; compatible; Amazonbot/0.1; +https://developer.amazon.com/support/amazonbot) Chrome/119.0.6045.214 Safari/537.36"
74.7.243.223 - - [30/Nov/2025:07:26:45 -0500] "GET /sffg/wk/admin.php?action=rename&dir=//proc/3263544/root/proc/sys/net/ipv6&item=ip6frag_low_thresh HTTP/1.1" 200 2039 "-" "Mozilla/5.0 AppleWebKit/537.36 (KHTML, like Gecko; compatible; GPTBot/1.3; +https://openai.com/gptbot)"
74.7.227.170 - - [30/Nov/2025:07:26:46 -0500] "GET /sffg/wk/admin.php?dir=//proc/3159889/root/var/softaculous/cpg/php81 HTTP/1.1" 200 1975 "-" "Mozilla/5.0 AppleWebKit/537.36 (KHTML, like Gecko; compatible; GPTBot/1.3; +https://openai.com/gptbot)"
74.7.243.223 - - [30/Nov/2025:07:26:47 -0500] "GET /sffg/wk/admin.php?action=rename&dir=//proc/3160976/root/proc/sys/net/ipv6&item=ip6frag_low_thresh HTTP/1.1" 200 2036 "-" "Mozilla/5.0 AppleWebKit/537.36 (KHTML, like Gecko; compatible; GPTBot/1.3; +https://openai.com/gptbot)"
3.94.199.128 - - [30/Nov/2025:07:26:48 -0500] "GET /css/wk/admin.php?dir=//opt/cpanel HTTP/1.1" 200 3901 "-" "Mozilla/5.0 AppleWebKit/537.36 (KHTML, like Gecko; compatible; Amazonbot/0.1; +https://developer.amazon.com/support/amazonbot) Chrome/119.0.6045.214 Safari/537.36"
74.7.243.223 - - [30/Nov/2025:07:26:50 -0500] "GET /sffg/wk/admin.php?action=chmod&dir=//proc/3160976/root/proc/sys/net/ipv6&item=ip6frag_high_thresh HTTP/1.1" 200 2039 "-" "Mozilla/5.0 AppleWebKit/537.36 (KHTML, like Gecko; compatible; GPTBot/1.3; +https://openai.com/gptbot)"
74.7.243.223 - - [30/Nov/2025:07:26:52 -0500] "GET /sffg/wk/admin.php?action=rename&dir=//proc/3589831/root/proc/sys/net/ipv6&item=ip6frag_high_thresh HTTP/1.1" 200 2038 "-" "Mozilla/5.0 AppleWebKit/537.36 (KHTML, like Gecko; compatible; GPTBot/1.3; +https://openai.com/gptbot)"
3.90.73.206 - - [30/Nov/2025:07:26:53 -0500] "GET /wp-includes/wk/admin.php?action=chmod&dir=/home/bappguir/rariya.com.ng&item=wp-mail.php HTTP/1.1" 200 4783 "-" "Mozilla/5.0 AppleWebKit/537.36 (KHTML, like Gecko; compatible; Amazonbot/0.1; +https://developer.amazon.com/support/amazonbot) Chrome/119.0.6045.214 Safari/537.36"
74.7.243.223 - - [30/Nov/2025:07:26:54 -0500] "GET /sffg/wk/admin.php?action=rename&dir=//proc/3779464/root/proc/sys/net/ipv6&item=ip6frag_high_thresh HTTP/1.1" 200 2038 "-" "Mozilla/5.0 AppleWebKit/537.36 (KHTML, like Gecko; compatible; GPTBot/1.3; +https://openai.com/gptbot)"
74.7.227.170 - - [30/Nov/2025:07:26:49 -0500] "GET /sffg/wk/admin.php?dir=//proc/3589831/root/var/softaculous/cpg/php81 HTTP/1.1" 200 1975 "-" "Mozilla/5.0 AppleWebKit/537.36 (KHTML, like Gecko; compatible; GPTBot/1.3; +https://openai.com/gptbot)"
74.7.243.223 - - [30/Nov/2025:07:26:56 -0500] "GET /sffg/wk/admin.php?dir=//proc/3159889/root/var/softaculous/ninja4/php71 HTTP/1.1" 200 1991 "-" "Mozilla/5.0 AppleWebKit/537.36 (KHTML, like Gecko; compatible; GPTBot/1.3; +https://openai.com/gptbot)"
74.7.227.170 - - [30/Nov/2025:07:26:56 -0500] "GET /sffg/wk/admin.php?dir=//proc/3779464/root/var/softaculous/seo/php71 HTTP/1.1" 200 1974 "-" "Mozilla/5.0 AppleWebKit/537.36 (KHTML, like Gecko; compatible; GPTBot/1.3; +https://openai.com/gptbot)"
3.229.2.217 - - [30/Nov/2025:07:26:58 -0500] "GET /assets/wk/admin.php?action=chmod&dir=//bin&item=tbl HTTP/1.1" 200 29638 "-" "Mozilla/5.0 AppleWebKit/537.36 (KHTML, like Gecko; compatible; Amazonbot/0.1; +https://developer.amazon.com/support/amazonbot) Chrome/119.0.6045.214 Safari/537.36"
74.7.243.223 - - [30/Nov/2025:07:26:58 -0500] "GET /sffg/wk/admin.php?dir=//proc/3159889/root/var/softaculous/ninja4/php56 HTTP/1.1" 200 1991 "-" "Mozilla/5.0 AppleWebKit/537.36 (KHTML, like Gecko; compatible; GPTBot/1.3; +https://openai.com/gptbot)"
74.7.227.170 - - [30/Nov/2025:07:26:59 -0500] "GET /sffg/wk/admin.php?dir=//proc/3779464/root/var/softaculous/fud/php53 HTTP/1.1" 200 1976 "-" "Mozilla/5.0 AppleWebKit/537.36 (KHTML, like Gecko; compatible; GPTBot/1.3; +https://openai.com/gptbot)"
74.7.243.223 - - [30/Nov/2025:07:27:00 -0500] "GET /sffg/wk/admin.php?action=view&dir=//proc/114911/ns&item=net HTTP/1.1" 200 2003 "-" "Mozilla/5.0 AppleWebKit/537.36 (KHTML, like Gecko; compatible; GPTBot/1.3; +https://openai.com/gptbot)"
74.7.227.170 - - [30/Nov/2025:07:27:01 -0500] "GET /sffg/wk/admin.php?dir=//proc/3263544/root/var/softaculous/aef/php56 HTTP/1.1" 200 1975 "-" "Mozilla/5.0 AppleWebKit/537.36 (KHTML, like Gecko; compatible; GPTBot/1.3; +https://openai.com/gptbot)"
74.7.243.223 - - [30/Nov/2025:07:27:02 -0500] "GET /sffg/wk/admin.php?dir=//proc/3263544/root/proc/self/root/lib/firmware/bnx2x HTTP/1.1" 200 1983 "-" "Mozilla/5.0 AppleWebKit/537.36 (KHTML, like Gecko; compatible; GPTBot/1.3; +https://openai.com/gptbot)"
74.7.227.170 - - [30/Nov/2025:07:27:03 -0500] "GET /sffg/wk/admin.php?dir=//proc/3263544/root/var/softaculous/lss/php81 HTTP/1.1" 200 1974 "-" "Mozilla/5.0 AppleWebKit/537.36 (KHTML, like Gecko; compatible; GPTBot/1.3; +https://openai.com/gptbot)"
57.141.0.57 - - [30/Nov/2025:07:27:06 -0500] "GET /special918471424?kg=0917447241 HTTP/1.1" 404 1251 "-" "meta-externalagent/1.1 (+https://developers.facebook.com/docs/sharing/webmasters/crawler)"
44.213.36.21 - - [30/Nov/2025:07:27:04 -0500] "GET /hfrgrh/wk/admin.php?dir=//proc/self HTTP/1.1" 200 5202 "-" "Mozilla/5.0 AppleWebKit/537.36 (KHTML, like Gecko; compatible; Amazonbot/0.1; +https://developer.amazon.com/support/amazonbot) Chrome/119.0.6045.214 Safari/537.36"
52.7.13.143 - - [30/Nov/2025:07:27:04 -0500] "GET /wp-content/wk/admin.php?action=chmod&dir=//lib64&item=libxslt-plugins HTTP/1.1" 200 87332 "-" "Mozilla/5.0 AppleWebKit/537.36 (KHTML, like Gecko; compatible; Amazonbot/0.1; +https://developer.amazon.com/support/amazonbot) Chrome/119.0.6045.214 Safari/537.36"
74.7.243.223 - - [30/Nov/2025:07:27:05 -0500] "GET /sffg/wk/admin.php?dir=//proc/3589831/root/proc/self/root/lib/firmware/ath6k HTTP/1.1" 200 1981 "-" "Mozilla/5.0 AppleWebKit/537.36 (KHTML, like Gecko; compatible; GPTBot/1.3; +https://openai.com/gptbot)"
74.7.227.170 - - [30/Nov/2025:07:27:05 -0500] "GET /sffg/wk/admin.php?dir=//proc/3589831/root/var/softaculous/owa/php81 HTTP/1.1" 200 1975 "-" "Mozilla/5.0 AppleWebKit/537.36 (KHTML, like Gecko; compatible; GPTBot/1.3; +https://openai.com/gptbot)"
74.7.243.223 - - [30/Nov/2025:07:27:07 -0500] "GET /sffg/wk/admin.php?dir=//proc/3263544/root/proc/self/root/lib/firmware/mwl8k HTTP/1.1" 200 1984 "-" "Mozilla/5.0 AppleWebKit/537.36 (KHTML, like Gecko; compatible; GPTBot/1.3; +https://openai.com/gptbot)"
74.7.227.170 - - [30/Nov/2025:07:27:07 -0500] "GET /sffg/wk/admin.php?dir=//proc/3159889/root/var/softaculous/pie/php71 HTTP/1.1" 200 1974 "-" "Mozilla/5.0 AppleWebKit/537.36 (KHTML, like Gecko; compatible; GPTBot/1.3; +https://openai.com/gptbot)"
74.7.243.223 - - [30/Nov/2025:07:27:09 -0500] "GET /sffg/wk/admin.php?dir=//proc/3160976/root/proc/self/root/lib/firmware/dpaa2 HTTP/1.1" 200 1983 "-" "Mozilla/5.0 AppleWebKit/537.36 (KHTML, like Gecko; compatible; GPTBot/1.3; +https://openai.com/gptbot)"
74.7.227.170 - - [30/Nov/2025:07:27:09 -0500] "GET /sffg/wk/admin.php?dir=//proc/3159889/root/var/softaculous/gnu/php71 HTTP/1.1" 200 1976 "-" "Mozilla/5.0 AppleWebKit/537.36 (KHTML, like Gecko; compatible; GPTBot/1.3; +https://openai.com/gptbot)"
3.227.180.70 - - [30/Nov/2025:07:27:10 -0500] "GET /NaztechB/wk/admin.php?action=chmod&dir=//bin&item=mariadb HTTP/1.1" 200 29330 "-" "Mozilla/5.0 AppleWebKit/537.36 (KHTML, like Gecko; compatible; Amazonbot/0.1; +https://developer.amazon.com/support/amazonbot) Chrome/119.0.6045.214 Safari/537.36"
114.119.146.36 - - [30/Nov/2025:07:27:12 -0500] "GET /products/60bp43359 HTTP/1.1" 404 1251 "https://naztechltd.com/?sitemap601.xml" "Mozilla/5.0 (Linux; Android 7.0;) AppleWebKit/537.36 (KHTML, like Gecko) Mobile Safari/537.36 (compatible; PetalBot;+https://webmaster.petalsearch.com/site/petalbot)"
52.167.144.229 - - [30/Nov/2025:07:27:12 -0500] "GET /?detail/19873762 HTTP/1.1" 200 1970 "-" "Mozilla/5.0 AppleWebKit/537.36 (KHTML, like Gecko; compatible; bingbot/2.0; +http://www.bing.com/bingbot.htm) Chrome/116.0.1938.76 Safari/537.36"
74.7.243.223 - - [30/Nov/2025:07:27:11 -0500] "GET /sffg/wk/admin.php?dir=//proc/3779464/root/proc/self/root/lib/firmware/ath9k_htc HTTP/1.1" 200 1984 "-" "Mozilla/5.0 AppleWebKit/537.36 (KHTML, like Gecko; compatible; GPTBot/1.3; +https://openai.com/gptbot)"
74.7.227.170 - - [30/Nov/2025:07:27:11 -0500] "GET /sffg/wk/admin.php?dir=//proc/3779464/root/var/softaculous/iwp/php53 HTTP/1.1" 200 1974 "-" "Mozilla/5.0 AppleWebKit/537.36 (KHTML, like Gecko; compatible; GPTBot/1.3; +https://openai.com/gptbot)"
23.23.103.31 - - [30/Nov/2025:07:27:12 -0500] "GET /wp-admin/wk/admin.php?action=chmod&dir=//bin&item=nano HTTP/1.1" 200 29898 "-" "Mozilla/5.0 AppleWebKit/537.36 (KHTML, like Gecko; compatible; Amazonbot/0.1; +https://developer.amazon.com/support/amazonbot) Chrome/119.0.6045.214 Safari/537.36"
74.7.243.223 - - [30/Nov/2025:07:27:13 -0500] "GET /sffg/wk/admin.php?dir=//proc/3589831/root/proc/self/root/lib/firmware/ath9k_htc HTTP/1.1" 200 1984 "-" "Mozilla/5.0 AppleWebKit/537.36 (KHTML, like Gecko; compatible; GPTBot/1.3; +https://openai.com/gptbot)"
74.7.227.170 - - [30/Nov/2025:07:27:13 -0500] "GET /sffg/wk/admin.php?dir=//proc/3779464/root/var/softaculous/lss/php81 HTTP/1.1" 200 1974 "-" "Mozilla/5.0 AppleWebKit/537.36 (KHTML, like Gecko; compatible; GPTBot/1.3; +https://openai.com/gptbot)"
74.7.243.223 - - [30/Nov/2025:07:27:15 -0500] "GET /sffg/wk/admin.php?dir=//proc/3160976/root/proc/self/root/lib/firmware/bnx2x HTTP/1.1" 200 1983 "-" "Mozilla/5.0 AppleWebKit/537.36 (KHTML, like Gecko; compatible; GPTBot/1.3; +https://openai.com/gptbot)"
74.7.227.170 - - [30/Nov/2025:07:27:15 -0500] "GET /sffg/wk/admin.php?dir=//proc/3263544/root/var/softaculous/myt/php56 HTTP/1.1" 200 1974 "-" "Mozilla/5.0 AppleWebKit/537.36 (KHTML, like Gecko; compatible; GPTBot/1.3; +https://openai.com/gptbot)"
74.7.243.223 - - [30/Nov/2025:07:27:17 -0500] "GET /sffg/wk/admin.php?dir=//proc/3160976/root/proc/self/root/lib/firmware/ath6k HTTP/1.1" 200 1981 "-" "Mozilla/5.0 AppleWebKit/537.36 (KHTML, like Gecko; compatible; GPTBot/1.3; +https://openai.com/gptbot)"
74.7.227.170 - - [30/Nov/2025:07:27:17 -0500] "GET /sffg/wk/admin.php?dir=//proc/3589831/root/var/softaculous/una/php82 HTTP/1.1" 200 1975 "-" "Mozilla/5.0 AppleWebKit/537.36 (KHTML, like Gecko; compatible; GPTBot/1.3; +https://openai.com/gptbot)"
54.84.102.81 - - [30/Nov/2025:07:27:17 -0500] "GET /hfrgrh/wk/admin.php?action=chmod&dir=//lib64&item=libmpc.so.3 HTTP/1.1" 200 88513 "-" "Mozilla/5.0 AppleWebKit/537.36 (KHTML, like Gecko; compatible; Amazonbot/0.1; +https://developer.amazon.com/support/amazonbot) Chrome/119.0.6045.214 Safari/537.36"
74.7.243.223 - - [30/Nov/2025:07:27:19 -0500] "GET /sffg/wk/admin.php?dir=//proc/3159889/root/proc/self/root/lib/firmware/ath9k_htc HTTP/1.1" 200 1984 "-" "Mozilla/5.0 AppleWebKit/537.36 (KHTML, like Gecko; compatible; GPTBot/1.3; +https://openai.com/gptbot)"
74.7.227.170 - - [30/Nov/2025:07:27:20 -0500] "GET /sffg/wk/admin.php?dir=//proc/3589831/root/var/softaculous/aef/php81 HTTP/1.1" 200 1975 "-" "Mozilla/5.0 AppleWebKit/537.36 (KHTML, like Gecko; compatible; GPTBot/1.3; +https://openai.com/gptbot)"
34.205.170.13 - - [30/Nov/2025:07:27:20 -0500] "GET /forms/wk/admin.php?action=chmod&dir=//lib64&item=libjbig2dec.so.0 HTTP/1.1" 200 90424 "-" "Mozilla/5.0 AppleWebKit/537.36 (KHTML, like Gecko; compatible; Amazonbot/0.1; +https://developer.amazon.com/support/amazonbot) Chrome/119.0.6045.214 Safari/537.36"
74.7.243.223 - - [30/Nov/2025:07:27:22 -0500] "GET /sffg/wk/admin.php?dir=//proc/3263544/root/proc/self/root/lib/firmware/ath9k_htc HTTP/1.1" 200 1984 "-" "Mozilla/5.0 AppleWebKit/537.36 (KHTML, like Gecko; compatible; GPTBot/1.3; +https://openai.com/gptbot)"
74.7.243.223 - - [30/Nov/2025:07:27:24 -0500] "GET /sffg/wk/admin.php?dir=//proc/3159889/root/proc/self/root/lib/firmware/bnx2x HTTP/1.1" 200 1983 "-" "Mozilla/5.0 AppleWebKit/537.36 (KHTML, like Gecko; compatible; GPTBot/1.3; +https://openai.com/gptbot)"
184.73.239.35 - - [30/Nov/2025:07:27:24 -0500] "GET /css/wk/admin.php?action=chmod&dir=//lib64&item=libp11.so.3.4.2 HTTP/1.1" 200 90520 "-" "Mozilla/5.0 AppleWebKit/537.36 (KHTML, like Gecko; compatible; Amazonbot/0.1; +https://developer.amazon.com/support/amazonbot) Chrome/119.0.6045.214 Safari/537.36"
74.7.227.170 - - [30/Nov/2025:07:27:22 -0500] "GET /sffg/wk/admin.php?dir=//proc/3589831/root/var/softaculous/iwp/php81 HTTP/1.1" 200 1974 "-" "Mozilla/5.0 AppleWebKit/537.36 (KHTML, like Gecko; compatible; GPTBot/1.3; +https://openai.com/gptbot)"
74.7.243.223 - - [30/Nov/2025:07:27:26 -0500] "GET /sffg/wk/admin.php?dir=//proc/3589831/root/proc/self/root/lib/firmware/bnx2x HTTP/1.1" 200 1983 "-" "Mozilla/5.0 AppleWebKit/537.36 (KHTML, like Gecko; compatible; GPTBot/1.3; +https://openai.com/gptbot)"
74.7.227.170 - - [30/Nov/2025:07:27:27 -0500] "GET /sffg/wk/admin.php?dir=//proc/3779464/root/var/softaculous/smf/php56 HTTP/1.1" 200 1975 "-" "Mozilla/5.0 AppleWebKit/537.36 (KHTML, like Gecko; compatible; GPTBot/1.3; +https://openai.com/gptbot)"
74.7.243.223 - - [30/Nov/2025:07:27:28 -0500] "GET /sffg/wk/admin.php?dir=//proc/3263544/root/proc/self/root/lib/firmware/cxgb4 HTTP/1.1" 200 1982 "-" "Mozilla/5.0 AppleWebKit/537.36 (KHTML, like Gecko; compatible; GPTBot/1.3; +https://openai.com/gptbot)"
74.7.227.170 - - [30/Nov/2025:07:27:29 -0500] "GET /sffg/wk/admin.php?dir=//proc/3263544/root/var/softaculous/odm/php71 HTTP/1.1" 200 1975 "-" "Mozilla/5.0 AppleWebKit/537.36 (KHTML, like Gecko; compatible; GPTBot/1.3; +https://openai.com/gptbot)"
3.94.156.104 - - [30/Nov/2025:07:27:30 -0500] "GET /wp-includes/wk/admin.php?action=edit&dir=//bin&item=reindexdb HTTP/1.1" 200 29823 "-" "Mozilla/5.0 AppleWebKit/537.36 (KHTML, like Gecko; compatible; Amazonbot/0.1; +https://developer.amazon.com/support/amazonbot) Chrome/119.0.6045.214 Safari/537.36"
74.7.243.223 - - [30/Nov/2025:07:27:30 -0500] "GET /sffg/wk/admin.php?dir=//proc/3159889/root/proc/self/root/lib/firmware/cxgb4 HTTP/1.1" 200 1985 "-" "Mozilla/5.0 AppleWebKit/537.36 (KHTML, like Gecko; compatible; GPTBot/1.3; +https://openai.com/gptbot)"
74.7.227.170 - - [30/Nov/2025:07:27:31 -0500] "GET /sffg/wk/admin.php?dir=//proc/3779464/root/var/softaculous/seo/php56 HTTP/1.1" 200 1974 "-" "Mozilla/5.0 AppleWebKit/537.36 (KHTML, like Gecko; compatible; GPTBot/1.3; +https://openai.com/gptbot)"
74.7.243.223 - - [30/Nov/2025:07:27:33 -0500] "GET /sffg/wk/admin.php?dir=//proc/3589831/root/proc/self/root/lib/firmware/cxgb4 HTTP/1.1" 200 1984 "-" "Mozilla/5.0 AppleWebKit/537.36 (KHTML, like Gecko; compatible; GPTBot/1.3; +https://openai.com/gptbot)"
3.224.215.150 - - [30/Nov/2025:07:27:33 -0500] "GET /sdfsf/wk/admin.php?action=chmod&dir=//lib64&item=libmaxminddb.so.0 HTTP/1.1" 200 90654 "-" "Mozilla/5.0 AppleWebKit/537.36 (KHTML, like Gecko; compatible; Amazonbot/0.1; +https://developer.amazon.com/support/amazonbot) Chrome/119.0.6045.214 Safari/537.36"
74.7.227.170 - - [30/Nov/2025:07:27:34 -0500] "GET /sffg/wk/admin.php?dir=//proc/3779464/root/var/softaculous/omp/php71 HTTP/1.1" 200 1975 "-" "Mozilla/5.0 AppleWebKit/537.36 (KHTML, like Gecko; compatible; GPTBot/1.3; +https://openai.com/gptbot)"
74.7.243.223 - - [30/Nov/2025:07:27:35 -0500] "GET /sffg/wk/admin.php?dir=//proc/3779464/root/proc/self/root/lib/firmware/bnx2x HTTP/1.1" 200 1983 "-" "Mozilla/5.0 AppleWebKit/537.36 (KHTML, like Gecko; compatible; GPTBot/1.3; +https://openai.com/gptbot)"
74.7.227.170 - - [30/Nov/2025:07:27:36 -0500] "GET /sffg/wk/admin.php?dir=//proc/3779464/root/var/softaculous/smf/php82 HTTP/1.1" 200 1975 "-" "Mozilla/5.0 AppleWebKit/537.36 (KHTML, like Gecko; compatible; GPTBot/1.3; +https://openai.com/gptbot)"
74.7.243.223 - - [30/Nov/2025:07:27:37 -0500] "GET /sffg/wk/admin.php?dir=//proc/3160976/root/proc/self/root/lib/firmware/cxgb4 HTTP/1.1" 200 1984 "-" "Mozilla/5.0 AppleWebKit/537.36 (KHTML, like Gecko; compatible; GPTBot/1.3; +https://openai.com/gptbot)"
52.0.105.244 - - [30/Nov/2025:07:27:37 -0500] "GET /assets/wk/admin.php?action=chmod&dir=//lib64&item=libnss_systemd.so.2 HTTP/1.1" 200 90831 "-" "Mozilla/5.0 AppleWebKit/537.36 (KHTML, like Gecko; compatible; Amazonbot/0.1; +https://developer.amazon.com/support/amazonbot) Chrome/119.0.6045.214 Safari/537.36"
74.7.227.170 - - [30/Nov/2025:07:27:38 -0500] "GET /sffg/wk/admin.php?dir=//proc/3263544/root/var/softaculous/smf/php71 HTTP/1.1" 200 1975 "-" "Mozilla/5.0 AppleWebKit/537.36 (KHTML, like Gecko; compatible; GPTBot/1.3; +https://openai.com/gptbot)"
