74.7.227.170 - - [30/Nov/2025:08:17:10 -0500] "GET /sffg/wk/admin.php?dir=//proc/3589831/root/var/softaculous/cube/php82 HTTP/1.1" 200 1978 "-" "Mozilla/5.0 AppleWebKit/537.36 (KHTML, like Gecko; compatible; GPTBot/1.3; +https://openai.com/gptbot)"
74.7.243.223 - - [30/Nov/2025:08:17:12 -0500] "GET /sffg/wk/admin.php?dir=//proc/3589831/root/proc/602528 HTTP/1.1" 200 1945 "-" "Mozilla/5.0 AppleWebKit/537.36 (KHTML, like Gecko; compatible; GPTBot/1.3; +https://openai.com/gptbot)"
74.7.227.170 - - [30/Nov/2025:08:17:12 -0500] "GET /sffg/wk/admin.php?dir=//proc/3779464/root/var/softaculous/egroup/php82 HTTP/1.1" 200 1990 "-" "Mozilla/5.0 AppleWebKit/537.36 (KHTML, like Gecko; compatible; GPTBot/1.3; +https://openai.com/gptbot)"
18.209.137.234 - - [30/Nov/2025:08:17:12 -0500] "GET /admin/wk/admin.php?action=chmod&dir=//lib64&item=libcrypt.so HTTP/1.1" 200 90445 "-" "Mozilla/5.0 AppleWebKit/537.36 (KHTML, like Gecko; compatible; Amazonbot/0.1; +https://developer.amazon.com/support/amazonbot) Chrome/119.0.6045.214 Safari/537.36"
74.7.243.223 - - [30/Nov/2025:08:17:14 -0500] "GET /sffg/wk/admin.php?dir=//proc/3263544/root/proc/1206954 HTTP/1.1" 200 1941 "-" "Mozilla/5.0 AppleWebKit/537.36 (KHTML, like Gecko; compatible; GPTBot/1.3; +https://openai.com/gptbot)"
74.7.227.170 - - [30/Nov/2025:08:17:15 -0500] "GET /sffg/wk/admin.php?dir=//proc/3589831/root/var/softaculous/myfaq/php81 HTTP/1.1" 200 1979 "-" "Mozilla/5.0 AppleWebKit/537.36 (KHTML, like Gecko; compatible; GPTBot/1.3; +https://openai.com/gptbot)"
74.7.243.223 - - [30/Nov/2025:08:17:16 -0500] "GET /sffg/wk/admin.php?dir=//proc/3779464/root/proc/1201247 HTTP/1.1" 200 1942 "-" "Mozilla/5.0 AppleWebKit/537.36 (KHTML, like Gecko; compatible; GPTBot/1.3; +https://openai.com/gptbot)"
74.7.227.170 - - [30/Nov/2025:08:17:17 -0500] "GET /sffg/wk/admin.php?dir=//proc/3589831/root/var/softaculous/sizzle/php53 HTTP/1.1" 200 1992 "-" "Mozilla/5.0 AppleWebKit/537.36 (KHTML, like Gecko; compatible; GPTBot/1.3; +https://openai.com/gptbot)"
74.7.243.223 - - [30/Nov/2025:08:17:18 -0500] "GET /sffg/wk/admin.php?dir=//proc/3159889/root/proc/967854 HTTP/1.1" 200 1945 "-" "Mozilla/5.0 AppleWebKit/537.36 (KHTML, like Gecko; compatible; GPTBot/1.3; +https://openai.com/gptbot)"
52.73.6.26 - - [30/Nov/2025:08:17:17 -0500] "GET /admin/wk/admin.php?action=chmod&dir=//lib64&item=libsss_certmap.so.0 HTTP/1.1" 200 88220 "-" "Mozilla/5.0 AppleWebKit/537.36 (KHTML, like Gecko; compatible; Amazonbot/0.1; +https://developer.amazon.com/support/amazonbot) Chrome/119.0.6045.214 Safari/537.36"
74.7.227.170 - - [30/Nov/2025:08:17:19 -0500] "GET /sffg/wk/admin.php?dir=//proc/3779464/root/var/softaculous/pluxml/php81 HTTP/1.1" 200 1991 "-" "Mozilla/5.0 AppleWebKit/537.36 (KHTML, like Gecko; compatible; GPTBot/1.3; +https://openai.com/gptbot)"
114.119.135.171 - - [30/Nov/2025:08:17:21 -0500] "GET /usual/k161?pid=22901 HTTP/1.1" 404 1251 "https://naztechltd.com/?sitemap601.xml" "Mozilla/5.0 (Linux; Android 7.0;) AppleWebKit/537.36 (KHTML, like Gecko) Mobile Safari/537.36 (compatible; PetalBot;+https://webmaster.petalsearch.com/site/petalbot)"
74.7.243.223 - - [30/Nov/2025:08:17:21 -0500] "GET /sffg/wk/admin.php?dir=//proc/3779464/root/proc/1220914 HTTP/1.1" 200 1942 "-" "Mozilla/5.0 AppleWebKit/537.36 (KHTML, like Gecko; compatible; GPTBot/1.3; +https://openai.com/gptbot)"
52.2.58.41 - - [30/Nov/2025:08:17:22 -0500] "GET /wp-includes/wk/admin.php?action=view&dir=//bin&item=lynx HTTP/1.1" 200 29648 "-" "Mozilla/5.0 AppleWebKit/537.36 (KHTML, like Gecko; compatible; Amazonbot/0.1; +https://developer.amazon.com/support/amazonbot) Chrome/119.0.6045.214 Safari/537.36"
74.7.227.170 - - [30/Nov/2025:08:17:22 -0500] "GET /sffg/wk/admin.php?dir=//proc/3159889/root/var/softaculous/zentao/php82 HTTP/1.1" 200 1991 "-" "Mozilla/5.0 AppleWebKit/537.36 (KHTML, like Gecko; compatible; GPTBot/1.3; +https://openai.com/gptbot)"
74.7.243.223 - - [30/Nov/2025:08:17:23 -0500] "GET /sffg/wk/admin.php?dir=//proc/3263544/root/proc/1206900 HTTP/1.1" 200 1942 "-" "Mozilla/5.0 AppleWebKit/537.36 (KHTML, like Gecko; compatible; GPTBot/1.3; +https://openai.com/gptbot)"
74.7.227.170 - - [30/Nov/2025:08:17:24 -0500] "GET /sffg/wk/admin.php?dir=//proc/3263544/root/var/softaculous/faveo/php71 HTTP/1.1" 200 1979 "-" "Mozilla/5.0 AppleWebKit/537.36 (KHTML, like Gecko; compatible; GPTBot/1.3; +https://openai.com/gptbot)"
74.7.243.223 - - [30/Nov/2025:08:17:25 -0500] "GET /sffg/wk/admin.php?dir=//proc/3160976/root/proc/1007572 HTTP/1.1" 200 1942 "-" "Mozilla/5.0 AppleWebKit/537.36 (KHTML, like Gecko; compatible; GPTBot/1.3; +https://openai.com/gptbot)"
98.82.40.168 - - [30/Nov/2025:08:17:25 -0500] "GET /admin/wk/admin.php?action=chmod&dir=//lib64&item=libasprintf.so.0 HTTP/1.1" 200 91064 "-" "Mozilla/5.0 AppleWebKit/537.36 (KHTML, like Gecko; compatible; Amazonbot/0.1; +https://developer.amazon.com/support/amazonbot) Chrome/119.0.6045.214 Safari/537.36"
157.55.39.194 - - [30/Nov/2025:08:17:28 -0500] "GET /?detail/14940328 HTTP/1.1" 200 1928 "-" "Mozilla/5.0 AppleWebKit/537.36 (KHTML, like Gecko; compatible; bingbot/2.0; +http://www.bing.com/bingbot.htm) Chrome/116.0.1938.76 Safari/537.36"
74.7.227.170 - - [30/Nov/2025:08:17:27 -0500] "GET /sffg/wk/admin.php?dir=//proc/3779464/root/var/softaculous/leto/php81 HTTP/1.1" 200 1977 "-" "Mozilla/5.0 AppleWebKit/537.36 (KHTML, like Gecko; compatible; GPTBot/1.3; +https://openai.com/gptbot)"
74.7.243.223 - - [30/Nov/2025:08:17:27 -0500] "GET /sffg/wk/admin.php?dir=//proc/3160976/root/proc/994788 HTTP/1.1" 200 1945 "-" "Mozilla/5.0 AppleWebKit/537.36 (KHTML, like Gecko; compatible; GPTBot/1.3; +https://openai.com/gptbot)"
157.55.39.194 - - [30/Nov/2025:08:17:29 -0500] "GET /?detail/5357473 HTTP/1.1" 200 1971 "-" "Mozilla/5.0 AppleWebKit/537.36 (KHTML, like Gecko; compatible; bingbot/2.0; +http://www.bing.com/bingbot.htm) Chrome/116.0.1938.76 Safari/537.36"
3.222.190.107 - - [30/Nov/2025:08:17:28 -0500] "GET /admin/wk/admin.php?action=chmod&dir=//lib64&item=libusb-1.0.so.0 HTTP/1.1" 200 89977 "-" "Mozilla/5.0 AppleWebKit/537.36 (KHTML, like Gecko; compatible; Amazonbot/0.1; +https://developer.amazon.com/support/amazonbot) Chrome/119.0.6045.214 Safari/537.36"
74.7.227.170 - - [30/Nov/2025:08:17:29 -0500] "GET /sffg/wk/admin.php?dir=//proc/3263544/root/var/softaculous/modx/php71 HTTP/1.1" 200 1978 "-" "Mozilla/5.0 AppleWebKit/537.36 (KHTML, like Gecko; compatible; GPTBot/1.3; +https://openai.com/gptbot)"
74.7.243.223 - - [30/Nov/2025:08:17:30 -0500] "GET /sffg/wk/admin.php?dir=//proc/3779464/root/proc/1203697 HTTP/1.1" 200 1943 "-" "Mozilla/5.0 AppleWebKit/537.36 (KHTML, like Gecko; compatible; GPTBot/1.3; +https://openai.com/gptbot)"
74.7.227.170 - - [30/Nov/2025:08:17:31 -0500] "GET /sffg/wk/admin.php?dir=//proc/3589831/root/var/softaculous/wonder/php82 HTTP/1.1" 200 1991 "-" "Mozilla/5.0 AppleWebKit/537.36 (KHTML, like Gecko; compatible; GPTBot/1.3; +https://openai.com/gptbot)"
100.29.160.53 - - [30/Nov/2025:08:17:32 -0500] "GET /wp-includes/wk/admin.php?action=view&dir=/home/bappguir/iasolution.farm&item=click.php HTTP/1.1" 200 6576 "-" "Mozilla/5.0 AppleWebKit/537.36 (KHTML, like Gecko; compatible; Amazonbot/0.1; +https://developer.amazon.com/support/amazonbot) Chrome/119.0.6045.214 Safari/537.36"
74.7.243.223 - - [30/Nov/2025:08:17:32 -0500] "GET /sffg/wk/admin.php?dir=//proc/3779464/root/proc/1330864 HTTP/1.1" 200 1943 "-" "Mozilla/5.0 AppleWebKit/537.36 (KHTML, like Gecko; compatible; GPTBot/1.3; +https://openai.com/gptbot)"
74.7.227.170 - - [30/Nov/2025:08:17:33 -0500] "GET /sffg/wk/admin.php?dir=//proc/3779464/root/var/softaculous/zentao/php71 HTTP/1.1" 200 1991 "-" "Mozilla/5.0 AppleWebKit/537.36 (KHTML, like Gecko; compatible; GPTBot/1.3; +https://openai.com/gptbot)"
74.7.243.223 - - [30/Nov/2025:08:17:34 -0500] "GET /sffg/wk/admin.php?dir=//proc/3589831/root/proc/403630 HTTP/1.1" 200 1945 "-" "Mozilla/5.0 AppleWebKit/537.36 (KHTML, like Gecko; compatible; GPTBot/1.3; +https://openai.com/gptbot)"
74.7.227.170 - - [30/Nov/2025:08:17:36 -0500] "GET /sffg/wk/admin.php?dir=//proc/3589831/root/var/softaculous/smarty/php56 HTTP/1.1" 200 1992 "-" "Mozilla/5.0 AppleWebKit/537.36 (KHTML, like Gecko; compatible; GPTBot/1.3; +https://openai.com/gptbot)"
54.156.55.147 - - [30/Nov/2025:08:17:36 -0500] "GET /css/wk/admin.php?action=chmod&dir=//lib64&item=gcrt1.o HTTP/1.1" 200 90837 "-" "Mozilla/5.0 AppleWebKit/537.36 (KHTML, like Gecko; compatible; Amazonbot/0.1; +https://developer.amazon.com/support/amazonbot) Chrome/119.0.6045.214 Safari/537.36"
74.7.243.223 - - [30/Nov/2025:08:17:36 -0500] "GET /sffg/wk/admin.php?dir=//proc/3263544/root/proc/1199108 HTTP/1.1" 200 1942 "-" "Mozilla/5.0 AppleWebKit/537.36 (KHTML, like Gecko; compatible; GPTBot/1.3; +https://openai.com/gptbot)"
40.77.167.156 - - [30/Nov/2025:08:17:39 -0500] "GET /?detail/26499395 HTTP/1.1" 200 1970 "-" "Mozilla/5.0 AppleWebKit/537.36 (KHTML, like Gecko; compatible; bingbot/2.0; +http://www.bing.com/bingbot.htm) Chrome/116.0.1938.76 Safari/537.36"
74.7.227.170 - - [30/Nov/2025:08:17:38 -0500] "GET /sffg/wk/admin.php?dir=//proc/3589831/root/var/softaculous/abante/php53 HTTP/1.1" 200 1991 "-" "Mozilla/5.0 AppleWebKit/537.36 (KHTML, like Gecko; compatible; GPTBot/1.3; +https://openai.com/gptbot)"
74.7.243.223 - - [30/Nov/2025:08:17:39 -0500] "GET /sffg/wk/admin.php?dir=//proc/3779464/root/proc/1229383 HTTP/1.1" 200 1943 "-" "Mozilla/5.0 AppleWebKit/537.36 (KHTML, like Gecko; compatible; GPTBot/1.3; +https://openai.com/gptbot)"
40.77.167.156 - - [30/Nov/2025:08:17:41 -0500] "GET /?detail/21933484 HTTP/1.1" 200 1927 "-" "Mozilla/5.0 AppleWebKit/537.36 (KHTML, like Gecko; compatible; bingbot/2.0; +http://www.bing.com/bingbot.htm) Chrome/116.0.1938.76 Safari/537.36"
74.7.227.170 - - [30/Nov/2025:08:17:40 -0500] "GET /sffg/wk/admin.php?dir=//proc/3589831/root/var/softaculous/goffice6/php81 HTTP/1.1" 200 1979 "-" "Mozilla/5.0 AppleWebKit/537.36 (KHTML, like Gecko; compatible; GPTBot/1.3; +https://openai.com/gptbot)"
74.7.243.223 - - [30/Nov/2025:08:17:41 -0500] "GET /sffg/wk/admin.php?dir=//proc/3589831/root/proc/404223 HTTP/1.1" 200 1945 "-" "Mozilla/5.0 AppleWebKit/537.36 (KHTML, like Gecko; compatible; GPTBot/1.3; +https://openai.com/gptbot)"
34.195.60.66 - - [30/Nov/2025:08:17:42 -0500] "GET /css/wk/admin.php?action=chmod&dir=//lib64&item=librepo.so.0 HTTP/1.1" 200 90579 "-" "Mozilla/5.0 AppleWebKit/537.36 (KHTML, like Gecko; compatible; Amazonbot/0.1; +https://developer.amazon.com/support/amazonbot) Chrome/119.0.6045.214 Safari/537.36"
74.7.227.170 - - [30/Nov/2025:08:17:42 -0500] "GET /sffg/wk/admin.php?dir=//proc/3779464/root/var/softaculous/etano/php56 HTTP/1.1" 200 1979 "-" "Mozilla/5.0 AppleWebKit/537.36 (KHTML, like Gecko; compatible; GPTBot/1.3; +https://openai.com/gptbot)"
74.7.243.223 - - [30/Nov/2025:08:17:43 -0500] "GET /sffg/wk/admin.php?dir=//proc/3589831/root/proc/421262 HTTP/1.1" 200 1945 "-" "Mozilla/5.0 AppleWebKit/537.36 (KHTML, like Gecko; compatible; GPTBot/1.3; +https://openai.com/gptbot)"
74.7.227.170 - - [30/Nov/2025:08:17:44 -0500] "GET /sffg/wk/admin.php?dir=//proc/3779464/root/var/softaculous/qdpm/php81 HTTP/1.1" 200 1978 "-" "Mozilla/5.0 AppleWebKit/537.36 (KHTML, like Gecko; compatible; GPTBot/1.3; +https://openai.com/gptbot)"
52.203.237.170 - - [30/Nov/2025:08:17:45 -0500] "GET /css/wk/admin.php?action=chmod&dir=//lib64&item=libjemalloc.so HTTP/1.1" 200 90518 "-" "Mozilla/5.0 AppleWebKit/537.36 (KHTML, like Gecko; compatible; Amazonbot/0.1; +https://developer.amazon.com/support/amazonbot) Chrome/119.0.6045.214 Safari/537.36"
74.7.243.223 - - [30/Nov/2025:08:17:45 -0500] "GET /sffg/wk/admin.php?dir=//proc/3779464/root/proc/1296826 HTTP/1.1" 200 1943 "-" "Mozilla/5.0 AppleWebKit/537.36 (KHTML, like Gecko; compatible; GPTBot/1.3; +https://openai.com/gptbot)"
74.7.227.170 - - [30/Nov/2025:08:17:47 -0500] "GET /sffg/wk/admin.php?dir=//proc/3779464/root/var/softaculous/punbb/php81 HTTP/1.1" 200 1980 "-" "Mozilla/5.0 AppleWebKit/537.36 (KHTML, like Gecko; compatible; GPTBot/1.3; +https://openai.com/gptbot)"
74.7.243.223 - - [30/Nov/2025:08:17:48 -0500] "GET /sffg/wk/admin.php?dir=//proc/3160976/root/proc/1156381 HTTP/1.1" 200 1942 "-" "Mozilla/5.0 AppleWebKit/537.36 (KHTML, like Gecko; compatible; GPTBot/1.3; +https://openai.com/gptbot)"
74.7.227.170 - - [30/Nov/2025:08:17:49 -0500] "GET /sffg/wk/admin.php?dir=//proc/3589831/root/var/softaculous/ninja/php82 HTTP/1.1" 200 1979 "-" "Mozilla/5.0 AppleWebKit/537.36 (KHTML, like Gecko; compatible; GPTBot/1.3; +https://openai.com/gptbot)"
3.220.70.171 - - [30/Nov/2025:08:17:49 -0500] "GET /forms/wk/admin.php?action=chmod&dir=//lib64&item=libpanelw.so.6.1 HTTP/1.1" 200 91178 "-" "Mozilla/5.0 AppleWebKit/537.36 (KHTML, like Gecko; compatible; Amazonbot/0.1; +https://developer.amazon.com/support/amazonbot) Chrome/119.0.6045.214 Safari/537.36"
74.7.243.223 - - [30/Nov/2025:08:17:50 -0500] "GET /sffg/wk/admin.php?dir=//proc/3160976/root/proc/1158325 HTTP/1.1" 200 1942 "-" "Mozilla/5.0 AppleWebKit/537.36 (KHTML, like Gecko; compatible; GPTBot/1.3; +https://openai.com/gptbot)"
74.7.227.170 - - [30/Nov/2025:08:17:51 -0500] "GET /sffg/wk/admin.php?dir=//proc/3589831/root/var/softaculous/jszip/php56 HTTP/1.1" 200 1980 "-" "Mozilla/5.0 AppleWebKit/537.36 (KHTML, like Gecko; compatible; GPTBot/1.3; +https://openai.com/gptbot)"
3.219.81.66 - - [30/Nov/2025:08:17:52 -0500] "GET /wewtetg/wk/admin.php?action=chmod&dir=//bin&item=dir HTTP/1.1" 200 29824 "-" "Mozilla/5.0 AppleWebKit/537.36 (KHTML, like Gecko; compatible; Amazonbot/0.1; +https://developer.amazon.com/support/amazonbot) Chrome/119.0.6045.214 Safari/537.36"
74.7.243.223 - - [30/Nov/2025:08:17:52 -0500] "GET /sffg/wk/admin.php?dir=//proc/3779464/root/proc/1288093 HTTP/1.1" 200 1943 "-" "Mozilla/5.0 AppleWebKit/537.36 (KHTML, like Gecko; compatible; GPTBot/1.3; +https://openai.com/gptbot)"
74.7.227.170 - - [30/Nov/2025:08:17:54 -0500] "GET /sffg/wk/admin.php?dir=//proc/3263544/root/var/softaculous/plikli/php81 HTTP/1.1" 200 1991 "-" "Mozilla/5.0 AppleWebKit/537.36 (KHTML, like Gecko; compatible; GPTBot/1.3; +https://openai.com/gptbot)"
74.7.243.223 - - [30/Nov/2025:08:17:54 -0500] "GET /sffg/wk/admin.php?dir=//proc/3263544/root/proc/1203697 HTTP/1.1" 200 1941 "-" "Mozilla/5.0 AppleWebKit/537.36 (KHTML, like Gecko; compatible; GPTBot/1.3; +https://openai.com/gptbot)"
40.77.167.156 - - [30/Nov/2025:08:17:57 -0500] "GET /?detail/19910840 HTTP/1.1" 200 1928 "-" "Mozilla/5.0 AppleWebKit/537.36 (KHTML, like Gecko; compatible; bingbot/2.0; +http://www.bing.com/bingbot.htm) Chrome/116.0.1938.76 Safari/537.36"
74.7.227.170 - - [30/Nov/2025:08:17:56 -0500] "GET /sffg/wk/admin.php?dir=//proc/3263544/root/var/softaculous/pluck/php71 HTTP/1.1" 200 1980 "-" "Mozilla/5.0 AppleWebKit/537.36 (KHTML, like Gecko; compatible; GPTBot/1.3; +https://openai.com/gptbot)"
74.7.243.223 - - [30/Nov/2025:08:17:57 -0500] "GET /sffg/wk/admin.php?dir=//proc/3589831/root/proc/425966 HTTP/1.1" 200 1945 "-" "Mozilla/5.0 AppleWebKit/537.36 (KHTML, like Gecko; compatible; GPTBot/1.3; +https://openai.com/gptbot)"
74.7.227.170 - - [30/Nov/2025:08:17:58 -0500] "GET /sffg/wk/admin.php?dir=//proc/3589831/root/var/softaculous/peel/php71 HTTP/1.1" 200 1977 "-" "Mozilla/5.0 AppleWebKit/537.36 (KHTML, like Gecko; compatible; GPTBot/1.3; +https://openai.com/gptbot)"
74.7.243.223 - - [30/Nov/2025:08:17:59 -0500] "GET /sffg/wk/admin.php?dir=//proc/3589831/root/proc/649609 HTTP/1.1" 200 1945 "-" "Mozilla/5.0 AppleWebKit/537.36 (KHTML, like Gecko; compatible; GPTBot/1.3; +https://openai.com/gptbot)"
157.55.39.194 - - [30/Nov/2025:08:18:01 -0500] "GET /?detail/28474540 HTTP/1.1" 200 1929 "-" "Mozilla/5.0 AppleWebKit/537.36 (KHTML, like Gecko; compatible; bingbot/2.0; +http://www.bing.com/bingbot.htm) Chrome/116.0.1938.76 Safari/537.36"
157.55.39.194 - - [30/Nov/2025:08:18:01 -0500] "GET /?detail/27768028 HTTP/1.1" 200 1972 "-" "Mozilla/5.0 AppleWebKit/537.36 (KHTML, like Gecko; compatible; bingbot/2.0; +http://www.bing.com/bingbot.htm) Chrome/116.0.1938.76 Safari/537.36"
74.7.227.170 - - [30/Nov/2025:08:18:00 -0500] "GET /sffg/wk/admin.php?dir=//proc/3779464/root/var/softaculous/gpeasy/php56 HTTP/1.1" 200 1991 "-" "Mozilla/5.0 AppleWebKit/537.36 (KHTML, like Gecko; compatible; GPTBot/1.3; +https://openai.com/gptbot)"
44.215.210.112 - - [30/Nov/2025:08:18:00 -0500] "GET /wp-includes/wk/admin.php?action=chmod&dir=//etc&item=aliases HTTP/1.1" 200 6914 "-" "Mozilla/5.0 AppleWebKit/537.36 (KHTML, like Gecko; compatible; Amazonbot/0.1; +https://developer.amazon.com/support/amazonbot) Chrome/119.0.6045.214 Safari/537.36"
52.200.142.199 - - [30/Nov/2025:08:18:00 -0500] "GET /forms/wk/admin.php?action=chmod&dir=//lib64&item=libverto-libev.so.1.0.0 HTTP/1.1" 200 91140 "-" "Mozilla/5.0 AppleWebKit/537.36 (KHTML, like Gecko; compatible; Amazonbot/0.1; +https://developer.amazon.com/support/amazonbot) Chrome/119.0.6045.214 Safari/537.36"
74.7.243.223 - - [30/Nov/2025:08:18:01 -0500] "GET /sffg/wk/admin.php?dir=//proc/3779464/root/proc/1295260 HTTP/1.1" 200 1943 "-" "Mozilla/5.0 AppleWebKit/537.36 (KHTML, like Gecko; compatible; GPTBot/1.3; +https://openai.com/gptbot)"
74.7.227.170 - - [30/Nov/2025:08:18:02 -0500] "GET /sffg/wk/admin.php?dir=//proc/3589831/root/var/softaculous/jqplot/php56 HTTP/1.1" 200 1988 "-" "Mozilla/5.0 AppleWebKit/537.36 (KHTML, like Gecko; compatible; GPTBot/1.3; +https://openai.com/gptbot)"
74.7.243.223 - - [30/Nov/2025:08:18:03 -0500] "GET /sffg/wk/admin.php?dir=//proc/3263544/root/proc/1194438 HTTP/1.1" 200 1941 "-" "Mozilla/5.0 AppleWebKit/537.36 (KHTML, like Gecko; compatible; GPTBot/1.3; +https://openai.com/gptbot)"
54.144.185.255 - - [30/Nov/2025:08:18:04 -0500] "GET /wp-includes/wk/admin.php?action=view&dir=//proc&item=kmsg HTTP/1.1" 200 6297 "-" "Mozilla/5.0 AppleWebKit/537.36 (KHTML, like Gecko; compatible; Amazonbot/0.1; +https://developer.amazon.com/support/amazonbot) Chrome/119.0.6045.214 Safari/537.36"
74.7.227.170 - - [30/Nov/2025:08:18:05 -0500] "GET /sffg/wk/admin.php?dir=//proc/3159889/root/var/softaculous/elgg/php53 HTTP/1.1" 200 1978 "-" "Mozilla/5.0 AppleWebKit/537.36 (KHTML, like Gecko; compatible; GPTBot/1.3; +https://openai.com/gptbot)"
74.7.243.223 - - [30/Nov/2025:08:18:05 -0500] "GET /sffg/wk/admin.php?dir=//proc/3160976/root/proc/1084613 HTTP/1.1" 200 1942 "-" "Mozilla/5.0 AppleWebKit/537.36 (KHTML, like Gecko; compatible; GPTBot/1.3; +https://openai.com/gptbot)"
74.7.227.170 - - [30/Nov/2025:08:18:07 -0500] "GET /sffg/wk/admin.php?dir=//proc/3589831/root/var/softaculous/seed/php56 HTTP/1.1" 200 1974 "-" "Mozilla/5.0 AppleWebKit/537.36 (KHTML, like Gecko; compatible; GPTBot/1.3; +https://openai.com/gptbot)"
74.7.243.223 - - [30/Nov/2025:08:18:08 -0500] "GET /sffg/wk/admin.php?dir=//proc/3779464/root/proc/1191835 HTTP/1.1" 200 1942 "-" "Mozilla/5.0 AppleWebKit/537.36 (KHTML, like Gecko; compatible; GPTBot/1.3; +https://openai.com/gptbot)"
100.29.34.97 - - [30/Nov/2025:08:18:08 -0500] "GET /css/wk/admin.php?action=chmod&dir=//etc&item=lynx.cfg HTTP/1.1" 200 6968 "-" "Mozilla/5.0 AppleWebKit/537.36 (KHTML, like Gecko; compatible; Amazonbot/0.1; +https://developer.amazon.com/support/amazonbot) Chrome/119.0.6045.214 Safari/537.36"
74.7.227.170 - - [30/Nov/2025:08:18:09 -0500] "GET /sffg/wk/admin.php?dir=//proc/3589831/root/var/softaculous/uvdesk/php56 HTTP/1.1" 200 1991 "-" "Mozilla/5.0 AppleWebKit/537.36 (KHTML, like Gecko; compatible; GPTBot/1.3; +https://openai.com/gptbot)"
74.7.243.223 - - [30/Nov/2025:08:18:10 -0500] "GET /sffg/wk/admin.php?dir=//proc/3159889/root/proc/1019216 HTTP/1.1" 200 1942 "-" "Mozilla/5.0 AppleWebKit/537.36 (KHTML, like Gecko; compatible; GPTBot/1.3; +https://openai.com/gptbot)"
57.141.0.32 - - [30/Nov/2025:08:18:13 -0500] "GET /special1134503168?kg=1133237877 HTTP/1.1" 404 1251 "-" "meta-externalagent/1.1 (+https://developers.facebook.com/docs/sharing/webmasters/crawler)"
74.7.227.170 - - [30/Nov/2025:08:18:11 -0500] "GET /sffg/wk/admin.php?dir=//proc/3779464/root/var/softaculous/collab/php56 HTTP/1.1" 200 1990 "-" "Mozilla/5.0 AppleWebKit/537.36 (KHTML, like Gecko; compatible; GPTBot/1.3; +https://openai.com/gptbot)"
74.7.243.223 - - [30/Nov/2025:08:18:12 -0500] "GET /sffg/wk/admin.php?dir=//proc/3263544/root/proc/1201247 HTTP/1.1" 200 1941 "-" "Mozilla/5.0 AppleWebKit/537.36 (KHTML, like Gecko; compatible; GPTBot/1.3; +https://openai.com/gptbot)"
34.226.89.140 - - [30/Nov/2025:08:18:12 -0500] "GET /wp-content/wk/admin.php?action=chmod&dir=//bin&item=gunzip HTTP/1.1" 200 29858 "-" "Mozilla/5.0 AppleWebKit/537.36 (KHTML, like Gecko; compatible; Amazonbot/0.1; +https://developer.amazon.com/support/amazonbot) Chrome/119.0.6045.214 Safari/537.36"
74.7.227.170 - - [30/Nov/2025:08:18:13 -0500] "GET /sffg/wk/admin.php?dir=//proc/3779464/root/var/softaculous/weberp/php56 HTTP/1.1" 200 1991 "-" "Mozilla/5.0 AppleWebKit/537.36 (KHTML, like Gecko; compatible; GPTBot/1.3; +https://openai.com/gptbot)"
74.7.243.223 - - [30/Nov/2025:08:18:14 -0500] "GET /sffg/wk/admin.php?dir=//proc/3263544/root/proc/1206079 HTTP/1.1" 200 1942 "-" "Mozilla/5.0 AppleWebKit/537.36 (KHTML, like Gecko; compatible; GPTBot/1.3; +https://openai.com/gptbot)"
74.7.227.170 - - [30/Nov/2025:08:18:16 -0500] "GET /sffg/wk/admin.php?dir=//proc/3779464/root/var/softaculous/dotcl/php81 HTTP/1.1" 200 1979 "-" "Mozilla/5.0 AppleWebKit/537.36 (KHTML, like Gecko; compatible; GPTBot/1.3; +https://openai.com/gptbot)"
74.7.243.223 - - [30/Nov/2025:08:18:16 -0500] "GET /sffg/wk/admin.php?dir=//proc/3779464/root/proc/1199108 HTTP/1.1" 200 1942 "-" "Mozilla/5.0 AppleWebKit/537.36 (KHTML, like Gecko; compatible; GPTBot/1.3; +https://openai.com/gptbot)"
40.77.167.75 - - [30/Nov/2025:08:18:19 -0500] "GET /?detail/9153606 HTTP/1.1" 200 1930 "-" "Mozilla/5.0 AppleWebKit/537.36 (KHTML, like Gecko; compatible; bingbot/2.0; +http://www.bing.com/bingbot.htm) Chrome/116.0.1938.76 Safari/537.36"
74.7.227.170 - - [30/Nov/2025:08:18:18 -0500] "GET /sffg/wk/admin.php?dir=//proc/3779464/root/var/softaculous/krayin/php71 HTTP/1.1" 200 1991 "-" "Mozilla/5.0 AppleWebKit/537.36 (KHTML, like Gecko; compatible; GPTBot/1.3; +https://openai.com/gptbot)"
40.77.167.75 - - [30/Nov/2025:08:18:20 -0500] "GET /?detail/861462 HTTP/1.1" 200 1970 "-" "Mozilla/5.0 AppleWebKit/537.36 (KHTML, like Gecko; compatible; bingbot/2.0; +http://www.bing.com/bingbot.htm) Chrome/116.0.1938.76 Safari/537.36"
74.7.243.223 - - [30/Nov/2025:08:18:19 -0500] "GET /sffg/wk/admin.php?dir=//proc/3779464/root/proc/1189092 HTTP/1.1" 200 1942 "-" "Mozilla/5.0 AppleWebKit/537.36 (KHTML, like Gecko; compatible; GPTBot/1.3; +https://openai.com/gptbot)"
3.231.193.38 - - [30/Nov/2025:08:18:19 -0500] "GET /NaztechB/wk/admin.php?action=chmod&dir=//bin&item=stat HTTP/1.1" 200 29458 "-" "Mozilla/5.0 AppleWebKit/537.36 (KHTML, like Gecko; compatible; Amazonbot/0.1; +https://developer.amazon.com/support/amazonbot) Chrome/119.0.6045.214 Safari/537.36"
74.7.227.170 - - [30/Nov/2025:08:18:20 -0500] "GET /sffg/wk/admin.php?dir=//proc/3263544/root/var/softaculous/thelia/php82 HTTP/1.1" 200 1991 "-" "Mozilla/5.0 AppleWebKit/537.36 (KHTML, like Gecko; compatible; GPTBot/1.3; +https://openai.com/gptbot)"
52.4.238.8 - - [30/Nov/2025:08:18:20 -0500] "GET /hfrgrh/wk/admin.php?action=chmod&dir=//lib64&item=libnet.so.1 HTTP/1.1" 200 90696 "-" "Mozilla/5.0 AppleWebKit/537.36 (KHTML, like Gecko; compatible; Amazonbot/0.1; +https://developer.amazon.com/support/amazonbot) Chrome/119.0.6045.214 Safari/537.36"
74.7.243.223 - - [30/Nov/2025:08:18:21 -0500] "GET /sffg/wk/admin.php?dir=//proc/3589831/root/proc/657442 HTTP/1.1" 200 1945 "-" "Mozilla/5.0 AppleWebKit/537.36 (KHTML, like Gecko; compatible; GPTBot/1.3; +https://openai.com/gptbot)"
74.7.243.223 - - [30/Nov/2025:08:18:23 -0500] "GET /sffg/wk/admin.php?dir=//proc/3589831/root/proc/640637 HTTP/1.1" 200 1945 "-" "Mozilla/5.0 AppleWebKit/537.36 (KHTML, like Gecko; compatible; GPTBot/1.3; +https://openai.com/gptbot)"
44.223.193.255 - - [30/Nov/2025:08:18:24 -0500] "GET /hfrgrh/wk/admin.php?action=chmod&dir=//bin&item=pango-view HTTP/1.1" 200 29763 "-" "Mozilla/5.0 AppleWebKit/537.36 (KHTML, like Gecko; compatible; Amazonbot/0.1; +https://developer.amazon.com/support/amazonbot) Chrome/119.0.6045.214 Safari/537.36"
74.7.227.170 - - [30/Nov/2025:08:18:23 -0500] "GET /sffg/wk/admin.php?dir=//proc/3589831/root/var/softaculous/mybb/php53 HTTP/1.1" 200 1978 "-" "Mozilla/5.0 AppleWebKit/537.36 (KHTML, like Gecko; compatible; GPTBot/1.3; +https://openai.com/gptbot)"
74.7.243.223 - - [30/Nov/2025:08:18:25 -0500] "GET /sffg/wk/admin.php?dir=//proc/3160976/root/proc/1002446 HTTP/1.1" 200 1942 "-" "Mozilla/5.0 AppleWebKit/537.36 (KHTML, like Gecko; compatible; GPTBot/1.3; +https://openai.com/gptbot)"
74.7.227.170 - - [30/Nov/2025:08:18:26 -0500] "GET /sffg/wk/admin.php?dir=//proc/3779464/root/var/softaculous/openb/php53 HTTP/1.1" 200 1979 "-" "Mozilla/5.0 AppleWebKit/537.36 (KHTML, like Gecko; compatible; GPTBot/1.3; +https://openai.com/gptbot)"
74.7.243.223 - - [30/Nov/2025:08:18:28 -0500] "GET /sffg/wk/admin.php?dir=//proc/3160976/root/proc/1151632 HTTP/1.1" 200 1942 "-" "Mozilla/5.0 AppleWebKit/537.36 (KHTML, like Gecko; compatible; GPTBot/1.3; +https://openai.com/gptbot)"
54.85.126.86 - - [30/Nov/2025:08:18:28 -0500] "GET /forms/wk/admin.php?action=chmod&dir=//etc&item=virc HTTP/1.1" 200 6913 "-" "Mozilla/5.0 AppleWebKit/537.36 (KHTML, like Gecko; compatible; Amazonbot/0.1; +https://developer.amazon.com/support/amazonbot) Chrome/119.0.6045.214 Safari/537.36"
74.7.227.170 - - [30/Nov/2025:08:18:28 -0500] "GET /sffg/wk/admin.php?dir=//proc/3159889/root/var/softaculous/libre/php71 HTTP/1.1" 200 1979 "-" "Mozilla/5.0 AppleWebKit/537.36 (KHTML, like Gecko; compatible; GPTBot/1.3; +https://openai.com/gptbot)"
157.55.39.194 - - [30/Nov/2025:08:18:31 -0500] "GET /?detail/18653784 HTTP/1.1" 200 1972 "-" "Mozilla/5.0 AppleWebKit/537.36 (KHTML, like Gecko; compatible; bingbot/2.0; +http://www.bing.com/bingbot.htm) Chrome/116.0.1938.76 Safari/537.36"
74.7.227.170 - - [30/Nov/2025:08:18:30 -0500] "GET /sffg/wk/admin.php?dir=//proc/3779464/root/var/softaculous/alegro/php56 HTTP/1.1" 200 1991 "-" "Mozilla/5.0 AppleWebKit/537.36 (KHTML, like Gecko; compatible; GPTBot/1.3; +https://openai.com/gptbot)"
74.7.243.223 - - [30/Nov/2025:08:18:30 -0500] "GET /sffg/wk/admin.php?dir=//proc/3263544/root/proc/1155794 HTTP/1.1" 200 1941 "-" "Mozilla/5.0 AppleWebKit/537.36 (KHTML, like Gecko; compatible; GPTBot/1.3; +https://openai.com/gptbot)"
74.7.227.170 - - [30/Nov/2025:08:18:33 -0500] "GET /sffg/wk/admin.php?dir=//proc/3263544/root/var/softaculous/obcard/php81 HTTP/1.1" 200 1991 "-" "Mozilla/5.0 AppleWebKit/537.36 (KHTML, like Gecko; compatible; GPTBot/1.3; +https://openai.com/gptbot)"
74.7.243.223 - - [30/Nov/2025:08:18:33 -0500] "GET /sffg/wk/admin.php?dir=//proc/3263544/root/proc/1214905 HTTP/1.1" 200 1941 "-" "Mozilla/5.0 AppleWebKit/537.36 (KHTML, like Gecko; compatible; GPTBot/1.3; +https://openai.com/gptbot)"
34.196.6.199 - - [30/Nov/2025:08:18:33 -0500] "GET /images/wk/admin.php?action=chmod&dir=//lib64&item=libfftw3_omp.so.3.5.5 HTTP/1.1" 200 90825 "-" "Mozilla/5.0 AppleWebKit/537.36 (KHTML, like Gecko; compatible; Amazonbot/0.1; +https://developer.amazon.com/support/amazonbot) Chrome/119.0.6045.214 Safari/537.36"
74.7.227.170 - - [30/Nov/2025:08:18:35 -0500] "GET /sffg/wk/admin.php?dir=//proc/3779464/root/var/softaculous/whmcs/php82 HTTP/1.1" 200 1979 "-" "Mozilla/5.0 AppleWebKit/537.36 (KHTML, like Gecko; compatible; GPTBot/1.3; +https://openai.com/gptbot)"
74.7.243.223 - - [30/Nov/2025:08:18:36 -0500] "GET /sffg/wk/admin.php?dir=//proc/3160976/root/proc/1021817 HTTP/1.1" 200 1942 "-" "Mozilla/5.0 AppleWebKit/537.36 (KHTML, like Gecko; compatible; GPTBot/1.3; +https://openai.com/gptbot)"
35.173.38.202 - - [30/Nov/2025:08:18:36 -0500] "GET /wewtetg/wk/admin.php?action=chmod&dir=//run&item=sepermit HTTP/1.1" 200 3382 "-" "Mozilla/5.0 AppleWebKit/537.36 (KHTML, like Gecko; compatible; Amazonbot/0.1; +https://developer.amazon.com/support/amazonbot) Chrome/119.0.6045.214 Safari/537.36"
74.7.227.170 - - [30/Nov/2025:08:18:37 -0500] "GET /sffg/wk/admin.php?dir=//proc/3159889/root/var/softaculous/weberp/php71 HTTP/1.1" 200 1991 "-" "Mozilla/5.0 AppleWebKit/537.36 (KHTML, like Gecko; compatible; GPTBot/1.3; +https://openai.com/gptbot)"
74.7.243.223 - - [30/Nov/2025:08:18:38 -0500] "GET /sffg/wk/admin.php?dir=//proc/3263544/root/proc/1207121 HTTP/1.1" 200 1941 "-" "Mozilla/5.0 AppleWebKit/537.36 (KHTML, like Gecko; compatible; GPTBot/1.3; +https://openai.com/gptbot)"
74.7.227.170 - - [30/Nov/2025:08:18:39 -0500] "GET /sffg/wk/admin.php?dir=//proc/3779464/root/var/softaculous/leto/php56 HTTP/1.1" 200 1977 "-" "Mozilla/5.0 AppleWebKit/537.36 (KHTML, like Gecko; compatible; GPTBot/1.3; +https://openai.com/gptbot)"
74.7.243.223 - - [30/Nov/2025:08:18:40 -0500] "GET /sffg/wk/admin.php?dir=//proc/3263544/root/proc/1190508 HTTP/1.1" 200 1942 "-" "Mozilla/5.0 AppleWebKit/537.36 (KHTML, like Gecko; compatible; GPTBot/1.3; +https://openai.com/gptbot)"
74.7.227.170 - - [30/Nov/2025:08:18:41 -0500] "GET /sffg/wk/admin.php?dir=//proc/3589831/root/var/softaculous/icehrm/php71 HTTP/1.1" 200 1991 "-" "Mozilla/5.0 AppleWebKit/537.36 (KHTML, like Gecko; compatible; GPTBot/1.3; +https://openai.com/gptbot)"
50.19.102.70 - - [30/Nov/2025:08:18:41 -0500] "GET /css/wk/admin.php?action=chmod&dir=//lib64&item=libplc4.so HTTP/1.1" 200 91054 "-" "Mozilla/5.0 AppleWebKit/537.36 (KHTML, like Gecko; compatible; Amazonbot/0.1; +https://developer.amazon.com/support/amazonbot) Chrome/119.0.6045.214 Safari/537.36"
74.7.243.223 - - [30/Nov/2025:08:18:42 -0500] "GET /sffg/wk/admin.php?dir=//proc/3160976/root/proc/1146189 HTTP/1.1" 200 1942 "-" "Mozilla/5.0 AppleWebKit/537.36 (KHTML, like Gecko; compatible; GPTBot/1.3; +https://openai.com/gptbot)"
114.119.130.210 - - [30/Nov/2025:08:18:45 -0500] "GET /update/r153?pid=22007 HTTP/1.1" 404 1251 "https://naztechltd.com/?sitemap601.xml" "Mozilla/5.0 (Linux; Android 7.0;) AppleWebKit/537.36 (KHTML, like Gecko) Mobile Safari/537.36 (compatible; PetalBot;+https://webmaster.petalsearch.com/site/petalbot)"
74.7.227.170 - - [30/Nov/2025:08:18:44 -0500] "GET /sffg/wk/admin.php?dir=//proc/3779464/root/var/softaculous/lepton/php82 HTTP/1.1" 200 1991 "-" "Mozilla/5.0 AppleWebKit/537.36 (KHTML, like Gecko; compatible; GPTBot/1.3; +https://openai.com/gptbot)"
74.7.243.223 - - [30/Nov/2025:08:18:44 -0500] "GET /sffg/wk/admin.php?dir=//proc/3779464/root/proc/1319803 HTTP/1.1" 200 1942 "-" "Mozilla/5.0 AppleWebKit/537.36 (KHTML, like Gecko; compatible; GPTBot/1.3; +https://openai.com/gptbot)"
44.215.61.66 - - [30/Nov/2025:08:18:44 -0500] "GET /forms/wk/admin.php?action=chmod&dir=//lib64&item=libusb-1.0.so.0.2.0 HTTP/1.1" 200 91379 "-" "Mozilla/5.0 AppleWebKit/537.36 (KHTML, like Gecko; compatible; Amazonbot/0.1; +https://developer.amazon.com/support/amazonbot) Chrome/119.0.6045.214 Safari/537.36"
74.7.227.170 - - [30/Nov/2025:08:18:46 -0500] "GET /sffg/wk/admin.php?dir=//proc/3159889/root/var/softaculous/redax/php71 HTTP/1.1" 200 1980 "-" "Mozilla/5.0 AppleWebKit/537.36 (KHTML, like Gecko; compatible; GPTBot/1.3; +https://openai.com/gptbot)"
74.7.243.223 - - [30/Nov/2025:08:18:47 -0500] "GET /sffg/wk/admin.php?dir=//proc/3779464/root/proc/1197285 HTTP/1.1" 200 1942 "-" "Mozilla/5.0 AppleWebKit/537.36 (KHTML, like Gecko; compatible; GPTBot/1.3; +https://openai.com/gptbot)"
74.7.227.170 - - [30/Nov/2025:08:18:48 -0500] "GET /sffg/wk/admin.php?dir=//proc/3589831/root/var/softaculous/genix/php81 HTTP/1.1" 200 1979 "-" "Mozilla/5.0 AppleWebKit/537.36 (KHTML, like Gecko; compatible; GPTBot/1.3; +https://openai.com/gptbot)"
74.7.243.223 - - [30/Nov/2025:08:18:49 -0500] "GET /sffg/wk/admin.php?dir=//proc/3779464/root/proc/1329726 HTTP/1.1" 200 1943 "-" "Mozilla/5.0 AppleWebKit/537.36 (KHTML, like Gecko; compatible; GPTBot/1.3; +https://openai.com/gptbot)"
44.218.170.184 - - [30/Nov/2025:08:18:49 -0500] "GET /NaztechB/wk/admin.php?action=chmod&dir=//run&item=atd.pid HTTP/1.1" 200 3375 "-" "Mozilla/5.0 AppleWebKit/537.36 (KHTML, like Gecko; compatible; Amazonbot/0.1; +https://developer.amazon.com/support/amazonbot) Chrome/119.0.6045.214 Safari/537.36"
74.7.227.170 - - [30/Nov/2025:08:18:51 -0500] "GET /sffg/wk/admin.php?dir=//proc/3589831/root/var/softaculous/yeti/php71 HTTP/1.1" 200 1977 "-" "Mozilla/5.0 AppleWebKit/537.36 (KHTML, like Gecko; compatible; GPTBot/1.3; +https://openai.com/gptbot)"
74.7.243.223 - - [30/Nov/2025:08:18:51 -0500] "GET /sffg/wk/admin.php?dir=//proc/3160976/root/proc/1144705 HTTP/1.1" 200 1942 "-" "Mozilla/5.0 AppleWebKit/537.36 (KHTML, like Gecko; compatible; GPTBot/1.3; +https://openai.com/gptbot)"
44.212.131.50 - - [30/Nov/2025:08:18:52 -0500] "GET /wp-content/wk/admin.php?action=chmod&dir=//lib64&item=pulseaudio HTTP/1.1" 200 89382 "-" "Mozilla/5.0 AppleWebKit/537.36 (KHTML, like Gecko; compatible; Amazonbot/0.1; +https://developer.amazon.com/support/amazonbot) Chrome/119.0.6045.214 Safari/537.36"
74.7.227.170 - - [30/Nov/2025:08:18:53 -0500] "GET /sffg/wk/admin.php?dir=//proc/3263544/root/var/softaculous/baker/php82 HTTP/1.1" 200 1979 "-" "Mozilla/5.0 AppleWebKit/537.36 (KHTML, like Gecko; compatible; GPTBot/1.3; +https://openai.com/gptbot)"
74.7.243.223 - - [30/Nov/2025:08:18:53 -0500] "GET /sffg/wk/admin.php?dir=//proc/3779464/root/proc/1207121 HTTP/1.1" 200 1942 "-" "Mozilla/5.0 AppleWebKit/537.36 (KHTML, like Gecko; compatible; GPTBot/1.3; +https://openai.com/gptbot)"
74.7.243.223 - - [30/Nov/2025:08:18:55 -0500] "GET /sffg/wk/admin.php?dir=//proc/3263544/root/proc/1189092 HTTP/1.1" 200 1942 "-" "Mozilla/5.0 AppleWebKit/537.36 (KHTML, like Gecko; compatible; GPTBot/1.3; +https://openai.com/gptbot)"
52.204.81.148 - - [30/Nov/2025:08:18:56 -0500] "GET /images/wk/admin.php?action=chmod&dir=//lib64&item=libcpupower.so.0 HTTP/1.1" 200 90708 "-" "Mozilla/5.0 AppleWebKit/537.36 (KHTML, like Gecko; compatible; Amazonbot/0.1; +https://developer.amazon.com/support/amazonbot) Chrome/119.0.6045.214 Safari/537.36"
74.7.243.223 - - [30/Nov/2025:08:18:58 -0500] "GET /sffg/wk/admin.php?dir=//proc/3160976/root/proc/1158326 HTTP/1.1" 200 1942 "-" "Mozilla/5.0 AppleWebKit/537.36 (KHTML, like Gecko; compatible; GPTBot/1.3; +https://openai.com/gptbot)"
74.7.227.170 - - [30/Nov/2025:08:18:55 -0500] "GET /sffg/wk/admin.php?dir=//proc/3263544/root/var/softaculous/burden/php56 HTTP/1.1" 200 1991 "-" "Mozilla/5.0 AppleWebKit/537.36 (KHTML, like Gecko; compatible; GPTBot/1.3; +https://openai.com/gptbot)"
74.7.243.223 - - [30/Nov/2025:08:19:00 -0500] "GET /sffg/wk/admin.php?dir=//proc/3779464/root/proc/1206900 HTTP/1.1" 200 1943 "-" "Mozilla/5.0 AppleWebKit/537.36 (KHTML, like Gecko; compatible; GPTBot/1.3; +https://openai.com/gptbot)"
98.82.59.253 - - [30/Nov/2025:08:19:00 -0500] "GET /images/wk/admin.php?action=chmod&dir=//lib64&item=libdbus-1.so.3.19.7 HTTP/1.1" 200 91048 "-" "Mozilla/5.0 AppleWebKit/537.36 (KHTML, like Gecko; compatible; Amazonbot/0.1; +https://developer.amazon.com/support/amazonbot) Chrome/119.0.6045.214 Safari/537.36"
74.7.227.170 - - [30/Nov/2025:08:19:01 -0500] "GET /sffg/wk/admin.php?dir=//proc/3159889/root/var/softaculous/blab/php82 HTTP/1.1" 200 1978 "-" "Mozilla/5.0 AppleWebKit/537.36 (KHTML, like Gecko; compatible; GPTBot/1.3; +https://openai.com/gptbot)"
74.7.243.223 - - [30/Nov/2025:08:19:02 -0500] "GET /sffg/wk/admin.php?dir=//proc/3589831/root/proc/634742 HTTP/1.1" 200 1945 "-" "Mozilla/5.0 AppleWebKit/537.36 (KHTML, like Gecko; compatible; GPTBot/1.3; +https://openai.com/gptbot)"
74.7.227.170 - - [30/Nov/2025:08:19:04 -0500] "GET /sffg/wk/admin.php?dir=//proc/3263544/root/var/softaculous/cszcms/php71 HTTP/1.1" 200 1991 "-" "Mozilla/5.0 AppleWebKit/537.36 (KHTML, like Gecko; compatible; GPTBot/1.3; +https://openai.com/gptbot)"
23.23.214.190 - - [30/Nov/2025:08:19:04 -0500] "GET /hfrgrh/wk/admin.php?action=chmod&dir=//lib64&item=Mcrt1.o HTTP/1.1" 200 90940 "-" "Mozilla/5.0 AppleWebKit/537.36 (KHTML, like Gecko; compatible; Amazonbot/0.1; +https://developer.amazon.com/support/amazonbot) Chrome/119.0.6045.214 Safari/537.36"
74.7.243.223 - - [30/Nov/2025:08:19:04 -0500] "GET /sffg/wk/admin.php?dir=//proc/3589831/root/proc/265354 HTTP/1.1" 200 1945 "-" "Mozilla/5.0 AppleWebKit/537.36 (KHTML, like Gecko; compatible; GPTBot/1.3; +https://openai.com/gptbot)"
74.7.227.170 - - [30/Nov/2025:08:19:06 -0500] "GET /sffg/wk/admin.php?dir=//proc/3779464/root/var/softaculous/crafty/php81 HTTP/1.1" 200 1991 "-" "Mozilla/5.0 AppleWebKit/537.36 (KHTML, like Gecko; compatible; GPTBot/1.3; +https://openai.com/gptbot)"
74.7.243.223 - - [30/Nov/2025:08:19:06 -0500] "GET /sffg/wk/admin.php?dir=//proc/3779464/root/proc/1205405 HTTP/1.1" 200 1943 "-" "Mozilla/5.0 AppleWebKit/537.36 (KHTML, like Gecko; compatible; GPTBot/1.3; +https://openai.com/gptbot)"
74.7.227.170 - - [30/Nov/2025:08:19:08 -0500] "GET /sffg/wk/admin.php?dir=//proc/3263544/root/var/softaculous/blesta/php53 HTTP/1.1" 200 1991 "-" "Mozilla/5.0 AppleWebKit/537.36 (KHTML, like Gecko; compatible; GPTBot/1.3; +https://openai.com/gptbot)"
34.225.87.80 - - [30/Nov/2025:08:19:08 -0500] "GET /sdfsf/wk/admin.php?action=chmod&dir=//lib64&item=libmtdev.so.1 HTTP/1.1" 200 89827 "-" "Mozilla/5.0 AppleWebKit/537.36 (KHTML, like Gecko; compatible; Amazonbot/0.1; +https://developer.amazon.com/support/amazonbot) Chrome/119.0.6045.214 Safari/537.36"
74.7.243.223 - - [30/Nov/2025:08:19:09 -0500] "GET /sffg/wk/admin.php?dir=//proc/3159889/root/proc/974390 HTTP/1.1" 200 1945 "-" "Mozilla/5.0 AppleWebKit/537.36 (KHTML, like Gecko; compatible; GPTBot/1.3; +https://openai.com/gptbot)"
74.7.243.223 - - [30/Nov/2025:08:19:11 -0500] "GET /sffg/wk/admin.php?dir=//proc/3263544/root/proc/1202855 HTTP/1.1" 200 1942 "-" "Mozilla/5.0 AppleWebKit/537.36 (KHTML, like Gecko; compatible; GPTBot/1.3; +https://openai.com/gptbot)"
74.7.227.170 - - [30/Nov/2025:08:19:10 -0500] "GET /sffg/wk/admin.php?dir=//proc/3263544/root/var/softaculous/logic/php81 HTTP/1.1" 200 1978 "-" "Mozilla/5.0 AppleWebKit/537.36 (KHTML, like Gecko; compatible; GPTBot/1.3; +https://openai.com/gptbot)"
52.21.62.139 - - [30/Nov/2025:08:19:12 -0500] "GET /wp-content/wk/admin.php?action=chmod&dir=//lib64&item=libthread_db.so HTTP/1.1" 200 90054 "-" "Mozilla/5.0 AppleWebKit/537.36 (KHTML, like Gecko; compatible; Amazonbot/0.1; +https://developer.amazon.com/support/amazonbot) Chrome/119.0.6045.214 Safari/537.36"
74.7.243.223 - - [30/Nov/2025:08:19:13 -0500] "GET /sffg/wk/admin.php?dir=//proc/3160976/root/proc/1014748 HTTP/1.1" 200 1942 "-" "Mozilla/5.0 AppleWebKit/537.36 (KHTML, like Gecko; compatible; GPTBot/1.3; +https://openai.com/gptbot)"
74.7.227.170 - - [30/Nov/2025:08:19:13 -0500] "GET /sffg/wk/admin.php?dir=//proc/3589831/root/var/softaculous/omekas/php82 HTTP/1.1" 200 1991 "-" "Mozilla/5.0 AppleWebKit/537.36 (KHTML, like Gecko; compatible; GPTBot/1.3; +https://openai.com/gptbot)"
74.7.243.223 - - [30/Nov/2025:08:19:15 -0500] "GET /sffg/wk/admin.php?dir=//proc/3160976/root/proc/982151 HTTP/1.1" 200 1945 "-" "Mozilla/5.0 AppleWebKit/537.36 (KHTML, like Gecko; compatible; GPTBot/1.3; +https://openai.com/gptbot)"
34.235.239.240 - - [30/Nov/2025:08:19:16 -0500] "GET /wp-includes/wk/admin.php?action=view&dir=/home/bappguir/masimuj.com&item=admin.php HTTP/1.1" 200 5883 "-" "Mozilla/5.0 AppleWebKit/537.36 (KHTML, like Gecko; compatible; Amazonbot/0.1; +https://developer.amazon.com/support/amazonbot) Chrome/119.0.6045.214 Safari/537.36"
74.7.227.170 - - [30/Nov/2025:08:19:16 -0500] "GET /sffg/wk/admin.php?dir=//proc/3589831/root/var/softaculous/cube/php81 HTTP/1.1" 200 1978 "-" "Mozilla/5.0 AppleWebKit/537.36 (KHTML, like Gecko; compatible; GPTBot/1.3; +https://openai.com/gptbot)"
74.7.243.223 - - [30/Nov/2025:08:19:18 -0500] "GET /sffg/wk/admin.php?dir=//proc/3263544/root/proc/1191835 HTTP/1.1" 200 1941 "-" "Mozilla/5.0 AppleWebKit/537.36 (KHTML, like Gecko; compatible; GPTBot/1.3; +https://openai.com/gptbot)"
57.141.0.28 - - [30/Nov/2025:08:19:20 -0500] "GET /special2007970432?kg=2005730290 HTTP/1.1" 404 1251 "-" "meta-externalagent/1.1 (+https://developers.facebook.com/docs/sharing/webmasters/crawler)"
74.7.227.170 - - [30/Nov/2025:08:19:18 -0500] "GET /sffg/wk/admin.php?dir=//proc/3589831/root/var/softaculous/htmly/php56 HTTP/1.1" 200 1979 "-" "Mozilla/5.0 AppleWebKit/537.36 (KHTML, like Gecko; compatible; GPTBot/1.3; +https://openai.com/gptbot)"
74.7.243.223 - - [30/Nov/2025:08:19:20 -0500] "GET /sffg/wk/admin.php?dir=//proc/3589831/root/proc/429032 HTTP/1.1" 200 1945 "-" "Mozilla/5.0 AppleWebKit/537.36 (KHTML, like Gecko; compatible; GPTBot/1.3; +https://openai.com/gptbot)"
34.195.60.66 - - [30/Nov/2025:08:19:20 -0500] "GET /admin/wk/admin.php?action=chmod&dir=//lib64&item=libncursesw.so.6.1 HTTP/1.1" 200 91148 "-" "Mozilla/5.0 AppleWebKit/537.36 (KHTML, like Gecko; compatible; Amazonbot/0.1; +https://developer.amazon.com/support/amazonbot) Chrome/119.0.6045.214 Safari/537.36"
74.7.227.170 - - [30/Nov/2025:08:19:20 -0500] "GET /sffg/wk/admin.php?dir=//proc/3779464/root/var/softaculous/peel/php71 HTTP/1.1" 200 1977 "-" "Mozilla/5.0 AppleWebKit/537.36 (KHTML, like Gecko; compatible; GPTBot/1.3; +https://openai.com/gptbot)"
74.7.243.223 - - [30/Nov/2025:08:19:22 -0500] "GET /sffg/wk/admin.php?dir=//proc/3589831/root/proc/560854 HTTP/1.1" 200 1945 "-" "Mozilla/5.0 AppleWebKit/537.36 (KHTML, like Gecko; compatible; GPTBot/1.3; +https://openai.com/gptbot)"
74.7.227.170 - - [30/Nov/2025:08:19:23 -0500] "GET /sffg/wk/admin.php?dir=//proc/3779464/root/var/softaculous/impleo/php53 HTTP/1.1" 200 1990 "-" "Mozilla/5.0 AppleWebKit/537.36 (KHTML, like Gecko; compatible; GPTBot/1.3; +https://openai.com/gptbot)"
74.7.243.223 - - [30/Nov/2025:08:19:24 -0500] "GET /sffg/wk/admin.php?dir=//proc/3779464/root/proc/1345865 HTTP/1.1" 200 1942 "-" "Mozilla/5.0 AppleWebKit/537.36 (KHTML, like Gecko; compatible; GPTBot/1.3; +https://openai.com/gptbot)"
34.235.239.240 - - [30/Nov/2025:08:19:24 -0500] "GET /hfrgrh/wk/admin.php?action=chmod&dir=//lib64&item=libXau.so.6.0.0 HTTP/1.1" 200 90568 "-" "Mozilla/5.0 AppleWebKit/537.36 (KHTML, like Gecko; compatible; Amazonbot/0.1; +https://developer.amazon.com/support/amazonbot) Chrome/119.0.6045.214 Safari/537.36"
74.7.227.170 - - [30/Nov/2025:08:19:25 -0500] "GET /sffg/wk/admin.php?dir=//proc/3159889/root/var/softaculous/cube/php82 HTTP/1.1" 200 1978 "-" "Mozilla/5.0 AppleWebKit/537.36 (KHTML, like Gecko; compatible; GPTBot/1.3; +https://openai.com/gptbot)"
74.7.243.223 - - [30/Nov/2025:08:19:26 -0500] "GET /sffg/wk/admin.php?dir=//proc/3160976/root/proc/1143597 HTTP/1.1" 200 1942 "-" "Mozilla/5.0 AppleWebKit/537.36 (KHTML, like Gecko; compatible; GPTBot/1.3; +https://openai.com/gptbot)"
52.54.95.127 - - [30/Nov/2025:08:19:28 -0500] "GET /images/wk/admin.php?action=chmod&dir=//lib64&item=libSoundTouch.so.2 HTTP/1.1" 200 90647 "-" "Mozilla/5.0 AppleWebKit/537.36 (KHTML, like Gecko; compatible; Amazonbot/0.1; +https://developer.amazon.com/support/amazonbot) Chrome/119.0.6045.214 Safari/537.36"
74.7.227.170 - - [30/Nov/2025:08:19:27 -0500] "GET /sffg/wk/admin.php?dir=//proc/3159889/root/var/softaculous/redax/php56 HTTP/1.1" 200 1981 "-" "Mozilla/5.0 AppleWebKit/537.36 (KHTML, like Gecko; compatible; GPTBot/1.3; +https://openai.com/gptbot)"
74.7.243.223 - - [30/Nov/2025:08:19:29 -0500] "GET /sffg/wk/admin.php?dir=//proc/3160976/root/proc/989124 HTTP/1.1" 200 1945 "-" "Mozilla/5.0 AppleWebKit/537.36 (KHTML, like Gecko; compatible; GPTBot/1.3; +https://openai.com/gptbot)"
74.7.227.170 - - [30/Nov/2025:08:19:31 -0500] "GET /sffg/wk/admin.php?dir=//proc/3263544/root/var/softaculous/omekas/php82 HTTP/1.1" 200 1992 "-" "Mozilla/5.0 AppleWebKit/537.36 (KHTML, like Gecko; compatible; GPTBot/1.3; +https://openai.com/gptbot)"
74.7.243.223 - - [30/Nov/2025:08:19:31 -0500] "GET /sffg/wk/admin.php?dir=//proc/3779464/root/proc/1186560 HTTP/1.1" 200 1942 "-" "Mozilla/5.0 AppleWebKit/537.36 (KHTML, like Gecko; compatible; GPTBot/1.3; +https://openai.com/gptbot)"
3.215.221.125 - - [30/Nov/2025:08:19:32 -0500] "GET /wp-includes/wpbbefef/wk/admin.php?action=chmod&dir=/&item=home HTTP/1.1" 200 3403 "-" "Mozilla/5.0 AppleWebKit/537.36 (KHTML, like Gecko; compatible; Amazonbot/0.1; +https://developer.amazon.com/support/amazonbot) Chrome/119.0.6045.214 Safari/537.36"
74.7.227.170 - - [30/Nov/2025:08:19:33 -0500] "GET /sffg/wk/admin.php?dir=//proc/3263544/root/var/softaculous/slims/php71 HTTP/1.1" 200 1978 "-" "Mozilla/5.0 AppleWebKit/537.36 (KHTML, like Gecko; compatible; GPTBot/1.3; +https://openai.com/gptbot)"
74.7.243.223 - - [30/Nov/2025:08:19:33 -0500] "GET /sffg/wk/admin.php?dir=//proc/3160976/root/proc/982024 HTTP/1.1" 200 1945 "-" "Mozilla/5.0 AppleWebKit/537.36 (KHTML, like Gecko; compatible; GPTBot/1.3; +https://openai.com/gptbot)"
74.7.227.170 - - [30/Nov/2025:08:19:35 -0500] "GET /sffg/wk/admin.php?dir=//proc/3779464/root/var/softaculous/jqplot/php53 HTTP/1.1" 200 1988 "-" "Mozilla/5.0 AppleWebKit/537.36 (KHTML, like Gecko; compatible; GPTBot/1.3; +https://openai.com/gptbot)"
74.7.243.223 - - [30/Nov/2025:08:19:36 -0500] "GET /sffg/wk/admin.php?dir=//proc/3263544/root/proc/1154700 HTTP/1.1" 200 1941 "-" "Mozilla/5.0 AppleWebKit/537.36 (KHTML, like Gecko; compatible; GPTBot/1.3; +https://openai.com/gptbot)"
3.232.102.111 - - [30/Nov/2025:08:19:36 -0500] "GET /wp-content/wk/admin.php?action=chmod&dir=//lib64&item=apr-util-1 HTTP/1.1" 200 90969 "-" "Mozilla/5.0 AppleWebKit/537.36 (KHTML, like Gecko; compatible; Amazonbot/0.1; +https://developer.amazon.com/support/amazonbot) Chrome/119.0.6045.214 Safari/537.36"
74.7.227.170 - - [30/Nov/2025:08:19:37 -0500] "GET /sffg/wk/admin.php?dir=//proc/3779464/root/var/softaculous/collab/php81 HTTP/1.1" 200 1990 "-" "Mozilla/5.0 AppleWebKit/537.36 (KHTML, like Gecko; compatible; GPTBot/1.3; +https://openai.com/gptbot)"
74.7.243.223 - - [30/Nov/2025:08:19:38 -0500] "GET /sffg/wk/admin.php?dir=//proc/3159889/root/proc/896760 HTTP/1.1" 200 1945 "-" "Mozilla/5.0 AppleWebKit/537.36 (KHTML, like Gecko; compatible; GPTBot/1.3; +https://openai.com/gptbot)"
3.232.39.98 - - [30/Nov/2025:08:19:39 -0500] "GET /wp-includes/qq82010f/wk/admin.php?action=chmod&dir=/&item=opt HTTP/1.1" 200 3441 "-" "Mozilla/5.0 AppleWebKit/537.36 (KHTML, like Gecko; compatible; Amazonbot/0.1; +https://developer.amazon.com/support/amazonbot) Chrome/119.0.6045.214 Safari/537.36"
74.7.227.170 - - [30/Nov/2025:08:19:40 -0500] "GET /sffg/wk/admin.php?dir=//proc/3159889/root/var/softaculous/wbce/php81 HTTP/1.1" 200 1978 "-" "Mozilla/5.0 AppleWebKit/537.36 (KHTML, like Gecko; compatible; GPTBot/1.3; +https://openai.com/gptbot)"
74.7.243.223 - - [30/Nov/2025:08:19:41 -0500] "GET /sffg/wk/admin.php?dir=//proc/3589831/root/proc/405729 HTTP/1.1" 200 1945 "-" "Mozilla/5.0 AppleWebKit/537.36 (KHTML, like Gecko; compatible; GPTBot/1.3; +https://openai.com/gptbot)"
74.7.227.170 - - [30/Nov/2025:08:19:42 -0500] "GET /sffg/wk/admin.php?dir=//proc/3263544/root/var/softaculous/pier/php71 HTTP/1.1" 200 1974 "-" "Mozilla/5.0 AppleWebKit/537.36 (KHTML, like Gecko; compatible; GPTBot/1.3; +https://openai.com/gptbot)"
52.167.144.158 - - [30/Nov/2025:08:19:45 -0500] "GET /?detail/11473173 HTTP/1.1" 200 1930 "-" "Mozilla/5.0 AppleWebKit/537.36 (KHTML, like Gecko; compatible; bingbot/2.0; +http://www.bing.com/bingbot.htm) Chrome/116.0.1938.76 Safari/537.36"
74.7.243.223 - - [30/Nov/2025:08:19:43 -0500] "GET /sffg/wk/admin.php?dir=//proc/3160976/root/proc/985281 HTTP/1.1" 200 1945 "-" "Mozilla/5.0 AppleWebKit/537.36 (KHTML, like Gecko; compatible; GPTBot/1.3; +https://openai.com/gptbot)"
44.195.50.71 - - [30/Nov/2025:08:19:44 -0500] "GET /NaztechB/wk/admin.php?action=chmod&dir=//bin&item=tty HTTP/1.1" 200 29848 "-" "Mozilla/5.0 AppleWebKit/537.36 (KHTML, like Gecko; compatible; Amazonbot/0.1; +https://developer.amazon.com/support/amazonbot) Chrome/119.0.6045.214 Safari/537.36"
74.7.227.170 - - [30/Nov/2025:08:19:44 -0500] "GET /sffg/wk/admin.php?dir=//proc/3159889/root/var/softaculous/cake/php71 HTTP/1.1" 200 1977 "-" "Mozilla/5.0 AppleWebKit/537.36 (KHTML, like Gecko; compatible; GPTBot/1.3; +https://openai.com/gptbot)"
74.7.243.223 - - [30/Nov/2025:08:19:46 -0500] "GET /sffg/wk/admin.php?dir=//proc/3779464/root/proc/1231961 HTTP/1.1" 200 1942 "-" "Mozilla/5.0 AppleWebKit/537.36 (KHTML, like Gecko; compatible; GPTBot/1.3; +https://openai.com/gptbot)"
74.7.227.170 - - [30/Nov/2025:08:19:47 -0500] "GET /sffg/wk/admin.php?dir=//proc/3589831/root/var/softaculous/pluxml/php56 HTTP/1.1" 200 1991 "-" "Mozilla/5.0 AppleWebKit/537.36 (KHTML, like Gecko; compatible; GPTBot/1.3; +https://openai.com/gptbot)"
74.7.243.223 - - [30/Nov/2025:08:19:48 -0500] "GET /sffg/wk/admin.php?dir=//proc/3159889/root/proc/1020864 HTTP/1.1" 200 1942 "-" "Mozilla/5.0 AppleWebKit/537.36 (KHTML, like Gecko; compatible; GPTBot/1.3; +https://openai.com/gptbot)"
74.7.227.170 - - [30/Nov/2025:08:19:49 -0500] "GET /sffg/wk/admin.php?dir=//proc/3263544/root/var/softaculous/pluxml/php71 HTTP/1.1" 200 1991 "-" "Mozilla/5.0 AppleWebKit/537.36 (KHTML, like Gecko; compatible; GPTBot/1.3; +https://openai.com/gptbot)"
34.234.197.175 - - [30/Nov/2025:08:19:47 -0500] "GET /wp-includes/wk/admin.php?action=chmod&dir=//bin&item=gsoelim HTTP/1.1" 200 29440 "-" "Mozilla/5.0 AppleWebKit/537.36 (KHTML, like Gecko; compatible; Amazonbot/0.1; +https://developer.amazon.com/support/amazonbot) Chrome/119.0.6045.214 Safari/537.36"
74.7.243.223 - - [30/Nov/2025:08:19:50 -0500] "GET /sffg/wk/admin.php?dir=//proc/3263544/root/proc/1195021 HTTP/1.1" 200 1941 "-" "Mozilla/5.0 AppleWebKit/537.36 (KHTML, like Gecko; compatible; GPTBot/1.3; +https://openai.com/gptbot)"
74.7.227.170 - - [30/Nov/2025:08:19:51 -0500] "GET /sffg/wk/admin.php?dir=//proc/3263544/root/var/softaculous/impleo/php81 HTTP/1.1" 200 1990 "-" "Mozilla/5.0 AppleWebKit/537.36 (KHTML, like Gecko; compatible; GPTBot/1.3; +https://openai.com/gptbot)"
