74.7.243.223 - - [30/Nov/2025:07:35:10 -0500] "GET /sffg/wk/admin.php?action=chmod&dir=//proc/3263544/root/proc/sys/net/ipv4&item=cipso_cache_enable HTTP/1.1" 200 2033 "-" "Mozilla/5.0 AppleWebKit/537.36 (KHTML, like Gecko; compatible; GPTBot/1.3; +https://openai.com/gptbot)"
98.83.177.42 - - [30/Nov/2025:07:35:11 -0500] "GET /images/wk/admin.php?action=chmod&dir=//usr&item=src HTTP/1.1" 200 3069 "-" "Mozilla/5.0 AppleWebKit/537.36 (KHTML, like Gecko; compatible; Amazonbot/0.1; +https://developer.amazon.com/support/amazonbot) Chrome/119.0.6045.214 Safari/537.36"
74.7.227.170 - - [30/Nov/2025:07:35:11 -0500] "GET /sffg/wk/admin.php?dir=//proc/3779464/root/var/softaculous/odm/php81 HTTP/1.1" 200 1975 "-" "Mozilla/5.0 AppleWebKit/537.36 (KHTML, like Gecko; compatible; GPTBot/1.3; +https://openai.com/gptbot)"
74.7.243.223 - - [30/Nov/2025:07:35:12 -0500] "GET /sffg/wk/admin.php?action=rename&dir=//proc/3589831/root/proc/sys/net/ipv4&item=tcp_early_retrans HTTP/1.1" 200 2034 "-" "Mozilla/5.0 AppleWebKit/537.36 (KHTML, like Gecko; compatible; GPTBot/1.3; +https://openai.com/gptbot)"
3.231.193.38 - - [30/Nov/2025:07:35:12 -0500] "GET /css/wk/admin.php?action=chmod&dir=//lib64&item=libmenu.so HTTP/1.1" 200 90650 "-" "Mozilla/5.0 AppleWebKit/537.36 (KHTML, like Gecko; compatible; Amazonbot/0.1; +https://developer.amazon.com/support/amazonbot) Chrome/119.0.6045.214 Safari/537.36"
74.7.227.170 - - [30/Nov/2025:07:35:13 -0500] "GET /sffg/wk/admin.php?dir=//proc/3263544/root/var/softaculous/lss/php53 HTTP/1.1" 200 1974 "-" "Mozilla/5.0 AppleWebKit/537.36 (KHTML, like Gecko; compatible; GPTBot/1.3; +https://openai.com/gptbot)"
74.7.243.223 - - [30/Nov/2025:07:35:14 -0500] "GET /sffg/wk/admin.php?action=edit&dir=//proc/3159889/root/proc/sys/net/ipv4&item=tcp_probe_threshold HTTP/1.1" 200 2056 "-" "Mozilla/5.0 AppleWebKit/537.36 (KHTML, like Gecko; compatible; GPTBot/1.3; +https://openai.com/gptbot)"
74.7.227.170 - - [30/Nov/2025:07:35:15 -0500] "GET /sffg/wk/admin.php?dir=//proc/3263544/root/var/softaculous/fud/php53 HTTP/1.1" 200 1975 "-" "Mozilla/5.0 AppleWebKit/537.36 (KHTML, like Gecko; compatible; GPTBot/1.3; +https://openai.com/gptbot)"
74.7.243.223 - - [30/Nov/2025:07:35:16 -0500] "GET /sffg/wk/admin.php?action=edit&dir=//proc/3159889/root/proc/sys/net/ipv4&item=cipso_cache_enable HTTP/1.1" 200 2051 "-" "Mozilla/5.0 AppleWebKit/537.36 (KHTML, like Gecko; compatible; GPTBot/1.3; +https://openai.com/gptbot)"
3.210.114.189 - - [30/Nov/2025:07:35:17 -0500] "GET /css/wk/admin.php?action=chmod&dir=//bin&item=ipcrm HTTP/1.1" 200 29782 "-" "Mozilla/5.0 AppleWebKit/537.36 (KHTML, like Gecko; compatible; Amazonbot/0.1; +https://developer.amazon.com/support/amazonbot) Chrome/119.0.6045.214 Safari/537.36"
74.7.227.170 - - [30/Nov/2025:07:35:18 -0500] "GET /sffg/wk/admin.php?dir=//proc/3159889/root/var/softaculous/pie/php56 HTTP/1.1" 200 1974 "-" "Mozilla/5.0 AppleWebKit/537.36 (KHTML, like Gecko; compatible; GPTBot/1.3; +https://openai.com/gptbot)"
74.7.243.223 - - [30/Nov/2025:07:35:19 -0500] "GET /sffg/wk/admin.php?action=chmod&dir=//proc/3779464/root/proc/sys/net/ipv4&item=tcp_window_scaling HTTP/1.1" 200 2034 "-" "Mozilla/5.0 AppleWebKit/537.36 (KHTML, like Gecko; compatible; GPTBot/1.3; +https://openai.com/gptbot)"
74.7.227.170 - - [30/Nov/2025:07:35:20 -0500] "GET /sffg/wk/admin.php?dir=//proc/3589831/root/var/softaculous/smf/php81 HTTP/1.1" 200 1975 "-" "Mozilla/5.0 AppleWebKit/537.36 (KHTML, like Gecko; compatible; GPTBot/1.3; +https://openai.com/gptbot)"
44.213.202.136 - - [30/Nov/2025:07:35:20 -0500] "GET /css/wk/admin.php?action=chmod&dir=//bin&item=fmt HTTP/1.1" 200 29670 "-" "Mozilla/5.0 AppleWebKit/537.36 (KHTML, like Gecko; compatible; Amazonbot/0.1; +https://developer.amazon.com/support/amazonbot) Chrome/119.0.6045.214 Safari/537.36"
74.7.243.223 - - [30/Nov/2025:07:35:21 -0500] "GET /sffg/wk/admin.php?action=rename&dir=//proc/3159889/root/proc/sys/net/ipv4&item=inet_peer_maxttl HTTP/1.1" 200 2038 "-" "Mozilla/5.0 AppleWebKit/537.36 (KHTML, like Gecko; compatible; GPTBot/1.3; +https://openai.com/gptbot)"
74.7.227.170 - - [30/Nov/2025:07:35:22 -0500] "GET /sffg/wk/admin.php?dir=//proc/3159889/root/var/softaculous/aef/php56 HTTP/1.1" 200 1975 "-" "Mozilla/5.0 AppleWebKit/537.36 (KHTML, like Gecko; compatible; GPTBot/1.3; +https://openai.com/gptbot)"
74.7.243.223 - - [30/Nov/2025:07:35:23 -0500] "GET /sffg/wk/admin.php?action=chmod&dir=//proc/3589831/root/proc/sys/net/ipv4&item=tcp_notsent_lowat HTTP/1.1" 200 2040 "-" "Mozilla/5.0 AppleWebKit/537.36 (KHTML, like Gecko; compatible; GPTBot/1.3; +https://openai.com/gptbot)"
74.7.227.170 - - [30/Nov/2025:07:35:24 -0500] "GET /sffg/wk/admin.php?dir=//proc/3159889/root/var/softaculous/smf/php71 HTTP/1.1" 200 1975 "-" "Mozilla/5.0 AppleWebKit/537.36 (KHTML, like Gecko; compatible; GPTBot/1.3; +https://openai.com/gptbot)"
52.3.26.180 - - [30/Nov/2025:07:35:25 -0500] "GET /wp-includes/wk/admin.php?action=chmod&dir=//bin&item=libnetcfg HTTP/1.1" 200 29612 "-" "Mozilla/5.0 AppleWebKit/537.36 (KHTML, like Gecko; compatible; Amazonbot/0.1; +https://developer.amazon.com/support/amazonbot) Chrome/119.0.6045.214 Safari/537.36"
74.7.243.223 - - [30/Nov/2025:07:35:25 -0500] "GET /sffg/wk/admin.php?action=chmod&dir=//proc/3779464/root/proc/sys/net/ipv4&item=tcp_synack_retries HTTP/1.1" 200 2032 "-" "Mozilla/5.0 AppleWebKit/537.36 (KHTML, like Gecko; compatible; GPTBot/1.3; +https://openai.com/gptbot)"
74.7.227.170 - - [30/Nov/2025:07:35:26 -0500] "GET /sffg/wk/admin.php?dir=//proc/3263544/root/var/softaculous/odm/php56 HTTP/1.1" 200 1974 "-" "Mozilla/5.0 AppleWebKit/537.36 (KHTML, like Gecko; compatible; GPTBot/1.3; +https://openai.com/gptbot)"
74.7.243.223 - - [30/Nov/2025:07:35:27 -0500] "GET /sffg/wk/admin.php?action=edit&dir=//proc/3779464/root/proc/sys/net/ipv4&item=tcp_probe_interval HTTP/1.1" 200 2052 "-" "Mozilla/5.0 AppleWebKit/537.36 (KHTML, like Gecko; compatible; GPTBot/1.3; +https://openai.com/gptbot)"
74.7.227.170 - - [30/Nov/2025:07:35:28 -0500] "GET /sffg/wk/admin.php?dir=//proc/3589831/root/var/softaculous/ojs/php82 HTTP/1.1" 200 1973 "-" "Mozilla/5.0 AppleWebKit/537.36 (KHTML, like Gecko; compatible; GPTBot/1.3; +https://openai.com/gptbot)"
35.173.18.61 - - [30/Nov/2025:07:35:28 -0500] "GET /images/wk/admin.php?action=chmod&dir=//bin&item=column HTTP/1.1" 200 29359 "-" "Mozilla/5.0 AppleWebKit/537.36 (KHTML, like Gecko; compatible; Amazonbot/0.1; +https://developer.amazon.com/support/amazonbot) Chrome/119.0.6045.214 Safari/537.36"
74.7.243.223 - - [30/Nov/2025:07:35:30 -0500] "GET /sffg/wk/admin.php?action=rename&dir=//proc/3589831/root/proc/sys/net/ipv6&item=ip_nonlocal_bind HTTP/1.1" 200 2042 "-" "Mozilla/5.0 AppleWebKit/537.36 (KHTML, like Gecko; compatible; GPTBot/1.3; +https://openai.com/gptbot)"
74.7.227.170 - - [30/Nov/2025:07:35:30 -0500] "GET /sffg/wk/admin.php?dir=//proc/3263544/root/var/softaculous/yui/php56 HTTP/1.1" 200 1975 "-" "Mozilla/5.0 AppleWebKit/537.36 (KHTML, like Gecko; compatible; GPTBot/1.3; +https://openai.com/gptbot)"
3.224.215.150 - - [30/Nov/2025:07:35:32 -0500] "GET /images/wk/admin.php?action=chmod&dir=//bin&item=head HTTP/1.1" 200 29929 "-" "Mozilla/5.0 AppleWebKit/537.36 (KHTML, like Gecko; compatible; Amazonbot/0.1; +https://developer.amazon.com/support/amazonbot) Chrome/119.0.6045.214 Safari/537.36"
74.7.243.223 - - [30/Nov/2025:07:35:32 -0500] "GET /sffg/wk/admin.php?action=chmod&dir=//proc/3160976/root/proc/sys/net/ipv6&item=anycast_src_echo_reply HTTP/1.1" 200 2039 "-" "Mozilla/5.0 AppleWebKit/537.36 (KHTML, like Gecko; compatible; GPTBot/1.3; +https://openai.com/gptbot)"
74.7.227.170 - - [30/Nov/2025:07:35:33 -0500] "GET /sffg/wk/admin.php?dir=//proc/3589831/root/var/softaculous/cpg/php53 HTTP/1.1" 200 1975 "-" "Mozilla/5.0 AppleWebKit/537.36 (KHTML, like Gecko; compatible; GPTBot/1.3; +https://openai.com/gptbot)"
74.7.243.223 - - [30/Nov/2025:07:35:34 -0500] "GET /sffg/wk/admin.php?action=rename&dir=//proc/3159889/root/proc/sys/net/ipv4&item=ping_group_range HTTP/1.1" 200 2038 "-" "Mozilla/5.0 AppleWebKit/537.36 (KHTML, like Gecko; compatible; GPTBot/1.3; +https://openai.com/gptbot)"
74.7.227.170 - - [30/Nov/2025:07:35:35 -0500] "GET /sffg/wk/admin.php?dir=//proc/3589831/root/var/softaculous/cpg/php56 HTTP/1.1" 200 1975 "-" "Mozilla/5.0 AppleWebKit/537.36 (KHTML, like Gecko; compatible; GPTBot/1.3; +https://openai.com/gptbot)"
207.46.13.9 - - [30/Nov/2025:07:35:37 -0500] "GET /?detail/15036973 HTTP/1.1" 200 1967 "-" "Mozilla/5.0 AppleWebKit/537.36 (KHTML, like Gecko; compatible; bingbot/2.0; +http://www.bing.com/bingbot.htm) Chrome/116.0.1938.76 Safari/537.36"
114.119.146.36 - - [30/Nov/2025:07:35:38 -0500] "GET /small/c248?pid=15744 HTTP/1.1" 404 1251 "https://naztechltd.com/?sitemap601.xml" "Mozilla/5.0 (Linux; Android 7.0;) AppleWebKit/537.36 (KHTML, like Gecko) Mobile Safari/537.36 (compatible; PetalBot;+https://webmaster.petalsearch.com/site/petalbot)"
74.7.243.223 - - [30/Nov/2025:07:35:36 -0500] "GET /sffg/wk/admin.php?action=chmod&dir=//proc/3589831/root/proc/sys/net/ipv4&item=tcp_max_reordering HTTP/1.1" 200 2028 "-" "Mozilla/5.0 AppleWebKit/537.36 (KHTML, like Gecko; compatible; GPTBot/1.3; +https://openai.com/gptbot)"
74.7.227.170 - - [30/Nov/2025:07:35:37 -0500] "GET /sffg/wk/admin.php?dir=//proc/3589831/root/var/softaculous/twg/php71 HTTP/1.1" 200 1975 "-" "Mozilla/5.0 AppleWebKit/537.36 (KHTML, like Gecko; compatible; GPTBot/1.3; +https://openai.com/gptbot)"
3.94.157.25 - - [30/Nov/2025:07:35:37 -0500] "GET /css/wk/admin.php?action=chmod&dir=//lib64&item=libvisual-0.4.so.0.0.0 HTTP/1.1" 200 90811 "-" "Mozilla/5.0 AppleWebKit/537.36 (KHTML, like Gecko; compatible; Amazonbot/0.1; +https://developer.amazon.com/support/amazonbot) Chrome/119.0.6045.214 Safari/537.36"
74.7.243.223 - - [30/Nov/2025:07:35:39 -0500] "GET /sffg/wk/admin.php?action=rename&dir=//proc/3159889/root/proc/sys/net/ipv4&item=tcp_limit_output_bytes HTTP/1.1" 200 2037 "-" "Mozilla/5.0 AppleWebKit/537.36 (KHTML, like Gecko; compatible; GPTBot/1.3; +https://openai.com/gptbot)"
74.7.227.170 - - [30/Nov/2025:07:35:39 -0500] "GET /sffg/wk/admin.php?dir=//proc/3589831/root/var/softaculous/gnu/php53 HTTP/1.1" 200 1976 "-" "Mozilla/5.0 AppleWebKit/537.36 (KHTML, like Gecko; compatible; GPTBot/1.3; +https://openai.com/gptbot)"
43.157.20.63 - - [30/Nov/2025:07:35:41 -0500] "GET /?SA HTTP/1.1" 200 2212 "-" "Mozilla/5.0 (iPhone; CPU iPhone OS 13_2_3 like Mac OS X) AppleWebKit/605.1.15 (KHTML, like Gecko) Version/13.0.3 Mobile/15E148 Safari/604.1"
74.7.243.223 - - [30/Nov/2025:07:35:41 -0500] "GET /sffg/wk/admin.php?action=rename&dir=//proc/3159889/root/proc/sys/net/ipv4&item=tcp_notsent_lowat HTTP/1.1" 200 2041 "-" "Mozilla/5.0 AppleWebKit/537.36 (KHTML, like Gecko; compatible; GPTBot/1.3; +https://openai.com/gptbot)"
74.7.227.170 - - [30/Nov/2025:07:35:41 -0500] "GET /sffg/wk/admin.php?dir=//proc/3779464/root/var/softaculous/fud/php81 HTTP/1.1" 200 1975 "-" "Mozilla/5.0 AppleWebKit/537.36 (KHTML, like Gecko; compatible; GPTBot/1.3; +https://openai.com/gptbot)"
54.225.181.161 - - [30/Nov/2025:07:35:42 -0500] "GET /css/cmp/wk/admin.php?action=chmod&dir=/&item=home HTTP/1.1" 200 3397 "-" "Mozilla/5.0 AppleWebKit/537.36 (KHTML, like Gecko; compatible; Amazonbot/0.1; +https://developer.amazon.com/support/amazonbot) Chrome/119.0.6045.214 Safari/537.36"
74.7.243.223 - - [30/Nov/2025:07:35:43 -0500] "GET /sffg/wk/admin.php?action=chmod&dir=//proc/3589831/root/proc/sys/net/ipv4&item=ipfrag_high_thresh HTTP/1.1" 200 2033 "-" "Mozilla/5.0 AppleWebKit/537.36 (KHTML, like Gecko; compatible; GPTBot/1.3; +https://openai.com/gptbot)"
74.7.227.170 - - [30/Nov/2025:07:35:44 -0500] "GET /sffg/wk/admin.php?dir=//proc/3263544/root/var/softaculous/cpg/php56 HTTP/1.1" 200 1976 "-" "Mozilla/5.0 AppleWebKit/537.36 (KHTML, like Gecko; compatible; GPTBot/1.3; +https://openai.com/gptbot)"
74.7.243.223 - - [30/Nov/2025:07:35:45 -0500] "GET /sffg/wk/admin.php?action=chmod&dir=//proc/3160976/root/proc/sys/net/ipv4&item=ipfrag_low_thresh HTTP/1.1" 200 2038 "-" "Mozilla/5.0 AppleWebKit/537.36 (KHTML, like Gecko; compatible; GPTBot/1.3; +https://openai.com/gptbot)"
107.20.255.194 - - [30/Nov/2025:07:35:45 -0500] "GET /admin/wk/admin.php?action=chmod&dir=//bin&item=nm HTTP/1.1" 200 29782 "-" "Mozilla/5.0 AppleWebKit/537.36 (KHTML, like Gecko; compatible; Amazonbot/0.1; +https://developer.amazon.com/support/amazonbot) Chrome/119.0.6045.214 Safari/537.36"
74.7.227.170 - - [30/Nov/2025:07:35:46 -0500] "GET /sffg/wk/admin.php?dir=//proc/3160976/root/opt/cloudlinux/venv/lib/python3.11/site-packages/jsonschema/schemas HTTP/1.1" 200 2035 "-" "Mozilla/5.0 AppleWebKit/537.36 (KHTML, like Gecko; compatible; GPTBot/1.3; +https://openai.com/gptbot)"
74.7.243.223 - - [30/Nov/2025:07:35:48 -0500] "GET /sffg/wk/admin.php?action=edit&dir=//proc/3159889/root/proc/sys/net/ipv4&item=tcp_keepalive_intvl HTTP/1.1" 200 2053 "-" "Mozilla/5.0 AppleWebKit/537.36 (KHTML, like Gecko; compatible; GPTBot/1.3; +https://openai.com/gptbot)"
3.224.104.67 - - [30/Nov/2025:07:35:48 -0500] "GET /images/wk/admin.php?action=chmod&dir=//lib64&item=libply-splash-core.so.5.0.0 HTTP/1.1" 200 91095 "-" "Mozilla/5.0 AppleWebKit/537.36 (KHTML, like Gecko; compatible; Amazonbot/0.1; +https://developer.amazon.com/support/amazonbot) Chrome/119.0.6045.214 Safari/537.36"
74.7.227.170 - - [30/Nov/2025:07:35:49 -0500] "GET /sffg/wk/admin.php?action=rename&dir=//proc/3779464/root/proc/sys/net/ipv4/neigh/default&item=anycast_delay HTTP/1.1" 200 2058 "-" "Mozilla/5.0 AppleWebKit/537.36 (KHTML, like Gecko; compatible; GPTBot/1.3; +https://openai.com/gptbot)"
74.7.243.223 - - [30/Nov/2025:07:35:50 -0500] "GET /sffg/wk/admin.php?action=rename&dir=//proc/3779464/root/proc/sys/net/ipv4&item=tcp_abort_on_overflow HTTP/1.1" 200 2040 "-" "Mozilla/5.0 AppleWebKit/537.36 (KHTML, like Gecko; compatible; GPTBot/1.3; +https://openai.com/gptbot)"
74.7.227.170 - - [30/Nov/2025:07:35:51 -0500] "GET /sffg/wk/admin.php?action=chmod&dir=//proc/3779464/root/proc/sys/net/ipv4/neigh/default&item=mcast_solicit HTTP/1.1" 200 2051 "-" "Mozilla/5.0 AppleWebKit/537.36 (KHTML, like Gecko; compatible; GPTBot/1.3; +https://openai.com/gptbot)"
74.7.243.223 - - [30/Nov/2025:07:35:52 -0500] "GET /sffg/wk/admin.php?action=edit&dir=//proc/3159889/root/proc/sys/net/ipv4&item=ipfrag_high_thresh HTTP/1.1" 200 2053 "-" "Mozilla/5.0 AppleWebKit/537.36 (KHTML, like Gecko; compatible; GPTBot/1.3; +https://openai.com/gptbot)"
74.7.227.170 - - [30/Nov/2025:07:35:53 -0500] "GET /sffg/wk/admin.php?action=chmod&dir=//proc/3779464/root/proc/sys/net/ipv4/neigh/default&item=mcast_resolicit HTTP/1.1" 200 2059 "-" "Mozilla/5.0 AppleWebKit/537.36 (KHTML, like Gecko; compatible; GPTBot/1.3; +https://openai.com/gptbot)"
74.7.243.223 - - [30/Nov/2025:07:35:54 -0500] "GET /sffg/wk/admin.php?action=rename&dir=//proc/3160976/root/proc/sys/net/ipv4&item=tcp_limit_output_bytes HTTP/1.1" 200 2037 "-" "Mozilla/5.0 AppleWebKit/537.36 (KHTML, like Gecko; compatible; GPTBot/1.3; +https://openai.com/gptbot)"
54.83.23.103 - - [30/Nov/2025:07:35:54 -0500] "GET /wp-includes/wk/admin.php?action=view&dir=//bin&item=ps2epsi HTTP/1.1" 200 31140 "-" "Mozilla/5.0 AppleWebKit/537.36 (KHTML, like Gecko; compatible; Amazonbot/0.1; +https://developer.amazon.com/support/amazonbot) Chrome/119.0.6045.214 Safari/537.36"
74.7.227.170 - - [30/Nov/2025:07:35:55 -0500] "GET /sffg/wk/admin.php?action=chmod&dir=//proc/3779464/root/proc/sys/net/ipv4/neigh/default&item=retrans_time_ms HTTP/1.1" 200 2058 "-" "Mozilla/5.0 AppleWebKit/537.36 (KHTML, like Gecko; compatible; GPTBot/1.3; +https://openai.com/gptbot)"
74.7.243.223 - - [30/Nov/2025:07:35:56 -0500] "GET /sffg/wk/admin.php?action=edit&dir=//proc/3160976/root/proc/sys/net/ipv4&item=tcp_moderate_rcvbuf HTTP/1.1" 200 2053 "-" "Mozilla/5.0 AppleWebKit/537.36 (KHTML, like Gecko; compatible; GPTBot/1.3; +https://openai.com/gptbot)"
44.221.180.179 - - [30/Nov/2025:07:35:57 -0500] "GET /wewtetg/wk/admin.php?action=chmod&dir=//bin&item=uname HTTP/1.1" 200 29399 "-" "Mozilla/5.0 AppleWebKit/537.36 (KHTML, like Gecko; compatible; Amazonbot/0.1; +https://developer.amazon.com/support/amazonbot) Chrome/119.0.6045.214 Safari/537.36"
74.7.227.170 - - [30/Nov/2025:07:35:57 -0500] "GET /sffg/wk/admin.php?action=edit&dir=//proc/3779464/root/proc/sys/net/ipv4/neigh/default&item=base_reachable_time HTTP/1.1" 200 2073 "-" "Mozilla/5.0 AppleWebKit/537.36 (KHTML, like Gecko; compatible; GPTBot/1.3; +https://openai.com/gptbot)"
57.141.0.29 - - [30/Nov/2025:07:36:00 -0500] "GET /special2552050304?kg=2549202930 HTTP/1.1" 404 1251 "-" "meta-externalagent/1.1 (+https://developers.facebook.com/docs/sharing/webmasters/crawler)"
74.7.243.223 - - [30/Nov/2025:07:35:58 -0500] "GET /sffg/wk/admin.php?action=chmod&dir=//proc/3160976/root/proc/sys/net/ipv4&item=tcp_window_scaling HTTP/1.1" 200 2034 "-" "Mozilla/5.0 AppleWebKit/537.36 (KHTML, like Gecko; compatible; GPTBot/1.3; +https://openai.com/gptbot)"
74.7.227.170 - - [30/Nov/2025:07:36:00 -0500] "GET /sffg/wk/admin.php?action=rename&dir=//proc/3779464/root/proc/sys/net/ipv4/neigh/default&item=ucast_solicit HTTP/1.1" 200 2059 "-" "Mozilla/5.0 AppleWebKit/537.36 (KHTML, like Gecko; compatible; GPTBot/1.3; +https://openai.com/gptbot)"
74.7.243.223 - - [30/Nov/2025:07:36:01 -0500] "GET /sffg/wk/admin.php?action=rename&dir=//proc/3160976/root/proc/sys/net/ipv4&item=tcp_abort_on_overflow HTTP/1.1" 200 2040 "-" "Mozilla/5.0 AppleWebKit/537.36 (KHTML, like Gecko; compatible; GPTBot/1.3; +https://openai.com/gptbot)"
74.7.227.170 - - [30/Nov/2025:07:36:02 -0500] "GET /sffg/wk/admin.php?action=chmod&dir=//proc/3779464/root/proc/sys/net/ipv4/neigh/default&item=ucast_solicit HTTP/1.1" 200 2052 "-" "Mozilla/5.0 AppleWebKit/537.36 (KHTML, like Gecko; compatible; GPTBot/1.3; +https://openai.com/gptbot)"
74.7.243.223 - - [30/Nov/2025:07:36:03 -0500] "GET /sffg/wk/admin.php?action=rename&dir=//proc/3159889/root/proc/sys/net/ipv4&item=tcp_shrink_window HTTP/1.1" 200 2035 "-" "Mozilla/5.0 AppleWebKit/537.36 (KHTML, like Gecko; compatible; GPTBot/1.3; +https://openai.com/gptbot)"
74.7.227.170 - - [30/Nov/2025:07:36:04 -0500] "GET /sffg/wk/admin.php?action=rename&dir=//proc/3779464/root/proc/sys/net/ipv4/neigh/default&item=mcast_resolicit HTTP/1.1" 200 2057 "-" "Mozilla/5.0 AppleWebKit/537.36 (KHTML, like Gecko; compatible; GPTBot/1.3; +https://openai.com/gptbot)"
18.205.91.101 - - [30/Nov/2025:07:36:05 -0500] "GET /images/wk/admin.php?action=chmod&dir=//etc&item=my.cnf.d HTTP/1.1" 200 6861 "-" "Mozilla/5.0 AppleWebKit/537.36 (KHTML, like Gecko; compatible; Amazonbot/0.1; +https://developer.amazon.com/support/amazonbot) Chrome/119.0.6045.214 Safari/537.36"
74.7.243.223 - - [30/Nov/2025:07:36:05 -0500] "GET /sffg/wk/admin.php?action=edit&dir=//proc/3159889/root/proc/sys/net/ipv4&item=tcp_probe_interval HTTP/1.1" 200 2052 "-" "Mozilla/5.0 AppleWebKit/537.36 (KHTML, like Gecko; compatible; GPTBot/1.3; +https://openai.com/gptbot)"
74.7.227.170 - - [30/Nov/2025:07:36:06 -0500] "GET /sffg/wk/admin.php?action=rename&dir=//proc/3779464/root/proc/sys/net/ipv4/neigh/default&item=mcast_solicit HTTP/1.1" 200 2058 "-" "Mozilla/5.0 AppleWebKit/537.36 (KHTML, like Gecko; compatible; GPTBot/1.3; +https://openai.com/gptbot)"
74.7.243.223 - - [30/Nov/2025:07:36:07 -0500] "GET /sffg/wk/admin.php?action=chmod&dir=//proc/3779464/root/proc/sys/net/ipv4&item=tcp_limit_output_bytes HTTP/1.1" 200 2040 "-" "Mozilla/5.0 AppleWebKit/537.36 (KHTML, like Gecko; compatible; GPTBot/1.3; +https://openai.com/gptbot)"
34.224.132.215 - - [30/Nov/2025:07:36:05 -0500] "GET /wp-includes/wk/admin.php?action=view&dir=//bin&item=localedef HTTP/1.1" 200 29927 "-" "Mozilla/5.0 AppleWebKit/537.36 (KHTML, like Gecko; compatible; Amazonbot/0.1; +https://developer.amazon.com/support/amazonbot) Chrome/119.0.6045.214 Safari/537.36"
74.7.227.170 - - [30/Nov/2025:07:36:09 -0500] "GET /sffg/wk/admin.php?action=edit&dir=//proc/3779464/root/proc/sys/net/ipv4/neigh/default&item=mcast_resolicit HTTP/1.1" 200 2079 "-" "Mozilla/5.0 AppleWebKit/537.36 (KHTML, like Gecko; compatible; GPTBot/1.3; +https://openai.com/gptbot)"
74.7.243.223 - - [30/Nov/2025:07:36:10 -0500] "GET /sffg/wk/admin.php?action=chmod&dir=//proc/3779464/root/proc/sys/net/ipv4&item=ipfrag_high_thresh HTTP/1.1" 200 2033 "-" "Mozilla/5.0 AppleWebKit/537.36 (KHTML, like Gecko; compatible; GPTBot/1.3; +https://openai.com/gptbot)"
34.234.206.30 - - [30/Nov/2025:07:36:10 -0500] "GET /images/wk/admin.php?action=chmod&dir=//lib64&item=libpanel.so.6 HTTP/1.1" 200 90872 "-" "Mozilla/5.0 AppleWebKit/537.36 (KHTML, like Gecko; compatible; Amazonbot/0.1; +https://developer.amazon.com/support/amazonbot) Chrome/119.0.6045.214 Safari/537.36"
74.7.227.170 - - [30/Nov/2025:07:36:11 -0500] "GET /sffg/wk/admin.php?action=view&dir=//proc/3160976/root/opt/cloudlinux/venv/lib/python3.11/site-packages/pip/_internal/commands/__pycache__&item=show.cpython-311.pyc HTTP/1.1" 200 2151 "-" "Mozilla/5.0 AppleWebKit/537.36 (KHTML, like Gecko; compatible; GPTBot/1.3; +https://openai.com/gptbot)"
74.7.243.223 - - [30/Nov/2025:07:36:12 -0500] "GET /sffg/wk/admin.php?action=rename&dir=//proc/3263544/root/proc/sys/net/ipv4&item=tcp_early_retrans HTTP/1.1" 200 2037 "-" "Mozilla/5.0 AppleWebKit/537.36 (KHTML, like Gecko; compatible; GPTBot/1.3; +https://openai.com/gptbot)"
74.7.227.170 - - [30/Nov/2025:07:36:13 -0500] "GET /sffg/wk/admin.php?dir=//proc/3779464/root/var/softaculous/yeti/php81 HTTP/1.1" 200 1978 "-" "Mozilla/5.0 AppleWebKit/537.36 (KHTML, like Gecko; compatible; GPTBot/1.3; +https://openai.com/gptbot)"
74.7.243.223 - - [30/Nov/2025:07:36:14 -0500] "GET /sffg/wk/admin.php?action=chmod&dir=//proc/3160976/root/proc/sys/net/ipv4&item=tcp_fwmark_accept HTTP/1.1" 200 2041 "-" "Mozilla/5.0 AppleWebKit/537.36 (KHTML, like Gecko; compatible; GPTBot/1.3; +https://openai.com/gptbot)"
34.231.118.144 - - [30/Nov/2025:07:36:14 -0500] "GET /sdfsf/wk/admin.php?action=chmod&dir=//sbin&item=cracklib-check HTTP/1.1" 200 5218 "-" "Mozilla/5.0 AppleWebKit/537.36 (KHTML, like Gecko; compatible; Amazonbot/0.1; +https://developer.amazon.com/support/amazonbot) Chrome/119.0.6045.214 Safari/537.36"
74.7.227.170 - - [30/Nov/2025:07:36:15 -0500] "GET /sffg/wk/admin.php?dir=//proc/3263544/root/var/softaculous/tcexam/php82 HTTP/1.1" 200 1990 "-" "Mozilla/5.0 AppleWebKit/537.36 (KHTML, like Gecko; compatible; GPTBot/1.3; +https://openai.com/gptbot)"
74.7.243.223 - - [30/Nov/2025:07:36:16 -0500] "GET /sffg/wk/admin.php?action=edit&dir=//proc/3779464/root/proc/sys/net/ipv4&item=cipso_cache_enable HTTP/1.1" 200 2051 "-" "Mozilla/5.0 AppleWebKit/537.36 (KHTML, like Gecko; compatible; GPTBot/1.3; +https://openai.com/gptbot)"
74.7.227.170 - - [30/Nov/2025:07:36:17 -0500] "GET /sffg/wk/admin.php?dir=//proc/3263544/root/var/softaculous/sizzle/php82 HTTP/1.1" 200 1992 "-" "Mozilla/5.0 AppleWebKit/537.36 (KHTML, like Gecko; compatible; GPTBot/1.3; +https://openai.com/gptbot)"
74.7.243.223 - - [30/Nov/2025:07:36:19 -0500] "GET /sffg/wk/admin.php?action=rename&dir=//proc/3159889/root/proc/sys/net/ipv6&item=ip_nonlocal_bind HTTP/1.1" 200 2042 "-" "Mozilla/5.0 AppleWebKit/537.36 (KHTML, like Gecko; compatible; GPTBot/1.3; +https://openai.com/gptbot)"
54.166.126.132 - - [30/Nov/2025:07:36:19 -0500] "GET /sdfsf/wk/admin.php?action=chmod&dir=//bin&item=ul HTTP/1.1" 200 29920 "-" "Mozilla/5.0 AppleWebKit/537.36 (KHTML, like Gecko; compatible; Amazonbot/0.1; +https://developer.amazon.com/support/amazonbot) Chrome/119.0.6045.214 Safari/537.36"
74.7.227.170 - - [30/Nov/2025:07:36:19 -0500] "GET /sffg/wk/admin.php?dir=//proc/3779464/root/var/softaculous/cube/php81 HTTP/1.1" 200 1978 "-" "Mozilla/5.0 AppleWebKit/537.36 (KHTML, like Gecko; compatible; GPTBot/1.3; +https://openai.com/gptbot)"
74.7.243.223 - - [30/Nov/2025:07:36:21 -0500] "GET /sffg/wk/admin.php?action=chmod&dir=//proc/3160976/root/proc/sys/net/ipv4&item=tcp_challenge_ack_limit HTTP/1.1" 200 2038 "-" "Mozilla/5.0 AppleWebKit/537.36 (KHTML, like Gecko; compatible; GPTBot/1.3; +https://openai.com/gptbot)"
74.7.227.170 - - [30/Nov/2025:07:36:21 -0500] "GET /sffg/wk/admin.php?dir=//proc/3589831/root/var/softaculous/zend/php71 HTTP/1.1" 200 1978 "-" "Mozilla/5.0 AppleWebKit/537.36 (KHTML, like Gecko; compatible; GPTBot/1.3; +https://openai.com/gptbot)"
44.215.210.112 - - [30/Nov/2025:07:36:21 -0500] "GET /css/wk/admin.php?action=chmod&dir=//lib64&item=libXinerama.so.1.0.0 HTTP/1.1" 200 90866 "-" "Mozilla/5.0 AppleWebKit/537.36 (KHTML, like Gecko; compatible; Amazonbot/0.1; +https://developer.amazon.com/support/amazonbot) Chrome/119.0.6045.214 Safari/537.36"
74.7.243.223 - - [30/Nov/2025:07:36:23 -0500] "GET /sffg/wk/admin.php?action=edit&dir=//proc/3160976/root/proc/sys/net/ipv4&item=tcp_orphan_retries HTTP/1.1" 200 2056 "-" "Mozilla/5.0 AppleWebKit/537.36 (KHTML, like Gecko; compatible; GPTBot/1.3; +https://openai.com/gptbot)"
74.7.227.170 - - [30/Nov/2025:07:36:23 -0500] "GET /sffg/wk/admin.php?dir=//proc/3589831/root/var/softaculous/webcal/php56 HTTP/1.1" 200 1991 "-" "Mozilla/5.0 AppleWebKit/537.36 (KHTML, like Gecko; compatible; GPTBot/1.3; +https://openai.com/gptbot)"
74.7.243.223 - - [30/Nov/2025:07:36:25 -0500] "GET /sffg/wk/admin.php?action=rename&dir=//proc/3159889/root/proc/sys/net/ipv4&item=tcp_fwmark_accept HTTP/1.1" 200 2038 "-" "Mozilla/5.0 AppleWebKit/537.36 (KHTML, like Gecko; compatible; GPTBot/1.3; +https://openai.com/gptbot)"
74.7.227.170 - - [30/Nov/2025:07:36:26 -0500] "GET /sffg/wk/admin.php?dir=//proc/3779464/root/var/softaculous/jszip/php82 HTTP/1.1" 200 1980 "-" "Mozilla/5.0 AppleWebKit/537.36 (KHTML, like Gecko; compatible; GPTBot/1.3; +https://openai.com/gptbot)"
35.169.119.108 - - [30/Nov/2025:07:36:27 -0500] "GET /images/wk/admin.php?action=chmod&dir=//lib&item=python3.6 HTTP/1.1" 200 4729 "-" "Mozilla/5.0 AppleWebKit/537.36 (KHTML, like Gecko; compatible; Amazonbot/0.1; +https://developer.amazon.com/support/amazonbot) Chrome/119.0.6045.214 Safari/537.36"
74.7.243.223 - - [30/Nov/2025:07:36:27 -0500] "GET /sffg/wk/admin.php?action=edit&dir=//proc/3263544/root/proc/sys/net/ipv4&item=ipfrag_high_thresh HTTP/1.1" 200 2056 "-" "Mozilla/5.0 AppleWebKit/537.36 (KHTML, like Gecko; compatible; GPTBot/1.3; +https://openai.com/gptbot)"
74.7.227.170 - - [30/Nov/2025:07:36:28 -0500] "GET /sffg/wk/admin.php?dir=//proc/3263544/root/var/softaculous/blab/php81 HTTP/1.1" 200 1978 "-" "Mozilla/5.0 AppleWebKit/537.36 (KHTML, like Gecko; compatible; GPTBot/1.3; +https://openai.com/gptbot)"
74.7.243.223 - - [30/Nov/2025:07:36:29 -0500] "GET /sffg/wk/admin.php?action=edit&dir=//proc/3779464/root/proc/sys/net/ipv4&item=tcp_probe_threshold HTTP/1.1" 200 2056 "-" "Mozilla/5.0 AppleWebKit/537.36 (KHTML, like Gecko; compatible; GPTBot/1.3; +https://openai.com/gptbot)"
74.7.227.170 - - [30/Nov/2025:07:36:30 -0500] "GET /sffg/wk/admin.php?dir=//proc/3779464/root/var/softaculous/blesta/php56 HTTP/1.1" 200 1991 "-" "Mozilla/5.0 AppleWebKit/537.36 (KHTML, like Gecko; compatible; GPTBot/1.3; +https://openai.com/gptbot)"
74.7.243.223 - - [30/Nov/2025:07:36:32 -0500] "GET /sffg/wk/admin.php?action=rename&dir=//proc/3159889/root/proc/sys/net/ipv4&item=tcp_fastopen_key HTTP/1.1" 200 2039 "-" "Mozilla/5.0 AppleWebKit/537.36 (KHTML, like Gecko; compatible; GPTBot/1.3; +https://openai.com/gptbot)"
3.216.13.10 - - [30/Nov/2025:07:36:32 -0500] "GET /wewtetg/wk/admin.php?action=chmod&dir=//bin&item=free HTTP/1.1" 200 29580 "-" "Mozilla/5.0 AppleWebKit/537.36 (KHTML, like Gecko; compatible; Amazonbot/0.1; +https://developer.amazon.com/support/amazonbot) Chrome/119.0.6045.214 Safari/537.36"
52.167.144.225 - - [30/Nov/2025:07:36:34 -0500] "GET /?detail/18574840 HTTP/1.1" 200 1973 "-" "Mozilla/5.0 AppleWebKit/537.36 (KHTML, like Gecko; compatible; bingbot/2.0; +http://www.bing.com/bingbot.htm) Chrome/116.0.1938.76 Safari/537.36"
74.7.227.170 - - [30/Nov/2025:07:36:32 -0500] "GET /sffg/wk/admin.php?dir=//proc/3159889/root/var/softaculous/lychee/php82 HTTP/1.1" 200 1991 "-" "Mozilla/5.0 AppleWebKit/537.36 (KHTML, like Gecko; compatible; GPTBot/1.3; +https://openai.com/gptbot)"
74.7.243.223 - - [30/Nov/2025:07:36:34 -0500] "GET /sffg/wk/admin.php?action=rename&dir=//proc/3589831/root/proc/sys/net/ipv4&item=tcp_ecn_fallback HTTP/1.1" 200 2039 "-" "Mozilla/5.0 AppleWebKit/537.36 (KHTML, like Gecko; compatible; GPTBot/1.3; +https://openai.com/gptbot)"
74.7.227.170 - - [30/Nov/2025:07:36:35 -0500] "GET /sffg/wk/admin.php?dir=//proc/3263544/root/var/softaculous/myfaq/php71 HTTP/1.1" 200 1979 "-" "Mozilla/5.0 AppleWebKit/537.36 (KHTML, like Gecko; compatible; GPTBot/1.3; +https://openai.com/gptbot)"
74.7.243.223 - - [30/Nov/2025:07:36:36 -0500] "GET /sffg/wk/admin.php?action=chmod&dir=//proc/3159889/root/proc/sys/net/ipv4&item=tcp_max_reordering HTTP/1.1" 200 2028 "-" "Mozilla/5.0 AppleWebKit/537.36 (KHTML, like Gecko; compatible; GPTBot/1.3; +https://openai.com/gptbot)"
3.212.205.90 - - [30/Nov/2025:07:36:36 -0500] "GET /wp-includes/wk/admin.php?action=view&dir=//bin&item=printf HTTP/1.1" 200 29636 "-" "Mozilla/5.0 AppleWebKit/537.36 (KHTML, like Gecko; compatible; Amazonbot/0.1; +https://developer.amazon.com/support/amazonbot) Chrome/119.0.6045.214 Safari/537.36"
74.7.227.170 - - [30/Nov/2025:07:36:37 -0500] "GET /sffg/wk/admin.php?dir=//proc/3589831/root/var/softaculous/blesta/php71 HTTP/1.1" 200 1990 "-" "Mozilla/5.0 AppleWebKit/537.36 (KHTML, like Gecko; compatible; GPTBot/1.3; +https://openai.com/gptbot)"
207.46.13.9 - - [30/Nov/2025:07:36:39 -0500] "GET /?detail/926706 HTTP/1.1" 200 1930 "-" "Mozilla/5.0 AppleWebKit/537.36 (KHTML, like Gecko; compatible; bingbot/2.0; +http://www.bing.com/bingbot.htm) Chrome/116.0.1938.76 Safari/537.36"
44.214.19.8 - - [30/Nov/2025:07:36:37 -0500] "GET /assets/wk/admin.php?action=chmod&dir=//bin&item=true HTTP/1.1" 200 29221 "-" "Mozilla/5.0 AppleWebKit/537.36 (KHTML, like Gecko; compatible; Amazonbot/0.1; +https://developer.amazon.com/support/amazonbot) Chrome/119.0.6045.214 Safari/537.36"
74.7.243.223 - - [30/Nov/2025:07:36:38 -0500] "GET /sffg/wk/admin.php?action=edit&dir=//proc/3160976/root/proc/sys/net/ipv4&item=tcp_thin_linear_timeouts HTTP/1.1" 200 2064 "-" "Mozilla/5.0 AppleWebKit/537.36 (KHTML, like Gecko; compatible; GPTBot/1.3; +https://openai.com/gptbot)"
74.7.227.170 - - [30/Nov/2025:07:36:39 -0500] "GET /sffg/wk/admin.php?dir=//proc/3779464/root/var/softaculous/gibbon/php82 HTTP/1.1" 200 1991 "-" "Mozilla/5.0 AppleWebKit/537.36 (KHTML, like Gecko; compatible; GPTBot/1.3; +https://openai.com/gptbot)"
74.7.243.223 - - [30/Nov/2025:07:36:40 -0500] "GET /sffg/wk/admin.php?action=edit&dir=//proc/3160976/root/proc/sys/net/ipv4&item=cipso_cache_enable HTTP/1.1" 200 2051 "-" "Mozilla/5.0 AppleWebKit/537.36 (KHTML, like Gecko; compatible; GPTBot/1.3; +https://openai.com/gptbot)"
74.7.227.170 - - [30/Nov/2025:07:36:41 -0500] "GET /sffg/wk/admin.php?dir=//proc/3779464/root/var/softaculous/myfaq/php82 HTTP/1.1" 200 1979 "-" "Mozilla/5.0 AppleWebKit/537.36 (KHTML, like Gecko; compatible; GPTBot/1.3; +https://openai.com/gptbot)"
52.3.102.51 - - [30/Nov/2025:07:36:41 -0500] "GET /wp-admin/wk/admin.php?action=chmod&dir=//bin&item=mc HTTP/1.1" 200 29415 "-" "Mozilla/5.0 AppleWebKit/537.36 (KHTML, like Gecko; compatible; Amazonbot/0.1; +https://developer.amazon.com/support/amazonbot) Chrome/119.0.6045.214 Safari/537.36"
74.7.243.223 - - [30/Nov/2025:07:36:43 -0500] "GET /sffg/wk/admin.php?action=chmod&dir=//proc/3263544/root/proc/sys/net/ipv4&item=ipfrag_high_thresh HTTP/1.1" 200 2036 "-" "Mozilla/5.0 AppleWebKit/537.36 (KHTML, like Gecko; compatible; GPTBot/1.3; +https://openai.com/gptbot)"
74.7.227.170 - - [30/Nov/2025:07:36:43 -0500] "GET /sffg/wk/admin.php?dir=//proc/3589831/root/var/softaculous/nibble/php71 HTTP/1.1" 200 1991 "-" "Mozilla/5.0 AppleWebKit/537.36 (KHTML, like Gecko; compatible; GPTBot/1.3; +https://openai.com/gptbot)"
100.28.49.152 - - [30/Nov/2025:07:36:44 -0500] "GET /images/wk/admin.php?action=chmod&dir=//lib64&item=libpulse-simple.so.0 HTTP/1.1" 200 90530 "-" "Mozilla/5.0 AppleWebKit/537.36 (KHTML, like Gecko; compatible; Amazonbot/0.1; +https://developer.amazon.com/support/amazonbot) Chrome/119.0.6045.214 Safari/537.36"
74.7.243.223 - - [30/Nov/2025:07:36:45 -0500] "GET /sffg/wk/admin.php?action=edit&dir=//proc/3779464/root/proc/sys/net/ipv4&item=tcp_window_scaling HTTP/1.1" 200 2052 "-" "Mozilla/5.0 AppleWebKit/537.36 (KHTML, like Gecko; compatible; GPTBot/1.3; +https://openai.com/gptbot)"
74.7.227.170 - - [30/Nov/2025:07:36:45 -0500] "GET /sffg/wk/admin.php?dir=//proc/3779464/root/var/softaculous/lychee/php82 HTTP/1.1" 200 1991 "-" "Mozilla/5.0 AppleWebKit/537.36 (KHTML, like Gecko; compatible; GPTBot/1.3; +https://openai.com/gptbot)"
74.7.243.223 - - [30/Nov/2025:07:36:47 -0500] "GET /sffg/wk/admin.php?action=edit&dir=//proc/3160976/root/proc/sys/net/ipv4&item=tcp_probe_threshold HTTP/1.1" 200 2056 "-" "Mozilla/5.0 AppleWebKit/537.36 (KHTML, like Gecko; compatible; GPTBot/1.3; +https://openai.com/gptbot)"
74.7.227.170 - - [30/Nov/2025:07:36:48 -0500] "GET /sffg/wk/admin.php?dir=//proc/3589831/root/var/softaculous/burden/php71 HTTP/1.1" 200 1991 "-" "Mozilla/5.0 AppleWebKit/537.36 (KHTML, like Gecko; compatible; GPTBot/1.3; +https://openai.com/gptbot)"
34.224.9.144 - - [30/Nov/2025:07:36:49 -0500] "GET /wp-content/wk/admin.php?action=chmod&dir=//run&item=sepermit HTTP/1.1" 200 3362 "-" "Mozilla/5.0 AppleWebKit/537.36 (KHTML, like Gecko; compatible; Amazonbot/0.1; +https://developer.amazon.com/support/amazonbot) Chrome/119.0.6045.214 Safari/537.36"
74.7.243.223 - - [30/Nov/2025:07:36:49 -0500] "GET /sffg/wk/admin.php?action=edit&dir=//proc/3589831/root/proc/sys/net/ipv4&item=tcp_synack_retries HTTP/1.1" 200 2055 "-" "Mozilla/5.0 AppleWebKit/537.36 (KHTML, like Gecko; compatible; GPTBot/1.3; +https://openai.com/gptbot)"
74.7.227.170 - - [30/Nov/2025:07:36:50 -0500] "GET /sffg/wk/admin.php?dir=//proc/3263544/root/var/softaculous/vtiger/php71 HTTP/1.1" 200 1991 "-" "Mozilla/5.0 AppleWebKit/537.36 (KHTML, like Gecko; compatible; GPTBot/1.3; +https://openai.com/gptbot)"
74.7.243.223 - - [30/Nov/2025:07:36:51 -0500] "GET /sffg/wk/admin.php?action=edit&dir=//proc/3589831/root/proc/sys/net/ipv4&item=tcp_max_reordering HTTP/1.1" 200 2049 "-" "Mozilla/5.0 AppleWebKit/537.36 (KHTML, like Gecko; compatible; GPTBot/1.3; +https://openai.com/gptbot)"
52.167.144.225 - - [30/Nov/2025:07:36:53 -0500] "GET /?detail/22757084 HTTP/1.1" 200 1970 "-" "Mozilla/5.0 AppleWebKit/537.36 (KHTML, like Gecko; compatible; bingbot/2.0; +http://www.bing.com/bingbot.htm) Chrome/116.0.1938.76 Safari/537.36"
74.7.227.170 - - [30/Nov/2025:07:36:52 -0500] "GET /sffg/wk/admin.php?dir=//proc/3589831/root/var/softaculous/zend/php56 HTTP/1.1" 200 1978 "-" "Mozilla/5.0 AppleWebKit/537.36 (KHTML, like Gecko; compatible; GPTBot/1.3; +https://openai.com/gptbot)"
52.167.144.225 - - [30/Nov/2025:07:36:54 -0500] "GET /?detail/4503128 HTTP/1.1" 200 1973 "-" "Mozilla/5.0 AppleWebKit/537.36 (KHTML, like Gecko; compatible; bingbot/2.0; +http://www.bing.com/bingbot.htm) Chrome/116.0.1938.76 Safari/537.36"
52.0.63.151 - - [30/Nov/2025:07:36:52 -0500] "GET /images/wk/admin.php?action=chmod&dir=//lib64&item=gcrt1.o HTTP/1.1" 200 90240 "-" "Mozilla/5.0 AppleWebKit/537.36 (KHTML, like Gecko; compatible; Amazonbot/0.1; +https://developer.amazon.com/support/amazonbot) Chrome/119.0.6045.214 Safari/537.36"
74.7.243.223 - - [30/Nov/2025:07:36:53 -0500] "GET /sffg/wk/admin.php?action=chmod&dir=//proc/3589831/root/proc/sys/net/ipv4&item=cipso_cache_bucket_size HTTP/1.1" 200 2042 "-" "Mozilla/5.0 AppleWebKit/537.36 (KHTML, like Gecko; compatible; GPTBot/1.3; +https://openai.com/gptbot)"
74.7.227.170 - - [30/Nov/2025:07:36:54 -0500] "GET /sffg/wk/admin.php?dir=//proc/3589831/root/var/softaculous/blesta4/php56 HTTP/1.1" 200 1974 "-" "Mozilla/5.0 AppleWebKit/537.36 (KHTML, like Gecko; compatible; GPTBot/1.3; +https://openai.com/gptbot)"
114.119.152.77 - - [30/Nov/2025:07:36:57 -0500] "GET /self-esteem/s294?pid=49948 HTTP/1.1" 404 1251 "https://naztechltd.com/?sitemap601.xml" "Mozilla/5.0 (Linux; Android 7.0;) AppleWebKit/537.36 (KHTML, like Gecko) Mobile Safari/537.36 (compatible; PetalBot;+https://webmaster.petalsearch.com/site/petalbot)"
74.7.243.223 - - [30/Nov/2025:07:36:56 -0500] "GET /sffg/wk/admin.php?action=chmod&dir=//proc/3159889/root/proc/sys/net/ipv4&item=cipso_cache_bucket_size HTTP/1.1" 200 2042 "-" "Mozilla/5.0 AppleWebKit/537.36 (KHTML, like Gecko; compatible; GPTBot/1.3; +https://openai.com/gptbot)"
74.7.227.170 - - [30/Nov/2025:07:36:56 -0500] "GET /sffg/wk/admin.php?dir=//proc/3779464/root/var/softaculous/zenber/php53 HTTP/1.1" 200 1991 "-" "Mozilla/5.0 AppleWebKit/537.36 (KHTML, like Gecko; compatible; GPTBot/1.3; +https://openai.com/gptbot)"
74.7.243.223 - - [30/Nov/2025:07:36:58 -0500] "GET /sffg/wk/admin.php?action=rename&dir=//proc/3263544/root/proc/sys/net/ipv4&item=tcp_fastopen_key HTTP/1.1" 200 2042 "-" "Mozilla/5.0 AppleWebKit/537.36 (KHTML, like Gecko; compatible; GPTBot/1.3; +https://openai.com/gptbot)"
3.230.69.161 - - [30/Nov/2025:07:36:58 -0500] "GET /wewtetg/wk/admin.php?action=chmod&dir=//bin&item=dropdb HTTP/1.1" 200 29805 "-" "Mozilla/5.0 AppleWebKit/537.36 (KHTML, like Gecko; compatible; Amazonbot/0.1; +https://developer.amazon.com/support/amazonbot) Chrome/119.0.6045.214 Safari/537.36"
74.7.227.170 - - [30/Nov/2025:07:36:58 -0500] "GET /sffg/wk/admin.php?dir=//proc/3263544/root/var/softaculous/gibbon/php81 HTTP/1.1" 200 1991 "-" "Mozilla/5.0 AppleWebKit/537.36 (KHTML, like Gecko; compatible; GPTBot/1.3; +https://openai.com/gptbot)"
74.7.243.223 - - [30/Nov/2025:07:37:00 -0500] "GET /sffg/wk/admin.php?action=edit&dir=//proc/3589831/root/proc/sys/net/ipv4&item=tcp_keepalive_intvl HTTP/1.1" 200 2053 "-" "Mozilla/5.0 AppleWebKit/537.36 (KHTML, like Gecko; compatible; GPTBot/1.3; +https://openai.com/gptbot)"
74.7.227.170 - - [30/Nov/2025:07:37:00 -0500] "GET /sffg/wk/admin.php?dir=//proc/3779464/root/var/softaculous/tcexam/php81 HTTP/1.1" 200 1991 "-" "Mozilla/5.0 AppleWebKit/537.36 (KHTML, like Gecko; compatible; GPTBot/1.3; +https://openai.com/gptbot)"
3.212.205.90 - - [30/Nov/2025:07:37:01 -0500] "GET /sdfsf/wk/admin.php?action=chmod&dir=//dev&item=fd HTTP/1.1" 200 2920 "-" "Mozilla/5.0 AppleWebKit/537.36 (KHTML, like Gecko; compatible; Amazonbot/0.1; +https://developer.amazon.com/support/amazonbot) Chrome/119.0.6045.214 Safari/537.36"
74.7.243.223 - - [30/Nov/2025:07:37:02 -0500] "GET /sffg/wk/admin.php?action=rename&dir=//proc/3160976/root/proc/sys/net/ipv4&item=tcp_shrink_window HTTP/1.1" 200 2035 "-" "Mozilla/5.0 AppleWebKit/537.36 (KHTML, like Gecko; compatible; GPTBot/1.3; +https://openai.com/gptbot)"
74.7.227.170 - - [30/Nov/2025:07:37:03 -0500] "GET /sffg/wk/admin.php?dir=//proc/3263544/root/var/softaculous/wbce/php71 HTTP/1.1" 200 1978 "-" "Mozilla/5.0 AppleWebKit/537.36 (KHTML, like Gecko; compatible; GPTBot/1.3; +https://openai.com/gptbot)"
57.141.0.13 - - [30/Nov/2025:07:37:06 -0500] "GET /special1075344256?kg=1074144992 HTTP/1.1" 404 1251 "-" "meta-externalagent/1.1 (+https://developers.facebook.com/docs/sharing/webmasters/crawler)"
74.7.243.223 - - [30/Nov/2025:07:37:04 -0500] "GET /sffg/wk/admin.php?action=edit&dir=//proc/3263544/root/proc/sys/net/ipv4&item=tcp_probe_threshold HTTP/1.1" 200 2056 "-" "Mozilla/5.0 AppleWebKit/537.36 (KHTML, like Gecko; compatible; GPTBot/1.3; +https://openai.com/gptbot)"
74.7.227.170 - - [30/Nov/2025:07:37:05 -0500] "GET /sffg/wk/admin.php?dir=//proc/3589831/root/var/softaculous/lychee/php82 HTTP/1.1" 200 1991 "-" "Mozilla/5.0 AppleWebKit/537.36 (KHTML, like Gecko; compatible; GPTBot/1.3; +https://openai.com/gptbot)"
54.92.171.106 - - [30/Nov/2025:07:37:06 -0500] "GET /images/wk/admin.php?action=chmod&dir=//lib64&item=librecode.so.0 HTTP/1.1" 200 90984 "-" "Mozilla/5.0 AppleWebKit/537.36 (KHTML, like Gecko; compatible; Amazonbot/0.1; +https://developer.amazon.com/support/amazonbot) Chrome/119.0.6045.214 Safari/537.36"
74.7.243.223 - - [30/Nov/2025:07:37:07 -0500] "GET /sffg/wk/admin.php?action=chmod&dir=//proc/3159889/root/proc/sys/net/ipv6&item=anycast_src_echo_reply HTTP/1.1" 200 2039 "-" "Mozilla/5.0 AppleWebKit/537.36 (KHTML, like Gecko; compatible; GPTBot/1.3; +https://openai.com/gptbot)"
74.7.227.170 - - [30/Nov/2025:07:37:07 -0500] "GET /sffg/wk/admin.php?dir=//proc/3589831/root/var/softaculous/jquery/php81 HTTP/1.1" 200 1988 "-" "Mozilla/5.0 AppleWebKit/537.36 (KHTML, like Gecko; compatible; GPTBot/1.3; +https://openai.com/gptbot)"
3.208.146.193 - - [30/Nov/2025:07:37:08 -0500] "GET /wp-includes/wk/admin.php?action=view&dir=//bin&item=mysql_config HTTP/1.1" 200 31244 "-" "Mozilla/5.0 AppleWebKit/537.36 (KHTML, like Gecko; compatible; Amazonbot/0.1; +https://developer.amazon.com/support/amazonbot) Chrome/119.0.6045.214 Safari/537.36"
74.7.243.223 - - [30/Nov/2025:07:37:09 -0500] "GET /sffg/wk/admin.php?action=chmod&dir=//proc/3779464/root/proc/sys/net/ipv4&item=tcp_early_retrans HTTP/1.1" 200 2033 "-" "Mozilla/5.0 AppleWebKit/537.36 (KHTML, like Gecko; compatible; GPTBot/1.3; +https://openai.com/gptbot)"
74.7.227.170 - - [30/Nov/2025:07:37:09 -0500] "GET /sffg/wk/admin.php?dir=//proc/3779464/root/var/softaculous/genix/php81 HTTP/1.1" 200 1979 "-" "Mozilla/5.0 AppleWebKit/537.36 (KHTML, like Gecko; compatible; GPTBot/1.3; +https://openai.com/gptbot)"
74.7.243.223 - - [30/Nov/2025:07:37:11 -0500] "GET /sffg/wk/admin.php?action=edit&dir=//proc/3263544/root/proc/sys/net/ipv4&item=tcp_probe_interval HTTP/1.1" 200 2055 "-" "Mozilla/5.0 AppleWebKit/537.36 (KHTML, like Gecko; compatible; GPTBot/1.3; +https://openai.com/gptbot)"
74.7.227.170 - - [30/Nov/2025:07:37:11 -0500] "GET /sffg/wk/admin.php?dir=//proc/3589831/root/var/softaculous/gallery2/php56 HTTP/1.1" 200 1978 "-" "Mozilla/5.0 AppleWebKit/537.36 (KHTML, like Gecko; compatible; GPTBot/1.3; +https://openai.com/gptbot)"
54.163.169.168 - - [30/Nov/2025:07:37:13 -0500] "GET /sdfsf/wk/admin.php?action=chmod&dir=//etc&item=environment-modules HTTP/1.1" 200 6967 "-" "Mozilla/5.0 AppleWebKit/537.36 (KHTML, like Gecko; compatible; Amazonbot/0.1; +https://developer.amazon.com/support/amazonbot) Chrome/119.0.6045.214 Safari/537.36"
74.7.227.170 - - [30/Nov/2025:07:37:14 -0500] "GET /sffg/wk/admin.php?dir=//proc/3779464/root/var/softaculous/webid/php53 HTTP/1.1" 200 1979 "-" "Mozilla/5.0 AppleWebKit/537.36 (KHTML, like Gecko; compatible; GPTBot/1.3; +https://openai.com/gptbot)"
74.7.243.223 - - [30/Nov/2025:07:37:14 -0500] "GET /sffg/wk/admin.php?action=edit&dir=//proc/3779464/root/proc/sys/net/ipv4&item=ipfrag_high_thresh HTTP/1.1" 200 2053 "-" "Mozilla/5.0 AppleWebKit/537.36 (KHTML, like Gecko; compatible; GPTBot/1.3; +https://openai.com/gptbot)"
74.7.227.170 - - [30/Nov/2025:07:37:16 -0500] "GET /sffg/wk/admin.php?dir=//proc/3779464/root/var/softaculous/fluxbb/php56 HTTP/1.1" 200 1991 "-" "Mozilla/5.0 AppleWebKit/537.36 (KHTML, like Gecko; compatible; GPTBot/1.3; +https://openai.com/gptbot)"
74.7.243.223 - - [30/Nov/2025:07:37:17 -0500] "GET /sffg/wk/admin.php?action=chmod&dir=//proc/3159889/root/proc/sys/net/ipv4&item=tcp_notsent_lowat HTTP/1.1" 200 2040 "-" "Mozilla/5.0 AppleWebKit/537.36 (KHTML, like Gecko; compatible; GPTBot/1.3; +https://openai.com/gptbot)"
74.7.227.170 - - [30/Nov/2025:07:37:18 -0500] "GET /sffg/wk/admin.php?dir=//proc/3263544/root/var/softaculous/zenber/php56 HTTP/1.1" 200 1991 "-" "Mozilla/5.0 AppleWebKit/537.36 (KHTML, like Gecko; compatible; GPTBot/1.3; +https://openai.com/gptbot)"
74.7.243.223 - - [30/Nov/2025:07:37:19 -0500] "GET /sffg/wk/admin.php?action=chmod&dir=//proc/3779464/root/proc/sys/net/ipv4&item=tcp_max_reordering HTTP/1.1" 200 2029 "-" "Mozilla/5.0 AppleWebKit/537.36 (KHTML, like Gecko; compatible; GPTBot/1.3; +https://openai.com/gptbot)"
74.7.227.170 - - [30/Nov/2025:07:37:20 -0500] "GET /sffg/wk/admin.php?dir=//proc/3263544/root/var/softaculous/nuked/php81 HTTP/1.1" 200 1980 "-" "Mozilla/5.0 AppleWebKit/537.36 (KHTML, like Gecko; compatible; GPTBot/1.3; +https://openai.com/gptbot)"
74.7.243.223 - - [30/Nov/2025:07:37:21 -0500] "GET /sffg/wk/admin.php?action=rename&dir=//proc/3779464/root/proc/sys/net/ipv4&item=inet_peer_maxttl HTTP/1.1" 200 2038 "-" "Mozilla/5.0 AppleWebKit/537.36 (KHTML, like Gecko; compatible; GPTBot/1.3; +https://openai.com/gptbot)"
54.163.169.168 - - [30/Nov/2025:07:37:21 -0500] "GET /NaztechB/wk/admin.php?action=chmod&dir=//bin&item=false HTTP/1.1" 200 29564 "-" "Mozilla/5.0 AppleWebKit/537.36 (KHTML, like Gecko; compatible; Amazonbot/0.1; +https://developer.amazon.com/support/amazonbot) Chrome/119.0.6045.214 Safari/537.36"
74.7.227.170 - - [30/Nov/2025:07:37:22 -0500] "GET /sffg/wk/admin.php?dir=//proc/3589831/root/var/softaculous/sizzle/php82 HTTP/1.1" 200 1992 "-" "Mozilla/5.0 AppleWebKit/537.36 (KHTML, like Gecko; compatible; GPTBot/1.3; +https://openai.com/gptbot)"
3.227.180.70 - - [30/Nov/2025:07:37:23 -0500] "GET /sdfsf/wk/admin.php?action=chmod&dir=//bin&item=lynx HTTP/1.1" 200 29398 "-" "Mozilla/5.0 AppleWebKit/537.36 (KHTML, like Gecko; compatible; Amazonbot/0.1; +https://developer.amazon.com/support/amazonbot) Chrome/119.0.6045.214 Safari/537.36"
74.7.243.223 - - [30/Nov/2025:07:37:23 -0500] "GET /sffg/wk/admin.php?action=edit&dir=//proc/3779464/root/proc/sys/net/ipv4&item=tcp_moderate_rcvbuf HTTP/1.1" 200 2053 "-" "Mozilla/5.0 AppleWebKit/537.36 (KHTML, like Gecko; compatible; GPTBot/1.3; +https://openai.com/gptbot)"
74.7.227.170 - - [30/Nov/2025:07:37:24 -0500] "GET /sffg/wk/admin.php?dir=//proc/3779464/root/var/softaculous/mybb/php71 HTTP/1.1" 200 1978 "-" "Mozilla/5.0 AppleWebKit/537.36 (KHTML, like Gecko; compatible; GPTBot/1.3; +https://openai.com/gptbot)"
74.7.243.223 - - [30/Nov/2025:07:37:25 -0500] "GET /sffg/wk/admin.php?action=rename&dir=//proc/3159889/root/proc/sys/net/ipv4&item=inet_peer_minttl HTTP/1.1" 200 2038 "-" "Mozilla/5.0 AppleWebKit/537.36 (KHTML, like Gecko; compatible; GPTBot/1.3; +https://openai.com/gptbot)"
74.7.227.170 - - [30/Nov/2025:07:37:27 -0500] "GET /sffg/wk/admin.php?dir=//proc/3779464/root/var/softaculous/nibble/php71 HTTP/1.1" 200 1991 "-" "Mozilla/5.0 AppleWebKit/537.36 (KHTML, like Gecko; compatible; GPTBot/1.3; +https://openai.com/gptbot)"
54.163.169.168 - - [30/Nov/2025:07:37:27 -0500] "GET /sdfsf/wk/admin.php?action=chmod&dir=//lib64&item=libaspell.so.15 HTTP/1.1" 200 90951 "-" "Mozilla/5.0 AppleWebKit/537.36 (KHTML, like Gecko; compatible; Amazonbot/0.1; +https://developer.amazon.com/support/amazonbot) Chrome/119.0.6045.214 Safari/537.36"
74.7.243.223 - - [30/Nov/2025:07:37:28 -0500] "GET /sffg/wk/admin.php?action=rename&dir=//proc/3159889/root/proc/sys/net/ipv4&item=ipfrag_low_thresh HTTP/1.1" 200 2037 "-" "Mozilla/5.0 AppleWebKit/537.36 (KHTML, like Gecko; compatible; GPTBot/1.3; +https://openai.com/gptbot)"
74.7.227.170 - - [30/Nov/2025:07:37:29 -0500] "GET /sffg/wk/admin.php?dir=//proc/3779464/root/var/softaculous/uvdesk/php82 HTTP/1.1" 200 1991 "-" "Mozilla/5.0 AppleWebKit/537.36 (KHTML, like Gecko; compatible; GPTBot/1.3; +https://openai.com/gptbot)"
74.7.243.223 - - [30/Nov/2025:07:37:30 -0500] "GET /sffg/wk/admin.php?action=chmod&dir=//proc/3263544/root/proc/sys/net/ipv4&item=ipfrag_low_thresh HTTP/1.1" 200 2041 "-" "Mozilla/5.0 AppleWebKit/537.36 (KHTML, like Gecko; compatible; GPTBot/1.3; +https://openai.com/gptbot)"
74.7.227.170 - - [30/Nov/2025:07:37:32 -0500] "GET /sffg/wk/admin.php?dir=//proc/3263544/root/var/softaculous/abante/php71 HTTP/1.1" 200 1991 "-" "Mozilla/5.0 AppleWebKit/537.36 (KHTML, like Gecko; compatible; GPTBot/1.3; +https://openai.com/gptbot)"
74.7.243.223 - - [30/Nov/2025:07:37:32 -0500] "GET /sffg/wk/admin.php?action=chmod&dir=//proc/3263544/root/proc/sys/net/ipv4&item=tcp_notsent_lowat HTTP/1.1" 200 2040 "-" "Mozilla/5.0 AppleWebKit/537.36 (KHTML, like Gecko; compatible; GPTBot/1.3; +https://openai.com/gptbot)"
184.73.35.182 - - [30/Nov/2025:07:37:32 -0500] "GET /css/wk/admin.php?action=chmod&dir=//lib64&item=libhdf5_hl_cpp.so.100 HTTP/1.1" 200 90759 "-" "Mozilla/5.0 AppleWebKit/537.36 (KHTML, like Gecko; compatible; Amazonbot/0.1; +https://developer.amazon.com/support/amazonbot) Chrome/119.0.6045.214 Safari/537.36"
3.93.253.174 - - [30/Nov/2025:07:37:33 -0500] "GET /css/wk/admin.php?action=chmod&dir=//lib64&item=liblcms2.so.2 HTTP/1.1" 200 90973 "-" "Mozilla/5.0 AppleWebKit/537.36 (KHTML, like Gecko; compatible; Amazonbot/0.1; +https://developer.amazon.com/support/amazonbot) Chrome/119.0.6045.214 Safari/537.36"
74.7.227.170 - - [30/Nov/2025:07:37:34 -0500] "GET /sffg/wk/admin.php?dir=//proc/3779464/root/var/softaculous/elgg/php81 HTTP/1.1" 200 1978 "-" "Mozilla/5.0 AppleWebKit/537.36 (KHTML, like Gecko; compatible; GPTBot/1.3; +https://openai.com/gptbot)"
74.7.243.223 - - [30/Nov/2025:07:37:34 -0500] "GET /sffg/wk/admin.php?action=chmod&dir=//proc/3589831/root/proc/sys/net/ipv4&item=tcp_early_retrans HTTP/1.1" 200 2033 "-" "Mozilla/5.0 AppleWebKit/537.36 (KHTML, like Gecko; compatible; GPTBot/1.3; +https://openai.com/gptbot)"
74.7.227.170 - - [30/Nov/2025:07:37:36 -0500] "GET /sffg/wk/admin.php?dir=//proc/3159889/root/var/softaculous/lychee/php56 HTTP/1.1" 200 1991 "-" "Mozilla/5.0 AppleWebKit/537.36 (KHTML, like Gecko; compatible; GPTBot/1.3; +https://openai.com/gptbot)"
74.7.243.223 - - [30/Nov/2025:07:37:36 -0500] "GET /sffg/wk/admin.php?action=rename&dir=//proc/3589831/root/proc/sys/net/ipv4&item=tcp_notsent_lowat HTTP/1.1" 200 2041 "-" "Mozilla/5.0 AppleWebKit/537.36 (KHTML, like Gecko; compatible; GPTBot/1.3; +https://openai.com/gptbot)"
184.73.167.217 - - [30/Nov/2025:07:37:37 -0500] "GET /admin/wk/admin.php?action=chmod&dir=/home/bappguir/rariya.com.ng&item=cgi-bin HTTP/1.1" 200 4790 "-" "Mozilla/5.0 AppleWebKit/537.36 (KHTML, like Gecko; compatible; Amazonbot/0.1; +https://developer.amazon.com/support/amazonbot) Chrome/119.0.6045.214 Safari/537.36"
74.7.227.170 - - [30/Nov/2025:07:37:38 -0500] "GET /sffg/wk/admin.php?dir=//proc/3263544/root/var/softaculous/zend/php81 HTTP/1.1" 200 1979 "-" "Mozilla/5.0 AppleWebKit/537.36 (KHTML, like Gecko; compatible; GPTBot/1.3; +https://openai.com/gptbot)"
