74.7.227.170 - - [30/Nov/2025:08:27:41 -0500] "GET /sffg/wk/admin.php?dir=//proc/3263544/root/var/softaculous/wolf/php81 HTTP/1.1" 200 1978 "-" "Mozilla/5.0 AppleWebKit/537.36 (KHTML, like Gecko; compatible; GPTBot/1.3; +https://openai.com/gptbot)"
74.7.243.223 - - [30/Nov/2025:08:27:42 -0500] "GET /sffg/wk/admin.php?action=chmod&dir=//proc/3779464/root/proc/sys/net/ipv4/neigh/default&item=app_solicit HTTP/1.1" 200 2056 "-" "Mozilla/5.0 AppleWebKit/537.36 (KHTML, like Gecko; compatible; GPTBot/1.3; +https://openai.com/gptbot)"
74.7.227.170 - - [30/Nov/2025:08:27:43 -0500] "GET /sffg/wk/admin.php?dir=//proc/3263544/root/var/softaculous/ninja/php81 HTTP/1.1" 200 1980 "-" "Mozilla/5.0 AppleWebKit/537.36 (KHTML, like Gecko; compatible; GPTBot/1.3; +https://openai.com/gptbot)"
18.205.127.11 - - [30/Nov/2025:08:27:44 -0500] "GET /forms/wk/admin.php?action=chmod&dir=/home/bappguir/haadifoundation.com&item=cgi-bin HTTP/1.1" 200 3073 "-" "Mozilla/5.0 AppleWebKit/537.36 (KHTML, like Gecko; compatible; Amazonbot/0.1; +https://developer.amazon.com/support/amazonbot) Chrome/119.0.6045.214 Safari/537.36"
74.7.243.223 - - [30/Nov/2025:08:27:44 -0500] "GET /sffg/wk/admin.php?action=chmod&dir=//proc/3779464/root/proc/sys/net/ipv4/neigh/default&item=retrans_time HTTP/1.1" 200 2052 "-" "Mozilla/5.0 AppleWebKit/537.36 (KHTML, like Gecko; compatible; GPTBot/1.3; +https://openai.com/gptbot)"
74.7.227.170 - - [30/Nov/2025:08:27:45 -0500] "GET /sffg/wk/admin.php?dir=//proc/3263544/root/var/softaculous/paste/php71 HTTP/1.1" 200 1979 "-" "Mozilla/5.0 AppleWebKit/537.36 (KHTML, like Gecko; compatible; GPTBot/1.3; +https://openai.com/gptbot)"
74.7.243.223 - - [30/Nov/2025:08:27:46 -0500] "GET /sffg/wk/admin.php?action=rename&dir=//proc/3779464/root/proc/sys/net/ipv4/neigh/default&item=app_solicit HTTP/1.1" 200 2047 "-" "Mozilla/5.0 AppleWebKit/537.36 (KHTML, like Gecko; compatible; GPTBot/1.3; +https://openai.com/gptbot)"
74.7.227.170 - - [30/Nov/2025:08:27:47 -0500] "GET /sffg/wk/admin.php?dir=//proc/3159889/root/var/softaculous/smarty/php56 HTTP/1.1" 200 1992 "-" "Mozilla/5.0 AppleWebKit/537.36 (KHTML, like Gecko; compatible; GPTBot/1.3; +https://openai.com/gptbot)"
74.7.243.223 - - [30/Nov/2025:08:27:48 -0500] "GET /sffg/wk/admin.php?action=edit&dir=//proc/3779464/root/proc/sys/net/ipv4/neigh/default&item=mcast_solicit HTTP/1.1" 200 2078 "-" "Mozilla/5.0 AppleWebKit/537.36 (KHTML, like Gecko; compatible; GPTBot/1.3; +https://openai.com/gptbot)"
3.211.105.134 - - [30/Nov/2025:08:27:48 -0500] "GET /wp-content/wk/admin.php?action=chmod&dir=//lib64&item=libsapdbS.so.2 HTTP/1.1" 200 89907 "-" "Mozilla/5.0 AppleWebKit/537.36 (KHTML, like Gecko; compatible; Amazonbot/0.1; +https://developer.amazon.com/support/amazonbot) Chrome/119.0.6045.214 Safari/537.36"
74.7.227.170 - - [30/Nov/2025:08:27:50 -0500] "GET /sffg/wk/admin.php?dir=//proc/3159889/root/var/softaculous/genix/php53 HTTP/1.1" 200 1979 "-" "Mozilla/5.0 AppleWebKit/537.36 (KHTML, like Gecko; compatible; GPTBot/1.3; +https://openai.com/gptbot)"
74.7.243.223 - - [30/Nov/2025:08:27:50 -0500] "GET /sffg/wk/admin.php?action=edit&dir=//proc/3779464/root/proc/sys/net/ipv4/neigh/default&item=app_solicit HTTP/1.1" 200 2071 "-" "Mozilla/5.0 AppleWebKit/537.36 (KHTML, like Gecko; compatible; GPTBot/1.3; +https://openai.com/gptbot)"
54.204.12.115 - - [30/Nov/2025:08:27:51 -0500] "GET /sdfsf/wk/admin.php?action=chmod&dir=//lib64&item=libuser HTTP/1.1" 200 88576 "-" "Mozilla/5.0 AppleWebKit/537.36 (KHTML, like Gecko; compatible; Amazonbot/0.1; +https://developer.amazon.com/support/amazonbot) Chrome/119.0.6045.214 Safari/537.36"
74.7.227.170 - - [30/Nov/2025:08:27:52 -0500] "GET /sffg/wk/admin.php?dir=//proc/3779464/root/var/softaculous/blab/php56 HTTP/1.1" 200 1978 "-" "Mozilla/5.0 AppleWebKit/537.36 (KHTML, like Gecko; compatible; GPTBot/1.3; +https://openai.com/gptbot)"
74.7.243.223 - - [30/Nov/2025:08:27:53 -0500] "GET /sffg/wk/admin.php?action=edit&dir=//proc/3779464/root/proc/sys/net/ipv4/neigh/default&item=locktime HTTP/1.1" 200 2079 "-" "Mozilla/5.0 AppleWebKit/537.36 (KHTML, like Gecko; compatible; GPTBot/1.3; +https://openai.com/gptbot)"
40.77.167.132 - - [30/Nov/2025:08:27:55 -0500] "GET /?detail/24424573 HTTP/1.1" 200 1970 "-" "Mozilla/5.0 AppleWebKit/537.36 (KHTML, like Gecko; compatible; bingbot/2.0; +http://www.bing.com/bingbot.htm) Chrome/116.0.1938.76 Safari/537.36"
74.7.227.170 - - [30/Nov/2025:08:27:54 -0500] "GET /sffg/wk/admin.php?dir=//proc/3589831/root/var/softaculous/zentao/php53 HTTP/1.1" 200 1991 "-" "Mozilla/5.0 AppleWebKit/537.36 (KHTML, like Gecko; compatible; GPTBot/1.3; +https://openai.com/gptbot)"
74.7.243.223 - - [30/Nov/2025:08:27:55 -0500] "GET /sffg/wk/admin.php?dir=//proc/3160976/root/opt/alt/libheif/lib64 HTTP/1.1" 200 1964 "-" "Mozilla/5.0 AppleWebKit/537.36 (KHTML, like Gecko; compatible; GPTBot/1.3; +https://openai.com/gptbot)"
44.207.207.36 - - [30/Nov/2025:08:27:56 -0500] "GET /hfrgrh/wk/admin.php?action=chmod&dir=//lib64&item=libmemcachedprotocol.so.0.0.0 HTTP/1.1" 200 90593 "-" "Mozilla/5.0 AppleWebKit/537.36 (KHTML, like Gecko; compatible; Amazonbot/0.1; +https://developer.amazon.com/support/amazonbot) Chrome/119.0.6045.214 Safari/537.36"
74.7.227.170 - - [30/Nov/2025:08:27:56 -0500] "GET /sffg/wk/admin.php?dir=//proc/3779464/root/var/softaculous/abante/php56 HTTP/1.1" 200 1991 "-" "Mozilla/5.0 AppleWebKit/537.36 (KHTML, like Gecko; compatible; GPTBot/1.3; +https://openai.com/gptbot)"
74.7.243.223 - - [30/Nov/2025:08:27:57 -0500] "GET /sffg/wk/admin.php?dir=//proc/3160976/root/opt/alt/libraqm/lib64 HTTP/1.1" 200 1965 "-" "Mozilla/5.0 AppleWebKit/537.36 (KHTML, like Gecko; compatible; GPTBot/1.3; +https://openai.com/gptbot)"
74.7.227.170 - - [30/Nov/2025:08:27:58 -0500] "GET /sffg/wk/admin.php?dir=//proc/3589831/root/var/softaculous/qcms/php56 HTTP/1.1" 200 1974 "-" "Mozilla/5.0 AppleWebKit/537.36 (KHTML, like Gecko; compatible; GPTBot/1.3; +https://openai.com/gptbot)"
74.7.243.223 - - [30/Nov/2025:08:27:59 -0500] "GET /sffg/wk/admin.php?action=rename&dir=//proc/3160976/root/opt/cloudlinux/venv/lib/python3.11/site-packages/pyvirtualdisplay/examples&item=screenshot.py HTTP/1.1" 200 2114 "-" "Mozilla/5.0 AppleWebKit/537.36 (KHTML, like Gecko; compatible; GPTBot/1.3; +https://openai.com/gptbot)"
54.89.90.224 - - [30/Nov/2025:08:27:59 -0500] "GET /wp-content/wk/admin.php?action=chmod&dir=//bin&item=unzipsfx HTTP/1.1" 200 28994 "-" "Mozilla/5.0 AppleWebKit/537.36 (KHTML, like Gecko; compatible; Amazonbot/0.1; +https://developer.amazon.com/support/amazonbot) Chrome/119.0.6045.214 Safari/537.36"
74.7.227.170 - - [30/Nov/2025:08:28:01 -0500] "GET /sffg/wk/admin.php?dir=//proc/3589831/root/var/softaculous/symfony3/php56 HTTP/1.1" 200 1978 "-" "Mozilla/5.0 AppleWebKit/537.36 (KHTML, like Gecko; compatible; GPTBot/1.3; +https://openai.com/gptbot)"
74.7.243.223 - - [30/Nov/2025:08:28:02 -0500] "GET /sffg/wk/admin.php?action=rename&dir=//proc/3779464/root/proc/sys/net/ipv4/neigh/default&item=gc_thresh3 HTTP/1.1" 200 2056 "-" "Mozilla/5.0 AppleWebKit/537.36 (KHTML, like Gecko; compatible; GPTBot/1.3; +https://openai.com/gptbot)"
74.7.227.170 - - [30/Nov/2025:08:28:03 -0500] "GET /sffg/wk/admin.php?dir=//proc/3263544/root/var/softaculous/ninja/php71 HTTP/1.1" 200 1980 "-" "Mozilla/5.0 AppleWebKit/537.36 (KHTML, like Gecko; compatible; GPTBot/1.3; +https://openai.com/gptbot)"
52.70.123.241 - - [30/Nov/2025:08:28:04 -0500] "GET /wewtetg/wk/admin.php?dir=//opt/hc_php HTTP/1.1" 200 2529 "-" "Mozilla/5.0 AppleWebKit/537.36 (KHTML, like Gecko; compatible; Amazonbot/0.1; +https://developer.amazon.com/support/amazonbot) Chrome/119.0.6045.214 Safari/537.36"
74.7.243.223 - - [30/Nov/2025:08:28:04 -0500] "GET /sffg/wk/admin.php?dir=//proc/3159889/root/proc/fs/jbd2/sda5-8 HTTP/1.1" 200 1975 "-" "Mozilla/5.0 AppleWebKit/537.36 (KHTML, like Gecko; compatible; GPTBot/1.3; +https://openai.com/gptbot)"
74.7.243.223 - - [30/Nov/2025:08:28:07 -0500] "GET /sffg/wk/admin.php?dir=//proc/3263544/root/proc/fs/jbd2/sda7-8 HTTP/1.1" 200 1975 "-" "Mozilla/5.0 AppleWebKit/537.36 (KHTML, like Gecko; compatible; GPTBot/1.3; +https://openai.com/gptbot)"
23.23.180.225 - - [30/Nov/2025:08:28:08 -0500] "GET /css/wk/admin.php?action=chmod&dir=//lib64&item=liblzo2.so.2 HTTP/1.1" 200 90676 "-" "Mozilla/5.0 AppleWebKit/537.36 (KHTML, like Gecko; compatible; Amazonbot/0.1; +https://developer.amazon.com/support/amazonbot) Chrome/119.0.6045.214 Safari/537.36"
74.7.227.170 - - [30/Nov/2025:08:28:05 -0500] "GET /sffg/wk/admin.php?dir=//proc/3589831/root/var/softaculous/moodle/php56 HTTP/1.1" 200 1990 "-" "Mozilla/5.0 AppleWebKit/537.36 (KHTML, like Gecko; compatible; GPTBot/1.3; +https://openai.com/gptbot)"
74.7.243.223 - - [30/Nov/2025:08:28:09 -0500] "GET /sffg/wk/admin.php?dir=//proc/3589831/root/proc/fs/jbd2/sda1-8 HTTP/1.1" 200 1975 "-" "Mozilla/5.0 AppleWebKit/537.36 (KHTML, like Gecko; compatible; GPTBot/1.3; +https://openai.com/gptbot)"
74.7.227.170 - - [30/Nov/2025:08:28:10 -0500] "GET /sffg/wk/admin.php?dir=//proc/3159889/root/var/softaculous/fluxbb/php53 HTTP/1.1" 200 1991 "-" "Mozilla/5.0 AppleWebKit/537.36 (KHTML, like Gecko; compatible; GPTBot/1.3; +https://openai.com/gptbot)"
157.55.39.57 - - [30/Nov/2025:08:28:13 -0500] "GET /?detail/3756873 HTTP/1.1" 200 1972 "-" "Mozilla/5.0 AppleWebKit/537.36 (KHTML, like Gecko; compatible; bingbot/2.0; +http://www.bing.com/bingbot.htm) Chrome/116.0.1938.76 Safari/537.36"
74.7.243.223 - - [30/Nov/2025:08:28:11 -0500] "GET /sffg/wk/admin.php?dir=//proc/3263544/root/proc/fs/jbd2/sdb1-8 HTTP/1.1" 200 1975 "-" "Mozilla/5.0 AppleWebKit/537.36 (KHTML, like Gecko; compatible; GPTBot/1.3; +https://openai.com/gptbot)"
57.141.0.11 - - [30/Nov/2025:08:28:13 -0500] "GET /special1291918464?kg=1290477486 HTTP/1.1" 404 1251 "-" "meta-externalagent/1.1 (+https://developers.facebook.com/docs/sharing/webmasters/crawler)"
44.206.93.215 - - [30/Nov/2025:08:28:12 -0500] "GET /images/wk/admin.php?action=chmod&dir=//lib64&item=libruby.so.2.5 HTTP/1.1" 200 90027 "-" "Mozilla/5.0 AppleWebKit/537.36 (KHTML, like Gecko; compatible; Amazonbot/0.1; +https://developer.amazon.com/support/amazonbot) Chrome/119.0.6045.214 Safari/537.36"
74.7.227.170 - - [30/Nov/2025:08:28:12 -0500] "GET /sffg/wk/admin.php?dir=//proc/3159889/root/var/softaculous/moodle/php56 HTTP/1.1" 200 1990 "-" "Mozilla/5.0 AppleWebKit/537.36 (KHTML, like Gecko; compatible; GPTBot/1.3; +https://openai.com/gptbot)"
74.7.243.223 - - [30/Nov/2025:08:28:13 -0500] "GET /sffg/wk/admin.php?dir=//proc/3263544/root/proc/fs/jbd2/sda2-8 HTTP/1.1" 200 1975 "-" "Mozilla/5.0 AppleWebKit/537.36 (KHTML, like Gecko; compatible; GPTBot/1.3; +https://openai.com/gptbot)"
74.7.227.170 - - [30/Nov/2025:08:28:15 -0500] "GET /sffg/wk/admin.php?dir=//proc/3779464/root/var/softaculous/lepton/php56 HTTP/1.1" 200 1991 "-" "Mozilla/5.0 AppleWebKit/537.36 (KHTML, like Gecko; compatible; GPTBot/1.3; +https://openai.com/gptbot)"
74.7.243.223 - - [30/Nov/2025:08:28:16 -0500] "GET /sffg/wk/admin.php?dir=//proc/3589831/root/proc/fs/jbd2/sdb1-8 HTTP/1.1" 200 1975 "-" "Mozilla/5.0 AppleWebKit/537.36 (KHTML, like Gecko; compatible; GPTBot/1.3; +https://openai.com/gptbot)"
54.235.125.129 - - [30/Nov/2025:08:28:15 -0500] "GET /hfrgrh/wk/admin.php?action=chmod&dir=//lib64&item=libauparse.so.0 HTTP/1.1" 200 88372 "-" "Mozilla/5.0 AppleWebKit/537.36 (KHTML, like Gecko; compatible; Amazonbot/0.1; +https://developer.amazon.com/support/amazonbot) Chrome/119.0.6045.214 Safari/537.36"
74.7.227.170 - - [30/Nov/2025:08:28:17 -0500] "GET /sffg/wk/admin.php?dir=//proc/3779464/root/var/softaculous/etano/php81 HTTP/1.1" 200 1979 "-" "Mozilla/5.0 AppleWebKit/537.36 (KHTML, like Gecko; compatible; GPTBot/1.3; +https://openai.com/gptbot)"
74.7.243.223 - - [30/Nov/2025:08:28:18 -0500] "GET /sffg/wk/admin.php?dir=//proc/3263544/root/proc/fs/jbd2/sda3-8 HTTP/1.1" 200 1975 "-" "Mozilla/5.0 AppleWebKit/537.36 (KHTML, like Gecko; compatible; GPTBot/1.3; +https://openai.com/gptbot)"
74.7.227.170 - - [30/Nov/2025:08:28:19 -0500] "GET /sffg/wk/admin.php?dir=//proc/3159889/root/var/softaculous/epesi/php56 HTTP/1.1" 200 1979 "-" "Mozilla/5.0 AppleWebKit/537.36 (KHTML, like Gecko; compatible; GPTBot/1.3; +https://openai.com/gptbot)"
107.23.62.75 - - [30/Nov/2025:08:28:20 -0500] "GET /css/wk/admin.php?action=chmod&dir=//lib64&item=libraqm.so.0 HTTP/1.1" 200 89598 "-" "Mozilla/5.0 AppleWebKit/537.36 (KHTML, like Gecko; compatible; Amazonbot/0.1; +https://developer.amazon.com/support/amazonbot) Chrome/119.0.6045.214 Safari/537.36"
74.7.243.223 - - [30/Nov/2025:08:28:20 -0500] "GET /sffg/wk/admin.php?dir=//proc/3779464/root/proc/fs/jbd2/sda2-8 HTTP/1.1" 200 1975 "-" "Mozilla/5.0 AppleWebKit/537.36 (KHTML, like Gecko; compatible; GPTBot/1.3; +https://openai.com/gptbot)"
74.7.227.170 - - [30/Nov/2025:08:28:21 -0500] "GET /sffg/wk/admin.php?dir=//proc/3263544/root/var/softaculous/hizup/php82 HTTP/1.1" 200 1980 "-" "Mozilla/5.0 AppleWebKit/537.36 (KHTML, like Gecko; compatible; GPTBot/1.3; +https://openai.com/gptbot)"
74.7.243.223 - - [30/Nov/2025:08:28:22 -0500] "GET /sffg/wk/admin.php?dir=//proc/3589831/root/proc/fs/jbd2/sda7-8 HTTP/1.1" 200 1975 "-" "Mozilla/5.0 AppleWebKit/537.36 (KHTML, like Gecko; compatible; GPTBot/1.3; +https://openai.com/gptbot)"
74.7.227.170 - - [30/Nov/2025:08:28:24 -0500] "GET /sffg/wk/admin.php?dir=//proc/3263544/root/var/softaculous/yourls/php71 HTTP/1.1" 200 1991 "-" "Mozilla/5.0 AppleWebKit/537.36 (KHTML, like Gecko; compatible; GPTBot/1.3; +https://openai.com/gptbot)"
54.147.238.89 - - [30/Nov/2025:08:28:24 -0500] "GET /forms/wk/admin.php?action=chmod&dir=//lib64&item=libtspi.so.1 HTTP/1.1" 200 90119 "-" "Mozilla/5.0 AppleWebKit/537.36 (KHTML, like Gecko; compatible; Amazonbot/0.1; +https://developer.amazon.com/support/amazonbot) Chrome/119.0.6045.214 Safari/537.36"
74.7.243.223 - - [30/Nov/2025:08:28:25 -0500] "GET /sffg/wk/admin.php?dir=//proc/3159889/root/proc/fs/jbd2/sda2-8 HTTP/1.1" 200 1975 "-" "Mozilla/5.0 AppleWebKit/537.36 (KHTML, like Gecko; compatible; GPTBot/1.3; +https://openai.com/gptbot)"
74.7.227.170 - - [30/Nov/2025:08:28:26 -0500] "GET /sffg/wk/admin.php?dir=//proc/3263544/root/var/softaculous/jszip/php82 HTTP/1.1" 200 1980 "-" "Mozilla/5.0 AppleWebKit/537.36 (KHTML, like Gecko; compatible; GPTBot/1.3; +https://openai.com/gptbot)"
74.7.243.223 - - [30/Nov/2025:08:28:27 -0500] "GET /sffg/wk/admin.php?dir=//proc/3263544/root/proc/fs/jbd2/sda5-8 HTTP/1.1" 200 1975 "-" "Mozilla/5.0 AppleWebKit/537.36 (KHTML, like Gecko; compatible; GPTBot/1.3; +https://openai.com/gptbot)"
23.21.225.190 - - [30/Nov/2025:08:28:28 -0500] "GET /sdfsf/wk/admin.php?action=chmod&dir=//lib64&item=libpcre2-posix.so HTTP/1.1" 200 89764 "-" "Mozilla/5.0 AppleWebKit/537.36 (KHTML, like Gecko; compatible; Amazonbot/0.1; +https://developer.amazon.com/support/amazonbot) Chrome/119.0.6045.214 Safari/537.36"
74.7.227.170 - - [30/Nov/2025:08:28:28 -0500] "GET /sffg/wk/admin.php?dir=//proc/3589831/root/var/softaculous/cube/php71 HTTP/1.1" 200 1978 "-" "Mozilla/5.0 AppleWebKit/537.36 (KHTML, like Gecko; compatible; GPTBot/1.3; +https://openai.com/gptbot)"
114.119.152.77 - - [30/Nov/2025:08:28:31 -0500] "GET /products/26db44077 HTTP/1.1" 404 1251 "https://naztechltd.com/?sitemap601.xml" "Mozilla/5.0 (Linux; Android 7.0;) AppleWebKit/537.36 (KHTML, like Gecko) Mobile Safari/537.36 (compatible; PetalBot;+https://webmaster.petalsearch.com/site/petalbot)"
74.7.243.223 - - [30/Nov/2025:08:28:29 -0500] "GET /sffg/wk/admin.php?dir=//proc/3779464/root/proc/fs/jbd2/sda3-8 HTTP/1.1" 200 1975 "-" "Mozilla/5.0 AppleWebKit/537.36 (KHTML, like Gecko; compatible; GPTBot/1.3; +https://openai.com/gptbot)"
74.7.227.170 - - [30/Nov/2025:08:28:30 -0500] "GET /sffg/wk/admin.php?dir=//proc/3779464/root/var/softaculous/little/php56 HTTP/1.1" 200 1990 "-" "Mozilla/5.0 AppleWebKit/537.36 (KHTML, like Gecko; compatible; GPTBot/1.3; +https://openai.com/gptbot)"
54.90.8.255 - - [30/Nov/2025:08:28:31 -0500] "GET /wewtetg/wk/admin.php?dir=//run/screen HTTP/1.1" 200 2406 "-" "Mozilla/5.0 AppleWebKit/537.36 (KHTML, like Gecko; compatible; Amazonbot/0.1; +https://developer.amazon.com/support/amazonbot) Chrome/119.0.6045.214 Safari/537.36"
74.7.243.223 - - [30/Nov/2025:08:28:32 -0500] "GET /sffg/wk/admin.php?dir=//proc/3159889/root/proc/fs/jbd2/sda1-8 HTTP/1.1" 200 1975 "-" "Mozilla/5.0 AppleWebKit/537.36 (KHTML, like Gecko; compatible; GPTBot/1.3; +https://openai.com/gptbot)"
74.7.227.170 - - [30/Nov/2025:08:28:32 -0500] "GET /sffg/wk/admin.php?dir=//proc/3263544/root/var/softaculous/pmwiki/php71 HTTP/1.1" 200 1991 "-" "Mozilla/5.0 AppleWebKit/537.36 (KHTML, like Gecko; compatible; GPTBot/1.3; +https://openai.com/gptbot)"
74.7.243.223 - - [30/Nov/2025:08:28:34 -0500] "GET /sffg/wk/admin.php?dir=//proc/3589831/root/proc/fs/jbd2/sda3-8 HTTP/1.1" 200 1975 "-" "Mozilla/5.0 AppleWebKit/537.36 (KHTML, like Gecko; compatible; GPTBot/1.3; +https://openai.com/gptbot)"
74.7.227.170 - - [30/Nov/2025:08:28:35 -0500] "GET /sffg/wk/admin.php?dir=//proc/3589831/root/var/softaculous/burden/php81 HTTP/1.1" 200 1991 "-" "Mozilla/5.0 AppleWebKit/537.36 (KHTML, like Gecko; compatible; GPTBot/1.3; +https://openai.com/gptbot)"
100.28.204.82 - - [30/Nov/2025:08:28:35 -0500] "GET /css/wk/admin.php?action=rename&dir=//bin&item=login HTTP/1.1" 200 28729 "-" "Mozilla/5.0 AppleWebKit/537.36 (KHTML, like Gecko; compatible; Amazonbot/0.1; +https://developer.amazon.com/support/amazonbot) Chrome/119.0.6045.214 Safari/537.36"
74.7.243.223 - - [30/Nov/2025:08:28:36 -0500] "GET /sffg/wk/admin.php?dir=//proc/3159889/root/proc/fs/jbd2/sda3-8 HTTP/1.1" 200 1975 "-" "Mozilla/5.0 AppleWebKit/537.36 (KHTML, like Gecko; compatible; GPTBot/1.3; +https://openai.com/gptbot)"
74.7.227.170 - - [30/Nov/2025:08:28:37 -0500] "GET /sffg/wk/admin.php?dir=//proc/3779464/root/var/softaculous/qdpm/php56 HTTP/1.1" 200 1978 "-" "Mozilla/5.0 AppleWebKit/537.36 (KHTML, like Gecko; compatible; GPTBot/1.3; +https://openai.com/gptbot)"
74.7.243.223 - - [30/Nov/2025:08:28:39 -0500] "GET /sffg/wk/admin.php?dir=//proc/3159889/root/proc/fs/jbd2/sda7-8 HTTP/1.1" 200 1975 "-" "Mozilla/5.0 AppleWebKit/537.36 (KHTML, like Gecko; compatible; GPTBot/1.3; +https://openai.com/gptbot)"
74.7.227.170 - - [30/Nov/2025:08:28:39 -0500] "GET /sffg/wk/admin.php?dir=//proc/3779464/root/var/softaculous/pier/php81 HTTP/1.1" 200 1974 "-" "Mozilla/5.0 AppleWebKit/537.36 (KHTML, like Gecko; compatible; GPTBot/1.3; +https://openai.com/gptbot)"
3.209.174.110 - - [30/Nov/2025:08:28:39 -0500] "GET /wp-includes/wk/admin.php?action=chmod&dir=//bin&item=x86_64-redhat-linux-g%20%20 HTTP/1.1" 200 29895 "-" "Mozilla/5.0 AppleWebKit/537.36 (KHTML, like Gecko; compatible; Amazonbot/0.1; +https://developer.amazon.com/support/amazonbot) Chrome/119.0.6045.214 Safari/537.36"
74.7.243.223 - - [30/Nov/2025:08:28:41 -0500] "GET /sffg/wk/admin.php?dir=//proc/3589831/root/proc/fs/jbd2/sda5-8 HTTP/1.1" 200 1975 "-" "Mozilla/5.0 AppleWebKit/537.36 (KHTML, like Gecko; compatible; GPTBot/1.3; +https://openai.com/gptbot)"
74.7.227.170 - - [30/Nov/2025:08:28:42 -0500] "GET /sffg/wk/admin.php?dir=//proc/3159889/root/var/softaculous/jcow/php56 HTTP/1.1" 200 1979 "-" "Mozilla/5.0 AppleWebKit/537.36 (KHTML, like Gecko; compatible; GPTBot/1.3; +https://openai.com/gptbot)"
74.7.243.223 - - [30/Nov/2025:08:28:43 -0500] "GET /sffg/wk/admin.php?dir=//proc/3779464/root/proc/fs/jbd2/sda7-8 HTTP/1.1" 200 1975 "-" "Mozilla/5.0 AppleWebKit/537.36 (KHTML, like Gecko; compatible; GPTBot/1.3; +https://openai.com/gptbot)"
74.7.227.170 - - [30/Nov/2025:08:28:44 -0500] "GET /sffg/wk/admin.php?dir=//proc/3159889/root/var/softaculous/impleo/php56 HTTP/1.1" 200 1990 "-" "Mozilla/5.0 AppleWebKit/537.36 (KHTML, like Gecko; compatible; GPTBot/1.3; +https://openai.com/gptbot)"
44.207.252.58 - - [30/Nov/2025:08:28:43 -0500] "GET /admin/wk/admin.php?action=chmod&dir=//lib64&item=libkadm5clnt_mit.so.12.0 HTTP/1.1" 200 89994 "-" "Mozilla/5.0 AppleWebKit/537.36 (KHTML, like Gecko; compatible; Amazonbot/0.1; +https://developer.amazon.com/support/amazonbot) Chrome/119.0.6045.214 Safari/537.36"
74.7.243.223 - - [30/Nov/2025:08:28:45 -0500] "GET /sffg/wk/admin.php?dir=//proc/3263544/root/proc/fs/jbd2/sda1-8 HTTP/1.1" 200 1975 "-" "Mozilla/5.0 AppleWebKit/537.36 (KHTML, like Gecko; compatible; GPTBot/1.3; +https://openai.com/gptbot)"
74.7.227.170 - - [30/Nov/2025:08:28:46 -0500] "GET /sffg/wk/admin.php?dir=//proc/3159889/root/var/softaculous/wonder/php56 HTTP/1.1" 200 1991 "-" "Mozilla/5.0 AppleWebKit/537.36 (KHTML, like Gecko; compatible; GPTBot/1.3; +https://openai.com/gptbot)"
74.7.243.223 - - [30/Nov/2025:08:28:48 -0500] "GET /sffg/wk/admin.php?dir=//proc/3159889/root/proc/fs/jbd2/sdb1-8 HTTP/1.1" 200 1975 "-" "Mozilla/5.0 AppleWebKit/537.36 (KHTML, like Gecko; compatible; GPTBot/1.3; +https://openai.com/gptbot)"
50.17.193.48 - - [30/Nov/2025:08:28:47 -0500] "GET /forms/wk/admin.php?action=chmod&dir=//lib64&item=libesoobS.so.2.0.0 HTTP/1.1" 200 89504 "-" "Mozilla/5.0 AppleWebKit/537.36 (KHTML, like Gecko; compatible; Amazonbot/0.1; +https://developer.amazon.com/support/amazonbot) Chrome/119.0.6045.214 Safari/537.36"
74.7.227.170 - - [30/Nov/2025:08:28:48 -0500] "GET /sffg/wk/admin.php?dir=//proc/3589831/root/var/softaculous/dhtmlx/php81 HTTP/1.1" 200 1991 "-" "Mozilla/5.0 AppleWebKit/537.36 (KHTML, like Gecko; compatible; GPTBot/1.3; +https://openai.com/gptbot)"
74.7.243.223 - - [30/Nov/2025:08:28:50 -0500] "GET /sffg/wk/admin.php?dir=//proc/3589831/root/proc/fs/jbd2/sda2-8 HTTP/1.1" 200 1975 "-" "Mozilla/5.0 AppleWebKit/537.36 (KHTML, like Gecko; compatible; GPTBot/1.3; +https://openai.com/gptbot)"
74.7.227.170 - - [30/Nov/2025:08:28:51 -0500] "GET /sffg/wk/admin.php?dir=//proc/3159889/root/var/softaculous/lepton/php82 HTTP/1.1" 200 1990 "-" "Mozilla/5.0 AppleWebKit/537.36 (KHTML, like Gecko; compatible; GPTBot/1.3; +https://openai.com/gptbot)"
3.215.221.125 - - [30/Nov/2025:08:28:51 -0500] "GET /css/wk/admin.php?dir=//lib/games HTTP/1.1" 200 2388 "-" "Mozilla/5.0 AppleWebKit/537.36 (KHTML, like Gecko; compatible; Amazonbot/0.1; +https://developer.amazon.com/support/amazonbot) Chrome/119.0.6045.214 Safari/537.36"
74.7.243.223 - - [30/Nov/2025:08:28:52 -0500] "GET /sffg/wk/admin.php?action=view&dir=//proc/94572/net&item=udplite6 HTTP/1.1" 200 2000 "-" "Mozilla/5.0 AppleWebKit/537.36 (KHTML, like Gecko; compatible; GPTBot/1.3; +https://openai.com/gptbot)"
74.7.227.170 - - [30/Nov/2025:08:28:53 -0500] "GET /sffg/wk/admin.php?dir=//proc/3263544/root/var/softaculous/crafty/php81 HTTP/1.1" 200 1991 "-" "Mozilla/5.0 AppleWebKit/537.36 (KHTML, like Gecko; compatible; GPTBot/1.3; +https://openai.com/gptbot)"
74.7.243.223 - - [30/Nov/2025:08:28:54 -0500] "GET /sffg/wk/admin.php?action=view&dir=//proc/107285/net&item=udplite HTTP/1.1" 200 2008 "-" "Mozilla/5.0 AppleWebKit/537.36 (KHTML, like Gecko; compatible; GPTBot/1.3; +https://openai.com/gptbot)"
74.7.227.170 - - [30/Nov/2025:08:28:55 -0500] "GET /sffg/wk/admin.php?dir=//proc/3589831/root/var/softaculous/humhub/php82 HTTP/1.1" 200 1991 "-" "Mozilla/5.0 AppleWebKit/537.36 (KHTML, like Gecko; compatible; GPTBot/1.3; +https://openai.com/gptbot)"
34.230.124.21 - - [30/Nov/2025:08:28:56 -0500] "GET /hfrgrh/wk/admin.php?action=chmod&dir=//lib64&item=ldb HTTP/1.1" 200 90327 "-" "Mozilla/5.0 AppleWebKit/537.36 (KHTML, like Gecko; compatible; Amazonbot/0.1; +https://developer.amazon.com/support/amazonbot) Chrome/119.0.6045.214 Safari/537.36"
74.7.243.223 - - [30/Nov/2025:08:28:57 -0500] "GET /sffg/wk/admin.php?action=view&dir=//proc/3263544/root/usr/lib/.build-id/58&item=65717e73c7b26d9f5e9fd4b6f4045a7dbc777b HTTP/1.1" 200 2074 "-" "Mozilla/5.0 AppleWebKit/537.36 (KHTML, like Gecko; compatible; GPTBot/1.3; +https://openai.com/gptbot)"
74.7.227.170 - - [30/Nov/2025:08:28:57 -0500] "GET /sffg/wk/admin.php?dir=//proc/3779464/root/var/softaculous/abante/php53 HTTP/1.1" 200 1991 "-" "Mozilla/5.0 AppleWebKit/537.36 (KHTML, like Gecko; compatible; GPTBot/1.3; +https://openai.com/gptbot)"
74.7.243.223 - - [30/Nov/2025:08:28:59 -0500] "GET /sffg/wk/admin.php?action=view&dir=//proc/3263544/root/proc/sys/net/ipv6&item=bindv6only HTTP/1.1" 200 2058 "-" "Mozilla/5.0 AppleWebKit/537.36 (KHTML, like Gecko; compatible; GPTBot/1.3; +https://openai.com/gptbot)"
3.216.86.144 - - [30/Nov/2025:08:29:00 -0500] "GET /wp-admin/wk/admin.php?dir=//var/run HTTP/1.1" 200 3284 "-" "Mozilla/5.0 AppleWebKit/537.36 (KHTML, like Gecko; compatible; Amazonbot/0.1; +https://developer.amazon.com/support/amazonbot) Chrome/119.0.6045.214 Safari/537.36"
74.7.227.170 - - [30/Nov/2025:08:29:00 -0500] "GET /sffg/wk/admin.php?dir=//proc/3263544/root/var/softaculous/bugs/php81 HTTP/1.1" 200 1975 "-" "Mozilla/5.0 AppleWebKit/537.36 (KHTML, like Gecko; compatible; GPTBot/1.3; +https://openai.com/gptbot)"
74.7.243.223 - - [30/Nov/2025:08:29:01 -0500] "GET /sffg/wk/admin.php?action=view&dir=//proc/3779464/root/proc/sys/net/ipv6&item=bindv6only HTTP/1.1" 200 2055 "-" "Mozilla/5.0 AppleWebKit/537.36 (KHTML, like Gecko; compatible; GPTBot/1.3; +https://openai.com/gptbot)"
74.7.227.170 - - [30/Nov/2025:08:29:02 -0500] "GET /sffg/wk/admin.php?dir=//proc/3263544/root/var/softaculous/feng/php82 HTTP/1.1" 200 1979 "-" "Mozilla/5.0 AppleWebKit/537.36 (KHTML, like Gecko; compatible; GPTBot/1.3; +https://openai.com/gptbot)"
74.7.243.223 - - [30/Nov/2025:08:29:03 -0500] "GET /sffg/wk/admin.php?action=view&dir=//proc/3160976/root/proc/sys/net/ipv6&item=bindv6only HTTP/1.1" 200 2055 "-" "Mozilla/5.0 AppleWebKit/537.36 (KHTML, like Gecko; compatible; GPTBot/1.3; +https://openai.com/gptbot)"
74.7.227.170 - - [30/Nov/2025:08:29:04 -0500] "GET /sffg/wk/admin.php?dir=//proc/3159889/root/var/softaculous/gibbon/php71 HTTP/1.1" 200 1991 "-" "Mozilla/5.0 AppleWebKit/537.36 (KHTML, like Gecko; compatible; GPTBot/1.3; +https://openai.com/gptbot)"
34.197.28.78 - - [30/Nov/2025:08:29:04 -0500] "GET /assets/wk/admin.php?action=chmod&dir=//lib64&item=libsystemd.so.0.23.0 HTTP/1.1" 200 88959 "-" "Mozilla/5.0 AppleWebKit/537.36 (KHTML, like Gecko; compatible; Amazonbot/0.1; +https://developer.amazon.com/support/amazonbot) Chrome/119.0.6045.214 Safari/537.36"
74.7.243.223 - - [30/Nov/2025:08:29:05 -0500] "GET /sffg/wk/admin.php?action=view&dir=//proc/3779464/root/proc/sys/net/ipv4/neigh/default&item=unres_qlen HTTP/1.1" 200 2082 "-" "Mozilla/5.0 AppleWebKit/537.36 (KHTML, like Gecko; compatible; GPTBot/1.3; +https://openai.com/gptbot)"
74.7.227.170 - - [30/Nov/2025:08:29:06 -0500] "GET /sffg/wk/admin.php?dir=//proc/3779464/root/var/softaculous/maian/php82 HTTP/1.1" 200 1979 "-" "Mozilla/5.0 AppleWebKit/537.36 (KHTML, like Gecko; compatible; GPTBot/1.3; +https://openai.com/gptbot)"
74.7.243.223 - - [30/Nov/2025:08:29:08 -0500] "GET /sffg/wk/admin.php?dir=//proc/3779464/root/proc/1202855 HTTP/1.1" 200 1943 "-" "Mozilla/5.0 AppleWebKit/537.36 (KHTML, like Gecko; compatible; GPTBot/1.3; +https://openai.com/gptbot)"
100.29.155.89 - - [30/Nov/2025:08:29:08 -0500] "GET /NaztechB/wk/admin.php?action=chmod&dir=//etc&item=mail.rc HTTP/1.1" 200 6909 "-" "Mozilla/5.0 AppleWebKit/537.36 (KHTML, like Gecko; compatible; Amazonbot/0.1; +https://developer.amazon.com/support/amazonbot) Chrome/119.0.6045.214 Safari/537.36"
74.7.227.170 - - [30/Nov/2025:08:29:08 -0500] "GET /sffg/wk/admin.php?dir=//proc/3589831/root/var/softaculous/cube/php56 HTTP/1.1" 200 1978 "-" "Mozilla/5.0 AppleWebKit/537.36 (KHTML, like Gecko; compatible; GPTBot/1.3; +https://openai.com/gptbot)"
74.7.243.223 - - [30/Nov/2025:08:29:10 -0500] "GET /sffg/wk/admin.php?dir=//proc/3779464/root/proc/1351820 HTTP/1.1" 200 1942 "-" "Mozilla/5.0 AppleWebKit/537.36 (KHTML, like Gecko; compatible; GPTBot/1.3; +https://openai.com/gptbot)"
74.7.227.170 - - [30/Nov/2025:08:29:11 -0500] "GET /sffg/wk/admin.php?dir=//proc/3589831/root/var/softaculous/qcms/php71 HTTP/1.1" 200 1974 "-" "Mozilla/5.0 AppleWebKit/537.36 (KHTML, like Gecko; compatible; GPTBot/1.3; +https://openai.com/gptbot)"
50.19.221.48 - - [30/Nov/2025:08:29:11 -0500] "GET /sdfsf/hfrgrh/wk/admin.php?dir=//home3 HTTP/1.1" 200 2341 "-" "Mozilla/5.0 AppleWebKit/537.36 (KHTML, like Gecko; compatible; Amazonbot/0.1; +https://developer.amazon.com/support/amazonbot) Chrome/119.0.6045.214 Safari/537.36"
74.7.243.223 - - [30/Nov/2025:08:29:12 -0500] "GET /sffg/wk/admin.php?dir=//proc/3160976/root/proc/984925 HTTP/1.1" 200 1945 "-" "Mozilla/5.0 AppleWebKit/537.36 (KHTML, like Gecko; compatible; GPTBot/1.3; +https://openai.com/gptbot)"
74.7.227.170 - - [30/Nov/2025:08:29:13 -0500] "GET /sffg/wk/admin.php?dir=//proc/3779464/root/var/softaculous/gpeasy/php71 HTTP/1.1" 200 1991 "-" "Mozilla/5.0 AppleWebKit/537.36 (KHTML, like Gecko; compatible; GPTBot/1.3; +https://openai.com/gptbot)"
74.7.243.223 - - [30/Nov/2025:08:29:14 -0500] "GET /sffg/wk/admin.php?dir=//proc/3779464/root/proc/1205874 HTTP/1.1" 200 1943 "-" "Mozilla/5.0 AppleWebKit/537.36 (KHTML, like Gecko; compatible; GPTBot/1.3; +https://openai.com/gptbot)"
74.7.227.170 - - [30/Nov/2025:08:29:15 -0500] "GET /sffg/wk/admin.php?dir=//proc/3159889/root/var/softaculous/elgg/php56 HTTP/1.1" 200 1978 "-" "Mozilla/5.0 AppleWebKit/537.36 (KHTML, like Gecko; compatible; GPTBot/1.3; +https://openai.com/gptbot)"
18.214.251.19 - - [30/Nov/2025:08:29:16 -0500] "GET /assets/wk/admin.php?action=view&dir=//bin&item=stat HTTP/1.1" 200 29725 "-" "Mozilla/5.0 AppleWebKit/537.36 (KHTML, like Gecko; compatible; Amazonbot/0.1; +https://developer.amazon.com/support/amazonbot) Chrome/119.0.6045.214 Safari/537.36"
74.7.243.223 - - [30/Nov/2025:08:29:17 -0500] "GET /sffg/wk/admin.php?dir=//proc/3779464/root/proc/1206568 HTTP/1.1" 200 1943 "-" "Mozilla/5.0 AppleWebKit/537.36 (KHTML, like Gecko; compatible; GPTBot/1.3; +https://openai.com/gptbot)"
74.7.227.170 - - [30/Nov/2025:08:29:18 -0500] "GET /sffg/wk/admin.php?dir=//proc/3779464/root/var/softaculous/gibbon/php53 HTTP/1.1" 200 1991 "-" "Mozilla/5.0 AppleWebKit/537.36 (KHTML, like Gecko; compatible; GPTBot/1.3; +https://openai.com/gptbot)"
52.167.144.237 - - [30/Nov/2025:08:29:20 -0500] "GET /?detail/9871084 HTTP/1.1" 200 1971 "-" "Mozilla/5.0 AppleWebKit/537.36 (KHTML, like Gecko; compatible; bingbot/2.0; +http://www.bing.com/bingbot.htm) Chrome/116.0.1938.76 Safari/537.36"
57.141.0.51 - - [30/Nov/2025:08:29:20 -0500] "GET /special1191523200?kg=1190194272 HTTP/1.1" 404 1251 "-" "meta-externalagent/1.1 (+https://developers.facebook.com/docs/sharing/webmasters/crawler)"
74.7.243.223 - - [30/Nov/2025:08:29:19 -0500] "GET /sffg/wk/admin.php?dir=//proc/3779464/root/proc/1218509 HTTP/1.1" 200 1942 "-" "Mozilla/5.0 AppleWebKit/537.36 (KHTML, like Gecko; compatible; GPTBot/1.3; +https://openai.com/gptbot)"
74.7.227.170 - - [30/Nov/2025:08:29:20 -0500] "GET /sffg/wk/admin.php?dir=//proc/3263544/root/var/softaculous/epesi/php82 HTTP/1.1" 200 1979 "-" "Mozilla/5.0 AppleWebKit/537.36 (KHTML, like Gecko; compatible; GPTBot/1.3; +https://openai.com/gptbot)"
74.7.243.223 - - [30/Nov/2025:08:29:21 -0500] "GET /sffg/wk/admin.php?dir=//proc/3589831/root/proc/647270 HTTP/1.1" 200 1945 "-" "Mozilla/5.0 AppleWebKit/537.36 (KHTML, like Gecko; compatible; GPTBot/1.3; +https://openai.com/gptbot)"
34.234.197.175 - - [30/Nov/2025:08:29:20 -0500] "GET /assets/wk/admin.php?action=rename&dir=//bin&item=chmod HTTP/1.1" 200 29221 "-" "Mozilla/5.0 AppleWebKit/537.36 (KHTML, like Gecko; compatible; Amazonbot/0.1; +https://developer.amazon.com/support/amazonbot) Chrome/119.0.6045.214 Safari/537.36"
74.7.227.170 - - [30/Nov/2025:08:29:22 -0500] "GET /sffg/wk/admin.php?dir=//proc/3263544/root/var/softaculous/fiyo/php81 HTTP/1.1" 200 1978 "-" "Mozilla/5.0 AppleWebKit/537.36 (KHTML, like Gecko; compatible; GPTBot/1.3; +https://openai.com/gptbot)"
74.7.243.223 - - [30/Nov/2025:08:29:23 -0500] "GET /sffg/wk/admin.php?dir=//proc/3160976/root/opt/cpanel/ea-apr16/lib64 HTTP/1.1" 200 1973 "-" "Mozilla/5.0 AppleWebKit/537.36 (KHTML, like Gecko; compatible; GPTBot/1.3; +https://openai.com/gptbot)"
34.231.45.47 - - [30/Nov/2025:08:29:23 -0500] "GET /wp-content/wk/admin.php?dir=//usr/bin HTTP/1.1" 200 29742 "-" "Mozilla/5.0 AppleWebKit/537.36 (KHTML, like Gecko; compatible; Amazonbot/0.1; +https://developer.amazon.com/support/amazonbot) Chrome/119.0.6045.214 Safari/537.36"
74.7.227.170 - - [30/Nov/2025:08:29:24 -0500] "GET /sffg/wk/admin.php?dir=//proc/3263544/root/var/softaculous/vxgb/php56 HTTP/1.1" 200 1979 "-" "Mozilla/5.0 AppleWebKit/537.36 (KHTML, like Gecko; compatible; GPTBot/1.3; +https://openai.com/gptbot)"
74.7.243.223 - - [30/Nov/2025:08:29:26 -0500] "GET /sffg/wk/admin.php?dir=//proc/3263544/root/proc/sys/dev HTTP/1.1" 200 1949 "-" "Mozilla/5.0 AppleWebKit/537.36 (KHTML, like Gecko; compatible; GPTBot/1.3; +https://openai.com/gptbot)"
74.7.227.170 - - [30/Nov/2025:08:29:27 -0500] "GET /sffg/wk/admin.php?dir=//proc/3263544/root/var/softaculous/fluxbb/php53 HTTP/1.1" 200 1992 "-" "Mozilla/5.0 AppleWebKit/537.36 (KHTML, like Gecko; compatible; GPTBot/1.3; +https://openai.com/gptbot)"
35.171.117.160 - - [30/Nov/2025:08:29:28 -0500] "GET /admin/wk/admin.php?action=chmod&dir=//lib64&item=libattr.so.1 HTTP/1.1" 200 89080 "-" "Mozilla/5.0 AppleWebKit/537.36 (KHTML, like Gecko; compatible; Amazonbot/0.1; +https://developer.amazon.com/support/amazonbot) Chrome/119.0.6045.214 Safari/537.36"
74.7.243.223 - - [30/Nov/2025:08:29:28 -0500] "GET /sffg/wk/admin.php?dir=//proc/3159889/root/proc/sys/dev HTTP/1.1" 200 1949 "-" "Mozilla/5.0 AppleWebKit/537.36 (KHTML, like Gecko; compatible; GPTBot/1.3; +https://openai.com/gptbot)"
74.7.227.170 - - [30/Nov/2025:08:29:29 -0500] "GET /sffg/wk/admin.php?dir=//proc/3589831/root/var/softaculous/leto/php56 HTTP/1.1" 200 1977 "-" "Mozilla/5.0 AppleWebKit/537.36 (KHTML, like Gecko; compatible; GPTBot/1.3; +https://openai.com/gptbot)"
74.7.243.223 - - [30/Nov/2025:08:29:30 -0500] "GET /sffg/wk/admin.php?dir=//proc/3779464/root/proc/sys/dev HTTP/1.1" 200 1953 "-" "Mozilla/5.0 AppleWebKit/537.36 (KHTML, like Gecko; compatible; GPTBot/1.3; +https://openai.com/gptbot)"
74.7.227.170 - - [30/Nov/2025:08:29:31 -0500] "GET /sffg/wk/admin.php?dir=//proc/3263544/root/var/softaculous/etano/php71 HTTP/1.1" 200 1979 "-" "Mozilla/5.0 AppleWebKit/537.36 (KHTML, like Gecko; compatible; GPTBot/1.3; +https://openai.com/gptbot)"
157.55.39.57 - - [30/Nov/2025:08:29:34 -0500] "GET /?detail/23964484 HTTP/1.1" 200 1930 "-" "Mozilla/5.0 AppleWebKit/537.36 (KHTML, like Gecko; compatible; bingbot/2.0; +http://www.bing.com/bingbot.htm) Chrome/116.0.1938.76 Safari/537.36"
3.93.211.16 - - [30/Nov/2025:08:29:32 -0500] "GET /wewtetg/wk/admin.php?action=chmod&dir=//lib64&item=libgvpr.so.2.0.0 HTTP/1.1" 200 89734 "-" "Mozilla/5.0 AppleWebKit/537.36 (KHTML, like Gecko; compatible; Amazonbot/0.1; +https://developer.amazon.com/support/amazonbot) Chrome/119.0.6045.214 Safari/537.36"
74.7.243.223 - - [30/Nov/2025:08:29:33 -0500] "GET /sffg/wk/admin.php?dir=//proc/3589831/root/proc/sys/dev HTTP/1.1" 200 1949 "-" "Mozilla/5.0 AppleWebKit/537.36 (KHTML, like Gecko; compatible; GPTBot/1.3; +https://openai.com/gptbot)"
74.7.227.170 - - [30/Nov/2025:08:29:33 -0500] "GET /sffg/wk/admin.php?dir=//proc/3779464/root/var/softaculous/myfaq/php56 HTTP/1.1" 200 1979 "-" "Mozilla/5.0 AppleWebKit/537.36 (KHTML, like Gecko; compatible; GPTBot/1.3; +https://openai.com/gptbot)"
74.7.243.223 - - [30/Nov/2025:08:29:35 -0500] "GET /sffg/wk/admin.php?action=view&dir=//proc/3160976/root/proc/sys/net/ipv4&item=icmp_ratemask HTTP/1.1" 200 2049 "-" "Mozilla/5.0 AppleWebKit/537.36 (KHTML, like Gecko; compatible; GPTBot/1.3; +https://openai.com/gptbot)"
100.28.44.58 - - [30/Nov/2025:08:29:36 -0500] "GET /hfrgrh/wk/admin.php?action=chmod&dir=/home/bappguir/hamadatimes.com&item=wp-login.php HTTP/1.1" 200 4931 "-" "Mozilla/5.0 AppleWebKit/537.36 (KHTML, like Gecko; compatible; Amazonbot/0.1; +https://developer.amazon.com/support/amazonbot) Chrome/119.0.6045.214 Safari/537.36"
74.7.227.170 - - [30/Nov/2025:08:29:36 -0500] "GET /sffg/wk/admin.php?dir=//proc/3263544/root/var/softaculous/vtiger/php56 HTTP/1.1" 200 1991 "-" "Mozilla/5.0 AppleWebKit/537.36 (KHTML, like Gecko; compatible; GPTBot/1.3; +https://openai.com/gptbot)"
40.77.167.132 - - [30/Nov/2025:08:29:39 -0500] "GET /?detail/28193262 HTTP/1.1" 200 1971 "-" "Mozilla/5.0 AppleWebKit/537.36 (KHTML, like Gecko; compatible; bingbot/2.0; +http://www.bing.com/bingbot.htm) Chrome/116.0.1938.76 Safari/537.36"
74.7.243.223 - - [30/Nov/2025:08:29:37 -0500] "GET /sffg/wk/admin.php?action=view&dir=//proc/3589831/root/proc/sys/net/ipv4&item=icmp_ratemask HTTP/1.1" 200 2049 "-" "Mozilla/5.0 AppleWebKit/537.36 (KHTML, like Gecko; compatible; GPTBot/1.3; +https://openai.com/gptbot)"
74.7.227.170 - - [30/Nov/2025:08:29:38 -0500] "GET /sffg/wk/admin.php?dir=//proc/3589831/root/var/softaculous/zikula/php56 HTTP/1.1" 200 1992 "-" "Mozilla/5.0 AppleWebKit/537.36 (KHTML, like Gecko; compatible; GPTBot/1.3; +https://openai.com/gptbot)"
74.7.243.223 - - [30/Nov/2025:08:29:40 -0500] "GET /sffg/wk/admin.php?action=view&dir=//proc/3160976/root/proc/sys/net/ipv6&item=idgen_retries HTTP/1.1" 200 2049 "-" "Mozilla/5.0 AppleWebKit/537.36 (KHTML, like Gecko; compatible; GPTBot/1.3; +https://openai.com/gptbot)"
52.45.29.57 - - [30/Nov/2025:08:29:40 -0500] "GET /wp-includes/wk/admin.php?action=view&dir=/home/bappguir/hamadatimes.com&item=llms.txt HTTP/1.1" 200 5850 "-" "Mozilla/5.0 AppleWebKit/537.36 (KHTML, like Gecko; compatible; Amazonbot/0.1; +https://developer.amazon.com/support/amazonbot) Chrome/119.0.6045.214 Safari/537.36"
74.7.227.170 - - [30/Nov/2025:08:29:40 -0500] "GET /sffg/wk/admin.php?dir=//proc/3589831/root/var/softaculous/uvdesk/php71 HTTP/1.1" 200 1991 "-" "Mozilla/5.0 AppleWebKit/537.36 (KHTML, like Gecko; compatible; GPTBot/1.3; +https://openai.com/gptbot)"
74.7.243.223 - - [30/Nov/2025:08:29:42 -0500] "GET /sffg/wk/admin.php?action=view&dir=//proc/3159889/root/proc/sys/net/ipv4&item=icmp_ratemask HTTP/1.1" 200 2049 "-" "Mozilla/5.0 AppleWebKit/537.36 (KHTML, like Gecko; compatible; GPTBot/1.3; +https://openai.com/gptbot)"
74.7.227.170 - - [30/Nov/2025:08:29:43 -0500] "GET /sffg/wk/admin.php?dir=//proc/3589831/root/var/softaculous/zurmo/php71 HTTP/1.1" 200 1979 "-" "Mozilla/5.0 AppleWebKit/537.36 (KHTML, like Gecko; compatible; GPTBot/1.3; +https://openai.com/gptbot)"
34.195.60.66 - - [30/Nov/2025:08:29:44 -0500] "GET /wp-content/wk/admin.php?action=chmod&dir=//lib64&item=libdatrie.so.1.3.2 HTTP/1.1" 200 90630 "-" "Mozilla/5.0 AppleWebKit/537.36 (KHTML, like Gecko; compatible; Amazonbot/0.1; +https://developer.amazon.com/support/amazonbot) Chrome/119.0.6045.214 Safari/537.36"
74.7.243.223 - - [30/Nov/2025:08:29:44 -0500] "GET /sffg/wk/admin.php?action=view&dir=//proc/3589831/root/proc/sys/net/ipv6&item=idgen_retries HTTP/1.1" 200 2049 "-" "Mozilla/5.0 AppleWebKit/537.36 (KHTML, like Gecko; compatible; GPTBot/1.3; +https://openai.com/gptbot)"
74.7.227.170 - - [30/Nov/2025:08:29:45 -0500] "GET /sffg/wk/admin.php?dir=//proc/3159889/root/var/softaculous/tcexam/php53 HTTP/1.1" 200 1991 "-" "Mozilla/5.0 AppleWebKit/537.36 (KHTML, like Gecko; compatible; GPTBot/1.3; +https://openai.com/gptbot)"
74.7.243.223 - - [30/Nov/2025:08:29:46 -0500] "GET /sffg/wk/admin.php?action=view&dir=//proc/3263544/root/proc/sys/net/ipv4&item=icmp_ratemask HTTP/1.1" 200 2052 "-" "Mozilla/5.0 AppleWebKit/537.36 (KHTML, like Gecko; compatible; GPTBot/1.3; +https://openai.com/gptbot)"
74.7.227.170 - - [30/Nov/2025:08:29:47 -0500] "GET /sffg/wk/admin.php?dir=//proc/3159889/root/var/softaculous/alegro/php71 HTTP/1.1" 200 1990 "-" "Mozilla/5.0 AppleWebKit/537.36 (KHTML, like Gecko; compatible; GPTBot/1.3; +https://openai.com/gptbot)"
44.221.105.234 - - [30/Nov/2025:08:29:48 -0500] "GET /hfrgrh/wk/admin.php?action=chmod&dir=/home/bappguir/globaltvabuja.com&item=index.php HTTP/1.1" 200 4499 "-" "Mozilla/5.0 AppleWebKit/537.36 (KHTML, like Gecko; compatible; Amazonbot/0.1; +https://developer.amazon.com/support/amazonbot) Chrome/119.0.6045.214 Safari/537.36"
74.7.243.223 - - [30/Nov/2025:08:29:49 -0500] "GET /sffg/wk/admin.php?action=view&dir=//proc/3779464/root/proc/sys/net/ipv4&item=icmp_ratemask HTTP/1.1" 200 2049 "-" "Mozilla/5.0 AppleWebKit/537.36 (KHTML, like Gecko; compatible; GPTBot/1.3; +https://openai.com/gptbot)"
74.7.227.170 - - [30/Nov/2025:08:29:50 -0500] "GET /sffg/wk/admin.php?dir=//proc/3779464/root/var/softaculous/etano/php53 HTTP/1.1" 200 1979 "-" "Mozilla/5.0 AppleWebKit/537.36 (KHTML, like Gecko; compatible; GPTBot/1.3; +https://openai.com/gptbot)"
74.7.243.223 - - [30/Nov/2025:08:29:51 -0500] "GET /sffg/wk/admin.php?action=view&dir=//proc/3159889/root/proc/sys/net/ipv6&item=idgen_retries HTTP/1.1" 200 2049 "-" "Mozilla/5.0 AppleWebKit/537.36 (KHTML, like Gecko; compatible; GPTBot/1.3; +https://openai.com/gptbot)"
114.119.130.210 - - [30/Nov/2025:08:29:53 -0500] "GET /products/267zw22568 HTTP/1.1" 404 1251 "https://naztechltd.com/?sitemap601.xml" "Mozilla/5.0 (Linux; Android 7.0;) AppleWebKit/537.36 (KHTML, like Gecko) Mobile Safari/537.36 (compatible; PetalBot;+https://webmaster.petalsearch.com/site/petalbot)"
74.7.227.170 - - [30/Nov/2025:08:29:52 -0500] "GET /sffg/wk/admin.php?dir=//proc/3159889/root/var/softaculous/yeti/php81 HTTP/1.1" 200 1977 "-" "Mozilla/5.0 AppleWebKit/537.36 (KHTML, like Gecko; compatible; GPTBot/1.3; +https://openai.com/gptbot)"
18.211.148.239 - - [30/Nov/2025:08:29:52 -0500] "GET /sdfsf/wk/admin.php?action=chmod&dir=//lib64&item=libFLAC.so.8.3.0 HTTP/1.1" 200 88013 "-" "Mozilla/5.0 AppleWebKit/537.36 (KHTML, like Gecko; compatible; Amazonbot/0.1; +https://developer.amazon.com/support/amazonbot) Chrome/119.0.6045.214 Safari/537.36"
74.7.243.223 - - [30/Nov/2025:08:29:53 -0500] "GET /sffg/wk/admin.php?action=view&dir=//proc/3263544/root/usr/lib/firmware/amdgpu&item=yellow_carp_vcn.bin HTTP/1.1" 200 2064 "-" "Mozilla/5.0 AppleWebKit/537.36 (KHTML, like Gecko; compatible; GPTBot/1.3; +https://openai.com/gptbot)"
74.7.227.170 - - [30/Nov/2025:08:29:54 -0500] "GET /sffg/wk/admin.php?dir=//proc/3589831/root/var/softaculous/jqplot/php53 HTTP/1.1" 200 1988 "-" "Mozilla/5.0 AppleWebKit/537.36 (KHTML, like Gecko; compatible; GPTBot/1.3; +https://openai.com/gptbot)"
74.7.243.223 - - [30/Nov/2025:08:29:55 -0500] "GET /sffg/wk/admin.php?dir=//proc/3263544/root/usr/include/libxml2/libxml HTTP/1.1" 200 1968 "-" "Mozilla/5.0 AppleWebKit/537.36 (KHTML, like Gecko; compatible; GPTBot/1.3; +https://openai.com/gptbot)"
34.205.170.13 - - [30/Nov/2025:08:29:56 -0500] "GET /wp-includes/wk/admin.php?action=rename&dir=//bin&item=fold HTTP/1.1" 200 29600 "-" "Mozilla/5.0 AppleWebKit/537.36 (KHTML, like Gecko; compatible; Amazonbot/0.1; +https://developer.amazon.com/support/amazonbot) Chrome/119.0.6045.214 Safari/537.36"
74.7.227.170 - - [30/Nov/2025:08:29:56 -0500] "GET /sffg/wk/admin.php?dir=//proc/3263544/root/var/softaculous/vtiger/php82 HTTP/1.1" 200 1991 "-" "Mozilla/5.0 AppleWebKit/537.36 (KHTML, like Gecko; compatible; GPTBot/1.3; +https://openai.com/gptbot)"
74.7.243.223 - - [30/Nov/2025:08:29:58 -0500] "GET /sffg/wk/admin.php?action=view&dir=//proc/3160976/root/proc/sys/net/ipv4&item=tcp_notsent_lowat HTTP/1.1" 200 2057 "-" "Mozilla/5.0 AppleWebKit/537.36 (KHTML, like Gecko; compatible; GPTBot/1.3; +https://openai.com/gptbot)"
74.7.227.170 - - [30/Nov/2025:08:29:58 -0500] "GET /sffg/wk/admin.php?dir=//proc/3263544/root/var/softaculous/maian/php81 HTTP/1.1" 200 1979 "-" "Mozilla/5.0 AppleWebKit/537.36 (KHTML, like Gecko; compatible; GPTBot/1.3; +https://openai.com/gptbot)"
74.7.243.223 - - [30/Nov/2025:08:30:00 -0500] "GET /sffg/wk/admin.php?action=view&dir=//proc/3263544/root/proc/sys/net/ipv4&item=ipfrag_low_thresh HTTP/1.1" 200 2058 "-" "Mozilla/5.0 AppleWebKit/537.36 (KHTML, like Gecko; compatible; GPTBot/1.3; +https://openai.com/gptbot)"
35.169.119.108 - - [30/Nov/2025:08:30:00 -0500] "GET /css/wk/admin.php?action=chmod&dir=//bin&item=ssh-copy-id HTTP/1.1" 200 28818 "-" "Mozilla/5.0 AppleWebKit/537.36 (KHTML, like Gecko; compatible; Amazonbot/0.1; +https://developer.amazon.com/support/amazonbot) Chrome/119.0.6045.214 Safari/537.36"
74.7.227.170 - - [30/Nov/2025:08:30:01 -0500] "GET /sffg/wk/admin.php?dir=//proc/3779464/root/var/softaculous/smarty/php53 HTTP/1.1" 200 1992 "-" "Mozilla/5.0 AppleWebKit/537.36 (KHTML, like Gecko; compatible; GPTBot/1.3; +https://openai.com/gptbot)"
74.7.243.223 - - [30/Nov/2025:08:30:02 -0500] "GET /sffg/wk/admin.php?action=view&dir=//proc/3263544/root/proc/sys/net/ipv4&item=icmp_msgs_per_sec HTTP/1.1" 200 2059 "-" "Mozilla/5.0 AppleWebKit/537.36 (KHTML, like Gecko; compatible; GPTBot/1.3; +https://openai.com/gptbot)"
74.7.227.170 - - [30/Nov/2025:08:30:03 -0500] "GET /sffg/wk/admin.php?dir=//proc/3159889/root/var/softaculous/abante/php71 HTTP/1.1" 200 1990 "-" "Mozilla/5.0 AppleWebKit/537.36 (KHTML, like Gecko; compatible; GPTBot/1.3; +https://openai.com/gptbot)"
52.44.174.136 - - [30/Nov/2025:08:30:04 -0500] "GET /css/wk/admin.php?action=view&dir=/home/bappguir/mail&item=mailbox_format.cpanel HTTP/1.1" 200 5948 "-" "Mozilla/5.0 AppleWebKit/537.36 (KHTML, like Gecko; compatible; Amazonbot/0.1; +https://developer.amazon.com/support/amazonbot) Chrome/119.0.6045.214 Safari/537.36"
74.7.243.223 - - [30/Nov/2025:08:30:04 -0500] "GET /sffg/wk/admin.php?action=view&dir=//proc/3159889/root/proc/sys/net/ipv4&item=icmp_msgs_per_sec HTTP/1.1" 200 2056 "-" "Mozilla/5.0 AppleWebKit/537.36 (KHTML, like Gecko; compatible; GPTBot/1.3; +https://openai.com/gptbot)"
74.7.227.170 - - [30/Nov/2025:08:30:05 -0500] "GET /sffg/wk/admin.php?dir=//proc/3159889/root/var/softaculous/mybb/php53 HTTP/1.1" 200 1978 "-" "Mozilla/5.0 AppleWebKit/537.36 (KHTML, like Gecko; compatible; GPTBot/1.3; +https://openai.com/gptbot)"
74.7.243.223 - - [30/Nov/2025:08:30:07 -0500] "GET /sffg/wk/admin.php?action=view&dir=//proc/3589831/root/proc/sys/net/ipv4&item=icmp_msgs_per_sec HTTP/1.1" 200 2056 "-" "Mozilla/5.0 AppleWebKit/537.36 (KHTML, like Gecko; compatible; GPTBot/1.3; +https://openai.com/gptbot)"
74.7.227.170 - - [30/Nov/2025:08:30:07 -0500] "GET /sffg/wk/admin.php?dir=//proc/3779464/root/var/softaculous/epesi/php82 HTTP/1.1" 200 1979 "-" "Mozilla/5.0 AppleWebKit/537.36 (KHTML, like Gecko; compatible; GPTBot/1.3; +https://openai.com/gptbot)"
54.90.244.132 - - [30/Nov/2025:08:30:08 -0500] "GET /NaztechB/wk/admin.php?action=chmod&dir=//dev&item=shm HTTP/1.1" 200 2908 "-" "Mozilla/5.0 AppleWebKit/537.36 (KHTML, like Gecko; compatible; Amazonbot/0.1; +https://developer.amazon.com/support/amazonbot) Chrome/119.0.6045.214 Safari/537.36"
74.7.243.223 - - [30/Nov/2025:08:30:09 -0500] "GET /sffg/wk/admin.php?action=view&dir=//proc/3159889/root/proc/sys/net/ipv4&item=tcp_shrink_window HTTP/1.1" 200 2054 "-" "Mozilla/5.0 AppleWebKit/537.36 (KHTML, like Gecko; compatible; GPTBot/1.3; +https://openai.com/gptbot)"
74.7.227.170 - - [30/Nov/2025:08:30:09 -0500] "GET /sffg/wk/admin.php?dir=//proc/3263544/root/var/softaculous/qdpm/php82 HTTP/1.1" 200 1976 "-" "Mozilla/5.0 AppleWebKit/537.36 (KHTML, like Gecko; compatible; GPTBot/1.3; +https://openai.com/gptbot)"
74.7.243.223 - - [30/Nov/2025:08:30:11 -0500] "GET /sffg/wk/admin.php?action=view&dir=//proc/3159889/root/proc/sys/net/ipv4&item=tcp_fwmark_accept HTTP/1.1" 200 2058 "-" "Mozilla/5.0 AppleWebKit/537.36 (KHTML, like Gecko; compatible; GPTBot/1.3; +https://openai.com/gptbot)"
74.7.227.170 - - [30/Nov/2025:08:30:12 -0500] "GET /sffg/wk/admin.php?dir=//proc/3159889/root/var/softaculous/jszip/php53 HTTP/1.1" 200 1980 "-" "Mozilla/5.0 AppleWebKit/537.36 (KHTML, like Gecko; compatible; GPTBot/1.3; +https://openai.com/gptbot)"
100.28.49.152 - - [30/Nov/2025:08:30:12 -0500] "GET /wp-content/wk/admin.php?action=chmod&dir=//lib64&item=enchant HTTP/1.1" 200 89813 "-" "Mozilla/5.0 AppleWebKit/537.36 (KHTML, like Gecko; compatible; Amazonbot/0.1; +https://developer.amazon.com/support/amazonbot) Chrome/119.0.6045.214 Safari/537.36"
74.7.243.223 - - [30/Nov/2025:08:30:14 -0500] "GET /sffg/wk/admin.php?action=view&dir=//proc/3779464/root/proc/sys/net/ipv4&item=icmp_msgs_per_sec HTTP/1.1" 200 2056 "-" "Mozilla/5.0 AppleWebKit/537.36 (KHTML, like Gecko; compatible; GPTBot/1.3; +https://openai.com/gptbot)"
74.7.227.170 - - [30/Nov/2025:08:30:14 -0500] "GET /sffg/wk/admin.php?dir=//proc/3159889/root/var/softaculous/baker/php82 HTTP/1.1" 200 1979 "-" "Mozilla/5.0 AppleWebKit/537.36 (KHTML, like Gecko; compatible; GPTBot/1.3; +https://openai.com/gptbot)"
3.221.222.168 - - [30/Nov/2025:08:30:16 -0500] "GET /wp-includes/wk/admin.php?action=rename&dir=//bin&item=mcview HTTP/1.1" 200 29277 "-" "Mozilla/5.0 AppleWebKit/537.36 (KHTML, like Gecko; compatible; Amazonbot/0.1; +https://developer.amazon.com/support/amazonbot) Chrome/119.0.6045.214 Safari/537.36"
74.7.243.223 - - [30/Nov/2025:08:30:16 -0500] "GET /sffg/wk/admin.php?action=view&dir=//proc/3160976/root/proc/sys/net/ipv4&item=tcp_shrink_window HTTP/1.1" 200 2054 "-" "Mozilla/5.0 AppleWebKit/537.36 (KHTML, like Gecko; compatible; GPTBot/1.3; +https://openai.com/gptbot)"
74.7.227.170 - - [30/Nov/2025:08:30:17 -0500] "GET /sffg/wk/admin.php?dir=//proc/3779464/root/var/softaculous/paste/php82 HTTP/1.1" 200 1979 "-" "Mozilla/5.0 AppleWebKit/537.36 (KHTML, like Gecko; compatible; GPTBot/1.3; +https://openai.com/gptbot)"
74.7.243.223 - - [30/Nov/2025:08:30:18 -0500] "GET /sffg/wk/admin.php?action=view&dir=//proc/3263544/root/proc/sys/net/ipv4&item=tcp_notsent_lowat HTTP/1.1" 200 2057 "-" "Mozilla/5.0 AppleWebKit/537.36 (KHTML, like Gecko; compatible; GPTBot/1.3; +https://openai.com/gptbot)"
74.7.227.170 - - [30/Nov/2025:08:30:20 -0500] "GET /sffg/wk/admin.php?dir=//proc/3589831/root/var/softaculous/nuked/php53 HTTP/1.1" 200 1979 "-" "Mozilla/5.0 AppleWebKit/537.36 (KHTML, like Gecko; compatible; GPTBot/1.3; +https://openai.com/gptbot)"
44.214.19.8 - - [30/Nov/2025:08:30:20 -0500] "GET /wp-content/wk/admin.php?action=chmod&dir=//bin&item=fc-cache-64 HTTP/1.1" 200 29615 "-" "Mozilla/5.0 AppleWebKit/537.36 (KHTML, like Gecko; compatible; Amazonbot/0.1; +https://developer.amazon.com/support/amazonbot) Chrome/119.0.6045.214 Safari/537.36"
