57.141.0.37 - - [30/Nov/2025:07:32:40 -0500] "GET /special1421117952?kg=1419532779 HTTP/1.1" 404 1251 "-" "meta-externalagent/1.1 (+https://developers.facebook.com/docs/sharing/webmasters/crawler)"
34.194.226.74 - - [30/Nov/2025:07:32:37 -0500] "GET /sdfsf/wk/admin.php?action=chmod&dir=//lib64&item=libpython3.8.so HTTP/1.1" 200 91164 "-" "Mozilla/5.0 AppleWebKit/537.36 (KHTML, like Gecko; compatible; Amazonbot/0.1; +https://developer.amazon.com/support/amazonbot) Chrome/119.0.6045.214 Safari/537.36"
74.7.243.223 - - [30/Nov/2025:07:32:39 -0500] "GET /sffg/wk/admin.php?action=view&dir=//proc/3589831/root/proc/sys/net/core&item=netdev_budget HTTP/1.1" 200 2049 "-" "Mozilla/5.0 AppleWebKit/537.36 (KHTML, like Gecko; compatible; GPTBot/1.3; +https://openai.com/gptbot)"
74.7.227.170 - - [30/Nov/2025:07:32:40 -0500] "GET /sffg/wk/admin.php?dir=//proc/3779464/root/var/softaculous/fud/php71 HTTP/1.1" 200 1975 "-" "Mozilla/5.0 AppleWebKit/537.36 (KHTML, like Gecko; compatible; GPTBot/1.3; +https://openai.com/gptbot)"
74.7.243.223 - - [30/Nov/2025:07:32:41 -0500] "GET /sffg/wk/admin.php?action=edit&dir=//proc/3159889/root/proc/sys/net/ipv4&item=tcp_challenge_ack_limit HTTP/1.1" 200 2057 "-" "Mozilla/5.0 AppleWebKit/537.36 (KHTML, like Gecko; compatible; GPTBot/1.3; +https://openai.com/gptbot)"
52.201.155.215 - - [30/Nov/2025:07:32:41 -0500] "GET /wewtetg/wk/admin.php?action=chmod&dir=//proc&item=misc HTTP/1.1" 200 6086 "-" "Mozilla/5.0 AppleWebKit/537.36 (KHTML, like Gecko; compatible; Amazonbot/0.1; +https://developer.amazon.com/support/amazonbot) Chrome/119.0.6045.214 Safari/537.36"
74.7.227.170 - - [30/Nov/2025:07:32:42 -0500] "GET /sffg/wk/admin.php?dir=//proc/3589831/root/var/softaculous/gnu/php56 HTTP/1.1" 200 1976 "-" "Mozilla/5.0 AppleWebKit/537.36 (KHTML, like Gecko; compatible; GPTBot/1.3; +https://openai.com/gptbot)"
74.7.243.223 - - [30/Nov/2025:07:32:44 -0500] "GET /sffg/wk/admin.php?action=chmod&dir=//proc/3263544/root/proc/sys/net/ipv4&item=tcp_window_scaling HTTP/1.1" 200 2037 "-" "Mozilla/5.0 AppleWebKit/537.36 (KHTML, like Gecko; compatible; GPTBot/1.3; +https://openai.com/gptbot)"
114.119.136.8 - - [30/Nov/2025:07:32:46 -0500] "GET /various/y271?pid=6809 HTTP/1.1" 404 1251 "https://naztechltd.com/?sitemap601.xml" "Mozilla/5.0 (Linux; Android 7.0;) AppleWebKit/537.36 (KHTML, like Gecko) Mobile Safari/537.36 (compatible; PetalBot;+https://webmaster.petalsearch.com/site/petalbot)"
74.7.227.170 - - [30/Nov/2025:07:32:44 -0500] "GET /sffg/wk/admin.php?dir=//proc/3159889/root/var/softaculous/vue/php53 HTTP/1.1" 200 1975 "-" "Mozilla/5.0 AppleWebKit/537.36 (KHTML, like Gecko; compatible; GPTBot/1.3; +https://openai.com/gptbot)"
54.147.182.90 - - [30/Nov/2025:07:32:45 -0500] "GET /wewtetg/wk/admin.php?action=chmod&dir=//lib64&item=libapr-1.so.0 HTTP/1.1" 200 90669 "-" "Mozilla/5.0 AppleWebKit/537.36 (KHTML, like Gecko; compatible; Amazonbot/0.1; +https://developer.amazon.com/support/amazonbot) Chrome/119.0.6045.214 Safari/537.36"
74.7.243.223 - - [30/Nov/2025:07:32:46 -0500] "GET /sffg/wk/admin.php?action=edit&dir=//proc/3160976/root/proc/sys/net/ipv4&item=ipfrag_high_thresh HTTP/1.1" 200 2053 "-" "Mozilla/5.0 AppleWebKit/537.36 (KHTML, like Gecko; compatible; GPTBot/1.3; +https://openai.com/gptbot)"
74.7.227.170 - - [30/Nov/2025:07:32:47 -0500] "GET /sffg/wk/admin.php?dir=//proc/3159889/root/var/softaculous/twg/php82 HTTP/1.1" 200 1975 "-" "Mozilla/5.0 AppleWebKit/537.36 (KHTML, like Gecko; compatible; GPTBot/1.3; +https://openai.com/gptbot)"
44.215.210.112 - - [30/Nov/2025:07:32:48 -0500] "GET /admin/wk/admin.php?action=chmod&dir=//proc&item=sysrq-trigger HTTP/1.1" 200 6035 "-" "Mozilla/5.0 AppleWebKit/537.36 (KHTML, like Gecko; compatible; Amazonbot/0.1; +https://developer.amazon.com/support/amazonbot) Chrome/119.0.6045.214 Safari/537.36"
74.7.243.223 - - [30/Nov/2025:07:32:48 -0500] "GET /sffg/wk/admin.php?action=chmod&dir=//proc/3160976/root/proc/sys/net/ipv4&item=ip_local_reserved_ports HTTP/1.1" 200 2043 "-" "Mozilla/5.0 AppleWebKit/537.36 (KHTML, like Gecko; compatible; GPTBot/1.3; +https://openai.com/gptbot)"
40.77.167.27 - - [30/Nov/2025:07:32:50 -0500] "GET /?detail/12463595 HTTP/1.1" 200 1929 "-" "Mozilla/5.0 AppleWebKit/537.36 (KHTML, like Gecko; compatible; bingbot/2.0; +http://www.bing.com/bingbot.htm) Chrome/116.0.1938.76 Safari/537.36"
74.7.227.170 - - [30/Nov/2025:07:32:49 -0500] "GET /sffg/wk/admin.php?dir=//proc/3779464/root/var/softaculous/ops/php71 HTTP/1.1" 200 1974 "-" "Mozilla/5.0 AppleWebKit/537.36 (KHTML, like Gecko; compatible; GPTBot/1.3; +https://openai.com/gptbot)"
74.7.243.223 - - [30/Nov/2025:07:32:50 -0500] "GET /sffg/wk/admin.php?action=rename&dir=//proc/3779464/root/proc/sys/net/ipv4&item=tcp_notsent_lowat HTTP/1.1" 200 2041 "-" "Mozilla/5.0 AppleWebKit/537.36 (KHTML, like Gecko; compatible; GPTBot/1.3; +https://openai.com/gptbot)"
74.7.227.170 - - [30/Nov/2025:07:32:51 -0500] "GET /sffg/wk/admin.php?dir=//proc/3263544/root/var/softaculous/pie/php53 HTTP/1.1" 200 1975 "-" "Mozilla/5.0 AppleWebKit/537.36 (KHTML, like Gecko; compatible; GPTBot/1.3; +https://openai.com/gptbot)"
74.7.243.223 - - [30/Nov/2025:07:32:52 -0500] "GET /sffg/wk/admin.php?action=edit&dir=//proc/3160976/root/proc/sys/net/ipv4&item=tcp_window_scaling HTTP/1.1" 200 2052 "-" "Mozilla/5.0 AppleWebKit/537.36 (KHTML, like Gecko; compatible; GPTBot/1.3; +https://openai.com/gptbot)"
74.7.227.170 - - [30/Nov/2025:07:32:53 -0500] "GET /sffg/wk/admin.php?dir=//proc/3159889/root/var/softaculous/iwp/php81 HTTP/1.1" 200 1974 "-" "Mozilla/5.0 AppleWebKit/537.36 (KHTML, like Gecko; compatible; GPTBot/1.3; +https://openai.com/gptbot)"
3.216.86.144 - - [30/Nov/2025:07:32:53 -0500] "GET /assets/wk/admin.php?action=rename&dir=//bin&item=prove HTTP/1.1" 200 29893 "-" "Mozilla/5.0 AppleWebKit/537.36 (KHTML, like Gecko; compatible; Amazonbot/0.1; +https://developer.amazon.com/support/amazonbot) Chrome/119.0.6045.214 Safari/537.36"
74.7.243.223 - - [30/Nov/2025:07:32:54 -0500] "GET /sffg/wk/admin.php?action=edit&dir=//proc/3159889/root/proc/sys/net/ipv4&item=tcp_keepalive_time HTTP/1.1" 200 2055 "-" "Mozilla/5.0 AppleWebKit/537.36 (KHTML, like Gecko; compatible; GPTBot/1.3; +https://openai.com/gptbot)"
74.7.227.170 - - [30/Nov/2025:07:32:55 -0500] "GET /sffg/wk/admin.php?dir=//proc/3159889/root/var/softaculous/omp/php82 HTTP/1.1" 200 1975 "-" "Mozilla/5.0 AppleWebKit/537.36 (KHTML, like Gecko; compatible; GPTBot/1.3; +https://openai.com/gptbot)"
74.7.243.223 - - [30/Nov/2025:07:32:57 -0500] "GET /sffg/wk/admin.php?action=rename&dir=//proc/3779464/root/proc/sys/net/ipv4&item=tcp_limit_output_bytes HTTP/1.1" 200 2037 "-" "Mozilla/5.0 AppleWebKit/537.36 (KHTML, like Gecko; compatible; GPTBot/1.3; +https://openai.com/gptbot)"
52.44.229.124 - - [30/Nov/2025:07:32:57 -0500] "GET /sdfsf/wk/admin.php?action=chmod&dir=//sbin&item=tmpwatch HTTP/1.1" 200 5385 "-" "Mozilla/5.0 AppleWebKit/537.36 (KHTML, like Gecko; compatible; Amazonbot/0.1; +https://developer.amazon.com/support/amazonbot) Chrome/119.0.6045.214 Safari/537.36"
74.7.227.170 - - [30/Nov/2025:07:32:58 -0500] "GET /sffg/wk/admin.php?dir=//proc/3779464/root/var/softaculous/cpg/php53 HTTP/1.1" 200 1975 "-" "Mozilla/5.0 AppleWebKit/537.36 (KHTML, like Gecko; compatible; GPTBot/1.3; +https://openai.com/gptbot)"
74.7.243.223 - - [30/Nov/2025:07:32:59 -0500] "GET /sffg/wk/admin.php?action=rename&dir=//proc/3159889/root/proc/sys/net/ipv4&item=tcp_early_retrans HTTP/1.1" 200 2034 "-" "Mozilla/5.0 AppleWebKit/537.36 (KHTML, like Gecko; compatible; GPTBot/1.3; +https://openai.com/gptbot)"
74.7.227.170 - - [30/Nov/2025:07:33:00 -0500] "GET /sffg/wk/admin.php?dir=//proc/3263544/root/var/softaculous/smf/php82 HTTP/1.1" 200 1974 "-" "Mozilla/5.0 AppleWebKit/537.36 (KHTML, like Gecko; compatible; GPTBot/1.3; +https://openai.com/gptbot)"
74.7.243.223 - - [30/Nov/2025:07:33:01 -0500] "GET /sffg/wk/admin.php?action=rename&dir=//proc/3779464/root/proc/sys/net/ipv4&item=tcp_ecn_fallback HTTP/1.1" 200 2039 "-" "Mozilla/5.0 AppleWebKit/537.36 (KHTML, like Gecko; compatible; GPTBot/1.3; +https://openai.com/gptbot)"
74.7.227.170 - - [30/Nov/2025:07:33:02 -0500] "GET /sffg/wk/admin.php?dir=//proc/3589831/root/var/softaculous/vue/php81 HTTP/1.1" 200 1975 "-" "Mozilla/5.0 AppleWebKit/537.36 (KHTML, like Gecko; compatible; GPTBot/1.3; +https://openai.com/gptbot)"
44.197.76.210 - - [30/Nov/2025:07:33:02 -0500] "GET /wp-content/wk/admin.php?action=chmod&dir=//lib64&item=xtables HTTP/1.1" 200 90603 "-" "Mozilla/5.0 AppleWebKit/537.36 (KHTML, like Gecko; compatible; Amazonbot/0.1; +https://developer.amazon.com/support/amazonbot) Chrome/119.0.6045.214 Safari/537.36"
74.7.243.223 - - [30/Nov/2025:07:33:03 -0500] "GET /sffg/wk/admin.php?action=chmod&dir=//proc/3159889/root/proc/sys/net/ipv4&item=tcp_limit_output_bytes HTTP/1.1" 200 2040 "-" "Mozilla/5.0 AppleWebKit/537.36 (KHTML, like Gecko; compatible; GPTBot/1.3; +https://openai.com/gptbot)"
74.7.227.170 - - [30/Nov/2025:07:33:04 -0500] "GET /sffg/wk/admin.php?dir=//proc/3263544/root/var/softaculous/owa/php53 HTTP/1.1" 200 1975 "-" "Mozilla/5.0 AppleWebKit/537.36 (KHTML, like Gecko; compatible; GPTBot/1.3; +https://openai.com/gptbot)"
35.174.253.85 - - [30/Nov/2025:07:33:06 -0500] "GET /assets/wk/admin.php?action=rename&dir=//run&item=screen HTTP/1.1" 200 3375 "-" "Mozilla/5.0 AppleWebKit/537.36 (KHTML, like Gecko; compatible; Amazonbot/0.1; +https://developer.amazon.com/support/amazonbot) Chrome/119.0.6045.214 Safari/537.36"
74.7.243.223 - - [30/Nov/2025:07:33:06 -0500] "GET /sffg/wk/admin.php?action=chmod&dir=//proc/3779464/root/proc/sys/net/ipv4&item=tcp_shrink_window HTTP/1.1" 200 2037 "-" "Mozilla/5.0 AppleWebKit/537.36 (KHTML, like Gecko; compatible; GPTBot/1.3; +https://openai.com/gptbot)"
207.46.13.9 - - [30/Nov/2025:07:33:08 -0500] "GET /?detail/6752451 HTTP/1.1" 200 1927 "-" "Mozilla/5.0 AppleWebKit/537.36 (KHTML, like Gecko; compatible; bingbot/2.0; +http://www.bing.com/bingbot.htm) Chrome/116.0.1938.76 Safari/537.36"
74.7.227.170 - - [30/Nov/2025:07:33:06 -0500] "GET /sffg/wk/admin.php?dir=//proc/3589831/root/var/softaculous/iwp/php53 HTTP/1.1" 200 1974 "-" "Mozilla/5.0 AppleWebKit/537.36 (KHTML, like Gecko; compatible; GPTBot/1.3; +https://openai.com/gptbot)"
74.7.243.223 - - [30/Nov/2025:07:33:08 -0500] "GET /sffg/wk/admin.php?action=edit&dir=//proc/3589831/root/proc/sys/net/ipv4&item=tcp_moderate_rcvbuf HTTP/1.1" 200 2053 "-" "Mozilla/5.0 AppleWebKit/537.36 (KHTML, like Gecko; compatible; GPTBot/1.3; +https://openai.com/gptbot)"
74.7.227.170 - - [30/Nov/2025:07:33:09 -0500] "GET /sffg/wk/admin.php?dir=//proc/3263544/root/var/softaculous/fud/php82 HTTP/1.1" 200 1975 "-" "Mozilla/5.0 AppleWebKit/537.36 (KHTML, like Gecko; compatible; GPTBot/1.3; +https://openai.com/gptbot)"
44.205.120.22 - - [30/Nov/2025:07:33:09 -0500] "GET /wp-content/wk/admin.php?action=chmod&dir=//lib64&item=libanl.so.1 HTTP/1.1" 200 90640 "-" "Mozilla/5.0 AppleWebKit/537.36 (KHTML, like Gecko; compatible; Amazonbot/0.1; +https://developer.amazon.com/support/amazonbot) Chrome/119.0.6045.214 Safari/537.36"
74.7.243.223 - - [30/Nov/2025:07:33:10 -0500] "GET /sffg/wk/admin.php?action=chmod&dir=//proc/3160976/root/proc/sys/net/ipv4&item=tcp_limit_output_bytes HTTP/1.1" 200 2040 "-" "Mozilla/5.0 AppleWebKit/537.36 (KHTML, like Gecko; compatible; GPTBot/1.3; +https://openai.com/gptbot)"
74.7.227.170 - - [30/Nov/2025:07:33:11 -0500] "GET /sffg/wk/admin.php?dir=//proc/3589831/root/var/softaculous/owa/php53 HTTP/1.1" 200 1975 "-" "Mozilla/5.0 AppleWebKit/537.36 (KHTML, like Gecko; compatible; GPTBot/1.3; +https://openai.com/gptbot)"
74.7.243.223 - - [30/Nov/2025:07:33:12 -0500] "GET /sffg/wk/admin.php?action=chmod&dir=//proc/3159889/root/proc/sys/net/ipv4&item=ip_local_reserved_ports HTTP/1.1" 200 2043 "-" "Mozilla/5.0 AppleWebKit/537.36 (KHTML, like Gecko; compatible; GPTBot/1.3; +https://openai.com/gptbot)"
107.20.181.148 - - [30/Nov/2025:07:33:12 -0500] "GET /forms/wk/admin.php?action=chmod&dir=//lib64&item=libnettle.so.6.5 HTTP/1.1" 200 90415 "-" "Mozilla/5.0 AppleWebKit/537.36 (KHTML, like Gecko; compatible; Amazonbot/0.1; +https://developer.amazon.com/support/amazonbot) Chrome/119.0.6045.214 Safari/537.36"
74.7.227.170 - - [30/Nov/2025:07:33:13 -0500] "GET /sffg/wk/admin.php?dir=//proc/3589831/root/var/softaculous/aef/php53 HTTP/1.1" 200 1975 "-" "Mozilla/5.0 AppleWebKit/537.36 (KHTML, like Gecko; compatible; GPTBot/1.3; +https://openai.com/gptbot)"
74.7.243.223 - - [30/Nov/2025:07:33:14 -0500] "GET /sffg/wk/admin.php?action=chmod&dir=//proc/3160976/root/proc/sys/net/ipv4&item=tcp_keepalive_time HTTP/1.1" 200 2031 "-" "Mozilla/5.0 AppleWebKit/537.36 (KHTML, like Gecko; compatible; GPTBot/1.3; +https://openai.com/gptbot)"
74.7.227.170 - - [30/Nov/2025:07:33:15 -0500] "GET /sffg/wk/admin.php?dir=//proc/3779464/root/var/softaculous/owm/php56 HTTP/1.1" 200 1975 "-" "Mozilla/5.0 AppleWebKit/537.36 (KHTML, like Gecko; compatible; GPTBot/1.3; +https://openai.com/gptbot)"
44.206.93.215 - - [30/Nov/2025:07:33:16 -0500] "GET /wp-includes/wk/admin.php?action=edit&dir=//bin&item=view HTTP/1.1" 200 29878 "-" "Mozilla/5.0 AppleWebKit/537.36 (KHTML, like Gecko; compatible; Amazonbot/0.1; +https://developer.amazon.com/support/amazonbot) Chrome/119.0.6045.214 Safari/537.36"
74.7.243.223 - - [30/Nov/2025:07:33:16 -0500] "GET /sffg/wk/admin.php?action=chmod&dir=//proc/3160976/root/proc/sys/net/ipv4&item=tcp_shrink_window HTTP/1.1" 200 2037 "-" "Mozilla/5.0 AppleWebKit/537.36 (KHTML, like Gecko; compatible; GPTBot/1.3; +https://openai.com/gptbot)"
74.7.227.170 - - [30/Nov/2025:07:33:17 -0500] "GET /sffg/wk/admin.php?dir=//proc/3263544/root/var/softaculous/odm/php53 HTTP/1.1" 200 1974 "-" "Mozilla/5.0 AppleWebKit/537.36 (KHTML, like Gecko; compatible; GPTBot/1.3; +https://openai.com/gptbot)"
74.7.227.170 - - [30/Nov/2025:07:33:20 -0500] "GET /sffg/wk/admin.php?dir=//proc/3159889/root/var/softaculous/lss/php53 HTTP/1.1" 200 1974 "-" "Mozilla/5.0 AppleWebKit/537.36 (KHTML, like Gecko; compatible; GPTBot/1.3; +https://openai.com/gptbot)"
74.7.243.223 - - [30/Nov/2025:07:33:19 -0500] "GET /sffg/wk/admin.php?action=edit&dir=//proc/3160976/root/proc/sys/net/ipv4&item=ip_local_reserved_ports HTTP/1.1" 200 2062 "-" "Mozilla/5.0 AppleWebKit/537.36 (KHTML, like Gecko; compatible; GPTBot/1.3; +https://openai.com/gptbot)"
74.7.227.170 - - [30/Nov/2025:07:33:22 -0500] "GET /sffg/wk/admin.php?dir=//proc/3159889/root/var/softaculous/fud/php53 HTTP/1.1" 200 1975 "-" "Mozilla/5.0 AppleWebKit/537.36 (KHTML, like Gecko; compatible; GPTBot/1.3; +https://openai.com/gptbot)"
23.21.179.120 - - [30/Nov/2025:07:33:21 -0500] "GET /admin/wk/admin.php?action=chmod&dir=//lib64&item=libnl-3.so.200.26.0 HTTP/1.1" 200 91123 "-" "Mozilla/5.0 AppleWebKit/537.36 (KHTML, like Gecko; compatible; Amazonbot/0.1; +https://developer.amazon.com/support/amazonbot) Chrome/119.0.6045.214 Safari/537.36"
74.7.243.223 - - [30/Nov/2025:07:33:23 -0500] "GET /sffg/wk/admin.php?action=edit&dir=//proc/3589831/root/proc/sys/net/ipv4&item=inet_peer_threshold HTTP/1.1" 200 2052 "-" "Mozilla/5.0 AppleWebKit/537.36 (KHTML, like Gecko; compatible; GPTBot/1.3; +https://openai.com/gptbot)"
74.7.227.170 - - [30/Nov/2025:07:33:24 -0500] "GET /sffg/wk/admin.php?dir=//proc/3159889/root/var/softaculous/ops/php56 HTTP/1.1" 200 1974 "-" "Mozilla/5.0 AppleWebKit/537.36 (KHTML, like Gecko; compatible; GPTBot/1.3; +https://openai.com/gptbot)"
54.152.163.42 - - [30/Nov/2025:07:33:25 -0500] "GET /hfrgrh/wk/admin.php?action=rename&dir=//bin&item=php HTTP/1.1" 200 29898 "-" "Mozilla/5.0 AppleWebKit/537.36 (KHTML, like Gecko; compatible; Amazonbot/0.1; +https://developer.amazon.com/support/amazonbot) Chrome/119.0.6045.214 Safari/537.36"
74.7.243.223 - - [30/Nov/2025:07:33:25 -0500] "GET /sffg/wk/admin.php?action=edit&dir=//proc/3589831/root/proc/sys/net/ipv4&item=cipso_cache_enable HTTP/1.1" 200 2051 "-" "Mozilla/5.0 AppleWebKit/537.36 (KHTML, like Gecko; compatible; GPTBot/1.3; +https://openai.com/gptbot)"
74.7.227.170 - - [30/Nov/2025:07:33:26 -0500] "GET /sffg/wk/admin.php?dir=//proc/3263544/root/var/softaculous/pie/php56 HTTP/1.1" 200 1975 "-" "Mozilla/5.0 AppleWebKit/537.36 (KHTML, like Gecko; compatible; GPTBot/1.3; +https://openai.com/gptbot)"
74.7.243.223 - - [30/Nov/2025:07:33:28 -0500] "GET /sffg/wk/admin.php?action=edit&dir=//proc/3589831/root/proc/sys/net/ipv4&item=ipfrag_high_thresh HTTP/1.1" 200 2053 "-" "Mozilla/5.0 AppleWebKit/537.36 (KHTML, like Gecko; compatible; GPTBot/1.3; +https://openai.com/gptbot)"
74.7.227.170 - - [30/Nov/2025:07:33:28 -0500] "GET /sffg/wk/admin.php?dir=//proc/3779464/root/var/softaculous/ops/php53 HTTP/1.1" 200 1974 "-" "Mozilla/5.0 AppleWebKit/537.36 (KHTML, like Gecko; compatible; GPTBot/1.3; +https://openai.com/gptbot)"
3.213.106.226 - - [30/Nov/2025:07:33:29 -0500] "GET /hfrgrh/wk/admin.php?action=view&dir=//bin&item=freetype-config HTTP/1.1" 200 31102 "-" "Mozilla/5.0 AppleWebKit/537.36 (KHTML, like Gecko; compatible; Amazonbot/0.1; +https://developer.amazon.com/support/amazonbot) Chrome/119.0.6045.214 Safari/537.36"
74.7.243.223 - - [30/Nov/2025:07:33:30 -0500] "GET /sffg/wk/admin.php?action=edit&dir=//proc/3263544/root/proc/thread-self/net/dev_snmp6&item=bgplo HTTP/1.1" 200 2054 "-" "Mozilla/5.0 AppleWebKit/537.36 (KHTML, like Gecko; compatible; GPTBot/1.3; +https://openai.com/gptbot)"
74.7.227.170 - - [30/Nov/2025:07:33:30 -0500] "GET /sffg/wk/admin.php?dir=//proc/3589831/root/var/softaculous/pie/php81 HTTP/1.1" 200 1974 "-" "Mozilla/5.0 AppleWebKit/537.36 (KHTML, like Gecko; compatible; GPTBot/1.3; +https://openai.com/gptbot)"
44.207.207.36 - - [30/Nov/2025:07:33:32 -0500] "GET /assets/wk/admin.php?action=view&dir=//bin&item=vdir HTTP/1.1" 200 29504 "-" "Mozilla/5.0 AppleWebKit/537.36 (KHTML, like Gecko; compatible; Amazonbot/0.1; +https://developer.amazon.com/support/amazonbot) Chrome/119.0.6045.214 Safari/537.36"
74.7.243.223 - - [30/Nov/2025:07:33:32 -0500] "GET /sffg/wk/admin.php?action=chmod&dir=//proc/3779464/root/proc/sys/net/ipv4&item=tcp_probe_interval HTTP/1.1" 200 2031 "-" "Mozilla/5.0 AppleWebKit/537.36 (KHTML, like Gecko; compatible; GPTBot/1.3; +https://openai.com/gptbot)"
74.7.227.170 - - [30/Nov/2025:07:33:33 -0500] "GET /sffg/wk/admin.php?dir=//proc/3263544/root/var/softaculous/yui/php53 HTTP/1.1" 200 1975 "-" "Mozilla/5.0 AppleWebKit/537.36 (KHTML, like Gecko; compatible; GPTBot/1.3; +https://openai.com/gptbot)"
74.7.243.223 - - [30/Nov/2025:07:33:34 -0500] "GET /sffg/wk/admin.php?action=rename&dir=//proc/3160976/root/proc/sys/net/ipv4&item=ip_nonlocal_bind HTTP/1.1" 200 2042 "-" "Mozilla/5.0 AppleWebKit/537.36 (KHTML, like Gecko; compatible; GPTBot/1.3; +https://openai.com/gptbot)"
74.7.227.170 - - [30/Nov/2025:07:33:35 -0500] "GET /sffg/wk/admin.php?dir=//proc/3779464/root/var/softaculous/twg/php53 HTTP/1.1" 200 1975 "-" "Mozilla/5.0 AppleWebKit/537.36 (KHTML, like Gecko; compatible; GPTBot/1.3; +https://openai.com/gptbot)"
74.7.243.223 - - [30/Nov/2025:07:33:36 -0500] "GET /sffg/wk/admin.php?action=chmod&dir=//proc/3589831/root/proc/sys/net/ipv4&item=ip_local_reserved_ports HTTP/1.1" 200 2043 "-" "Mozilla/5.0 AppleWebKit/537.36 (KHTML, like Gecko; compatible; GPTBot/1.3; +https://openai.com/gptbot)"
74.7.227.170 - - [30/Nov/2025:07:33:37 -0500] "GET /sffg/wk/admin.php?dir=//proc/3159889/root/var/softaculous/seo/php82 HTTP/1.1" 200 1974 "-" "Mozilla/5.0 AppleWebKit/537.36 (KHTML, like Gecko; compatible; GPTBot/1.3; +https://openai.com/gptbot)"
44.209.89.189 - - [30/Nov/2025:07:33:37 -0500] "GET /forms/wk/admin.php?action=chmod&dir=//lib64&item=libgstallocators-1.0.so.0 HTTP/1.1" 200 90351 "-" "Mozilla/5.0 AppleWebKit/537.36 (KHTML, like Gecko; compatible; Amazonbot/0.1; +https://developer.amazon.com/support/amazonbot) Chrome/119.0.6045.214 Safari/537.36"
74.7.243.223 - - [30/Nov/2025:07:33:38 -0500] "GET /sffg/wk/admin.php?action=rename&dir=//proc/3779464/root/proc/sys/net/ipv4&item=tcp_early_retrans HTTP/1.1" 200 2034 "-" "Mozilla/5.0 AppleWebKit/537.36 (KHTML, like Gecko; compatible; GPTBot/1.3; +https://openai.com/gptbot)"
74.7.227.170 - - [30/Nov/2025:07:33:39 -0500] "GET /sffg/wk/admin.php?dir=//proc/3589831/root/var/softaculous/unb/php53 HTTP/1.1" 200 1975 "-" "Mozilla/5.0 AppleWebKit/537.36 (KHTML, like Gecko; compatible; GPTBot/1.3; +https://openai.com/gptbot)"
74.7.243.223 - - [30/Nov/2025:07:33:41 -0500] "GET /sffg/wk/admin.php?action=rename&dir=//proc/3160976/root/proc/sys/net/ipv4&item=inet_peer_maxttl HTTP/1.1" 200 2038 "-" "Mozilla/5.0 AppleWebKit/537.36 (KHTML, like Gecko; compatible; GPTBot/1.3; +https://openai.com/gptbot)"
98.82.63.147 - - [30/Nov/2025:07:33:41 -0500] "GET /assets/wk/admin.php?dir=//run/nscd HTTP/1.1" 200 2568 "-" "Mozilla/5.0 AppleWebKit/537.36 (KHTML, like Gecko; compatible; Amazonbot/0.1; +https://developer.amazon.com/support/amazonbot) Chrome/119.0.6045.214 Safari/537.36"
74.7.227.170 - - [30/Nov/2025:07:33:42 -0500] "GET /sffg/wk/admin.php?dir=//proc/3263544/root/var/softaculous/cpg/php81 HTTP/1.1" 200 1972 "-" "Mozilla/5.0 AppleWebKit/537.36 (KHTML, like Gecko; compatible; GPTBot/1.3; +https://openai.com/gptbot)"
74.7.243.223 - - [30/Nov/2025:07:33:43 -0500] "GET /sffg/wk/admin.php?action=chmod&dir=//proc/3589831/root/proc/sys/net/ipv6&item=anycast_src_echo_reply HTTP/1.1" 200 2039 "-" "Mozilla/5.0 AppleWebKit/537.36 (KHTML, like Gecko; compatible; GPTBot/1.3; +https://openai.com/gptbot)"
74.7.227.170 - - [30/Nov/2025:07:33:44 -0500] "GET /sffg/wk/admin.php?dir=//proc/3263544/root/var/softaculous/iwp/php53 HTTP/1.1" 200 1975 "-" "Mozilla/5.0 AppleWebKit/537.36 (KHTML, like Gecko; compatible; GPTBot/1.3; +https://openai.com/gptbot)"
57.141.0.57 - - [30/Nov/2025:07:33:46 -0500] "GET /special918689024?kg=0917664597 HTTP/1.1" 404 1251 "-" "meta-externalagent/1.1 (+https://developers.facebook.com/docs/sharing/webmasters/crawler)"
3.215.59.93 - - [30/Nov/2025:07:33:44 -0500] "GET /wp-content/wk/admin.php?action=chmod&dir=//lib64&item=libplc4.so HTTP/1.1" 200 90099 "-" "Mozilla/5.0 AppleWebKit/537.36 (KHTML, like Gecko; compatible; Amazonbot/0.1; +https://developer.amazon.com/support/amazonbot) Chrome/119.0.6045.214 Safari/537.36"
74.7.243.223 - - [30/Nov/2025:07:33:45 -0500] "GET /sffg/wk/admin.php?action=rename&dir=//proc/3589831/root/proc/sys/net/ipv4&item=cipso_rbm_optfmt HTTP/1.1" 200 2043 "-" "Mozilla/5.0 AppleWebKit/537.36 (KHTML, like Gecko; compatible; GPTBot/1.3; +https://openai.com/gptbot)"
74.7.227.170 - - [30/Nov/2025:07:33:46 -0500] "GET /sffg/wk/admin.php?dir=//proc/3159889/root/var/softaculous/lss/php71 HTTP/1.1" 200 1974 "-" "Mozilla/5.0 AppleWebKit/537.36 (KHTML, like Gecko; compatible; GPTBot/1.3; +https://openai.com/gptbot)"
74.7.243.223 - - [30/Nov/2025:07:33:47 -0500] "GET /sffg/wk/admin.php?action=chmod&dir=//proc/3589831/root/proc/sys/net/ipv4&item=tcp_window_scaling HTTP/1.1" 200 2034 "-" "Mozilla/5.0 AppleWebKit/537.36 (KHTML, like Gecko; compatible; GPTBot/1.3; +https://openai.com/gptbot)"
74.7.227.170 - - [30/Nov/2025:07:33:48 -0500] "GET /sffg/wk/admin.php?dir=//proc/3263544/root/var/softaculous/smf/php56 HTTP/1.1" 200 1974 "-" "Mozilla/5.0 AppleWebKit/537.36 (KHTML, like Gecko; compatible; GPTBot/1.3; +https://openai.com/gptbot)"
34.199.252.22 - - [30/Nov/2025:07:33:49 -0500] "GET /admin/wk/admin.php?action=chmod&dir=/home/bappguir/.cpanel&item=icals HTTP/1.1" 200 3215 "-" "Mozilla/5.0 AppleWebKit/537.36 (KHTML, like Gecko; compatible; Amazonbot/0.1; +https://developer.amazon.com/support/amazonbot) Chrome/119.0.6045.214 Safari/537.36"
74.7.243.223 - - [30/Nov/2025:07:33:49 -0500] "GET /sffg/wk/admin.php?action=edit&dir=//proc/3160976/root/proc/sys/net/ipv4&item=inet_peer_threshold HTTP/1.1" 200 2052 "-" "Mozilla/5.0 AppleWebKit/537.36 (KHTML, like Gecko; compatible; GPTBot/1.3; +https://openai.com/gptbot)"
74.7.227.170 - - [30/Nov/2025:07:33:50 -0500] "GET /sffg/wk/admin.php?dir=//proc/3159889/root/var/softaculous/una/php56 HTTP/1.1" 200 1975 "-" "Mozilla/5.0 AppleWebKit/537.36 (KHTML, like Gecko; compatible; GPTBot/1.3; +https://openai.com/gptbot)"
74.7.243.223 - - [30/Nov/2025:07:33:51 -0500] "GET /sffg/wk/admin.php?action=chmod&dir=//proc/3160976/root/proc/sys/net/ipv4&item=ipfrag_high_thresh HTTP/1.1" 200 2033 "-" "Mozilla/5.0 AppleWebKit/537.36 (KHTML, like Gecko; compatible; GPTBot/1.3; +https://openai.com/gptbot)"
52.167.144.229 - - [30/Nov/2025:07:33:53 -0500] "GET /special54867328?kg=0054806988 HTTP/1.1" 404 1251 "-" "Mozilla/5.0 AppleWebKit/537.36 (KHTML, like Gecko; compatible; bingbot/2.0; +http://www.bing.com/bingbot.htm) Chrome/116.0.1938.76 Safari/537.36"
52.71.216.196 - - [30/Nov/2025:07:33:52 -0500] "GET /forms/wk/admin.php?action=chmod&dir=//lib64&item=libgstisoff-1.0.so.0 HTTP/1.1" 200 89374 "-" "Mozilla/5.0 AppleWebKit/537.36 (KHTML, like Gecko; compatible; Amazonbot/0.1; +https://developer.amazon.com/support/amazonbot) Chrome/119.0.6045.214 Safari/537.36"
74.7.227.170 - - [30/Nov/2025:07:33:52 -0500] "GET /sffg/wk/admin.php?dir=//proc/3159889/root/var/softaculous/ops/php71 HTTP/1.1" 200 1974 "-" "Mozilla/5.0 AppleWebKit/537.36 (KHTML, like Gecko; compatible; GPTBot/1.3; +https://openai.com/gptbot)"
74.7.243.223 - - [30/Nov/2025:07:33:54 -0500] "GET /sffg/wk/admin.php?action=rename&dir=//proc/3263544/root/proc/sys/net/ipv4&item=tcp_available_ulp HTTP/1.1" 200 2037 "-" "Mozilla/5.0 AppleWebKit/537.36 (KHTML, like Gecko; compatible; GPTBot/1.3; +https://openai.com/gptbot)"
74.7.227.170 - - [30/Nov/2025:07:33:54 -0500] "GET /sffg/wk/admin.php?dir=//proc/3589831/root/var/softaculous/twg/php53 HTTP/1.1" 200 1975 "-" "Mozilla/5.0 AppleWebKit/537.36 (KHTML, like Gecko; compatible; GPTBot/1.3; +https://openai.com/gptbot)"
74.7.243.223 - - [30/Nov/2025:07:33:56 -0500] "GET /sffg/wk/admin.php?action=edit&dir=//proc/3779464/root/proc/sys/net/ipv4&item=cipso_cache_bucket_size HTTP/1.1" 200 2063 "-" "Mozilla/5.0 AppleWebKit/537.36 (KHTML, like Gecko; compatible; GPTBot/1.3; +https://openai.com/gptbot)"
74.7.227.170 - - [30/Nov/2025:07:33:57 -0500] "GET /sffg/wk/admin.php?dir=//proc/3159889/root/var/softaculous/seo/php71 HTTP/1.1" 200 1974 "-" "Mozilla/5.0 AppleWebKit/537.36 (KHTML, like Gecko; compatible; GPTBot/1.3; +https://openai.com/gptbot)"
3.94.40.182 - - [30/Nov/2025:07:33:57 -0500] "GET /wp-content/wk/admin.php?action=view&dir=//bin&item=id HTTP/1.1" 200 29709 "-" "Mozilla/5.0 AppleWebKit/537.36 (KHTML, like Gecko; compatible; Amazonbot/0.1; +https://developer.amazon.com/support/amazonbot) Chrome/119.0.6045.214 Safari/537.36"
74.7.243.223 - - [30/Nov/2025:07:33:58 -0500] "GET /sffg/wk/admin.php?action=chmod&dir=//proc/3160976/root/proc/sys/net/ipv4&item=tcp_probe_interval HTTP/1.1" 200 2031 "-" "Mozilla/5.0 AppleWebKit/537.36 (KHTML, like Gecko; compatible; GPTBot/1.3; +https://openai.com/gptbot)"
74.7.227.170 - - [30/Nov/2025:07:33:59 -0500] "GET /sffg/wk/admin.php?dir=//proc/3159889/root/var/softaculous/myt/php81 HTTP/1.1" 200 1973 "-" "Mozilla/5.0 AppleWebKit/537.36 (KHTML, like Gecko; compatible; GPTBot/1.3; +https://openai.com/gptbot)"
74.7.243.223 - - [30/Nov/2025:07:34:00 -0500] "GET /sffg/wk/admin.php?action=chmod&dir=//proc/3159889/root/proc/sys/net/ipv4&item=tcp_window_scaling HTTP/1.1" 200 2034 "-" "Mozilla/5.0 AppleWebKit/537.36 (KHTML, like Gecko; compatible; GPTBot/1.3; +https://openai.com/gptbot)"
54.166.126.132 - - [30/Nov/2025:07:34:00 -0500] "GET /forms/wk/admin.php?action=chmod&dir=//lib64&item=libnssdbm3.chk HTTP/1.1" 200 90030 "-" "Mozilla/5.0 AppleWebKit/537.36 (KHTML, like Gecko; compatible; Amazonbot/0.1; +https://developer.amazon.com/support/amazonbot) Chrome/119.0.6045.214 Safari/537.36"
74.7.227.170 - - [30/Nov/2025:07:34:01 -0500] "GET /sffg/wk/admin.php?dir=//proc/3263544/root/var/softaculous/twg/php82 HTTP/1.1" 200 1975 "-" "Mozilla/5.0 AppleWebKit/537.36 (KHTML, like Gecko; compatible; GPTBot/1.3; +https://openai.com/gptbot)"
74.7.243.223 - - [30/Nov/2025:07:34:03 -0500] "GET /sffg/wk/admin.php?action=edit&dir=//proc/3779464/root/proc/sys/net/ipv4&item=tcp_challenge_ack_limit HTTP/1.1" 200 2057 "-" "Mozilla/5.0 AppleWebKit/537.36 (KHTML, like Gecko; compatible; GPTBot/1.3; +https://openai.com/gptbot)"
74.7.227.170 - - [30/Nov/2025:07:34:03 -0500] "GET /sffg/wk/admin.php?dir=//proc/3589831/root/var/softaculous/owa/php82 HTTP/1.1" 200 1975 "-" "Mozilla/5.0 AppleWebKit/537.36 (KHTML, like Gecko; compatible; GPTBot/1.3; +https://openai.com/gptbot)"
74.7.243.223 - - [30/Nov/2025:07:34:05 -0500] "GET /sffg/wk/admin.php?action=edit&dir=//proc/3779464/root/proc/sys/net/ipv4&item=fib_multipath_use_neigh HTTP/1.1" 200 2060 "-" "Mozilla/5.0 AppleWebKit/537.36 (KHTML, like Gecko; compatible; GPTBot/1.3; +https://openai.com/gptbot)"
54.80.185.200 - - [30/Nov/2025:07:34:05 -0500] "GET /forms/wk/admin.php?action=chmod&dir=//lib64&item=libSoundTouch.so.2 HTTP/1.1" 200 90943 "-" "Mozilla/5.0 AppleWebKit/537.36 (KHTML, like Gecko; compatible; Amazonbot/0.1; +https://developer.amazon.com/support/amazonbot) Chrome/119.0.6045.214 Safari/537.36"
74.7.227.170 - - [30/Nov/2025:07:34:05 -0500] "GET /sffg/wk/admin.php?dir=//proc/3159889/root/var/softaculous/smf/php53 HTTP/1.1" 200 1975 "-" "Mozilla/5.0 AppleWebKit/537.36 (KHTML, like Gecko; compatible; GPTBot/1.3; +https://openai.com/gptbot)"
74.7.243.223 - - [30/Nov/2025:07:34:07 -0500] "GET /sffg/wk/admin.php?action=edit&dir=//proc/3263544/root/proc/sys/net/ipv4&item=cipso_cache_enable HTTP/1.1" 200 2054 "-" "Mozilla/5.0 AppleWebKit/537.36 (KHTML, like Gecko; compatible; GPTBot/1.3; +https://openai.com/gptbot)"
114.119.136.8 - - [30/Nov/2025:07:34:10 -0500] "GET /technical/j295?pid=28229 HTTP/1.1" 404 1251 "https://naztechltd.com/?sitemap601.xml" "Mozilla/5.0 (Linux; Android 7.0;) AppleWebKit/537.36 (KHTML, like Gecko) Mobile Safari/537.36 (compatible; PetalBot;+https://webmaster.petalsearch.com/site/petalbot)"
74.7.227.170 - - [30/Nov/2025:07:34:08 -0500] "GET /sffg/wk/admin.php?dir=//proc/3589831/root/var/softaculous/seo/php82 HTTP/1.1" 200 1974 "-" "Mozilla/5.0 AppleWebKit/537.36 (KHTML, like Gecko; compatible; GPTBot/1.3; +https://openai.com/gptbot)"
74.7.243.223 - - [30/Nov/2025:07:34:09 -0500] "GET /sffg/wk/admin.php?action=edit&dir=//proc/3160976/root/proc/sys/net/ipv4&item=tcp_synack_retries HTTP/1.1" 200 2055 "-" "Mozilla/5.0 AppleWebKit/537.36 (KHTML, like Gecko; compatible; GPTBot/1.3; +https://openai.com/gptbot)"
18.213.240.226 - - [30/Nov/2025:07:34:09 -0500] "GET /css/wk/admin.php?action=chmod&dir=//lib64&item=libksba.so.8.11.6 HTTP/1.1" 200 91384 "-" "Mozilla/5.0 AppleWebKit/537.36 (KHTML, like Gecko; compatible; Amazonbot/0.1; +https://developer.amazon.com/support/amazonbot) Chrome/119.0.6045.214 Safari/537.36"
74.7.227.170 - - [30/Nov/2025:07:34:10 -0500] "GET /sffg/wk/admin.php?dir=//proc/3159889/root/var/softaculous/ojs/php53 HTTP/1.1" 200 1973 "-" "Mozilla/5.0 AppleWebKit/537.36 (KHTML, like Gecko; compatible; GPTBot/1.3; +https://openai.com/gptbot)"
74.7.243.223 - - [30/Nov/2025:07:34:11 -0500] "GET /sffg/wk/admin.php?action=edit&dir=//proc/3160976/root/proc/sys/net/ipv4&item=cipso_cache_bucket_size HTTP/1.1" 200 2063 "-" "Mozilla/5.0 AppleWebKit/537.36 (KHTML, like Gecko; compatible; GPTBot/1.3; +https://openai.com/gptbot)"
74.7.227.170 - - [30/Nov/2025:07:34:12 -0500] "GET /sffg/wk/admin.php?dir=//proc/3589831/root/var/softaculous/odm/php81 HTTP/1.1" 200 1975 "-" "Mozilla/5.0 AppleWebKit/537.36 (KHTML, like Gecko; compatible; GPTBot/1.3; +https://openai.com/gptbot)"
74.7.243.223 - - [30/Nov/2025:07:34:13 -0500] "GET /sffg/wk/admin.php?action=chmod&dir=//proc/3589831/root/proc/sys/net/ipv4&item=tcp_shrink_window HTTP/1.1" 200 2037 "-" "Mozilla/5.0 AppleWebKit/537.36 (KHTML, like Gecko; compatible; GPTBot/1.3; +https://openai.com/gptbot)"
34.226.89.140 - - [30/Nov/2025:07:34:13 -0500] "GET /forms/wk/admin.php?action=chmod&dir=//lib64&item=libkrb5support.so.0 HTTP/1.1" 200 90376 "-" "Mozilla/5.0 AppleWebKit/537.36 (KHTML, like Gecko; compatible; Amazonbot/0.1; +https://developer.amazon.com/support/amazonbot) Chrome/119.0.6045.214 Safari/537.36"
74.7.227.170 - - [30/Nov/2025:07:34:14 -0500] "GET /sffg/wk/admin.php?dir=//proc/3159889/root/var/softaculous/seo/php81 HTTP/1.1" 200 1974 "-" "Mozilla/5.0 AppleWebKit/537.36 (KHTML, like Gecko; compatible; GPTBot/1.3; +https://openai.com/gptbot)"
74.7.243.223 - - [30/Nov/2025:07:34:15 -0500] "GET /sffg/wk/admin.php?action=chmod&dir=//proc/3160976/root/proc/sys/net/ipv4&item=tcp_early_retrans HTTP/1.1" 200 2033 "-" "Mozilla/5.0 AppleWebKit/537.36 (KHTML, like Gecko; compatible; GPTBot/1.3; +https://openai.com/gptbot)"
74.7.227.170 - - [30/Nov/2025:07:34:16 -0500] "GET /sffg/wk/admin.php?dir=//proc/3779464/root/var/softaculous/lss/php56 HTTP/1.1" 200 1974 "-" "Mozilla/5.0 AppleWebKit/537.36 (KHTML, like Gecko; compatible; GPTBot/1.3; +https://openai.com/gptbot)"
74.7.243.223 - - [30/Nov/2025:07:34:17 -0500] "GET /sffg/wk/admin.php?action=edit&dir=//proc/3589831/root/proc/sys/net/ipv4&item=tcp_probe_threshold HTTP/1.1" 200 2056 "-" "Mozilla/5.0 AppleWebKit/537.36 (KHTML, like Gecko; compatible; GPTBot/1.3; +https://openai.com/gptbot)"
74.7.227.170 - - [30/Nov/2025:07:34:18 -0500] "GET /sffg/wk/admin.php?dir=//proc/3263544/root/var/softaculous/ops/php56 HTTP/1.1" 200 1974 "-" "Mozilla/5.0 AppleWebKit/537.36 (KHTML, like Gecko; compatible; GPTBot/1.3; +https://openai.com/gptbot)"
74.7.243.223 - - [30/Nov/2025:07:34:20 -0500] "GET /sffg/wk/admin.php?action=rename&dir=//proc/3589831/root/proc/sys/net/ipv4&item=ping_group_range HTTP/1.1" 200 2038 "-" "Mozilla/5.0 AppleWebKit/537.36 (KHTML, like Gecko; compatible; GPTBot/1.3; +https://openai.com/gptbot)"
18.215.24.66 - - [30/Nov/2025:07:34:20 -0500] "GET /images/wk/admin.php?action=view&dir=//bin&item=test HTTP/1.1" 200 29926 "-" "Mozilla/5.0 AppleWebKit/537.36 (KHTML, like Gecko; compatible; Amazonbot/0.1; +https://developer.amazon.com/support/amazonbot) Chrome/119.0.6045.214 Safari/537.36"
74.7.227.170 - - [30/Nov/2025:07:34:21 -0500] "GET /sffg/wk/admin.php?dir=//proc/3589831/root/var/softaculous/pie/php53 HTTP/1.1" 200 1974 "-" "Mozilla/5.0 AppleWebKit/537.36 (KHTML, like Gecko; compatible; GPTBot/1.3; +https://openai.com/gptbot)"
52.167.144.225 - - [30/Nov/2025:07:34:23 -0500] "GET /?detail/11439851 HTTP/1.1" 200 1972 "-" "Mozilla/5.0 AppleWebKit/537.36 (KHTML, like Gecko; compatible; bingbot/2.0; +http://www.bing.com/bingbot.htm) Chrome/116.0.1938.76 Safari/537.36"
74.7.243.223 - - [30/Nov/2025:07:34:22 -0500] "GET /sffg/wk/admin.php?action=chmod&dir=//proc/3263544/root/proc/sys/net/ipv4&item=tcp_fwmark_accept HTTP/1.1" 200 2041 "-" "Mozilla/5.0 AppleWebKit/537.36 (KHTML, like Gecko; compatible; GPTBot/1.3; +https://openai.com/gptbot)"
54.87.62.248 - - [30/Nov/2025:07:34:22 -0500] "GET /wp-content/wk/admin.php?action=chmod&dir=//lib64&item=libcpupower.so.0.0.1 HTTP/1.1" 200 89828 "-" "Mozilla/5.0 AppleWebKit/537.36 (KHTML, like Gecko; compatible; Amazonbot/0.1; +https://developer.amazon.com/support/amazonbot) Chrome/119.0.6045.214 Safari/537.36"
74.7.227.170 - - [30/Nov/2025:07:34:23 -0500] "GET /sffg/wk/admin.php?dir=//proc/3159889/root/var/softaculous/fud/php71 HTTP/1.1" 200 1975 "-" "Mozilla/5.0 AppleWebKit/537.36 (KHTML, like Gecko; compatible; GPTBot/1.3; +https://openai.com/gptbot)"
74.7.243.223 - - [30/Nov/2025:07:34:24 -0500] "GET /sffg/wk/admin.php?action=chmod&dir=//proc/3589831/root/proc/sys/net/ipv4&item=tcp_probe_interval HTTP/1.1" 200 2031 "-" "Mozilla/5.0 AppleWebKit/537.36 (KHTML, like Gecko; compatible; GPTBot/1.3; +https://openai.com/gptbot)"
74.7.227.170 - - [30/Nov/2025:07:34:25 -0500] "GET /sffg/wk/admin.php?dir=//proc/3589831/root/var/softaculous/seo/php81 HTTP/1.1" 200 1974 "-" "Mozilla/5.0 AppleWebKit/537.36 (KHTML, like Gecko; compatible; GPTBot/1.3; +https://openai.com/gptbot)"
207.46.13.9 - - [30/Nov/2025:07:34:27 -0500] "GET /?detail/4618239 HTTP/1.1" 200 1973 "-" "Mozilla/5.0 AppleWebKit/537.36 (KHTML, like Gecko; compatible; bingbot/2.0; +http://www.bing.com/bingbot.htm) Chrome/116.0.1938.76 Safari/537.36"
3.89.176.255 - - [30/Nov/2025:07:34:25 -0500] "GET /wp-includes/wk/admin.php?action=view&dir=/home/bappguir/shop.unlockmart.com&item=robots.txt HTTP/1.1" 200 3353 "-" "Mozilla/5.0 AppleWebKit/537.36 (KHTML, like Gecko; compatible; Amazonbot/0.1; +https://developer.amazon.com/support/amazonbot) Chrome/119.0.6045.214 Safari/537.36"
74.7.243.223 - - [30/Nov/2025:07:34:26 -0500] "GET /sffg/wk/admin.php?action=chmod&dir=//proc/3160976/root/proc/sys/net/ipv4&item=tcp_notsent_lowat HTTP/1.1" 200 2040 "-" "Mozilla/5.0 AppleWebKit/537.36 (KHTML, like Gecko; compatible; GPTBot/1.3; +https://openai.com/gptbot)"
74.7.227.170 - - [30/Nov/2025:07:34:27 -0500] "GET /sffg/wk/admin.php?dir=//proc/3779464/root/var/softaculous/lss/php71 HTTP/1.1" 200 1974 "-" "Mozilla/5.0 AppleWebKit/537.36 (KHTML, like Gecko; compatible; GPTBot/1.3; +https://openai.com/gptbot)"
74.7.243.223 - - [30/Nov/2025:07:34:28 -0500] "GET /sffg/wk/admin.php?action=edit&dir=//proc/3589831/root/proc/sys/net/ipv4&item=tcp_window_scaling HTTP/1.1" 200 2052 "-" "Mozilla/5.0 AppleWebKit/537.36 (KHTML, like Gecko; compatible; GPTBot/1.3; +https://openai.com/gptbot)"
34.234.206.30 - - [30/Nov/2025:07:34:29 -0500] "GET /sdfsf/wk/admin.php?action=chmod&dir=//bin&item=pg_restore HTTP/1.1" 200 29914 "-" "Mozilla/5.0 AppleWebKit/537.36 (KHTML, like Gecko; compatible; Amazonbot/0.1; +https://developer.amazon.com/support/amazonbot) Chrome/119.0.6045.214 Safari/537.36"
74.7.227.170 - - [30/Nov/2025:07:34:29 -0500] "GET /sffg/wk/admin.php?dir=//proc/3263544/root/var/softaculous/unb/php53 HTTP/1.1" 200 1975 "-" "Mozilla/5.0 AppleWebKit/537.36 (KHTML, like Gecko; compatible; GPTBot/1.3; +https://openai.com/gptbot)"
74.7.243.223 - - [30/Nov/2025:07:34:31 -0500] "GET /sffg/wk/admin.php?action=chmod&dir=//proc/3159889/root/proc/sys/net/ipv4&item=tcp_early_retrans HTTP/1.1" 200 2033 "-" "Mozilla/5.0 AppleWebKit/537.36 (KHTML, like Gecko; compatible; GPTBot/1.3; +https://openai.com/gptbot)"
74.7.227.170 - - [30/Nov/2025:07:34:32 -0500] "GET /sffg/wk/admin.php?dir=//proc/3779464/root/var/softaculous/omp/php82 HTTP/1.1" 200 1975 "-" "Mozilla/5.0 AppleWebKit/537.36 (KHTML, like Gecko; compatible; GPTBot/1.3; +https://openai.com/gptbot)"
74.7.243.223 - - [30/Nov/2025:07:34:33 -0500] "GET /sffg/wk/admin.php?action=rename&dir=//proc/3160976/root/proc/sys/net/ipv4&item=ping_group_range HTTP/1.1" 200 2038 "-" "Mozilla/5.0 AppleWebKit/537.36 (KHTML, like Gecko; compatible; GPTBot/1.3; +https://openai.com/gptbot)"
74.7.227.170 - - [30/Nov/2025:07:34:34 -0500] "GET /sffg/wk/admin.php?dir=//proc/3263544/root/var/softaculous/unb/php56 HTTP/1.1" 200 1975 "-" "Mozilla/5.0 AppleWebKit/537.36 (KHTML, like Gecko; compatible; GPTBot/1.3; +https://openai.com/gptbot)"
54.164.106.236 - - [30/Nov/2025:07:34:34 -0500] "GET /wp-admin/wk/admin.php?action=chmod&dir=//bin&item=gzexe HTTP/1.1" 200 29887 "-" "Mozilla/5.0 AppleWebKit/537.36 (KHTML, like Gecko; compatible; Amazonbot/0.1; +https://developer.amazon.com/support/amazonbot) Chrome/119.0.6045.214 Safari/537.36"
74.7.243.223 - - [30/Nov/2025:07:34:35 -0500] "GET /sffg/wk/admin.php?action=chmod&dir=//proc/3263544/root/proc/sys/net/ipv4&item=tcp_available_ulp HTTP/1.1" 200 2036 "-" "Mozilla/5.0 AppleWebKit/537.36 (KHTML, like Gecko; compatible; GPTBot/1.3; +https://openai.com/gptbot)"
74.7.227.170 - - [30/Nov/2025:07:34:36 -0500] "GET /sffg/wk/admin.php?dir=//proc/3159889/root/var/softaculous/omp/php81 HTTP/1.1" 200 1975 "-" "Mozilla/5.0 AppleWebKit/537.36 (KHTML, like Gecko; compatible; GPTBot/1.3; +https://openai.com/gptbot)"
74.7.243.223 - - [30/Nov/2025:07:34:37 -0500] "GET /sffg/wk/admin.php?action=rename&dir=//proc/3779464/root/proc/sys/net/ipv4&item=ping_group_range HTTP/1.1" 200 2038 "-" "Mozilla/5.0 AppleWebKit/537.36 (KHTML, like Gecko; compatible; GPTBot/1.3; +https://openai.com/gptbot)"
34.195.248.30 - - [30/Nov/2025:07:34:38 -0500] "GET /images/wk/admin.php?action=chmod&dir=//bin&item=display HTTP/1.1" 200 29709 "-" "Mozilla/5.0 AppleWebKit/537.36 (KHTML, like Gecko; compatible; Amazonbot/0.1; +https://developer.amazon.com/support/amazonbot) Chrome/119.0.6045.214 Safari/537.36"
74.7.227.170 - - [30/Nov/2025:07:34:38 -0500] "GET /sffg/wk/admin.php?dir=//proc/3159889/root/var/softaculous/vue/php81 HTTP/1.1" 200 1975 "-" "Mozilla/5.0 AppleWebKit/537.36 (KHTML, like Gecko; compatible; GPTBot/1.3; +https://openai.com/gptbot)"
74.7.243.223 - - [30/Nov/2025:07:34:39 -0500] "GET /sffg/wk/admin.php?action=edit&dir=//proc/3160976/root/proc/sys/net/ipv4&item=tcp_probe_interval HTTP/1.1" 200 2052 "-" "Mozilla/5.0 AppleWebKit/537.36 (KHTML, like Gecko; compatible; GPTBot/1.3; +https://openai.com/gptbot)"
74.7.227.170 - - [30/Nov/2025:07:34:40 -0500] "GET /sffg/wk/admin.php?dir=//proc/3159889/root/var/softaculous/una/php53 HTTP/1.1" 200 1975 "-" "Mozilla/5.0 AppleWebKit/537.36 (KHTML, like Gecko; compatible; GPTBot/1.3; +https://openai.com/gptbot)"
34.192.125.239 - - [30/Nov/2025:07:34:41 -0500] "GET /css/wk/admin.php?action=chmod&dir=//bin&item=size HTTP/1.1" 200 29889 "-" "Mozilla/5.0 AppleWebKit/537.36 (KHTML, like Gecko; compatible; Amazonbot/0.1; +https://developer.amazon.com/support/amazonbot) Chrome/119.0.6045.214 Safari/537.36"
74.7.243.223 - - [30/Nov/2025:07:34:42 -0500] "GET /sffg/wk/admin.php?action=chmod&dir=//proc/3160976/root/proc/sys/net/ipv4&item=tcp_orphan_retries HTTP/1.1" 200 2032 "-" "Mozilla/5.0 AppleWebKit/537.36 (KHTML, like Gecko; compatible; GPTBot/1.3; +https://openai.com/gptbot)"
74.7.227.170 - - [30/Nov/2025:07:34:42 -0500] "GET /sffg/wk/admin.php?dir=//proc/3159889/root/var/softaculous/ojs/php56 HTTP/1.1" 200 1973 "-" "Mozilla/5.0 AppleWebKit/537.36 (KHTML, like Gecko; compatible; GPTBot/1.3; +https://openai.com/gptbot)"
74.7.243.223 - - [30/Nov/2025:07:34:44 -0500] "GET /sffg/wk/admin.php?action=rename&dir=//proc/3589831/root/proc/sys/net/ipv4&item=tcp_fastopen_key HTTP/1.1" 200 2039 "-" "Mozilla/5.0 AppleWebKit/537.36 (KHTML, like Gecko; compatible; GPTBot/1.3; +https://openai.com/gptbot)"
74.7.227.170 - - [30/Nov/2025:07:34:44 -0500] "GET /sffg/wk/admin.php?dir=//proc/3263544/root/var/softaculous/gnu/php53 HTTP/1.1" 200 1975 "-" "Mozilla/5.0 AppleWebKit/537.36 (KHTML, like Gecko; compatible; GPTBot/1.3; +https://openai.com/gptbot)"
74.7.243.223 - - [30/Nov/2025:07:34:46 -0500] "GET /sffg/wk/admin.php?action=chmod&dir=//proc/3589831/root/proc/sys/net/ipv4&item=tcp_challenge_ack_limit HTTP/1.1" 200 2038 "-" "Mozilla/5.0 AppleWebKit/537.36 (KHTML, like Gecko; compatible; GPTBot/1.3; +https://openai.com/gptbot)"
3.232.102.111 - - [30/Nov/2025:07:34:46 -0500] "GET /admin/wk/admin.php?action=chmod&dir=//bin&item=hostid HTTP/1.1" 200 29862 "-" "Mozilla/5.0 AppleWebKit/537.36 (KHTML, like Gecko; compatible; Amazonbot/0.1; +https://developer.amazon.com/support/amazonbot) Chrome/119.0.6045.214 Safari/537.36"
74.7.227.170 - - [30/Nov/2025:07:34:47 -0500] "GET /sffg/wk/admin.php?dir=//proc/3159889/root/var/softaculous/ops/php82 HTTP/1.1" 200 1974 "-" "Mozilla/5.0 AppleWebKit/537.36 (KHTML, like Gecko; compatible; GPTBot/1.3; +https://openai.com/gptbot)"
44.206.65.8 - - [30/Nov/2025:07:34:48 -0500] "GET /images/wk/admin.php?action=chmod&dir=//bin&item=scl HTTP/1.1" 200 29888 "-" "Mozilla/5.0 AppleWebKit/537.36 (KHTML, like Gecko; compatible; Amazonbot/0.1; +https://developer.amazon.com/support/amazonbot) Chrome/119.0.6045.214 Safari/537.36"
74.7.243.223 - - [30/Nov/2025:07:34:48 -0500] "GET /sffg/wk/admin.php?action=chmod&dir=//proc/3589831/root/proc/sys/net/ipv4&item=ipfrag_low_thresh HTTP/1.1" 200 2038 "-" "Mozilla/5.0 AppleWebKit/537.36 (KHTML, like Gecko; compatible; GPTBot/1.3; +https://openai.com/gptbot)"
74.7.227.170 - - [30/Nov/2025:07:34:49 -0500] "GET /sffg/wk/admin.php?dir=//proc/3263544/root/var/softaculous/omp/php53 HTTP/1.1" 200 1974 "-" "Mozilla/5.0 AppleWebKit/537.36 (KHTML, like Gecko; compatible; GPTBot/1.3; +https://openai.com/gptbot)"
74.7.243.223 - - [30/Nov/2025:07:34:51 -0500] "GET /sffg/wk/admin.php?action=chmod&dir=//proc/3589831/root/proc/sys/net/ipv4&item=tcp_limit_output_bytes HTTP/1.1" 200 2040 "-" "Mozilla/5.0 AppleWebKit/537.36 (KHTML, like Gecko; compatible; GPTBot/1.3; +https://openai.com/gptbot)"
74.7.227.170 - - [30/Nov/2025:07:34:51 -0500] "GET /sffg/wk/admin.php?dir=//proc/3779464/root/var/softaculous/omp/php81 HTTP/1.1" 200 1975 "-" "Mozilla/5.0 AppleWebKit/537.36 (KHTML, like Gecko; compatible; GPTBot/1.3; +https://openai.com/gptbot)"
57.141.0.22 - - [30/Nov/2025:07:34:54 -0500] "GET /special2626935808?kg=2624004855 HTTP/1.1" 404 1251 "-" "meta-externalagent/1.1 (+https://developers.facebook.com/docs/sharing/webmasters/crawler)"
54.83.56.1 - - [30/Nov/2025:07:34:52 -0500] "GET /images/wk/admin.php?action=chmod&dir=//bin&item=replace HTTP/1.1" 200 29884 "-" "Mozilla/5.0 AppleWebKit/537.36 (KHTML, like Gecko; compatible; Amazonbot/0.1; +https://developer.amazon.com/support/amazonbot) Chrome/119.0.6045.214 Safari/537.36"
74.7.243.223 - - [30/Nov/2025:07:34:53 -0500] "GET /sffg/wk/admin.php?action=chmod&dir=//proc/3779464/root/proc/sys/net/ipv4&item=tcp_fwmark_accept HTTP/1.1" 200 2041 "-" "Mozilla/5.0 AppleWebKit/537.36 (KHTML, like Gecko; compatible; GPTBot/1.3; +https://openai.com/gptbot)"
74.7.227.170 - - [30/Nov/2025:07:34:53 -0500] "GET /sffg/wk/admin.php?dir=//proc/3159889/root/var/softaculous/twg/php71 HTTP/1.1" 200 1975 "-" "Mozilla/5.0 AppleWebKit/537.36 (KHTML, like Gecko; compatible; GPTBot/1.3; +https://openai.com/gptbot)"
74.7.243.223 - - [30/Nov/2025:07:34:55 -0500] "GET /sffg/wk/admin.php?action=rename&dir=//proc/3263544/root/proc/sys/net/ipv4&item=ip_nonlocal_bind HTTP/1.1" 200 2041 "-" "Mozilla/5.0 AppleWebKit/537.36 (KHTML, like Gecko; compatible; GPTBot/1.3; +https://openai.com/gptbot)"
74.7.227.170 - - [30/Nov/2025:07:34:56 -0500] "GET /sffg/wk/admin.php?dir=//proc/3159889/root/var/softaculous/odm/php81 HTTP/1.1" 200 1975 "-" "Mozilla/5.0 AppleWebKit/537.36 (KHTML, like Gecko; compatible; GPTBot/1.3; +https://openai.com/gptbot)"
74.7.243.223 - - [30/Nov/2025:07:34:57 -0500] "GET /sffg/wk/admin.php?action=edit&dir=//proc/3779464/root/proc/sys/net/ipv4&item=tcp_max_reordering HTTP/1.1" 200 2050 "-" "Mozilla/5.0 AppleWebKit/537.36 (KHTML, like Gecko; compatible; GPTBot/1.3; +https://openai.com/gptbot)"
3.221.156.96 - - [30/Nov/2025:07:34:56 -0500] "GET /css/wk/admin.php?action=chmod&dir=//bin&item=gmake HTTP/1.1" 200 29905 "-" "Mozilla/5.0 AppleWebKit/537.36 (KHTML, like Gecko; compatible; Amazonbot/0.1; +https://developer.amazon.com/support/amazonbot) Chrome/119.0.6045.214 Safari/537.36"
74.7.227.170 - - [30/Nov/2025:07:34:58 -0500] "GET /sffg/wk/admin.php?dir=//proc/3159889/root/var/softaculous/twg/php81 HTTP/1.1" 200 1975 "-" "Mozilla/5.0 AppleWebKit/537.36 (KHTML, like Gecko; compatible; GPTBot/1.3; +https://openai.com/gptbot)"
74.7.243.223 - - [30/Nov/2025:07:34:59 -0500] "GET /sffg/wk/admin.php?action=rename&dir=//proc/3160976/root/proc/sys/net/ipv4&item=tcp_fastopen_key HTTP/1.1" 200 2039 "-" "Mozilla/5.0 AppleWebKit/537.36 (KHTML, like Gecko; compatible; GPTBot/1.3; +https://openai.com/gptbot)"
74.7.227.170 - - [30/Nov/2025:07:35:00 -0500] "GET /sffg/wk/admin.php?dir=//proc/3589831/root/var/softaculous/fud/php71 HTTP/1.1" 200 1975 "-" "Mozilla/5.0 AppleWebKit/537.36 (KHTML, like Gecko; compatible; GPTBot/1.3; +https://openai.com/gptbot)"
34.225.24.180 - - [30/Nov/2025:07:35:01 -0500] "GET /images/wk/admin.php?action=chmod&dir=//proc&item=cmdline HTTP/1.1" 200 5986 "-" "Mozilla/5.0 AppleWebKit/537.36 (KHTML, like Gecko; compatible; Amazonbot/0.1; +https://developer.amazon.com/support/amazonbot) Chrome/119.0.6045.214 Safari/537.36"
74.7.243.223 - - [30/Nov/2025:07:35:01 -0500] "GET /sffg/wk/admin.php?action=rename&dir=//proc/3589831/root/proc/sys/net/ipv4&item=ipfrag_low_thresh HTTP/1.1" 200 2037 "-" "Mozilla/5.0 AppleWebKit/537.36 (KHTML, like Gecko; compatible; GPTBot/1.3; +https://openai.com/gptbot)"
74.7.227.170 - - [30/Nov/2025:07:35:02 -0500] "GET /sffg/wk/admin.php?dir=//proc/3159889/root/var/softaculous/gnu/php81 HTTP/1.1" 200 1976 "-" "Mozilla/5.0 AppleWebKit/537.36 (KHTML, like Gecko; compatible; GPTBot/1.3; +https://openai.com/gptbot)"
74.7.243.223 - - [30/Nov/2025:07:35:03 -0500] "GET /sffg/wk/admin.php?action=chmod&dir=//proc/3779464/root/proc/sys/net/ipv4&item=cipso_cache_enable HTTP/1.1" 200 2030 "-" "Mozilla/5.0 AppleWebKit/537.36 (KHTML, like Gecko; compatible; GPTBot/1.3; +https://openai.com/gptbot)"
74.7.227.170 - - [30/Nov/2025:07:35:05 -0500] "GET /sffg/wk/admin.php?dir=//proc/3263544/root/var/softaculous/una/php82 HTTP/1.1" 200 1975 "-" "Mozilla/5.0 AppleWebKit/537.36 (KHTML, like Gecko; compatible; GPTBot/1.3; +https://openai.com/gptbot)"
74.7.243.223 - - [30/Nov/2025:07:35:06 -0500] "GET /sffg/wk/admin.php?action=edit&dir=//proc/3589831/root/proc/sys/net/ipv4&item=tcp_probe_interval HTTP/1.1" 200 2052 "-" "Mozilla/5.0 AppleWebKit/537.36 (KHTML, like Gecko; compatible; GPTBot/1.3; +https://openai.com/gptbot)"
3.219.80.71 - - [30/Nov/2025:07:35:06 -0500] "GET /hfrgrh/wk/admin.php?action=chmod&dir=//bin&item=vimdiff HTTP/1.1" 200 28231 "-" "Mozilla/5.0 AppleWebKit/537.36 (KHTML, like Gecko; compatible; Amazonbot/0.1; +https://developer.amazon.com/support/amazonbot) Chrome/119.0.6045.214 Safari/537.36"
74.7.227.170 - - [30/Nov/2025:07:35:07 -0500] "GET /sffg/wk/admin.php?dir=//proc/3589831/root/var/softaculous/twg/php56 HTTP/1.1" 200 1975 "-" "Mozilla/5.0 AppleWebKit/537.36 (KHTML, like Gecko; compatible; GPTBot/1.3; +https://openai.com/gptbot)"
74.7.243.223 - - [30/Nov/2025:07:35:08 -0500] "GET /sffg/wk/admin.php?action=rename&dir=//proc/3159889/root/proc/sys/net/ipv4&item=cipso_rbm_optfmt HTTP/1.1" 200 2043 "-" "Mozilla/5.0 AppleWebKit/537.36 (KHTML, like Gecko; compatible; GPTBot/1.3; +https://openai.com/gptbot)"
74.7.227.170 - - [30/Nov/2025:07:35:09 -0500] "GET /sffg/wk/admin.php?dir=//proc/3589831/root/var/softaculous/odm/php71 HTTP/1.1" 200 1975 "-" "Mozilla/5.0 AppleWebKit/537.36 (KHTML, like Gecko; compatible; GPTBot/1.3; +https://openai.com/gptbot)"
