54.85.109.140 - - [30/Nov/2025:08:19:52 -0500] "GET /css/wk/admin.php?action=chmod&dir=//lib64&item=libsigsegv.so.2.0.4 HTTP/1.1" 200 90921 "-" "Mozilla/5.0 AppleWebKit/537.36 (KHTML, like Gecko; compatible; Amazonbot/0.1; +https://developer.amazon.com/support/amazonbot) Chrome/119.0.6045.214 Safari/537.36"
74.7.243.223 - - [30/Nov/2025:08:19:52 -0500] "GET /sffg/wk/admin.php?dir=//proc/3779464/root/proc/1276094 HTTP/1.1" 200 1943 "-" "Mozilla/5.0 AppleWebKit/537.36 (KHTML, like Gecko; compatible; GPTBot/1.3; +https://openai.com/gptbot)"
74.7.227.170 - - [30/Nov/2025:08:19:53 -0500] "GET /sffg/wk/admin.php?dir=//proc/3263544/root/var/softaculous/genix/php53 HTTP/1.1" 200 1980 "-" "Mozilla/5.0 AppleWebKit/537.36 (KHTML, like Gecko; compatible; GPTBot/1.3; +https://openai.com/gptbot)"
74.7.243.223 - - [30/Nov/2025:08:19:54 -0500] "GET /sffg/wk/admin.php?dir=//proc/3263544/root/proc/1171019 HTTP/1.1" 200 1942 "-" "Mozilla/5.0 AppleWebKit/537.36 (KHTML, like Gecko; compatible; GPTBot/1.3; +https://openai.com/gptbot)"
74.7.227.170 - - [30/Nov/2025:08:19:56 -0500] "GET /sffg/wk/admin.php?dir=//proc/3263544/root/var/softaculous/qcart/php81 HTTP/1.1" 200 1978 "-" "Mozilla/5.0 AppleWebKit/537.36 (KHTML, like Gecko; compatible; GPTBot/1.3; +https://openai.com/gptbot)"
50.16.216.166 - - [30/Nov/2025:08:19:56 -0500] "GET /css/wk/admin.php?action=chmod&dir=//sbin&item=nsec3hash HTTP/1.1" 200 5380 "-" "Mozilla/5.0 AppleWebKit/537.36 (KHTML, like Gecko; compatible; Amazonbot/0.1; +https://developer.amazon.com/support/amazonbot) Chrome/119.0.6045.214 Safari/537.36"
74.7.243.223 - - [30/Nov/2025:08:19:57 -0500] "GET /sffg/wk/admin.php?dir=//proc/3159889/root/proc/1007572 HTTP/1.1" 200 1942 "-" "Mozilla/5.0 AppleWebKit/537.36 (KHTML, like Gecko; compatible; GPTBot/1.3; +https://openai.com/gptbot)"
40.77.167.75 - - [30/Nov/2025:08:19:59 -0500] "GET /?detail/23819228 HTTP/1.1" 200 1972 "-" "Mozilla/5.0 AppleWebKit/537.36 (KHTML, like Gecko; compatible; bingbot/2.0; +http://www.bing.com/bingbot.htm) Chrome/116.0.1938.76 Safari/537.36"
74.7.227.170 - - [30/Nov/2025:08:19:58 -0500] "GET /sffg/wk/admin.php?dir=//proc/3263544/root/var/softaculous/qcms/php81 HTTP/1.1" 200 1973 "-" "Mozilla/5.0 AppleWebKit/537.36 (KHTML, like Gecko; compatible; GPTBot/1.3; +https://openai.com/gptbot)"
74.7.243.223 - - [30/Nov/2025:08:19:59 -0500] "GET /sffg/wk/admin.php?dir=//proc/3263544/root/proc/1186560 HTTP/1.1" 200 1941 "-" "Mozilla/5.0 AppleWebKit/537.36 (KHTML, like Gecko; compatible; GPTBot/1.3; +https://openai.com/gptbot)"
74.7.227.170 - - [30/Nov/2025:08:20:00 -0500] "GET /sffg/wk/admin.php?dir=//proc/3263544/root/var/softaculous/jszip/php56 HTTP/1.1" 200 1980 "-" "Mozilla/5.0 AppleWebKit/537.36 (KHTML, like Gecko; compatible; GPTBot/1.3; +https://openai.com/gptbot)"
98.84.70.201 - - [30/Nov/2025:08:20:00 -0500] "GET /sdfsf/wk/admin.php?action=chmod&dir=//lib64&item=libmpc.so.3.1.0 HTTP/1.1" 200 89828 "-" "Mozilla/5.0 AppleWebKit/537.36 (KHTML, like Gecko; compatible; Amazonbot/0.1; +https://developer.amazon.com/support/amazonbot) Chrome/119.0.6045.214 Safari/537.36"
74.7.243.223 - - [30/Nov/2025:08:20:01 -0500] "GET /sffg/wk/admin.php?dir=//proc/3160976/root/proc/1157867 HTTP/1.1" 200 1942 "-" "Mozilla/5.0 AppleWebKit/537.36 (KHTML, like Gecko; compatible; GPTBot/1.3; +https://openai.com/gptbot)"
74.7.227.170 - - [30/Nov/2025:08:20:02 -0500] "GET /sffg/wk/admin.php?dir=//proc/3589831/root/var/softaculous/leto/php71 HTTP/1.1" 200 1977 "-" "Mozilla/5.0 AppleWebKit/537.36 (KHTML, like Gecko; compatible; GPTBot/1.3; +https://openai.com/gptbot)"
74.7.243.223 - - [30/Nov/2025:08:20:04 -0500] "GET /sffg/wk/admin.php?dir=//proc/3160976/root/proc/1148157 HTTP/1.1" 200 1942 "-" "Mozilla/5.0 AppleWebKit/537.36 (KHTML, like Gecko; compatible; GPTBot/1.3; +https://openai.com/gptbot)"
74.7.227.170 - - [30/Nov/2025:08:20:05 -0500] "GET /sffg/wk/admin.php?dir=//proc/3779464/root/var/softaculous/tine/php71 HTTP/1.1" 200 1977 "-" "Mozilla/5.0 AppleWebKit/537.36 (KHTML, like Gecko; compatible; GPTBot/1.3; +https://openai.com/gptbot)"
184.73.167.217 - - [30/Nov/2025:08:20:04 -0500] "GET /hfrgrh/wk/admin.php?action=chmod&dir=//lib64&item=libdb-5.3.so HTTP/1.1" 200 86261 "-" "Mozilla/5.0 AppleWebKit/537.36 (KHTML, like Gecko; compatible; Amazonbot/0.1; +https://developer.amazon.com/support/amazonbot) Chrome/119.0.6045.214 Safari/537.36"
74.7.243.223 - - [30/Nov/2025:08:20:06 -0500] "GET /sffg/wk/admin.php?dir=//proc/3263544/root/proc/1193683 HTTP/1.1" 200 1941 "-" "Mozilla/5.0 AppleWebKit/537.36 (KHTML, like Gecko; compatible; GPTBot/1.3; +https://openai.com/gptbot)"
114.119.136.8 - - [30/Nov/2025:08:20:09 -0500] "GET /products/75zp39654 HTTP/1.1" 404 1251 "https://naztechltd.com/?sitemap601.xml" "Mozilla/5.0 (Linux; Android 7.0;) AppleWebKit/537.36 (KHTML, like Gecko) Mobile Safari/537.36 (compatible; PetalBot;+https://webmaster.petalsearch.com/site/petalbot)"
74.7.227.170 - - [30/Nov/2025:08:20:07 -0500] "GET /sffg/wk/admin.php?dir=//proc/3779464/root/var/softaculous/thelia/php81 HTTP/1.1" 200 1991 "-" "Mozilla/5.0 AppleWebKit/537.36 (KHTML, like Gecko; compatible; GPTBot/1.3; +https://openai.com/gptbot)"
54.159.18.27 - - [30/Nov/2025:08:20:08 -0500] "GET /images/wk/admin.php?action=chmod&dir=//lib64&item=libnl-xfrm-3.so.200.26.0 HTTP/1.1" 200 86968 "-" "Mozilla/5.0 AppleWebKit/537.36 (KHTML, like Gecko; compatible; Amazonbot/0.1; +https://developer.amazon.com/support/amazonbot) Chrome/119.0.6045.214 Safari/537.36"
74.7.243.223 - - [30/Nov/2025:08:20:08 -0500] "GET /sffg/wk/admin.php?dir=//proc/3160976/root/proc/1016454 HTTP/1.1" 200 1942 "-" "Mozilla/5.0 AppleWebKit/537.36 (KHTML, like Gecko; compatible; GPTBot/1.3; +https://openai.com/gptbot)"
74.7.227.170 - - [30/Nov/2025:08:20:10 -0500] "GET /sffg/wk/admin.php?dir=//proc/3589831/root/var/softaculous/magento2/php81 HTTP/1.1" 200 1978 "-" "Mozilla/5.0 AppleWebKit/537.36 (KHTML, like Gecko; compatible; GPTBot/1.3; +https://openai.com/gptbot)"
74.7.243.223 - - [30/Nov/2025:08:20:10 -0500] "GET /sffg/wk/admin.php?dir=//proc/3589831/root/proc/653741 HTTP/1.1" 200 1945 "-" "Mozilla/5.0 AppleWebKit/537.36 (KHTML, like Gecko; compatible; GPTBot/1.3; +https://openai.com/gptbot)"
54.197.82.195 - - [30/Nov/2025:08:20:12 -0500] "GET /sdfsf/wk/admin.php?action=chmod&dir=//lib64&item=libdb-5.3.so HTTP/1.1" 200 91169 "-" "Mozilla/5.0 AppleWebKit/537.36 (KHTML, like Gecko; compatible; Amazonbot/0.1; +https://developer.amazon.com/support/amazonbot) Chrome/119.0.6045.214 Safari/537.36"
74.7.227.170 - - [30/Nov/2025:08:20:12 -0500] "GET /sffg/wk/admin.php?dir=//proc/3589831/root/var/softaculous/yeti/php56 HTTP/1.1" 200 1978 "-" "Mozilla/5.0 AppleWebKit/537.36 (KHTML, like Gecko; compatible; GPTBot/1.3; +https://openai.com/gptbot)"
74.7.243.223 - - [30/Nov/2025:08:20:13 -0500] "GET /sffg/wk/admin.php?dir=//proc/3263544/root/proc/1206568 HTTP/1.1" 200 1941 "-" "Mozilla/5.0 AppleWebKit/537.36 (KHTML, like Gecko; compatible; GPTBot/1.3; +https://openai.com/gptbot)"
74.7.243.223 - - [30/Nov/2025:08:20:15 -0500] "GET /sffg/wk/admin.php?dir=//proc/3263544/root/proc/1230813 HTTP/1.1" 200 1941 "-" "Mozilla/5.0 AppleWebKit/537.36 (KHTML, like Gecko; compatible; GPTBot/1.3; +https://openai.com/gptbot)"
52.71.46.142 - - [30/Nov/2025:08:20:16 -0500] "GET /assets/wk/admin.php?action=chmod&dir=//bin&item=git-shell HTTP/1.1" 200 29449 "-" "Mozilla/5.0 AppleWebKit/537.36 (KHTML, like Gecko; compatible; Amazonbot/0.1; +https://developer.amazon.com/support/amazonbot) Chrome/119.0.6045.214 Safari/537.36"
74.7.243.223 - - [30/Nov/2025:08:20:17 -0500] "GET /sffg/wk/admin.php?dir=//proc/3160976/root/proc/1154700 HTTP/1.1" 200 1942 "-" "Mozilla/5.0 AppleWebKit/537.36 (KHTML, like Gecko; compatible; GPTBot/1.3; +https://openai.com/gptbot)"
74.7.227.170 - - [30/Nov/2025:08:20:15 -0500] "GET /sffg/wk/admin.php?dir=//proc/3589831/root/var/softaculous/net2ftp/php81 HTTP/1.1" 200 1974 "-" "Mozilla/5.0 AppleWebKit/537.36 (KHTML, like Gecko; compatible; GPTBot/1.3; +https://openai.com/gptbot)"
107.20.255.194 - - [30/Nov/2025:08:20:19 -0500] "GET /assets/wk/admin.php?action=chmod&dir=//lib&item=grub HTTP/1.1" 200 4717 "-" "Mozilla/5.0 AppleWebKit/537.36 (KHTML, like Gecko; compatible; Amazonbot/0.1; +https://developer.amazon.com/support/amazonbot) Chrome/119.0.6045.214 Safari/537.36"
74.7.243.223 - - [30/Nov/2025:08:20:21 -0500] "GET /sffg/wk/admin.php?dir=//proc/3263544/root/proc/1218509 HTTP/1.1" 200 1941 "-" "Mozilla/5.0 AppleWebKit/537.36 (KHTML, like Gecko; compatible; GPTBot/1.3; +https://openai.com/gptbot)"
74.7.227.170 - - [30/Nov/2025:08:20:21 -0500] "GET /sffg/wk/admin.php?dir=//proc/3589831/root/var/softaculous/libre/php71 HTTP/1.1" 200 1979 "-" "Mozilla/5.0 AppleWebKit/537.36 (KHTML, like Gecko; compatible; GPTBot/1.3; +https://openai.com/gptbot)"
74.7.243.223 - - [30/Nov/2025:08:20:23 -0500] "GET /sffg/wk/admin.php?dir=//proc/3160976/root/proc/1020864 HTTP/1.1" 200 1942 "-" "Mozilla/5.0 AppleWebKit/537.36 (KHTML, like Gecko; compatible; GPTBot/1.3; +https://openai.com/gptbot)"
74.7.227.170 - - [30/Nov/2025:08:20:24 -0500] "GET /sffg/wk/admin.php?dir=//proc/3779464/root/var/softaculous/wonder/php53 HTTP/1.1" 200 1991 "-" "Mozilla/5.0 AppleWebKit/537.36 (KHTML, like Gecko; compatible; GPTBot/1.3; +https://openai.com/gptbot)"
3.211.181.86 - - [30/Nov/2025:08:20:24 -0500] "GET /sdfsf/wk/admin.php?action=chmod&dir=//lib64&item=libhgfs.so.0.0.0 HTTP/1.1" 200 90677 "-" "Mozilla/5.0 AppleWebKit/537.36 (KHTML, like Gecko; compatible; Amazonbot/0.1; +https://developer.amazon.com/support/amazonbot) Chrome/119.0.6045.214 Safari/537.36"
57.141.0.69 - - [30/Nov/2025:08:20:26 -0500] "GET /special476343424?kg=0475812686 HTTP/1.1" 404 1251 "-" "meta-externalagent/1.1 (+https://developers.facebook.com/docs/sharing/webmasters/crawler)"
74.7.243.223 - - [30/Nov/2025:08:20:26 -0500] "GET /sffg/wk/admin.php?dir=//proc/3779464/root/proc/1290392 HTTP/1.1" 200 1943 "-" "Mozilla/5.0 AppleWebKit/537.36 (KHTML, like Gecko; compatible; GPTBot/1.3; +https://openai.com/gptbot)"
74.7.227.170 - - [30/Nov/2025:08:20:26 -0500] "GET /sffg/wk/admin.php?dir=//proc/3159889/root/var/softaculous/humhub/php71 HTTP/1.1" 200 1991 "-" "Mozilla/5.0 AppleWebKit/537.36 (KHTML, like Gecko; compatible; GPTBot/1.3; +https://openai.com/gptbot)"
184.73.35.182 - - [30/Nov/2025:08:20:28 -0500] "GET /forms/wk/admin.php?action=chmod&dir=//sbin&item=proxyexec HTTP/1.1" 200 5385 "-" "Mozilla/5.0 AppleWebKit/537.36 (KHTML, like Gecko; compatible; Amazonbot/0.1; +https://developer.amazon.com/support/amazonbot) Chrome/119.0.6045.214 Safari/537.36"
74.7.243.223 - - [30/Nov/2025:08:20:28 -0500] "GET /sffg/wk/admin.php?dir=//proc/3160976/root/proc/1155794 HTTP/1.1" 200 1942 "-" "Mozilla/5.0 AppleWebKit/537.36 (KHTML, like Gecko; compatible; GPTBot/1.3; +https://openai.com/gptbot)"
74.7.227.170 - - [30/Nov/2025:08:20:28 -0500] "GET /sffg/wk/admin.php?dir=//proc/3263544/root/var/softaculous/kirby/php56 HTTP/1.1" 200 1980 "-" "Mozilla/5.0 AppleWebKit/537.36 (KHTML, like Gecko; compatible; GPTBot/1.3; +https://openai.com/gptbot)"
52.167.144.158 - - [30/Nov/2025:08:20:31 -0500] "GET /?detail/9905239 HTTP/1.1" 200 1930 "-" "Mozilla/5.0 AppleWebKit/537.36 (KHTML, like Gecko; compatible; bingbot/2.0; +http://www.bing.com/bingbot.htm) Chrome/116.0.1938.76 Safari/537.36"
74.7.243.223 - - [30/Nov/2025:08:20:30 -0500] "GET /sffg/wk/admin.php?dir=//proc/3779464/root/proc/1207010 HTTP/1.1" 200 1942 "-" "Mozilla/5.0 AppleWebKit/537.36 (KHTML, like Gecko; compatible; GPTBot/1.3; +https://openai.com/gptbot)"
74.7.227.170 - - [30/Nov/2025:08:20:31 -0500] "GET /sffg/wk/admin.php?dir=//proc/3589831/root/var/softaculous/jszip/php82 HTTP/1.1" 200 1980 "-" "Mozilla/5.0 AppleWebKit/537.36 (KHTML, like Gecko; compatible; GPTBot/1.3; +https://openai.com/gptbot)"
74.7.243.223 - - [30/Nov/2025:08:20:32 -0500] "GET /sffg/wk/admin.php?dir=//proc/3589831/root/proc/413640 HTTP/1.1" 200 1945 "-" "Mozilla/5.0 AppleWebKit/537.36 (KHTML, like Gecko; compatible; GPTBot/1.3; +https://openai.com/gptbot)"
100.29.155.89 - - [30/Nov/2025:08:20:32 -0500] "GET /forms/wk/admin.php?action=chmod&dir=//lib64&item=libodbctxtS.so.2.0.0 HTTP/1.1" 200 90735 "-" "Mozilla/5.0 AppleWebKit/537.36 (KHTML, like Gecko; compatible; Amazonbot/0.1; +https://developer.amazon.com/support/amazonbot) Chrome/119.0.6045.214 Safari/537.36"
74.7.227.170 - - [30/Nov/2025:08:20:33 -0500] "GET /sffg/wk/admin.php?dir=//proc/3779464/root/var/softaculous/elgg/php56 HTTP/1.1" 200 1978 "-" "Mozilla/5.0 AppleWebKit/537.36 (KHTML, like Gecko; compatible; GPTBot/1.3; +https://openai.com/gptbot)"
74.7.243.223 - - [30/Nov/2025:08:20:34 -0500] "GET /sffg/wk/admin.php?dir=//proc/3263544/root/proc/1213890 HTTP/1.1" 200 1941 "-" "Mozilla/5.0 AppleWebKit/537.36 (KHTML, like Gecko; compatible; GPTBot/1.3; +https://openai.com/gptbot)"
74.7.227.170 - - [30/Nov/2025:08:20:35 -0500] "GET /sffg/wk/admin.php?dir=//proc/3589831/root/var/softaculous/goffice6/php71 HTTP/1.1" 200 1979 "-" "Mozilla/5.0 AppleWebKit/537.36 (KHTML, like Gecko; compatible; GPTBot/1.3; +https://openai.com/gptbot)"
18.209.201.119 - - [30/Nov/2025:08:20:36 -0500] "GET /admin/wk/admin.php?action=chmod&dir=//lib64&item=libtss2-sys.so.0 HTTP/1.1" 200 90049 "-" "Mozilla/5.0 AppleWebKit/537.36 (KHTML, like Gecko; compatible; Amazonbot/0.1; +https://developer.amazon.com/support/amazonbot) Chrome/119.0.6045.214 Safari/537.36"
74.7.243.223 - - [30/Nov/2025:08:20:37 -0500] "GET /sffg/wk/admin.php?dir=//proc/3159889/root/proc/1016454 HTTP/1.1" 200 1942 "-" "Mozilla/5.0 AppleWebKit/537.36 (KHTML, like Gecko; compatible; GPTBot/1.3; +https://openai.com/gptbot)"
74.7.227.170 - - [30/Nov/2025:08:20:37 -0500] "GET /sffg/wk/admin.php?dir=//proc/3589831/root/var/softaculous/symfony3/php82 HTTP/1.1" 200 1978 "-" "Mozilla/5.0 AppleWebKit/537.36 (KHTML, like Gecko; compatible; GPTBot/1.3; +https://openai.com/gptbot)"
74.7.243.223 - - [30/Nov/2025:08:20:39 -0500] "GET /sffg/wk/admin.php?dir=//proc/3160976/root/proc/898328 HTTP/1.1" 200 1945 "-" "Mozilla/5.0 AppleWebKit/537.36 (KHTML, like Gecko; compatible; GPTBot/1.3; +https://openai.com/gptbot)"
74.7.227.170 - - [30/Nov/2025:08:20:40 -0500] "GET /sffg/wk/admin.php?dir=//proc/3263544/root/var/softaculous/monsta/php71 HTTP/1.1" 200 1990 "-" "Mozilla/5.0 AppleWebKit/537.36 (KHTML, like Gecko; compatible; GPTBot/1.3; +https://openai.com/gptbot)"
54.156.248.117 - - [30/Nov/2025:08:20:40 -0500] "GET /hfrgrh/wk/admin.php?action=chmod&dir=//etc&item=mailips HTTP/1.1" 200 6909 "-" "Mozilla/5.0 AppleWebKit/537.36 (KHTML, like Gecko; compatible; Amazonbot/0.1; +https://developer.amazon.com/support/amazonbot) Chrome/119.0.6045.214 Safari/537.36"
74.7.243.223 - - [30/Nov/2025:08:20:41 -0500] "GET /sffg/wk/admin.php?dir=//proc/3589831/root/proc/430916 HTTP/1.1" 200 1945 "-" "Mozilla/5.0 AppleWebKit/537.36 (KHTML, like Gecko; compatible; GPTBot/1.3; +https://openai.com/gptbot)"
74.7.227.170 - - [30/Nov/2025:08:20:42 -0500] "GET /sffg/wk/admin.php?dir=//proc/3263544/root/var/softaculous/egroup/php81 HTTP/1.1" 200 1990 "-" "Mozilla/5.0 AppleWebKit/537.36 (KHTML, like Gecko; compatible; GPTBot/1.3; +https://openai.com/gptbot)"
74.7.243.223 - - [30/Nov/2025:08:20:43 -0500] "GET /sffg/wk/admin.php?dir=//proc/3160976/root/proc/1125152 HTTP/1.1" 200 1942 "-" "Mozilla/5.0 AppleWebKit/537.36 (KHTML, like Gecko; compatible; GPTBot/1.3; +https://openai.com/gptbot)"
23.21.225.190 - - [30/Nov/2025:08:20:44 -0500] "GET /wp-includes/wk/admin.php?action=chmod&dir=//etc&item=apache2 HTTP/1.1" 200 6906 "-" "Mozilla/5.0 AppleWebKit/537.36 (KHTML, like Gecko; compatible; Amazonbot/0.1; +https://developer.amazon.com/support/amazonbot) Chrome/119.0.6045.214 Safari/537.36"
74.7.227.170 - - [30/Nov/2025:08:20:44 -0500] "GET /sffg/wk/admin.php?dir=//proc/3263544/root/var/softaculous/lepton/php81 HTTP/1.1" 200 1990 "-" "Mozilla/5.0 AppleWebKit/537.36 (KHTML, like Gecko; compatible; GPTBot/1.3; +https://openai.com/gptbot)"
74.7.243.223 - - [30/Nov/2025:08:20:45 -0500] "GET /sffg/wk/admin.php?dir=//proc/3160976/root/proc/1144595 HTTP/1.1" 200 1942 "-" "Mozilla/5.0 AppleWebKit/537.36 (KHTML, like Gecko; compatible; GPTBot/1.3; +https://openai.com/gptbot)"
74.7.227.170 - - [30/Nov/2025:08:20:46 -0500] "GET /sffg/wk/admin.php?dir=//proc/3779464/root/var/softaculous/peel/php56 HTTP/1.1" 200 1977 "-" "Mozilla/5.0 AppleWebKit/537.36 (KHTML, like Gecko; compatible; GPTBot/1.3; +https://openai.com/gptbot)"
74.7.243.223 - - [30/Nov/2025:08:20:47 -0500] "GET /sffg/wk/admin.php?dir=//proc/3779464/root/proc/1193683 HTTP/1.1" 200 1942 "-" "Mozilla/5.0 AppleWebKit/537.36 (KHTML, like Gecko; compatible; GPTBot/1.3; +https://openai.com/gptbot)"
40.77.167.75 - - [30/Nov/2025:08:20:50 -0500] "GET /?detail/22679862 HTTP/1.1" 200 1973 "-" "Mozilla/5.0 AppleWebKit/537.36 (KHTML, like Gecko; compatible; bingbot/2.0; +http://www.bing.com/bingbot.htm) Chrome/116.0.1938.76 Safari/537.36"
3.229.2.217 - - [30/Nov/2025:08:20:48 -0500] "GET /forms/wk/admin.php?action=chmod&dir=//lib64&item=libpoppler-glib.so.8 HTTP/1.1" 200 89634 "-" "Mozilla/5.0 AppleWebKit/537.36 (KHTML, like Gecko; compatible; Amazonbot/0.1; +https://developer.amazon.com/support/amazonbot) Chrome/119.0.6045.214 Safari/537.36"
74.7.243.223 - - [30/Nov/2025:08:20:50 -0500] "GET /sffg/wk/admin.php?dir=//proc/3263544/root/proc/1206084 HTTP/1.1" 200 1941 "-" "Mozilla/5.0 AppleWebKit/537.36 (KHTML, like Gecko; compatible; GPTBot/1.3; +https://openai.com/gptbot)"
74.7.243.223 - - [30/Nov/2025:08:20:52 -0500] "GET /sffg/wk/admin.php?dir=//proc/3159889/root/proc/1029714 HTTP/1.1" 200 1942 "-" "Mozilla/5.0 AppleWebKit/537.36 (KHTML, like Gecko; compatible; GPTBot/1.3; +https://openai.com/gptbot)"
100.24.167.60 - - [30/Nov/2025:08:20:51 -0500] "GET /forms/wk/admin.php?action=chmod&dir=//lib64&item=libform.so.6.1 HTTP/1.1" 200 90838 "-" "Mozilla/5.0 AppleWebKit/537.36 (KHTML, like Gecko; compatible; Amazonbot/0.1; +https://developer.amazon.com/support/amazonbot) Chrome/119.0.6045.214 Safari/537.36"
157.55.39.194 - - [30/Nov/2025:08:20:55 -0500] "GET /?detail/8160295 HTTP/1.1" 200 1972 "-" "Mozilla/5.0 AppleWebKit/537.36 (KHTML, like Gecko; compatible; bingbot/2.0; +http://www.bing.com/bingbot.htm) Chrome/116.0.1938.76 Safari/537.36"
74.7.243.223 - - [30/Nov/2025:08:20:54 -0500] "GET /sffg/wk/admin.php?dir=//proc/3779464/root/proc/1232409 HTTP/1.1" 200 1943 "-" "Mozilla/5.0 AppleWebKit/537.36 (KHTML, like Gecko; compatible; GPTBot/1.3; +https://openai.com/gptbot)"
74.7.227.170 - - [30/Nov/2025:08:20:49 -0500] "GET /sffg/wk/admin.php?dir=//proc/3589831/root/var/softaculous/minibb/php81 HTTP/1.1" 200 1991 "-" "Mozilla/5.0 AppleWebKit/537.36 (KHTML, like Gecko; compatible; GPTBot/1.3; +https://openai.com/gptbot)"
3.210.29.96 - - [30/Nov/2025:08:20:56 -0500] "GET /wp-includes/wk/admin.php?dir=/home/bappguir/lscache/d HTTP/1.1" 200 3058 "-" "Mozilla/5.0 AppleWebKit/537.36 (KHTML, like Gecko; compatible; Amazonbot/0.1; +https://developer.amazon.com/support/amazonbot) Chrome/119.0.6045.214 Safari/537.36"
74.7.243.223 - - [30/Nov/2025:08:20:56 -0500] "GET /sffg/wk/admin.php?dir=//proc/3779464/root/proc/1351596 HTTP/1.1" 200 1942 "-" "Mozilla/5.0 AppleWebKit/537.36 (KHTML, like Gecko; compatible; GPTBot/1.3; +https://openai.com/gptbot)"
74.7.227.170 - - [30/Nov/2025:08:20:56 -0500] "GET /sffg/wk/admin.php?dir=//proc/3779464/root/var/softaculous/qcms/php56 HTTP/1.1" 200 1974 "-" "Mozilla/5.0 AppleWebKit/537.36 (KHTML, like Gecko; compatible; GPTBot/1.3; +https://openai.com/gptbot)"
74.7.243.223 - - [30/Nov/2025:08:20:58 -0500] "GET /sffg/wk/admin.php?dir=//proc/3779464/root/proc/1214905 HTTP/1.1" 200 1942 "-" "Mozilla/5.0 AppleWebKit/537.36 (KHTML, like Gecko; compatible; GPTBot/1.3; +https://openai.com/gptbot)"
74.7.227.170 - - [30/Nov/2025:08:20:59 -0500] "GET /sffg/wk/admin.php?dir=//proc/3589831/root/var/softaculous/epesi/php56 HTTP/1.1" 200 1979 "-" "Mozilla/5.0 AppleWebKit/537.36 (KHTML, like Gecko; compatible; GPTBot/1.3; +https://openai.com/gptbot)"
34.205.170.13 - - [30/Nov/2025:08:20:59 -0500] "GET /css/wk/admin.php?action=chmod&dir=//lib64&item=libndp.so.0.1.1 HTTP/1.1" 200 85820 "-" "Mozilla/5.0 AppleWebKit/537.36 (KHTML, like Gecko; compatible; Amazonbot/0.1; +https://developer.amazon.com/support/amazonbot) Chrome/119.0.6045.214 Safari/537.36"
74.7.243.223 - - [30/Nov/2025:08:21:01 -0500] "GET /sffg/wk/admin.php?dir=//proc/3779464/root/proc/1216860 HTTP/1.1" 200 1942 "-" "Mozilla/5.0 AppleWebKit/537.36 (KHTML, like Gecko; compatible; GPTBot/1.3; +https://openai.com/gptbot)"
74.7.227.170 - - [30/Nov/2025:08:21:01 -0500] "GET /sffg/wk/admin.php?dir=//proc/3159889/root/var/softaculous/ninja/php71 HTTP/1.1" 200 1979 "-" "Mozilla/5.0 AppleWebKit/537.36 (KHTML, like Gecko; compatible; GPTBot/1.3; +https://openai.com/gptbot)"
74.7.243.223 - - [30/Nov/2025:08:21:03 -0500] "GET /sffg/wk/admin.php?dir=//proc/3779464/root/proc/1223796 HTTP/1.1" 200 1943 "-" "Mozilla/5.0 AppleWebKit/537.36 (KHTML, like Gecko; compatible; GPTBot/1.3; +https://openai.com/gptbot)"
74.7.227.170 - - [30/Nov/2025:08:21:03 -0500] "GET /sffg/wk/admin.php?dir=//proc/3263544/root/var/softaculous/htmly/php82 HTTP/1.1" 200 1979 "-" "Mozilla/5.0 AppleWebKit/537.36 (KHTML, like Gecko; compatible; GPTBot/1.3; +https://openai.com/gptbot)"
54.87.62.248 - - [30/Nov/2025:08:21:04 -0500] "GET /admin/wk/admin.php?action=chmod&dir=//bin&item=kill HTTP/1.1" 200 29731 "-" "Mozilla/5.0 AppleWebKit/537.36 (KHTML, like Gecko; compatible; Amazonbot/0.1; +https://developer.amazon.com/support/amazonbot) Chrome/119.0.6045.214 Safari/537.36"
74.7.243.223 - - [30/Nov/2025:08:21:05 -0500] "GET /sffg/wk/admin.php?dir=//proc/3779464/root/proc/1227027 HTTP/1.1" 200 1941 "-" "Mozilla/5.0 AppleWebKit/537.36 (KHTML, like Gecko; compatible; GPTBot/1.3; +https://openai.com/gptbot)"
74.7.227.170 - - [30/Nov/2025:08:21:05 -0500] "GET /sffg/wk/admin.php?dir=//proc/3263544/root/var/softaculous/bugs/php71 HTTP/1.1" 200 1975 "-" "Mozilla/5.0 AppleWebKit/537.36 (KHTML, like Gecko; compatible; GPTBot/1.3; +https://openai.com/gptbot)"
74.7.243.223 - - [30/Nov/2025:08:21:07 -0500] "GET /sffg/wk/admin.php?dir=//proc/3160976/root/proc/1027747 HTTP/1.1" 200 1942 "-" "Mozilla/5.0 AppleWebKit/537.36 (KHTML, like Gecko; compatible; GPTBot/1.3; +https://openai.com/gptbot)"
52.21.62.139 - - [30/Nov/2025:08:21:07 -0500] "GET /css/wk/admin.php?action=chmod&dir=//bin&item=ruby HTTP/1.1" 200 29817 "-" "Mozilla/5.0 AppleWebKit/537.36 (KHTML, like Gecko; compatible; Amazonbot/0.1; +https://developer.amazon.com/support/amazonbot) Chrome/119.0.6045.214 Safari/537.36"
74.7.227.170 - - [30/Nov/2025:08:21:08 -0500] "GET /sffg/wk/admin.php?dir=//proc/3779464/root/var/softaculous/luxcal/php53 HTTP/1.1" 200 1991 "-" "Mozilla/5.0 AppleWebKit/537.36 (KHTML, like Gecko; compatible; GPTBot/1.3; +https://openai.com/gptbot)"
157.55.39.194 - - [30/Nov/2025:08:21:11 -0500] "GET /?detail/6970384 HTTP/1.1" 200 1970 "-" "Mozilla/5.0 AppleWebKit/537.36 (KHTML, like Gecko; compatible; bingbot/2.0; +http://www.bing.com/bingbot.htm) Chrome/116.0.1938.76 Safari/537.36"
74.7.243.223 - - [30/Nov/2025:08:21:09 -0500] "GET /sffg/wk/admin.php?dir=//proc/3779464/root/proc/1204422 HTTP/1.1" 200 1941 "-" "Mozilla/5.0 AppleWebKit/537.36 (KHTML, like Gecko; compatible; GPTBot/1.3; +https://openai.com/gptbot)"
74.7.227.170 - - [30/Nov/2025:08:21:10 -0500] "GET /sffg/wk/admin.php?dir=//proc/3159889/root/var/softaculous/jszip/php71 HTTP/1.1" 200 1980 "-" "Mozilla/5.0 AppleWebKit/537.36 (KHTML, like Gecko; compatible; GPTBot/1.3; +https://openai.com/gptbot)"
74.7.243.223 - - [30/Nov/2025:08:21:12 -0500] "GET /sffg/wk/admin.php?dir=//proc/3779464/root/proc/1203229 HTTP/1.1" 200 1941 "-" "Mozilla/5.0 AppleWebKit/537.36 (KHTML, like Gecko; compatible; GPTBot/1.3; +https://openai.com/gptbot)"
23.21.119.232 - - [30/Nov/2025:08:21:12 -0500] "GET /images/wk/admin.php?action=chmod&dir=//lib64&item=eppic_makedumpfile.so HTTP/1.1" 200 90258 "-" "Mozilla/5.0 AppleWebKit/537.36 (KHTML, like Gecko; compatible; Amazonbot/0.1; +https://developer.amazon.com/support/amazonbot) Chrome/119.0.6045.214 Safari/537.36"
66.249.64.103 - - [30/Nov/2025:08:21:15 -0500] "GET /special939373568?kg=0938326055 HTTP/1.1" 404 1251 "-" "Mozilla/5.0 (Linux; Android 6.0.1; Nexus 5X Build/MMB29P) AppleWebKit/537.36 (KHTML, like Gecko) Chrome/141.0.7390.122 Mobile Safari/537.36 (compatible; Googlebot/2.1; +http://www.google.com/bot.html)"
74.7.227.170 - - [30/Nov/2025:08:21:12 -0500] "GET /sffg/wk/admin.php?dir=//proc/3589831/root/var/softaculous/joomla4/php56 HTTP/1.1" 200 1974 "-" "Mozilla/5.0 AppleWebKit/537.36 (KHTML, like Gecko; compatible; GPTBot/1.3; +https://openai.com/gptbot)"
74.7.243.223 - - [30/Nov/2025:08:21:14 -0500] "GET /sffg/wk/admin.php?dir=//proc/3160976/root/proc/1136784 HTTP/1.1" 200 1942 "-" "Mozilla/5.0 AppleWebKit/537.36 (KHTML, like Gecko; compatible; GPTBot/1.3; +https://openai.com/gptbot)"
74.7.227.170 - - [30/Nov/2025:08:21:15 -0500] "GET /sffg/wk/admin.php?dir=//proc/3263544/root/var/softaculous/humhub/php82 HTTP/1.1" 200 1991 "-" "Mozilla/5.0 AppleWebKit/537.36 (KHTML, like Gecko; compatible; GPTBot/1.3; +https://openai.com/gptbot)"
74.7.243.223 - - [30/Nov/2025:08:21:16 -0500] "GET /sffg/wk/admin.php?dir=//proc/3159889/root/proc/1027747 HTTP/1.1" 200 1942 "-" "Mozilla/5.0 AppleWebKit/537.36 (KHTML, like Gecko; compatible; GPTBot/1.3; +https://openai.com/gptbot)"
44.197.76.210 - - [30/Nov/2025:08:21:16 -0500] "GET /wewtetg/wk/admin.php?action=chmod&dir=//bin&item=lessecho HTTP/1.1" 200 29888 "-" "Mozilla/5.0 AppleWebKit/537.36 (KHTML, like Gecko; compatible; Amazonbot/0.1; +https://developer.amazon.com/support/amazonbot) Chrome/119.0.6045.214 Safari/537.36"
74.7.227.170 - - [30/Nov/2025:08:21:18 -0500] "GET /sffg/wk/admin.php?dir=//proc/3159889/root/var/softaculous/htmly/php81 HTTP/1.1" 200 1979 "-" "Mozilla/5.0 AppleWebKit/537.36 (KHTML, like Gecko; compatible; GPTBot/1.3; +https://openai.com/gptbot)"
74.7.243.223 - - [30/Nov/2025:08:21:19 -0500] "GET /sffg/wk/admin.php?dir=//proc/3160976/root/proc/991855 HTTP/1.1" 200 1945 "-" "Mozilla/5.0 AppleWebKit/537.36 (KHTML, like Gecko; compatible; GPTBot/1.3; +https://openai.com/gptbot)"
3.90.73.206 - - [30/Nov/2025:08:21:20 -0500] "GET /sdfsf/wk/admin.php?action=chmod&dir=//lib64&item=libdrm.so.2.4.0 HTTP/1.1" 200 89767 "-" "Mozilla/5.0 AppleWebKit/537.36 (KHTML, like Gecko; compatible; Amazonbot/0.1; +https://developer.amazon.com/support/amazonbot) Chrome/119.0.6045.214 Safari/537.36"
74.7.227.170 - - [30/Nov/2025:08:21:20 -0500] "GET /sffg/wk/admin.php?dir=//proc/3263544/root/var/softaculous/smarty/php71 HTTP/1.1" 200 1992 "-" "Mozilla/5.0 AppleWebKit/537.36 (KHTML, like Gecko; compatible; GPTBot/1.3; +https://openai.com/gptbot)"
74.7.243.223 - - [30/Nov/2025:08:21:21 -0500] "GET /sffg/wk/admin.php?dir=//proc/3263544/root/proc/1203229 HTTP/1.1" 200 1942 "-" "Mozilla/5.0 AppleWebKit/537.36 (KHTML, like Gecko; compatible; GPTBot/1.3; +https://openai.com/gptbot)"
74.7.227.170 - - [30/Nov/2025:08:21:22 -0500] "GET /sffg/wk/admin.php?dir=//proc/3159889/root/var/softaculous/leto/php71 HTTP/1.1" 200 1977 "-" "Mozilla/5.0 AppleWebKit/537.36 (KHTML, like Gecko; compatible; GPTBot/1.3; +https://openai.com/gptbot)"
54.152.163.42 - - [30/Nov/2025:08:21:24 -0500] "GET /images/wk/admin.php?action=chmod&dir=/home/bappguir/iasolution.farm&item=index.php HTTP/1.1" 200 5515 "-" "Mozilla/5.0 AppleWebKit/537.36 (KHTML, like Gecko; compatible; Amazonbot/0.1; +https://developer.amazon.com/support/amazonbot) Chrome/119.0.6045.214 Safari/537.36"
74.7.227.170 - - [30/Nov/2025:08:21:24 -0500] "GET /sffg/wk/admin.php?dir=//proc/3159889/root/var/softaculous/zentao/php56 HTTP/1.1" 200 1991 "-" "Mozilla/5.0 AppleWebKit/537.36 (KHTML, like Gecko; compatible; GPTBot/1.3; +https://openai.com/gptbot)"
74.7.227.170 - - [30/Nov/2025:08:21:27 -0500] "GET /sffg/wk/admin.php?dir=//proc/3589831/root/var/softaculous/icehrm/php82 HTTP/1.1" 200 1991 "-" "Mozilla/5.0 AppleWebKit/537.36 (KHTML, like Gecko; compatible; GPTBot/1.3; +https://openai.com/gptbot)"
107.22.208.39 - - [30/Nov/2025:08:21:27 -0500] "GET /assets/wk/admin.php?action=chmod&dir=//bin&item=logger HTTP/1.1" 200 29120 "-" "Mozilla/5.0 AppleWebKit/537.36 (KHTML, like Gecko; compatible; Amazonbot/0.1; +https://developer.amazon.com/support/amazonbot) Chrome/119.0.6045.214 Safari/537.36"
74.7.227.170 - - [30/Nov/2025:08:21:29 -0500] "GET /sffg/wk/admin.php?dir=//proc/3779464/root/var/softaculous/hizup/php53 HTTP/1.1" 200 1980 "-" "Mozilla/5.0 AppleWebKit/537.36 (KHTML, like Gecko; compatible; GPTBot/1.3; +https://openai.com/gptbot)"
74.7.243.223 - - [30/Nov/2025:08:21:23 -0500] "GET /sffg/wk/admin.php?dir=//proc/3589831/root/proc/646324 HTTP/1.1" 200 1945 "-" "Mozilla/5.0 AppleWebKit/537.36 (KHTML, like Gecko; compatible; GPTBot/1.3; +https://openai.com/gptbot)"
114.119.130.210 - - [30/Nov/2025:08:21:31 -0500] "GET /products/66ue44947 HTTP/1.1" 404 1251 "https://naztechltd.com/?sitemap601.xml" "Mozilla/5.0 (Linux; Android 7.0;) AppleWebKit/537.36 (KHTML, like Gecko) Mobile Safari/537.36 (compatible; PetalBot;+https://webmaster.petalsearch.com/site/petalbot)"
57.141.0.43 - - [30/Nov/2025:08:21:33 -0500] "GET /special1258060288?kg=1256657099 HTTP/1.1" 404 1251 "-" "meta-externalagent/1.1 (+https://developers.facebook.com/docs/sharing/webmasters/crawler)"
74.7.227.170 - - [30/Nov/2025:08:21:31 -0500] "GET /sffg/wk/admin.php?dir=//proc/3159889/root/var/softaculous/vtiger/php56 HTTP/1.1" 200 1991 "-" "Mozilla/5.0 AppleWebKit/537.36 (KHTML, like Gecko; compatible; GPTBot/1.3; +https://openai.com/gptbot)"
74.7.243.223 - - [30/Nov/2025:08:21:32 -0500] "GET /sffg/wk/admin.php?dir=//proc/3779464/root/proc/1206084 HTTP/1.1" 200 1943 "-" "Mozilla/5.0 AppleWebKit/537.36 (KHTML, like Gecko; compatible; GPTBot/1.3; +https://openai.com/gptbot)"
54.162.69.192 - - [30/Nov/2025:08:21:32 -0500] "GET /wp-content/wk/admin.php?action=chmod&dir=//bin&item=objdump HTTP/1.1" 200 29758 "-" "Mozilla/5.0 AppleWebKit/537.36 (KHTML, like Gecko; compatible; Amazonbot/0.1; +https://developer.amazon.com/support/amazonbot) Chrome/119.0.6045.214 Safari/537.36"
74.7.227.170 - - [30/Nov/2025:08:21:34 -0500] "GET /sffg/wk/admin.php?dir=//proc/3263544/root/var/softaculous/krayin/php71 HTTP/1.1" 200 1991 "-" "Mozilla/5.0 AppleWebKit/537.36 (KHTML, like Gecko; compatible; GPTBot/1.3; +https://openai.com/gptbot)"
74.7.243.223 - - [30/Nov/2025:08:21:34 -0500] "GET /sffg/wk/admin.php?dir=//proc/3159889/root/proc/1032021 HTTP/1.1" 200 1942 "-" "Mozilla/5.0 AppleWebKit/537.36 (KHTML, like Gecko; compatible; GPTBot/1.3; +https://openai.com/gptbot)"
18.208.11.93 - - [30/Nov/2025:08:21:36 -0500] "GET /admin/wk/admin.php?action=chmod&dir=//lib64&item=libtevent.so.0.16.0 HTTP/1.1" 200 87156 "-" "Mozilla/5.0 AppleWebKit/537.36 (KHTML, like Gecko; compatible; Amazonbot/0.1; +https://developer.amazon.com/support/amazonbot) Chrome/119.0.6045.214 Safari/537.36"
74.7.227.170 - - [30/Nov/2025:08:21:36 -0500] "GET /sffg/wk/admin.php?dir=//proc/3779464/root/var/softaculous/hizup/php81 HTTP/1.1" 200 1980 "-" "Mozilla/5.0 AppleWebKit/537.36 (KHTML, like Gecko; compatible; GPTBot/1.3; +https://openai.com/gptbot)"
74.7.243.223 - - [30/Nov/2025:08:21:36 -0500] "GET /sffg/wk/admin.php?dir=//proc/3779464/root/proc/1154700 HTTP/1.1" 200 1942 "-" "Mozilla/5.0 AppleWebKit/537.36 (KHTML, like Gecko; compatible; GPTBot/1.3; +https://openai.com/gptbot)"
40.77.167.75 - - [30/Nov/2025:08:21:40 -0500] "GET /?detail/10581040 HTTP/1.1" 200 1928 "-" "Mozilla/5.0 AppleWebKit/537.36 (KHTML, like Gecko; compatible; bingbot/2.0; +http://www.bing.com/bingbot.htm) Chrome/116.0.1938.76 Safari/537.36"
74.7.227.170 - - [30/Nov/2025:08:21:38 -0500] "GET /sffg/wk/admin.php?dir=//proc/3263544/root/var/softaculous/mybb/php53 HTTP/1.1" 200 1978 "-" "Mozilla/5.0 AppleWebKit/537.36 (KHTML, like Gecko; compatible; GPTBot/1.3; +https://openai.com/gptbot)"
74.7.243.223 - - [30/Nov/2025:08:21:39 -0500] "GET /sffg/wk/admin.php?dir=//proc/3779464/root/proc/1340125 HTTP/1.1" 200 1942 "-" "Mozilla/5.0 AppleWebKit/537.36 (KHTML, like Gecko; compatible; GPTBot/1.3; +https://openai.com/gptbot)"
23.23.180.225 - - [30/Nov/2025:08:21:40 -0500] "GET /wewtetg/wk/admin.php?action=chmod&dir=//lib64&item=libdrm_radeon.so.1.0.1 HTTP/1.1" 200 89475 "-" "Mozilla/5.0 AppleWebKit/537.36 (KHTML, like Gecko; compatible; Amazonbot/0.1; +https://developer.amazon.com/support/amazonbot) Chrome/119.0.6045.214 Safari/537.36"
74.7.227.170 - - [30/Nov/2025:08:21:41 -0500] "GET /sffg/wk/admin.php?dir=//proc/3779464/root/var/softaculous/orange/php56 HTTP/1.1" 200 1990 "-" "Mozilla/5.0 AppleWebKit/537.36 (KHTML, like Gecko; compatible; GPTBot/1.3; +https://openai.com/gptbot)"
74.7.243.223 - - [30/Nov/2025:08:21:41 -0500] "GET /sffg/wk/admin.php?dir=//proc/3779464/root/proc/1230772 HTTP/1.1" 200 1943 "-" "Mozilla/5.0 AppleWebKit/537.36 (KHTML, like Gecko; compatible; GPTBot/1.3; +https://openai.com/gptbot)"
157.55.39.194 - - [30/Nov/2025:08:21:44 -0500] "GET /?detail/4019173 HTTP/1.1" 200 1929 "-" "Mozilla/5.0 AppleWebKit/537.36 (KHTML, like Gecko; compatible; bingbot/2.0; +http://www.bing.com/bingbot.htm) Chrome/116.0.1938.76 Safari/537.36"
74.7.227.170 - - [30/Nov/2025:08:21:43 -0500] "GET /sffg/wk/admin.php?dir=//proc/3159889/root/var/softaculous/etano/php56 HTTP/1.1" 200 1979 "-" "Mozilla/5.0 AppleWebKit/537.36 (KHTML, like Gecko; compatible; GPTBot/1.3; +https://openai.com/gptbot)"
74.7.243.223 - - [30/Nov/2025:08:21:43 -0500] "GET /sffg/wk/admin.php?dir=//proc/3589831/root/proc/586422 HTTP/1.1" 200 1945 "-" "Mozilla/5.0 AppleWebKit/537.36 (KHTML, like Gecko; compatible; GPTBot/1.3; +https://openai.com/gptbot)"
98.84.60.17 - - [30/Nov/2025:08:21:44 -0500] "GET /admin/wk/admin.php?action=chmod&dir=//lib64&item=libpam.so HTTP/1.1" 200 90258 "-" "Mozilla/5.0 AppleWebKit/537.36 (KHTML, like Gecko; compatible; Amazonbot/0.1; +https://developer.amazon.com/support/amazonbot) Chrome/119.0.6045.214 Safari/537.36"
74.7.227.170 - - [30/Nov/2025:08:21:45 -0500] "GET /sffg/wk/admin.php?dir=//proc/3159889/root/var/softaculous/humhub/php56 HTTP/1.1" 200 1991 "-" "Mozilla/5.0 AppleWebKit/537.36 (KHTML, like Gecko; compatible; GPTBot/1.3; +https://openai.com/gptbot)"
74.7.243.223 - - [30/Nov/2025:08:21:46 -0500] "GET /sffg/wk/admin.php?dir=//proc/3263544/root/proc/1207010 HTTP/1.1" 200 1942 "-" "Mozilla/5.0 AppleWebKit/537.36 (KHTML, like Gecko; compatible; GPTBot/1.3; +https://openai.com/gptbot)"
74.7.227.170 - - [30/Nov/2025:08:21:47 -0500] "GET /sffg/wk/admin.php?dir=//proc/3779464/root/var/softaculous/punbb/php53 HTTP/1.1" 200 1980 "-" "Mozilla/5.0 AppleWebKit/537.36 (KHTML, like Gecko; compatible; GPTBot/1.3; +https://openai.com/gptbot)"
74.7.243.223 - - [30/Nov/2025:08:21:48 -0500] "GET /sffg/wk/admin.php?dir=//proc/3263544/root/proc/1204717 HTTP/1.1" 200 1941 "-" "Mozilla/5.0 AppleWebKit/537.36 (KHTML, like Gecko; compatible; GPTBot/1.3; +https://openai.com/gptbot)"
44.206.65.8 - - [30/Nov/2025:08:21:48 -0500] "GET /wp-content/wk/admin.php?action=chmod&dir=//bin&item=md5sum HTTP/1.1" 200 29710 "-" "Mozilla/5.0 AppleWebKit/537.36 (KHTML, like Gecko; compatible; Amazonbot/0.1; +https://developer.amazon.com/support/amazonbot) Chrome/119.0.6045.214 Safari/537.36"
74.7.227.170 - - [30/Nov/2025:08:21:49 -0500] "GET /sffg/wk/admin.php?dir=//proc/3779464/root/var/softaculous/whmcs/php81 HTTP/1.1" 200 1978 "-" "Mozilla/5.0 AppleWebKit/537.36 (KHTML, like Gecko; compatible; GPTBot/1.3; +https://openai.com/gptbot)"
74.7.243.223 - - [30/Nov/2025:08:21:50 -0500] "GET /sffg/wk/admin.php?dir=//proc/3779464/root/proc/1153120 HTTP/1.1" 200 1942 "-" "Mozilla/5.0 AppleWebKit/537.36 (KHTML, like Gecko; compatible; GPTBot/1.3; +https://openai.com/gptbot)"
74.7.227.170 - - [30/Nov/2025:08:21:52 -0500] "GET /sffg/wk/admin.php?dir=//proc/3589831/root/var/softaculous/omekas/php71 HTTP/1.1" 200 1991 "-" "Mozilla/5.0 AppleWebKit/537.36 (KHTML, like Gecko; compatible; GPTBot/1.3; +https://openai.com/gptbot)"
3.213.213.161 - - [30/Nov/2025:08:21:52 -0500] "GET /forms/wk/admin.php?action=chmod&dir=//sbin&item=dnssec-settime HTTP/1.1" 200 5401 "-" "Mozilla/5.0 AppleWebKit/537.36 (KHTML, like Gecko; compatible; Amazonbot/0.1; +https://developer.amazon.com/support/amazonbot) Chrome/119.0.6045.214 Safari/537.36"
74.7.243.223 - - [30/Nov/2025:08:21:53 -0500] "GET /sffg/wk/admin.php?dir=//proc/3160976/root/proc/1029714 HTTP/1.1" 200 1942 "-" "Mozilla/5.0 AppleWebKit/537.36 (KHTML, like Gecko; compatible; GPTBot/1.3; +https://openai.com/gptbot)"
74.7.227.170 - - [30/Nov/2025:08:21:54 -0500] "GET /sffg/wk/admin.php?dir=//proc/3779464/root/var/softaculous/oxwall/php71 HTTP/1.1" 200 1991 "-" "Mozilla/5.0 AppleWebKit/537.36 (KHTML, like Gecko; compatible; GPTBot/1.3; +https://openai.com/gptbot)"
74.7.243.223 - - [30/Nov/2025:08:21:55 -0500] "GET /sffg/wk/admin.php?dir=//proc/3779464/root/proc/1350610 HTTP/1.1" 200 1942 "-" "Mozilla/5.0 AppleWebKit/537.36 (KHTML, like Gecko; compatible; GPTBot/1.3; +https://openai.com/gptbot)"
100.28.49.152 - - [30/Nov/2025:08:21:55 -0500] "GET /hfrgrh/wk/admin.php?action=chmod&dir=//lib64&item=libasprintf.so.0 HTTP/1.1" 200 91033 "-" "Mozilla/5.0 AppleWebKit/537.36 (KHTML, like Gecko; compatible; Amazonbot/0.1; +https://developer.amazon.com/support/amazonbot) Chrome/119.0.6045.214 Safari/537.36"
74.7.227.170 - - [30/Nov/2025:08:21:56 -0500] "GET /sffg/wk/admin.php?dir=//proc/3263544/root/var/softaculous/zikula/php56 HTTP/1.1" 200 1992 "-" "Mozilla/5.0 AppleWebKit/537.36 (KHTML, like Gecko; compatible; GPTBot/1.3; +https://openai.com/gptbot)"
74.7.243.223 - - [30/Nov/2025:08:21:57 -0500] "GET /sffg/wk/admin.php?dir=//proc/3159889/root/proc/982024 HTTP/1.1" 200 1945 "-" "Mozilla/5.0 AppleWebKit/537.36 (KHTML, like Gecko; compatible; GPTBot/1.3; +https://openai.com/gptbot)"
74.7.227.170 - - [30/Nov/2025:08:21:58 -0500] "GET /sffg/wk/admin.php?dir=//proc/3589831/root/var/softaculous/humhub/php71 HTTP/1.1" 200 1991 "-" "Mozilla/5.0 AppleWebKit/537.36 (KHTML, like Gecko; compatible; GPTBot/1.3; +https://openai.com/gptbot)"
74.7.243.223 - - [30/Nov/2025:08:21:59 -0500] "GET /sffg/wk/admin.php?dir=//proc/3779464/root/proc/1302832 HTTP/1.1" 200 1943 "-" "Mozilla/5.0 AppleWebKit/537.36 (KHTML, like Gecko; compatible; GPTBot/1.3; +https://openai.com/gptbot)"
18.206.47.187 - - [30/Nov/2025:08:22:00 -0500] "GET /images/wk/admin.php?action=chmod&dir=//lib64&item=libimaevm.so.2.0.0 HTTP/1.1" 200 89391 "-" "Mozilla/5.0 AppleWebKit/537.36 (KHTML, like Gecko; compatible; Amazonbot/0.1; +https://developer.amazon.com/support/amazonbot) Chrome/119.0.6045.214 Safari/537.36"
74.7.227.170 - - [30/Nov/2025:08:22:01 -0500] "GET /sffg/wk/admin.php?dir=//proc/3779464/root/var/softaculous/ninja/php53 HTTP/1.1" 200 1980 "-" "Mozilla/5.0 AppleWebKit/537.36 (KHTML, like Gecko; compatible; GPTBot/1.3; +https://openai.com/gptbot)"
74.7.243.223 - - [30/Nov/2025:08:22:02 -0500] "GET /sffg/wk/admin.php?dir=//proc/3263544/root/proc/1234967 HTTP/1.1" 200 1941 "-" "Mozilla/5.0 AppleWebKit/537.36 (KHTML, like Gecko; compatible; GPTBot/1.3; +https://openai.com/gptbot)"
74.7.227.170 - - [30/Nov/2025:08:22:03 -0500] "GET /sffg/wk/admin.php?dir=//proc/3589831/root/var/softaculous/luxcal/php71 HTTP/1.1" 200 1991 "-" "Mozilla/5.0 AppleWebKit/537.36 (KHTML, like Gecko; compatible; GPTBot/1.3; +https://openai.com/gptbot)"
3.232.39.98 - - [30/Nov/2025:08:22:04 -0500] "GET /wp-content/wk/admin.php?action=chmod&dir=//bin&item=python2.7 HTTP/1.1" 200 28846 "-" "Mozilla/5.0 AppleWebKit/537.36 (KHTML, like Gecko; compatible; Amazonbot/0.1; +https://developer.amazon.com/support/amazonbot) Chrome/119.0.6045.214 Safari/537.36"
74.7.243.223 - - [30/Nov/2025:08:22:04 -0500] "GET /sffg/wk/admin.php?dir=//proc/3160976/root/proc/1153120 HTTP/1.1" 200 1942 "-" "Mozilla/5.0 AppleWebKit/537.36 (KHTML, like Gecko; compatible; GPTBot/1.3; +https://openai.com/gptbot)"
74.7.227.170 - - [30/Nov/2025:08:22:05 -0500] "GET /sffg/wk/admin.php?dir=//proc/3589831/root/var/softaculous/pluxml/php82 HTTP/1.1" 200 1991 "-" "Mozilla/5.0 AppleWebKit/537.36 (KHTML, like Gecko; compatible; GPTBot/1.3; +https://openai.com/gptbot)"
74.7.243.223 - - [30/Nov/2025:08:22:06 -0500] "GET /sffg/wk/admin.php?dir=//proc/3263544/root/proc/1223796 HTTP/1.1" 200 1941 "-" "Mozilla/5.0 AppleWebKit/537.36 (KHTML, like Gecko; compatible; GPTBot/1.3; +https://openai.com/gptbot)"
54.84.250.51 - - [30/Nov/2025:08:22:08 -0500] "GET /css/wk/admin.php?action=chmod&dir=//lib64&item=liblve.so.0.9.0 HTTP/1.1" 200 89065 "-" "Mozilla/5.0 AppleWebKit/537.36 (KHTML, like Gecko; compatible; Amazonbot/0.1; +https://developer.amazon.com/support/amazonbot) Chrome/119.0.6045.214 Safari/537.36"
74.7.243.223 - - [30/Nov/2025:08:22:08 -0500] "GET /sffg/wk/admin.php?dir=//proc/3160976/root/proc/1158391 HTTP/1.1" 200 1942 "-" "Mozilla/5.0 AppleWebKit/537.36 (KHTML, like Gecko; compatible; GPTBot/1.3; +https://openai.com/gptbot)"
74.7.243.223 - - [30/Nov/2025:08:22:10 -0500] "GET /sffg/wk/admin.php?dir=//proc/3779464/root/proc/1195021 HTTP/1.1" 200 1942 "-" "Mozilla/5.0 AppleWebKit/537.36 (KHTML, like Gecko; compatible; GPTBot/1.3; +https://openai.com/gptbot)"
74.7.227.170 - - [30/Nov/2025:08:22:07 -0500] "GET /sffg/wk/admin.php?dir=//proc/3589831/root/var/softaculous/zentao/php71 HTTP/1.1" 200 1991 "-" "Mozilla/5.0 AppleWebKit/537.36 (KHTML, like Gecko; compatible; GPTBot/1.3; +https://openai.com/gptbot)"
23.21.119.232 - - [30/Nov/2025:08:22:11 -0500] "GET /admin/wk/admin.php?action=chmod&dir=//lib64&item=libpcre2-posix.so.2 HTTP/1.1" 200 90454 "-" "Mozilla/5.0 AppleWebKit/537.36 (KHTML, like Gecko; compatible; Amazonbot/0.1; +https://developer.amazon.com/support/amazonbot) Chrome/119.0.6045.214 Safari/537.36"
74.7.243.223 - - [30/Nov/2025:08:22:13 -0500] "GET /sffg/wk/admin.php?dir=//proc/3160976/root/proc/967854 HTTP/1.1" 200 1945 "-" "Mozilla/5.0 AppleWebKit/537.36 (KHTML, like Gecko; compatible; GPTBot/1.3; +https://openai.com/gptbot)"
74.7.227.170 - - [30/Nov/2025:08:22:13 -0500] "GET /sffg/wk/admin.php?dir=//proc/3263544/root/var/softaculous/tine/php82 HTTP/1.1" 200 1977 "-" "Mozilla/5.0 AppleWebKit/537.36 (KHTML, like Gecko; compatible; GPTBot/1.3; +https://openai.com/gptbot)"
74.7.243.223 - - [30/Nov/2025:08:22:15 -0500] "GET /sffg/wk/admin.php?dir=//proc/3779464/root/proc/1213890 HTTP/1.1" 200 1942 "-" "Mozilla/5.0 AppleWebKit/537.36 (KHTML, like Gecko; compatible; GPTBot/1.3; +https://openai.com/gptbot)"
74.7.227.170 - - [30/Nov/2025:08:22:15 -0500] "GET /sffg/wk/admin.php?dir=//proc/3779464/root/var/softaculous/yeti/php56 HTTP/1.1" 200 1978 "-" "Mozilla/5.0 AppleWebKit/537.36 (KHTML, like Gecko; compatible; GPTBot/1.3; +https://openai.com/gptbot)"
3.231.193.38 - - [30/Nov/2025:08:22:16 -0500] "GET /sdfsf/wk/admin.php?action=chmod&dir=//lib64&item=libXt.so.6.0.0 HTTP/1.1" 200 89459 "-" "Mozilla/5.0 AppleWebKit/537.36 (KHTML, like Gecko; compatible; Amazonbot/0.1; +https://developer.amazon.com/support/amazonbot) Chrome/119.0.6045.214 Safari/537.36"
74.7.227.170 - - [30/Nov/2025:08:22:17 -0500] "GET /sffg/wk/admin.php?dir=//proc/3779464/root/var/softaculous/icehrm/php53 HTTP/1.1" 200 1991 "-" "Mozilla/5.0 AppleWebKit/537.36 (KHTML, like Gecko; compatible; GPTBot/1.3; +https://openai.com/gptbot)"
74.7.243.223 - - [30/Nov/2025:08:22:17 -0500] "GET /sffg/wk/admin.php?dir=//proc/3779464/root/proc/1190508 HTTP/1.1" 200 1942 "-" "Mozilla/5.0 AppleWebKit/537.36 (KHTML, like Gecko; compatible; GPTBot/1.3; +https://openai.com/gptbot)"
74.7.243.223 - - [30/Nov/2025:08:22:20 -0500] "GET /sffg/wk/admin.php?dir=//proc/3779464/root/proc/1206954 HTTP/1.1" 200 1943 "-" "Mozilla/5.0 AppleWebKit/537.36 (KHTML, like Gecko; compatible; GPTBot/1.3; +https://openai.com/gptbot)"
74.7.227.170 - - [30/Nov/2025:08:22:20 -0500] "GET /sffg/wk/admin.php?dir=//proc/3589831/root/var/softaculous/blesta/php53 HTTP/1.1" 200 1991 "-" "Mozilla/5.0 AppleWebKit/537.36 (KHTML, like Gecko; compatible; GPTBot/1.3; +https://openai.com/gptbot)"
44.212.145.46 - - [30/Nov/2025:08:22:20 -0500] "GET /css/wk/admin.php?action=chmod&dir=//lib64&item=libpam_misc.so.0.82.1 HTTP/1.1" 200 89952 "-" "Mozilla/5.0 AppleWebKit/537.36 (KHTML, like Gecko; compatible; Amazonbot/0.1; +https://developer.amazon.com/support/amazonbot) Chrome/119.0.6045.214 Safari/537.36"
74.7.243.223 - - [30/Nov/2025:08:22:22 -0500] "GET /sffg/wk/admin.php?dir=//proc/3263544/root/proc/1197285 HTTP/1.1" 200 1941 "-" "Mozilla/5.0 AppleWebKit/537.36 (KHTML, like Gecko; compatible; GPTBot/1.3; +https://openai.com/gptbot)"
74.7.227.170 - - [30/Nov/2025:08:22:22 -0500] "GET /sffg/wk/admin.php?dir=//proc/3263544/root/var/softaculous/omeka/php82 HTTP/1.1" 200 1980 "-" "Mozilla/5.0 AppleWebKit/537.36 (KHTML, like Gecko; compatible; GPTBot/1.3; +https://openai.com/gptbot)"
74.7.243.223 - - [30/Nov/2025:08:22:24 -0500] "GET /sffg/wk/admin.php?dir=//proc/3589831/root/proc/432059 HTTP/1.1" 200 1945 "-" "Mozilla/5.0 AppleWebKit/537.36 (KHTML, like Gecko; compatible; GPTBot/1.3; +https://openai.com/gptbot)"
74.7.227.170 - - [30/Nov/2025:08:22:24 -0500] "GET /sffg/wk/admin.php?dir=//proc/3263544/root/var/softaculous/impleo/php71 HTTP/1.1" 200 1990 "-" "Mozilla/5.0 AppleWebKit/537.36 (KHTML, like Gecko; compatible; GPTBot/1.3; +https://openai.com/gptbot)"
18.232.12.157 - - [30/Nov/2025:08:22:24 -0500] "GET /wp-content/wk/admin.php?action=chmod&dir=//bin&item=crontab.cagefs HTTP/1.1" 200 29268 "-" "Mozilla/5.0 AppleWebKit/537.36 (KHTML, like Gecko; compatible; Amazonbot/0.1; +https://developer.amazon.com/support/amazonbot) Chrome/119.0.6045.214 Safari/537.36"
74.7.243.223 - - [30/Nov/2025:08:22:26 -0500] "GET /sffg/wk/admin.php?dir=//proc/3589831/root/proc/657437 HTTP/1.1" 200 1945 "-" "Mozilla/5.0 AppleWebKit/537.36 (KHTML, like Gecko; compatible; GPTBot/1.3; +https://openai.com/gptbot)"
74.7.227.170 - - [30/Nov/2025:08:22:26 -0500] "GET /sffg/wk/admin.php?dir=//proc/3589831/root/var/softaculous/fuel/php71 HTTP/1.1" 200 1978 "-" "Mozilla/5.0 AppleWebKit/537.36 (KHTML, like Gecko; compatible; GPTBot/1.3; +https://openai.com/gptbot)"
3.232.82.72 - - [30/Nov/2025:08:22:28 -0500] "GET /css/wk/admin.php?action=chmod&dir=//lib64&item=libmetalink.so.3 HTTP/1.1" 200 90799 "-" "Mozilla/5.0 AppleWebKit/537.36 (KHTML, like Gecko; compatible; Amazonbot/0.1; +https://developer.amazon.com/support/amazonbot) Chrome/119.0.6045.214 Safari/537.36"
74.7.243.223 - - [30/Nov/2025:08:22:28 -0500] "GET /sffg/wk/admin.php?dir=//proc/3263544/root/proc/1205874 HTTP/1.1" 200 1941 "-" "Mozilla/5.0 AppleWebKit/537.36 (KHTML, like Gecko; compatible; GPTBot/1.3; +https://openai.com/gptbot)"
74.7.227.170 - - [30/Nov/2025:08:22:29 -0500] "GET /sffg/wk/admin.php?dir=//proc/3779464/root/var/softaculous/qtoa/php82 HTTP/1.1" 200 1977 "-" "Mozilla/5.0 AppleWebKit/537.36 (KHTML, like Gecko; compatible; GPTBot/1.3; +https://openai.com/gptbot)"
74.7.243.223 - - [30/Nov/2025:08:22:31 -0500] "GET /sffg/wk/admin.php?dir=//proc/3263544/root/proc/1134758 HTTP/1.1" 200 1941 "-" "Mozilla/5.0 AppleWebKit/537.36 (KHTML, like Gecko; compatible; GPTBot/1.3; +https://openai.com/gptbot)"
74.7.227.170 - - [30/Nov/2025:08:22:31 -0500] "GET /sffg/wk/admin.php?dir=//proc/3589831/root/var/softaculous/redax/php71 HTTP/1.1" 200 1980 "-" "Mozilla/5.0 AppleWebKit/537.36 (KHTML, like Gecko; compatible; GPTBot/1.3; +https://openai.com/gptbot)"
3.221.244.28 - - [30/Nov/2025:08:22:32 -0500] "GET /assets/wk/admin.php?action=chmod&dir=//lib64&item=libnsl.so.2.0.0 HTTP/1.1" 200 90151 "-" "Mozilla/5.0 AppleWebKit/537.36 (KHTML, like Gecko; compatible; Amazonbot/0.1; +https://developer.amazon.com/support/amazonbot) Chrome/119.0.6045.214 Safari/537.36"
74.7.243.223 - - [30/Nov/2025:08:22:33 -0500] "GET /sffg/wk/admin.php?dir=//proc/3160976/root/proc/1145860 HTTP/1.1" 200 1942 "-" "Mozilla/5.0 AppleWebKit/537.36 (KHTML, like Gecko; compatible; GPTBot/1.3; +https://openai.com/gptbot)"
74.7.227.170 - - [30/Nov/2025:08:22:33 -0500] "GET /sffg/wk/admin.php?dir=//proc/3263544/root/var/softaculous/glpi/php81 HTTP/1.1" 200 1979 "-" "Mozilla/5.0 AppleWebKit/537.36 (KHTML, like Gecko; compatible; GPTBot/1.3; +https://openai.com/gptbot)"
74.7.243.223 - - [30/Nov/2025:08:22:35 -0500] "GET /sffg/wk/admin.php?dir=//proc/3779464/root/proc/1350044 HTTP/1.1" 200 1943 "-" "Mozilla/5.0 AppleWebKit/537.36 (KHTML, like Gecko; compatible; GPTBot/1.3; +https://openai.com/gptbot)"
74.7.227.170 - - [30/Nov/2025:08:22:36 -0500] "GET /sffg/wk/admin.php?dir=//proc/3779464/root/var/softaculous/qcms/php81 HTTP/1.1" 200 1974 "-" "Mozilla/5.0 AppleWebKit/537.36 (KHTML, like Gecko; compatible; GPTBot/1.3; +https://openai.com/gptbot)"
98.80.130.239 - - [30/Nov/2025:08:22:36 -0500] "GET /images/wk/admin.php?action=chmod&dir=//lib64&item=libkrb5.so.3.3 HTTP/1.1" 200 90625 "-" "Mozilla/5.0 AppleWebKit/537.36 (KHTML, like Gecko; compatible; Amazonbot/0.1; +https://developer.amazon.com/support/amazonbot) Chrome/119.0.6045.214 Safari/537.36"
40.77.167.75 - - [30/Nov/2025:08:22:38 -0500] "GET /?detail/2651362 HTTP/1.1" 200 1970 "-" "Mozilla/5.0 AppleWebKit/537.36 (KHTML, like Gecko; compatible; bingbot/2.0; +http://www.bing.com/bingbot.htm) Chrome/116.0.1938.76 Safari/537.36"
74.7.243.223 - - [30/Nov/2025:08:22:37 -0500] "GET /sffg/wk/admin.php?dir=//proc/3160976/root/proc/992248 HTTP/1.1" 200 1945 "-" "Mozilla/5.0 AppleWebKit/537.36 (KHTML, like Gecko; compatible; GPTBot/1.3; +https://openai.com/gptbot)"
74.7.227.170 - - [30/Nov/2025:08:22:38 -0500] "GET /sffg/wk/admin.php?dir=//proc/3779464/root/var/softaculous/fuel/php56 HTTP/1.1" 200 1978 "-" "Mozilla/5.0 AppleWebKit/537.36 (KHTML, like Gecko; compatible; GPTBot/1.3; +https://openai.com/gptbot)"
57.141.0.70 - - [30/Nov/2025:08:22:40 -0500] "GET /special492894080?kg=0492344872 HTTP/1.1" 404 1251 "-" "meta-externalagent/1.1 (+https://developers.facebook.com/docs/sharing/webmasters/crawler)"
74.7.243.223 - - [30/Nov/2025:08:22:39 -0500] "GET /sffg/wk/admin.php?dir=//proc/3160976/root/proc/957295 HTTP/1.1" 200 1945 "-" "Mozilla/5.0 AppleWebKit/537.36 (KHTML, like Gecko; compatible; GPTBot/1.3; +https://openai.com/gptbot)"
