74.7.227.170 - - [30/Nov/2025:08:50:56 -0500] "GET /sffg/wk/admin.php?dir=//proc/3589831/root/var/softaculous/phplot/php56 HTTP/1.1" 200 1988 "-" "Mozilla/5.0 AppleWebKit/537.36 (KHTML, like Gecko; compatible; GPTBot/1.3; +https://openai.com/gptbot)"
74.7.243.223 - - [30/Nov/2025:08:50:57 -0500] "GET /sffg/wk/admin.php?dir=//proc/3589831/root/proc/self/root/lib/firmware/qcom/venus-5.4 HTTP/1.1" 200 2001 "-" "Mozilla/5.0 AppleWebKit/537.36 (KHTML, like Gecko; compatible; GPTBot/1.3; +https://openai.com/gptbot)"
34.192.67.98 - - [30/Nov/2025:08:50:57 -0500] "GET /admin/wk/admin.php?action=chmod&dir=//lib64&item=libpath_utils.so.1 HTTP/1.1" 200 90664 "-" "Mozilla/5.0 AppleWebKit/537.36 (KHTML, like Gecko; compatible; Amazonbot/0.1; +https://developer.amazon.com/support/amazonbot) Chrome/119.0.6045.214 Safari/537.36"
74.7.227.170 - - [30/Nov/2025:08:50:58 -0500] "GET /sffg/wk/admin.php?dir=//proc/3589831/root/var/softaculous/phproj/php71 HTTP/1.1" 200 1990 "-" "Mozilla/5.0 AppleWebKit/537.36 (KHTML, like Gecko; compatible; GPTBot/1.3; +https://openai.com/gptbot)"
74.7.243.223 - - [30/Nov/2025:08:51:00 -0500] "GET /sffg/wk/admin.php?dir=//proc/3779464/root/proc/self/root/lib/firmware/qcom/vpu-1.0 HTTP/1.1" 200 1996 "-" "Mozilla/5.0 AppleWebKit/537.36 (KHTML, like Gecko; compatible; GPTBot/1.3; +https://openai.com/gptbot)"
40.77.167.41 - - [30/Nov/2025:08:51:01 -0500] "GET /?detail/2389039 HTTP/1.1" 200 1928 "-" "Mozilla/5.0 AppleWebKit/537.36 (KHTML, like Gecko; compatible; bingbot/2.0; +http://www.bing.com/bingbot.htm) Chrome/116.0.1938.76 Safari/537.36"
40.77.167.41 - - [30/Nov/2025:08:51:02 -0500] "GET /?detail/5164051 HTTP/1.1" 200 1928 "-" "Mozilla/5.0 AppleWebKit/537.36 (KHTML, like Gecko; compatible; bingbot/2.0; +http://www.bing.com/bingbot.htm) Chrome/116.0.1938.76 Safari/537.36"
18.214.124.6 - - [30/Nov/2025:08:51:00 -0500] "GET /images/wk/admin.php?action=chmod&dir=//lib64&item=libevent-2.1.so.6 HTTP/1.1" 200 88929 "-" "Mozilla/5.0 AppleWebKit/537.36 (KHTML, like Gecko; compatible; Amazonbot/0.1; +https://developer.amazon.com/support/amazonbot) Chrome/119.0.6045.214 Safari/537.36"
74.7.227.170 - - [30/Nov/2025:08:51:01 -0500] "GET /sffg/wk/admin.php?dir=//proc/3589831/root/var/softaculous/mw14/php56 HTTP/1.1" 200 1978 "-" "Mozilla/5.0 AppleWebKit/537.36 (KHTML, like Gecko; compatible; GPTBot/1.3; +https://openai.com/gptbot)"
74.7.243.223 - - [30/Nov/2025:08:51:02 -0500] "GET /sffg/wk/admin.php?dir=//proc/3159889/root/proc/self/root/lib/firmware/qcom/venus-4.2 HTTP/1.1" 200 2001 "-" "Mozilla/5.0 AppleWebKit/537.36 (KHTML, like Gecko; compatible; GPTBot/1.3; +https://openai.com/gptbot)"
74.7.227.170 - - [30/Nov/2025:08:51:03 -0500] "GET /sffg/wk/admin.php?dir=//proc/3589831/root/var/softaculous/mw14/php71 HTTP/1.1" 200 1978 "-" "Mozilla/5.0 AppleWebKit/537.36 (KHTML, like Gecko; compatible; GPTBot/1.3; +https://openai.com/gptbot)"
74.7.243.223 - - [30/Nov/2025:08:51:04 -0500] "GET /sffg/wk/admin.php?dir=//proc/3779464/root/proc/self/root/lib/firmware/qcom/venus-4.2 HTTP/1.1" 200 2001 "-" "Mozilla/5.0 AppleWebKit/537.36 (KHTML, like Gecko; compatible; GPTBot/1.3; +https://openai.com/gptbot)"
54.83.23.103 - - [30/Nov/2025:08:51:04 -0500] "GET /wp-content/wk/admin.php?action=chmod&dir=//etc&item=ssl HTTP/1.1" 200 6904 "-" "Mozilla/5.0 AppleWebKit/537.36 (KHTML, like Gecko; compatible; Amazonbot/0.1; +https://developer.amazon.com/support/amazonbot) Chrome/119.0.6045.214 Safari/537.36"
74.7.227.170 - - [30/Nov/2025:08:51:05 -0500] "GET /sffg/wk/admin.php?dir=//proc/3589831/root/var/softaculous/wp49/php71 HTTP/1.1" 200 1978 "-" "Mozilla/5.0 AppleWebKit/537.36 (KHTML, like Gecko; compatible; GPTBot/1.3; +https://openai.com/gptbot)"
74.7.243.223 - - [30/Nov/2025:08:51:06 -0500] "GET /sffg/wk/admin.php?dir=//proc/3159889/root/proc/self/root/lib/firmware/qcom/venus-5.2 HTTP/1.1" 200 2001 "-" "Mozilla/5.0 AppleWebKit/537.36 (KHTML, like Gecko; compatible; GPTBot/1.3; +https://openai.com/gptbot)"
74.7.227.170 - - [30/Nov/2025:08:51:07 -0500] "GET /sffg/wk/admin.php?dir=//proc/3589831/root/var/softaculous/wp64/php56 HTTP/1.1" 200 1979 "-" "Mozilla/5.0 AppleWebKit/537.36 (KHTML, like Gecko; compatible; GPTBot/1.3; +https://openai.com/gptbot)"
50.16.216.166 - - [30/Nov/2025:08:51:07 -0500] "GET /hfrgrh/wk/admin.php?action=chmod&dir=//lib64&item=libmnl.so.0.2.0 HTTP/1.1" 200 90724 "-" "Mozilla/5.0 AppleWebKit/537.36 (KHTML, like Gecko; compatible; Amazonbot/0.1; +https://developer.amazon.com/support/amazonbot) Chrome/119.0.6045.214 Safari/537.36"
74.7.243.223 - - [30/Nov/2025:08:51:09 -0500] "GET /sffg/wk/admin.php?dir=//proc/3779464/root/proc/self/root/lib/firmware/qcom/venus-5.4 HTTP/1.1" 200 2001 "-" "Mozilla/5.0 AppleWebKit/537.36 (KHTML, like Gecko; compatible; GPTBot/1.3; +https://openai.com/gptbot)"
157.55.39.62 - - [30/Nov/2025:08:51:11 -0500] "GET /?detail/2254217 HTTP/1.1" 200 1969 "-" "Mozilla/5.0 AppleWebKit/537.36 (KHTML, like Gecko; compatible; bingbot/2.0; +http://www.bing.com/bingbot.htm) Chrome/116.0.1938.76 Safari/537.36"
74.7.227.170 - - [30/Nov/2025:08:51:10 -0500] "GET /sffg/wk/admin.php?dir=//proc/3589831/root/var/softaculous/mw19/php82 HTTP/1.1" 200 1978 "-" "Mozilla/5.0 AppleWebKit/537.36 (KHTML, like Gecko; compatible; GPTBot/1.3; +https://openai.com/gptbot)"
74.7.243.223 - - [30/Nov/2025:08:51:11 -0500] "GET /sffg/wk/admin.php?dir=//proc/3779464/root/proc/self/root/lib/firmware/qcom/vpu-2.0 HTTP/1.1" 200 1996 "-" "Mozilla/5.0 AppleWebKit/537.36 (KHTML, like Gecko; compatible; GPTBot/1.3; +https://openai.com/gptbot)"
3.221.222.168 - - [30/Nov/2025:08:51:12 -0500] "GET /css/cmp/wk/admin.php?dir=//home2 HTTP/1.1" 200 2362 "-" "Mozilla/5.0 AppleWebKit/537.36 (KHTML, like Gecko; compatible; Amazonbot/0.1; +https://developer.amazon.com/support/amazonbot) Chrome/119.0.6045.214 Safari/537.36"
74.7.227.170 - - [30/Nov/2025:08:51:12 -0500] "GET /sffg/wk/admin.php?dir=//proc/3589831/root/var/softaculous/wp61/php82 HTTP/1.1" 200 1974 "-" "Mozilla/5.0 AppleWebKit/537.36 (KHTML, like Gecko; compatible; GPTBot/1.3; +https://openai.com/gptbot)"
74.7.243.223 - - [30/Nov/2025:08:51:13 -0500] "GET /sffg/wk/admin.php?dir=//proc/3263544/root/usr/include/freetype2/freetype HTTP/1.1" 200 1968 "-" "Mozilla/5.0 AppleWebKit/537.36 (KHTML, like Gecko; compatible; GPTBot/1.3; +https://openai.com/gptbot)"
74.7.227.170 - - [30/Nov/2025:08:51:14 -0500] "GET /sffg/wk/admin.php?dir=//proc/3589831/root/var/softaculous/wp62/php56 HTTP/1.1" 200 1979 "-" "Mozilla/5.0 AppleWebKit/537.36 (KHTML, like Gecko; compatible; GPTBot/1.3; +https://openai.com/gptbot)"
74.7.243.223 - - [30/Nov/2025:08:51:15 -0500] "GET /sffg/wk/admin.php?action=view&dir=//proc/94572/net&item=netlink HTTP/1.1" 200 1994 "-" "Mozilla/5.0 AppleWebKit/537.36 (KHTML, like Gecko; compatible; GPTBot/1.3; +https://openai.com/gptbot)"
44.221.227.90 - - [30/Nov/2025:08:51:16 -0500] "GET /assets/wk/admin.php?action=chmod&dir=//bin&item=ionice HTTP/1.1" 200 29699 "-" "Mozilla/5.0 AppleWebKit/537.36 (KHTML, like Gecko; compatible; Amazonbot/0.1; +https://developer.amazon.com/support/amazonbot) Chrome/119.0.6045.214 Safari/537.36"
74.7.227.170 - - [30/Nov/2025:08:51:17 -0500] "GET /sffg/wk/admin.php?dir=//proc/3589831/root/var/softaculous/wp66/php71 HTTP/1.1" 200 1978 "-" "Mozilla/5.0 AppleWebKit/537.36 (KHTML, like Gecko; compatible; GPTBot/1.3; +https://openai.com/gptbot)"
74.7.243.223 - - [30/Nov/2025:08:51:18 -0500] "GET /sffg/wk/admin.php?action=view&dir=//proc/91910/net&item=udplite HTTP/1.1" 200 1994 "-" "Mozilla/5.0 AppleWebKit/537.36 (KHTML, like Gecko; compatible; GPTBot/1.3; +https://openai.com/gptbot)"
74.7.227.170 - - [30/Nov/2025:08:51:19 -0500] "GET /sffg/wk/admin.php?dir=//proc/3589831/root/var/softaculous/wp60/php81 HTTP/1.1" 200 1978 "-" "Mozilla/5.0 AppleWebKit/537.36 (KHTML, like Gecko; compatible; GPTBot/1.3; +https://openai.com/gptbot)"
98.83.10.183 - - [30/Nov/2025:08:51:20 -0500] "GET /sdfsf/wk/admin.php?action=chmod&dir=//lib64&item=libnssutil3.so HTTP/1.1" 200 90177 "-" "Mozilla/5.0 AppleWebKit/537.36 (KHTML, like Gecko; compatible; Amazonbot/0.1; +https://developer.amazon.com/support/amazonbot) Chrome/119.0.6045.214 Safari/537.36"
74.7.243.223 - - [30/Nov/2025:08:51:20 -0500] "GET /sffg/wk/admin.php?action=view&dir=//proc/3263544/net&item=netstat HTTP/1.1" 200 2008 "-" "Mozilla/5.0 AppleWebKit/537.36 (KHTML, like Gecko; compatible; GPTBot/1.3; +https://openai.com/gptbot)"
74.7.227.170 - - [30/Nov/2025:08:51:22 -0500] "GET /sffg/wk/admin.php?dir=//proc/3589831/root/var/softaculous/wp62/php71 HTTP/1.1" 200 1978 "-" "Mozilla/5.0 AppleWebKit/537.36 (KHTML, like Gecko; compatible; GPTBot/1.3; +https://openai.com/gptbot)"
74.7.243.223 - - [30/Nov/2025:08:51:22 -0500] "GET /sffg/wk/admin.php?action=view&dir=//proc/94572/net&item=netstat HTTP/1.1" 200 1994 "-" "Mozilla/5.0 AppleWebKit/537.36 (KHTML, like Gecko; compatible; GPTBot/1.3; +https://openai.com/gptbot)"
54.225.199.17 - - [30/Nov/2025:08:51:24 -0500] "GET /hfrgrh/wk/admin.php?action=chmod&dir=//lib&item=kcare HTTP/1.1" 200 4694 "-" "Mozilla/5.0 AppleWebKit/537.36 (KHTML, like Gecko; compatible; Amazonbot/0.1; +https://developer.amazon.com/support/amazonbot) Chrome/119.0.6045.214 Safari/537.36"
74.7.227.170 - - [30/Nov/2025:08:51:24 -0500] "GET /sffg/wk/admin.php?dir=//proc/3589831/root/var/softaculous/wp65/php71 HTTP/1.1" 200 1978 "-" "Mozilla/5.0 AppleWebKit/537.36 (KHTML, like Gecko; compatible; GPTBot/1.3; +https://openai.com/gptbot)"
74.7.243.223 - - [30/Nov/2025:08:51:25 -0500] "GET /sffg/wk/admin.php?action=view&dir=//proc/3779464/net&item=netstat HTTP/1.1" 200 2008 "-" "Mozilla/5.0 AppleWebKit/537.36 (KHTML, like Gecko; compatible; GPTBot/1.3; +https://openai.com/gptbot)"
74.7.227.170 - - [30/Nov/2025:08:51:26 -0500] "GET /sffg/wk/admin.php?dir=//proc/3589831/root/var/softaculous/mw35/php71 HTTP/1.1" 200 1978 "-" "Mozilla/5.0 AppleWebKit/537.36 (KHTML, like Gecko; compatible; GPTBot/1.3; +https://openai.com/gptbot)"
74.7.243.223 - - [30/Nov/2025:08:51:27 -0500] "GET /sffg/wk/admin.php?action=view&dir=//proc/3159889/net&item=netstat HTTP/1.1" 200 2007 "-" "Mozilla/5.0 AppleWebKit/537.36 (KHTML, like Gecko; compatible; GPTBot/1.3; +https://openai.com/gptbot)"
74.7.243.223 - - [30/Nov/2025:08:51:29 -0500] "GET /sffg/wk/admin.php?dir=//proc/3263544/root/proc/self/root/etc/imunify360 HTTP/1.1" 403 1242 "-" "Mozilla/5.0 AppleWebKit/537.36 (KHTML, like Gecko; compatible; GPTBot/1.3; +https://openai.com/gptbot)"
52.3.156.186 - - [30/Nov/2025:08:51:28 -0500] "GET /wewtetg/wk/admin.php?action=chmod&dir=//bin&item=enchant HTTP/1.1" 200 29746 "-" "Mozilla/5.0 AppleWebKit/537.36 (KHTML, like Gecko; compatible; Amazonbot/0.1; +https://developer.amazon.com/support/amazonbot) Chrome/119.0.6045.214 Safari/537.36"
74.7.227.170 - - [30/Nov/2025:08:51:28 -0500] "GET /sffg/wk/admin.php?dir=//proc/3589831/root/var/softaculous/wp64/php53 HTTP/1.1" 200 1979 "-" "Mozilla/5.0 AppleWebKit/537.36 (KHTML, like Gecko; compatible; GPTBot/1.3; +https://openai.com/gptbot)"
74.7.243.223 - - [30/Nov/2025:08:51:30 -0500] "GET /sffg/wk/admin.php?action=view&dir=//proc/3589831/net&item=netstat HTTP/1.1" 200 2007 "-" "Mozilla/5.0 AppleWebKit/537.36 (KHTML, like Gecko; compatible; GPTBot/1.3; +https://openai.com/gptbot)"
74.7.227.170 - - [30/Nov/2025:08:51:31 -0500] "GET /sffg/wk/admin.php?dir=//proc/3589831/root/var/softaculous/wp64/php71 HTTP/1.1" 200 1978 "-" "Mozilla/5.0 AppleWebKit/537.36 (KHTML, like Gecko; compatible; GPTBot/1.3; +https://openai.com/gptbot)"
57.141.0.69 - - [30/Nov/2025:08:51:33 -0500] "GET /special1452768128?kg=1451147632 HTTP/1.1" 404 1251 "-" "meta-externalagent/1.1 (+https://developers.facebook.com/docs/sharing/webmasters/crawler)"
44.215.235.20 - - [30/Nov/2025:08:51:31 -0500] "GET /admin/wk/admin.php?action=chmod&dir=//lib64&item=libbrotlienc.so.1 HTTP/1.1" 200 90310 "-" "Mozilla/5.0 AppleWebKit/537.36 (KHTML, like Gecko; compatible; Amazonbot/0.1; +https://developer.amazon.com/support/amazonbot) Chrome/119.0.6045.214 Safari/537.36"
74.7.243.223 - - [30/Nov/2025:08:51:32 -0500] "GET /sffg/wk/admin.php?dir=//proc/3779464/root/proc/self/root/var/imunify360 HTTP/1.1" 200 1974 "-" "Mozilla/5.0 AppleWebKit/537.36 (KHTML, like Gecko; compatible; GPTBot/1.3; +https://openai.com/gptbot)"
74.7.227.170 - - [30/Nov/2025:08:51:33 -0500] "GET /sffg/wk/admin.php?dir=//proc/3589831/root/var/softaculous/wp67/php82 HTTP/1.1" 200 1978 "-" "Mozilla/5.0 AppleWebKit/537.36 (KHTML, like Gecko; compatible; GPTBot/1.3; +https://openai.com/gptbot)"
74.7.243.223 - - [30/Nov/2025:08:51:34 -0500] "GET /sffg/wk/admin.php?dir=//proc/3160976/root/proc/self/root/var/imunify360 HTTP/1.1" 200 1974 "-" "Mozilla/5.0 AppleWebKit/537.36 (KHTML, like Gecko; compatible; GPTBot/1.3; +https://openai.com/gptbot)"
74.7.227.170 - - [30/Nov/2025:08:51:35 -0500] "GET /sffg/wk/admin.php?dir=//proc/3589831/root/var/softaculous/wp52/php56 HTTP/1.1" 200 1979 "-" "Mozilla/5.0 AppleWebKit/537.36 (KHTML, like Gecko; compatible; GPTBot/1.3; +https://openai.com/gptbot)"
44.213.36.21 - - [30/Nov/2025:08:51:36 -0500] "GET /admin/wk/admin.php?action=chmod&dir=//lib64&item=libX11.so.6 HTTP/1.1" 200 90327 "-" "Mozilla/5.0 AppleWebKit/537.36 (KHTML, like Gecko; compatible; Amazonbot/0.1; +https://developer.amazon.com/support/amazonbot) Chrome/119.0.6045.214 Safari/537.36"
74.7.243.223 - - [30/Nov/2025:08:51:36 -0500] "GET /sffg/wk/admin.php?dir=//proc/3159889/root/proc/self/root/opt/imunify360 HTTP/1.1" 200 1974 "-" "Mozilla/5.0 AppleWebKit/537.36 (KHTML, like Gecko; compatible; GPTBot/1.3; +https://openai.com/gptbot)"
74.7.243.223 - - [30/Nov/2025:08:51:38 -0500] "GET /sffg/wk/admin.php?dir=//proc/3589831/root/proc/self/root/etc/imunify360 HTTP/1.1" 403 1242 "-" "Mozilla/5.0 AppleWebKit/537.36 (KHTML, like Gecko; compatible; GPTBot/1.3; +https://openai.com/gptbot)"
74.7.227.170 - - [30/Nov/2025:08:51:37 -0500] "GET /sffg/wk/admin.php?dir=//proc/3589831/root/var/softaculous/wp60/php71 HTTP/1.1" 200 1978 "-" "Mozilla/5.0 AppleWebKit/537.36 (KHTML, like Gecko; compatible; GPTBot/1.3; +https://openai.com/gptbot)"
54.225.199.17 - - [30/Nov/2025:08:51:40 -0500] "GET /assets/wk/admin.php?action=chmod&dir=//lib64&item=libmenuw.so.6.1 HTTP/1.1" 200 90747 "-" "Mozilla/5.0 AppleWebKit/537.36 (KHTML, like Gecko; compatible; Amazonbot/0.1; +https://developer.amazon.com/support/amazonbot) Chrome/119.0.6045.214 Safari/537.36"
74.7.227.170 - - [30/Nov/2025:08:51:40 -0500] "GET /sffg/wk/admin.php?dir=//proc/3589831/root/var/softaculous/wp57/php82 HTTP/1.1" 200 1978 "-" "Mozilla/5.0 AppleWebKit/537.36 (KHTML, like Gecko; compatible; GPTBot/1.3; +https://openai.com/gptbot)"
74.7.243.223 - - [30/Nov/2025:08:51:39 -0500] "GET /sffg/wk/admin.php?dir=//proc/3263544/root/proc/self/root/var/imunify360 HTTP/1.1" 200 1973 "-" "Mozilla/5.0 AppleWebKit/537.36 (KHTML, like Gecko; compatible; GPTBot/1.3; +https://openai.com/gptbot)"
74.7.227.170 - - [30/Nov/2025:08:51:43 -0500] "GET /sffg/wk/admin.php?dir=//proc/3589831/root/var/softaculous/wp62/php53 HTTP/1.1" 200 1979 "-" "Mozilla/5.0 AppleWebKit/537.36 (KHTML, like Gecko; compatible; GPTBot/1.3; +https://openai.com/gptbot)"
74.7.243.223 - - [30/Nov/2025:08:51:43 -0500] "GET /sffg/wk/admin.php?dir=//proc/3589831/root/proc/self/root/opt/imunify360 HTTP/1.1" 200 1974 "-" "Mozilla/5.0 AppleWebKit/537.36 (KHTML, like Gecko; compatible; GPTBot/1.3; +https://openai.com/gptbot)"
3.229.2.217 - - [30/Nov/2025:08:51:44 -0500] "GET /wp-includes/wk/admin.php?dir=/home/bappguir/www/wk HTTP/1.1" 200 2597 "-" "Mozilla/5.0 AppleWebKit/537.36 (KHTML, like Gecko; compatible; Amazonbot/0.1; +https://developer.amazon.com/support/amazonbot) Chrome/119.0.6045.214 Safari/537.36"
74.7.227.170 - - [30/Nov/2025:08:51:45 -0500] "GET /sffg/wk/admin.php?dir=//proc/3159889/root/var/softaculous/mw35/php82 HTTP/1.1" 200 1978 "-" "Mozilla/5.0 AppleWebKit/537.36 (KHTML, like Gecko; compatible; GPTBot/1.3; +https://openai.com/gptbot)"
74.7.243.223 - - [30/Nov/2025:08:51:46 -0500] "GET /sffg/wk/admin.php?dir=//proc/3263544/root/proc/self/root/lib/firmware/ath12k HTTP/1.1" 200 1999 "-" "Mozilla/5.0 AppleWebKit/537.36 (KHTML, like Gecko; compatible; GPTBot/1.3; +https://openai.com/gptbot)"
74.7.227.170 - - [30/Nov/2025:08:51:47 -0500] "GET /sffg/wk/admin.php?dir=//proc/3589831/root/var/softaculous/wp50/php82 HTTP/1.1" 200 1978 "-" "Mozilla/5.0 AppleWebKit/537.36 (KHTML, like Gecko; compatible; GPTBot/1.3; +https://openai.com/gptbot)"
3.208.156.9 - - [30/Nov/2025:08:51:48 -0500] "GET /admin/wk/admin.php?action=chmod&dir=//lib64&item=libnettle.so.6.5 HTTP/1.1" 200 89844 "-" "Mozilla/5.0 AppleWebKit/537.36 (KHTML, like Gecko; compatible; Amazonbot/0.1; +https://developer.amazon.com/support/amazonbot) Chrome/119.0.6045.214 Safari/537.36"
74.7.243.223 - - [30/Nov/2025:08:51:48 -0500] "GET /sffg/wk/admin.php?dir=//proc/3160976/root/proc/self/root/opt/imunify360 HTTP/1.1" 200 1974 "-" "Mozilla/5.0 AppleWebKit/537.36 (KHTML, like Gecko; compatible; GPTBot/1.3; +https://openai.com/gptbot)"
74.7.227.170 - - [30/Nov/2025:08:51:50 -0500] "GET /sffg/wk/admin.php?dir=//proc/3589831/root/var/softaculous/wp62/php82 HTTP/1.1" 200 1978 "-" "Mozilla/5.0 AppleWebKit/537.36 (KHTML, like Gecko; compatible; GPTBot/1.3; +https://openai.com/gptbot)"
74.7.243.223 - - [30/Nov/2025:08:51:50 -0500] "GET /sffg/wk/admin.php?dir=//proc/3263544/root/proc/self/root/opt/imunify360 HTTP/1.1" 200 1973 "-" "Mozilla/5.0 AppleWebKit/537.36 (KHTML, like Gecko; compatible; GPTBot/1.3; +https://openai.com/gptbot)"
74.7.243.223 - - [30/Nov/2025:08:51:53 -0500] "GET /sffg/wk/admin.php?dir=//proc/3160976/root/proc/self/root/etc/imunify360 HTTP/1.1" 403 1242 "-" "Mozilla/5.0 AppleWebKit/537.36 (KHTML, like Gecko; compatible; GPTBot/1.3; +https://openai.com/gptbot)"
54.84.161.62 - - [30/Nov/2025:08:51:52 -0500] "GET /NaztechB/wk/admin.php?action=chmod&dir=//bin&item=mysqlcheck HTTP/1.1" 200 29609 "-" "Mozilla/5.0 AppleWebKit/537.36 (KHTML, like Gecko; compatible; Amazonbot/0.1; +https://developer.amazon.com/support/amazonbot) Chrome/119.0.6045.214 Safari/537.36"
74.7.227.170 - - [30/Nov/2025:08:51:52 -0500] "GET /sffg/wk/admin.php?dir=//proc/3589831/root/var/softaculous/smf20/php81 HTTP/1.1" 200 1981 "-" "Mozilla/5.0 AppleWebKit/537.36 (KHTML, like Gecko; compatible; GPTBot/1.3; +https://openai.com/gptbot)"
74.7.243.223 - - [30/Nov/2025:08:51:53 -0500] "GET /sffg/wk/admin.php?action=rename&dir=//proc/3263544/root/usr/lib/firmware&item=iwlwifi-ma-b0-gf-a0-86.ucode HTTP/1.1" 200 2048 "-" "Mozilla/5.0 AppleWebKit/537.36 (KHTML, like Gecko; compatible; GPTBot/1.3; +https://openai.com/gptbot)"
74.7.227.170 - - [30/Nov/2025:08:51:54 -0500] "GET /sffg/wk/admin.php?dir=//proc/3589831/root/var/softaculous/wp63/php71 HTTP/1.1" 200 1978 "-" "Mozilla/5.0 AppleWebKit/537.36 (KHTML, like Gecko; compatible; GPTBot/1.3; +https://openai.com/gptbot)"
74.7.243.223 - - [30/Nov/2025:08:51:55 -0500] "GET /sffg/wk/admin.php?action=chmod&dir=//proc/3263544/root/usr/lib/firmware/amdgpu&item=psp_13_0_14_sos.bin HTTP/1.1" 200 2049 "-" "Mozilla/5.0 AppleWebKit/537.36 (KHTML, like Gecko; compatible; GPTBot/1.3; +https://openai.com/gptbot)"
74.7.243.223 - - [30/Nov/2025:08:51:58 -0500] "GET /sffg/wk/admin.php?dir=//proc/3779464/root/proc/self/root/etc/imunify360 HTTP/1.1" 403 1242 "-" "Mozilla/5.0 AppleWebKit/537.36 (KHTML, like Gecko; compatible; GPTBot/1.3; +https://openai.com/gptbot)"
54.204.62.163 - - [30/Nov/2025:08:51:56 -0500] "GET /css/wk/admin.php?action=chmod&dir=//lib64&item=libcupsimage.so.2 HTTP/1.1" 200 90248 "-" "Mozilla/5.0 AppleWebKit/537.36 (KHTML, like Gecko; compatible; Amazonbot/0.1; +https://developer.amazon.com/support/amazonbot) Chrome/119.0.6045.214 Safari/537.36"
74.7.227.170 - - [30/Nov/2025:08:51:56 -0500] "GET /sffg/wk/admin.php?dir=//proc/3589831/root/var/softaculous/wp61/php71 HTTP/1.1" 200 1974 "-" "Mozilla/5.0 AppleWebKit/537.36 (KHTML, like Gecko; compatible; GPTBot/1.3; +https://openai.com/gptbot)"
74.7.243.223 - - [30/Nov/2025:08:51:58 -0500] "GET /sffg/wk/admin.php?action=view&dir=//proc/107285/net&item=netstat HTTP/1.1" 200 2009 "-" "Mozilla/5.0 AppleWebKit/537.36 (KHTML, like Gecko; compatible; GPTBot/1.3; +https://openai.com/gptbot)"
74.7.227.170 - - [30/Nov/2025:08:51:59 -0500] "GET /sffg/wk/admin.php?dir=//proc/3589831/root/var/softaculous/wp60/php56 HTTP/1.1" 200 1978 "-" "Mozilla/5.0 AppleWebKit/537.36 (KHTML, like Gecko; compatible; GPTBot/1.3; +https://openai.com/gptbot)"
3.215.59.93 - - [30/Nov/2025:08:52:00 -0500] "GET /NaztechB/wk/admin.php?action=rename&dir=//bin&item=make-dummy-cert HTTP/1.1" 200 29788 "-" "Mozilla/5.0 AppleWebKit/537.36 (KHTML, like Gecko; compatible; Amazonbot/0.1; +https://developer.amazon.com/support/amazonbot) Chrome/119.0.6045.214 Safari/537.36"
74.7.243.223 - - [30/Nov/2025:08:52:01 -0500] "GET /sffg/wk/admin.php?dir=//proc/3779464/root/proc/self/root/opt/imunify360 HTTP/1.1" 200 1974 "-" "Mozilla/5.0 AppleWebKit/537.36 (KHTML, like Gecko; compatible; GPTBot/1.3; +https://openai.com/gptbot)"
74.7.227.170 - - [30/Nov/2025:08:52:01 -0500] "GET /sffg/wk/admin.php?dir=//proc/3589831/root/var/softaculous/wp49/php82 HTTP/1.1" 200 1978 "-" "Mozilla/5.0 AppleWebKit/537.36 (KHTML, like Gecko; compatible; GPTBot/1.3; +https://openai.com/gptbot)"
74.7.243.223 - - [30/Nov/2025:08:52:03 -0500] "GET /sffg/wk/admin.php?action=view&dir=//proc/107285/net&item=netlink HTTP/1.1" 200 2009 "-" "Mozilla/5.0 AppleWebKit/537.36 (KHTML, like Gecko; compatible; GPTBot/1.3; +https://openai.com/gptbot)"
74.7.227.170 - - [30/Nov/2025:08:52:03 -0500] "GET /sffg/wk/admin.php?dir=//proc/3589831/root/var/softaculous/mw19/php56 HTTP/1.1" 200 1978 "-" "Mozilla/5.0 AppleWebKit/537.36 (KHTML, like Gecko; compatible; GPTBot/1.3; +https://openai.com/gptbot)"
52.3.127.170 - - [30/Nov/2025:08:52:04 -0500] "GET /forms/wk/admin.php?action=chmod&dir=//lib64&item=sse2 HTTP/1.1" 200 90431 "-" "Mozilla/5.0 AppleWebKit/537.36 (KHTML, like Gecko; compatible; Amazonbot/0.1; +https://developer.amazon.com/support/amazonbot) Chrome/119.0.6045.214 Safari/537.36"
74.7.243.223 - - [30/Nov/2025:08:52:05 -0500] "GET /sffg/wk/admin.php?action=view&dir=//proc/91910/net&item=udplite6 HTTP/1.1" 200 2000 "-" "Mozilla/5.0 AppleWebKit/537.36 (KHTML, like Gecko; compatible; GPTBot/1.3; +https://openai.com/gptbot)"
74.7.227.170 - - [30/Nov/2025:08:52:06 -0500] "GET /sffg/wk/admin.php?dir=//proc/3589831/root/var/softaculous/smf20/php56 HTTP/1.1" 200 1981 "-" "Mozilla/5.0 AppleWebKit/537.36 (KHTML, like Gecko; compatible; GPTBot/1.3; +https://openai.com/gptbot)"
74.7.243.223 - - [30/Nov/2025:08:52:07 -0500] "GET /sffg/wk/admin.php?action=rename&dir=//proc/118178&item=mounts HTTP/1.1" 200 1973 "-" "Mozilla/5.0 AppleWebKit/537.36 (KHTML, like Gecko; compatible; GPTBot/1.3; +https://openai.com/gptbot)"
114.119.135.171 - - [30/Nov/2025:08:52:09 -0500] "GET /products/246fy26849 HTTP/1.1" 404 1251 "https://naztechltd.com/?sitemap601.xml" "Mozilla/5.0 (Linux; Android 7.0;) AppleWebKit/537.36 (KHTML, like Gecko) Mobile Safari/537.36 (compatible; PetalBot;+https://webmaster.petalsearch.com/site/petalbot)"
74.7.227.170 - - [30/Nov/2025:08:52:08 -0500] "GET /sffg/wk/admin.php?dir=//proc/3589831/root/var/softaculous/wp54/php82 HTTP/1.1" 200 1978 "-" "Mozilla/5.0 AppleWebKit/537.36 (KHTML, like Gecko; compatible; GPTBot/1.3; +https://openai.com/gptbot)"
18.207.79.144 - - [30/Nov/2025:08:52:08 -0500] "GET /assets/wk/admin.php?action=chmod&dir=//lib64&item=libprotobuf-c.so.1 HTTP/1.1" 200 90499 "-" "Mozilla/5.0 AppleWebKit/537.36 (KHTML, like Gecko; compatible; Amazonbot/0.1; +https://developer.amazon.com/support/amazonbot) Chrome/119.0.6045.214 Safari/537.36"
74.7.243.223 - - [30/Nov/2025:08:52:10 -0500] "GET /sffg/wk/admin.php?action=rename&dir=//proc/114457&item=cpuset HTTP/1.1" 200 1974 "-" "Mozilla/5.0 AppleWebKit/537.36 (KHTML, like Gecko; compatible; GPTBot/1.3; +https://openai.com/gptbot)"
74.7.227.170 - - [30/Nov/2025:08:52:10 -0500] "GET /sffg/wk/admin.php?dir=//proc/3589831/root/var/softaculous/wp67/php71 HTTP/1.1" 200 1978 "-" "Mozilla/5.0 AppleWebKit/537.36 (KHTML, like Gecko; compatible; GPTBot/1.3; +https://openai.com/gptbot)"
74.7.243.223 - - [30/Nov/2025:08:52:12 -0500] "GET /sffg/wk/admin.php?action=rename&dir=//proc/115177&item=status HTTP/1.1" 200 1974 "-" "Mozilla/5.0 AppleWebKit/537.36 (KHTML, like Gecko; compatible; GPTBot/1.3; +https://openai.com/gptbot)"
18.205.127.11 - - [30/Nov/2025:08:52:12 -0500] "GET /NaztechB/wk/admin.php?action=view&dir=//bin&item=renew-dummy-cert HTTP/1.1" 200 29921 "-" "Mozilla/5.0 AppleWebKit/537.36 (KHTML, like Gecko; compatible; Amazonbot/0.1; +https://developer.amazon.com/support/amazonbot) Chrome/119.0.6045.214 Safari/537.36"
74.7.227.170 - - [30/Nov/2025:08:52:12 -0500] "GET /sffg/wk/admin.php?dir=//proc/3159889/root/var/softaculous/mw35/php56 HTTP/1.1" 200 1978 "-" "Mozilla/5.0 AppleWebKit/537.36 (KHTML, like Gecko; compatible; GPTBot/1.3; +https://openai.com/gptbot)"
74.7.243.223 - - [30/Nov/2025:08:52:14 -0500] "GET /sffg/wk/admin.php?action=rename&dir=//proc/113224&item=mounts HTTP/1.1" 200 1973 "-" "Mozilla/5.0 AppleWebKit/537.36 (KHTML, like Gecko; compatible; GPTBot/1.3; +https://openai.com/gptbot)"
74.7.243.223 - - [30/Nov/2025:08:52:16 -0500] "GET /sffg/wk/admin.php?action=rename&dir=//proc/110081&item=cpuset HTTP/1.1" 200 1974 "-" "Mozilla/5.0 AppleWebKit/537.36 (KHTML, like Gecko; compatible; GPTBot/1.3; +https://openai.com/gptbot)"
3.215.221.125 - - [30/Nov/2025:08:52:16 -0500] "GET /hfrgrh/wk/admin.php?action=chmod&dir=//lib64&item=libip6tc.so.2 HTTP/1.1" 200 90372 "-" "Mozilla/5.0 AppleWebKit/537.36 (KHTML, like Gecko; compatible; Amazonbot/0.1; +https://developer.amazon.com/support/amazonbot) Chrome/119.0.6045.214 Safari/537.36"
74.7.227.170 - - [30/Nov/2025:08:52:15 -0500] "GET /sffg/wk/admin.php?dir=//proc/3589831/root/var/softaculous/wp54/php71 HTTP/1.1" 200 1978 "-" "Mozilla/5.0 AppleWebKit/537.36 (KHTML, like Gecko; compatible; GPTBot/1.3; +https://openai.com/gptbot)"
74.7.243.223 - - [30/Nov/2025:08:52:18 -0500] "GET /sffg/wk/admin.php?action=rename&dir=//proc/110081&item=mounts HTTP/1.1" 200 1973 "-" "Mozilla/5.0 AppleWebKit/537.36 (KHTML, like Gecko; compatible; GPTBot/1.3; +https://openai.com/gptbot)"
54.84.250.51 - - [30/Nov/2025:08:52:20 -0500] "GET /forms/wk/admin.php?action=chmod&dir=//lib64&item=libcdt.so.5.0.0 HTTP/1.1" 200 90314 "-" "Mozilla/5.0 AppleWebKit/537.36 (KHTML, like Gecko; compatible; Amazonbot/0.1; +https://developer.amazon.com/support/amazonbot) Chrome/119.0.6045.214 Safari/537.36"
40.77.167.59 - - [30/Nov/2025:08:52:22 -0500] "GET /?detail/9677939 HTTP/1.1" 200 1972 "-" "Mozilla/5.0 AppleWebKit/537.36 (KHTML, like Gecko; compatible; bingbot/2.0; +http://www.bing.com/bingbot.htm) Chrome/116.0.1938.76 Safari/537.36"
74.7.227.170 - - [30/Nov/2025:08:52:21 -0500] "GET /sffg/wk/admin.php?dir=//proc/3589831/root/var/softaculous/wp65/php82 HTTP/1.1" 200 1978 "-" "Mozilla/5.0 AppleWebKit/537.36 (KHTML, like Gecko; compatible; GPTBot/1.3; +https://openai.com/gptbot)"
74.7.243.223 - - [30/Nov/2025:08:52:21 -0500] "GET /sffg/wk/admin.php?action=rename&dir=//proc/113224&item=status HTTP/1.1" 200 1975 "-" "Mozilla/5.0 AppleWebKit/537.36 (KHTML, like Gecko; compatible; GPTBot/1.3; +https://openai.com/gptbot)"
40.77.167.59 - - [30/Nov/2025:08:52:23 -0500] "GET /?detail/3590173 HTTP/1.1" 200 1930 "-" "Mozilla/5.0 AppleWebKit/537.36 (KHTML, like Gecko; compatible; bingbot/2.0; +http://www.bing.com/bingbot.htm) Chrome/116.0.1938.76 Safari/537.36"
74.7.227.170 - - [30/Nov/2025:08:52:23 -0500] "GET /sffg/wk/admin.php?dir=//proc/3589831/root/var/softaculous/wp49/php56 HTTP/1.1" 200 1978 "-" "Mozilla/5.0 AppleWebKit/537.36 (KHTML, like Gecko; compatible; GPTBot/1.3; +https://openai.com/gptbot)"
74.7.243.223 - - [30/Nov/2025:08:52:23 -0500] "GET /sffg/wk/admin.php?action=rename&dir=//proc/110081&item=status HTTP/1.1" 200 1974 "-" "Mozilla/5.0 AppleWebKit/537.36 (KHTML, like Gecko; compatible; GPTBot/1.3; +https://openai.com/gptbot)"
52.200.54.136 - - [30/Nov/2025:08:52:24 -0500] "GET /wp-content/wk/admin.php?action=chmod&dir=//lib64&item=pkcs11 HTTP/1.1" 200 91316 "-" "Mozilla/5.0 AppleWebKit/537.36 (KHTML, like Gecko; compatible; Amazonbot/0.1; +https://developer.amazon.com/support/amazonbot) Chrome/119.0.6045.214 Safari/537.36"
74.7.227.170 - - [30/Nov/2025:08:52:25 -0500] "GET /sffg/wk/admin.php?dir=//proc/3589831/root/var/softaculous/mw19/php71 HTTP/1.1" 200 1978 "-" "Mozilla/5.0 AppleWebKit/537.36 (KHTML, like Gecko; compatible; GPTBot/1.3; +https://openai.com/gptbot)"
74.7.243.223 - - [30/Nov/2025:08:52:25 -0500] "GET /sffg/wk/admin.php?action=rename&dir=//proc/114240&item=status HTTP/1.1" 200 1974 "-" "Mozilla/5.0 AppleWebKit/537.36 (KHTML, like Gecko; compatible; GPTBot/1.3; +https://openai.com/gptbot)"
74.7.243.223 - - [30/Nov/2025:08:52:28 -0500] "GET /sffg/wk/admin.php?action=rename&dir=//proc/115177&item=mounts HTTP/1.1" 200 1973 "-" "Mozilla/5.0 AppleWebKit/537.36 (KHTML, like Gecko; compatible; GPTBot/1.3; +https://openai.com/gptbot)"
3.210.223.61 - - [30/Nov/2025:08:52:28 -0500] "GET /wp-includes/wk/admin.php?action=view&dir=//bin&item=pwdx HTTP/1.1" 200 29003 "-" "Mozilla/5.0 AppleWebKit/537.36 (KHTML, like Gecko; compatible; Amazonbot/0.1; +https://developer.amazon.com/support/amazonbot) Chrome/119.0.6045.214 Safari/537.36"
74.7.227.170 - - [30/Nov/2025:08:52:27 -0500] "GET /sffg/wk/admin.php?dir=//proc/3589831/root/var/softaculous/smf20/php71 HTTP/1.1" 200 1981 "-" "Mozilla/5.0 AppleWebKit/537.36 (KHTML, like Gecko; compatible; GPTBot/1.3; +https://openai.com/gptbot)"
74.7.243.223 - - [30/Nov/2025:08:52:30 -0500] "GET /sffg/wk/admin.php?action=rename&dir=//proc/113224&item=cpuset HTTP/1.1" 200 1975 "-" "Mozilla/5.0 AppleWebKit/537.36 (KHTML, like Gecko; compatible; GPTBot/1.3; +https://openai.com/gptbot)"
74.7.227.170 - - [30/Nov/2025:08:52:31 -0500] "GET /sffg/wk/admin.php?dir=//proc/3589831/root/var/softaculous/wp66/php82 HTTP/1.1" 200 1978 "-" "Mozilla/5.0 AppleWebKit/537.36 (KHTML, like Gecko; compatible; GPTBot/1.3; +https://openai.com/gptbot)"
54.87.62.248 - - [30/Nov/2025:08:52:32 -0500] "GET /hfrgrh/wk/admin.php?action=chmod&dir=//lib64&item=libgs.so.9 HTTP/1.1" 200 90291 "-" "Mozilla/5.0 AppleWebKit/537.36 (KHTML, like Gecko; compatible; Amazonbot/0.1; +https://developer.amazon.com/support/amazonbot) Chrome/119.0.6045.214 Safari/537.36"
74.7.243.223 - - [30/Nov/2025:08:52:32 -0500] "GET /sffg/wk/admin.php?action=rename&dir=//proc/114457&item=mounts HTTP/1.1" 200 1973 "-" "Mozilla/5.0 AppleWebKit/537.36 (KHTML, like Gecko; compatible; GPTBot/1.3; +https://openai.com/gptbot)"
74.7.227.170 - - [30/Nov/2025:08:52:33 -0500] "GET /sffg/wk/admin.php?dir=//proc/3589831/root/var/softaculous/wp50/php71 HTTP/1.1" 200 1978 "-" "Mozilla/5.0 AppleWebKit/537.36 (KHTML, like Gecko; compatible; GPTBot/1.3; +https://openai.com/gptbot)"
74.7.243.223 - - [30/Nov/2025:08:52:35 -0500] "GET /sffg/wk/admin.php?action=rename&dir=//proc/118178&item=cpuset HTTP/1.1" 200 1974 "-" "Mozilla/5.0 AppleWebKit/537.36 (KHTML, like Gecko; compatible; GPTBot/1.3; +https://openai.com/gptbot)"
74.7.227.170 - - [30/Nov/2025:08:52:35 -0500] "GET /sffg/wk/admin.php?dir=//proc/3589831/root/var/softaculous/wp67/php53 HTTP/1.1" 200 1978 "-" "Mozilla/5.0 AppleWebKit/537.36 (KHTML, like Gecko; compatible; GPTBot/1.3; +https://openai.com/gptbot)"
34.233.114.237 - - [30/Nov/2025:08:52:36 -0500] "GET /hfrgrh/wk/admin.php?action=chmod&dir=//lib64&item=libinput.so.10 HTTP/1.1" 200 90579 "-" "Mozilla/5.0 AppleWebKit/537.36 (KHTML, like Gecko; compatible; Amazonbot/0.1; +https://developer.amazon.com/support/amazonbot) Chrome/119.0.6045.214 Safari/537.36"
74.7.243.223 - - [30/Nov/2025:08:52:37 -0500] "GET /sffg/wk/admin.php?action=rename&dir=//proc/118178&item=status HTTP/1.1" 200 1974 "-" "Mozilla/5.0 AppleWebKit/537.36 (KHTML, like Gecko; compatible; GPTBot/1.3; +https://openai.com/gptbot)"
74.7.227.170 - - [30/Nov/2025:08:52:37 -0500] "GET /sffg/wk/admin.php?dir=//proc/3589831/root/var/softaculous/wp62/php81 HTTP/1.1" 200 1978 "-" "Mozilla/5.0 AppleWebKit/537.36 (KHTML, like Gecko; compatible; GPTBot/1.3; +https://openai.com/gptbot)"
57.141.0.20 - - [30/Nov/2025:08:52:40 -0500] "GET /special1543658368?kg=1541936432 HTTP/1.1" 404 1251 "-" "meta-externalagent/1.1 (+https://developers.facebook.com/docs/sharing/webmasters/crawler)"
74.7.243.223 - - [30/Nov/2025:08:52:39 -0500] "GET /sffg/wk/admin.php?action=rename&dir=//proc/114240&item=mounts HTTP/1.1" 200 1973 "-" "Mozilla/5.0 AppleWebKit/537.36 (KHTML, like Gecko; compatible; GPTBot/1.3; +https://openai.com/gptbot)"
3.212.219.113 - - [30/Nov/2025:08:52:40 -0500] "GET /hfrgrh/ac/wk/admin.php?dir=//var HTTP/1.1" 200 3134 "-" "Mozilla/5.0 AppleWebKit/537.36 (KHTML, like Gecko; compatible; Amazonbot/0.1; +https://developer.amazon.com/support/amazonbot) Chrome/119.0.6045.214 Safari/537.36"
74.7.227.170 - - [30/Nov/2025:08:52:40 -0500] "GET /sffg/wk/admin.php?dir=//proc/3159889/root/var/softaculous/mw35/php71 HTTP/1.1" 200 1978 "-" "Mozilla/5.0 AppleWebKit/537.36 (KHTML, like Gecko; compatible; GPTBot/1.3; +https://openai.com/gptbot)"
74.7.243.223 - - [30/Nov/2025:08:52:41 -0500] "GET /sffg/wk/admin.php?action=rename&dir=//proc/115177&item=cpuset HTTP/1.1" 200 1974 "-" "Mozilla/5.0 AppleWebKit/537.36 (KHTML, like Gecko; compatible; GPTBot/1.3; +https://openai.com/gptbot)"
74.7.227.170 - - [30/Nov/2025:08:52:42 -0500] "GET /sffg/wk/admin.php?dir=//proc/3589831/root/var/softaculous/wp60/php53 HTTP/1.1" 200 1978 "-" "Mozilla/5.0 AppleWebKit/537.36 (KHTML, like Gecko; compatible; GPTBot/1.3; +https://openai.com/gptbot)"
157.55.39.62 - - [30/Nov/2025:08:52:44 -0500] "GET /?detail/18221939 HTTP/1.1" 200 1973 "-" "Mozilla/5.0 AppleWebKit/537.36 (KHTML, like Gecko; compatible; bingbot/2.0; +http://www.bing.com/bingbot.htm) Chrome/116.0.1938.76 Safari/537.36"
74.7.243.223 - - [30/Nov/2025:08:52:44 -0500] "GET /sffg/wk/admin.php?action=rename&dir=//proc/114240&item=cpuset HTTP/1.1" 200 1974 "-" "Mozilla/5.0 AppleWebKit/537.36 (KHTML, like Gecko; compatible; GPTBot/1.3; +https://openai.com/gptbot)"
52.6.97.88 - - [30/Nov/2025:08:52:44 -0500] "GET /images/wk/admin.php?action=chmod&dir=//lib64&item=libnn.so.2 HTTP/1.1" 200 90952 "-" "Mozilla/5.0 AppleWebKit/537.36 (KHTML, like Gecko; compatible; Amazonbot/0.1; +https://developer.amazon.com/support/amazonbot) Chrome/119.0.6045.214 Safari/537.36"
74.7.227.170 - - [30/Nov/2025:08:52:44 -0500] "GET /sffg/wk/admin.php?dir=//proc/3589831/root/var/softaculous/e107/php81 HTTP/1.1" 200 1978 "-" "Mozilla/5.0 AppleWebKit/537.36 (KHTML, like Gecko; compatible; GPTBot/1.3; +https://openai.com/gptbot)"
74.7.243.223 - - [30/Nov/2025:08:52:46 -0500] "GET /sffg/wk/admin.php?action=chmod&dir=//proc/3159889/root/var/cpanel/userdata/bappguir&item=calloffcancer.org.bappikabir.com.cache HTTP/1.1" 200 2074 "-" "Mozilla/5.0 AppleWebKit/537.36 (KHTML, like Gecko; compatible; GPTBot/1.3; +https://openai.com/gptbot)"
74.7.227.170 - - [30/Nov/2025:08:52:46 -0500] "GET /sffg/wk/admin.php?dir=//proc/3589831/root/var/softaculous/wp56/php82 HTTP/1.1" 200 1978 "-" "Mozilla/5.0 AppleWebKit/537.36 (KHTML, like Gecko; compatible; GPTBot/1.3; +https://openai.com/gptbot)"
100.28.44.58 - - [30/Nov/2025:08:52:48 -0500] "GET /hfrgrh/wk/admin.php?action=chmod&dir=//lib64&item=libpython3.8.so.1.0 HTTP/1.1" 200 90253 "-" "Mozilla/5.0 AppleWebKit/537.36 (KHTML, like Gecko; compatible; Amazonbot/0.1; +https://developer.amazon.com/support/amazonbot) Chrome/119.0.6045.214 Safari/537.36"
74.7.243.223 - - [30/Nov/2025:08:52:48 -0500] "GET /sffg/wk/admin.php?action=rename&dir=//proc/3159889/root/var/cpanel/userdata/bappguir&item=calloffcancer.org.bappikabir.com.cache HTTP/1.1" 200 2075 "-" "Mozilla/5.0 AppleWebKit/537.36 (KHTML, like Gecko; compatible; GPTBot/1.3; +https://openai.com/gptbot)"
74.7.227.170 - - [30/Nov/2025:08:52:49 -0500] "GET /sffg/wk/admin.php?dir=//proc/3589831/root/var/softaculous/wp54/php56 HTTP/1.1" 200 1979 "-" "Mozilla/5.0 AppleWebKit/537.36 (KHTML, like Gecko; compatible; GPTBot/1.3; +https://openai.com/gptbot)"
74.7.243.223 - - [30/Nov/2025:08:52:51 -0500] "GET /sffg/wk/admin.php?action=rename&dir=//proc/3263544/root/var/cpanel/userdata/bappguir&item=calloffcancer.org.bappikabir.com HTTP/1.1" 200 2064 "-" "Mozilla/5.0 AppleWebKit/537.36 (KHTML, like Gecko; compatible; GPTBot/1.3; +https://openai.com/gptbot)"
74.7.227.170 - - [30/Nov/2025:08:52:51 -0500] "GET /sffg/wk/admin.php?dir=//proc/3589831/root/var/softaculous/mw28/php56 HTTP/1.1" 200 1978 "-" "Mozilla/5.0 AppleWebKit/537.36 (KHTML, like Gecko; compatible; GPTBot/1.3; +https://openai.com/gptbot)"
34.236.135.14 - - [30/Nov/2025:08:52:52 -0500] "GET /admin/wk/admin.php?action=chmod&dir=//lib64&item=libhdf5_cpp.so.103.1.0 HTTP/1.1" 200 90648 "-" "Mozilla/5.0 AppleWebKit/537.36 (KHTML, like Gecko; compatible; Amazonbot/0.1; +https://developer.amazon.com/support/amazonbot) Chrome/119.0.6045.214 Safari/537.36"
74.7.243.223 - - [30/Nov/2025:08:52:53 -0500] "GET /sffg/wk/admin.php?action=chmod&dir=//proc/3263544/root/var/cpanel/userdata/bappguir&item=calloffcancer.org.bappikabir.com.cache HTTP/1.1" 200 2075 "-" "Mozilla/5.0 AppleWebKit/537.36 (KHTML, like Gecko; compatible; GPTBot/1.3; +https://openai.com/gptbot)"
74.7.227.170 - - [30/Nov/2025:08:52:53 -0500] "GET /sffg/wk/admin.php?dir=//proc/3589831/root/var/softaculous/wp60/php82 HTTP/1.1" 200 1978 "-" "Mozilla/5.0 AppleWebKit/537.36 (KHTML, like Gecko; compatible; GPTBot/1.3; +https://openai.com/gptbot)"
74.7.243.223 - - [30/Nov/2025:08:52:55 -0500] "GET /sffg/wk/admin.php?action=rename&dir=//proc/3159889/root/var/cpanel/userdata/bappguir&item=calloffcancer.org.bappikabir.com HTTP/1.1" 200 2064 "-" "Mozilla/5.0 AppleWebKit/537.36 (KHTML, like Gecko; compatible; GPTBot/1.3; +https://openai.com/gptbot)"
74.7.227.170 - - [30/Nov/2025:08:52:56 -0500] "GET /sffg/wk/admin.php?dir=//proc/3589831/root/var/softaculous/wp57/php56 HTTP/1.1" 200 1978 "-" "Mozilla/5.0 AppleWebKit/537.36 (KHTML, like Gecko; compatible; GPTBot/1.3; +https://openai.com/gptbot)"
35.168.238.50 - - [30/Nov/2025:08:52:56 -0500] "GET /wewtetg/wk/admin.php?action=chmod&dir=//bin&item=skill HTTP/1.1" 200 29802 "-" "Mozilla/5.0 AppleWebKit/537.36 (KHTML, like Gecko; compatible; Amazonbot/0.1; +https://developer.amazon.com/support/amazonbot) Chrome/119.0.6045.214 Safari/537.36"
74.7.243.223 - - [30/Nov/2025:08:52:57 -0500] "GET /sffg/wk/admin.php?action=edit&dir=//proc/3159889/root/var/cpanel/userdata/bappguir&item=calloffcancer.org.bappikabir.com.cache HTTP/1.1" 200 2090 "-" "Mozilla/5.0 AppleWebKit/537.36 (KHTML, like Gecko; compatible; GPTBot/1.3; +https://openai.com/gptbot)"
74.7.227.170 - - [30/Nov/2025:08:52:58 -0500] "GET /sffg/wk/admin.php?dir=//proc/3589831/root/var/softaculous/smf20/php53 HTTP/1.1" 200 1981 "-" "Mozilla/5.0 AppleWebKit/537.36 (KHTML, like Gecko; compatible; GPTBot/1.3; +https://openai.com/gptbot)"
74.7.243.223 - - [30/Nov/2025:08:53:00 -0500] "GET /sffg/wk/admin.php?action=rename&dir=//proc/3263544/root/var/cpanel/userdata/bappguir&item=calloffcancer.org.bappikabir.com.cache HTTP/1.1" 200 2076 "-" "Mozilla/5.0 AppleWebKit/537.36 (KHTML, like Gecko; compatible; GPTBot/1.3; +https://openai.com/gptbot)"
3.230.224.6 - - [30/Nov/2025:08:53:00 -0500] "GET /assets/wk/admin.php?action=view&dir=//bin&item=GET HTTP/1.1" 200 35880 "-" "Mozilla/5.0 AppleWebKit/537.36 (KHTML, like Gecko; compatible; Amazonbot/0.1; +https://developer.amazon.com/support/amazonbot) Chrome/119.0.6045.214 Safari/537.36"
74.7.227.170 - - [30/Nov/2025:08:53:00 -0500] "GET /sffg/wk/admin.php?dir=//proc/3589831/root/var/softaculous/mw14/php82 HTTP/1.1" 200 1978 "-" "Mozilla/5.0 AppleWebKit/537.36 (KHTML, like Gecko; compatible; GPTBot/1.3; +https://openai.com/gptbot)"
40.77.167.59 - - [30/Nov/2025:08:53:04 -0500] "GET /?detail/4524839 HTTP/1.1" 200 1971 "-" "Mozilla/5.0 AppleWebKit/537.36 (KHTML, like Gecko; compatible; bingbot/2.0; +http://www.bing.com/bingbot.htm) Chrome/116.0.1938.76 Safari/537.36"
74.7.243.223 - - [30/Nov/2025:08:53:02 -0500] "GET /sffg/wk/admin.php?action=chmod&dir=//proc/3263544/root/var/cpanel/userdata/bappguir&item=calloffcancer.org.bappikabir.com HTTP/1.1" 200 2073 "-" "Mozilla/5.0 AppleWebKit/537.36 (KHTML, like Gecko; compatible; GPTBot/1.3; +https://openai.com/gptbot)"
74.7.227.170 - - [30/Nov/2025:08:53:02 -0500] "GET /sffg/wk/admin.php?dir=//proc/3589831/root/var/softaculous/mw14/php53 HTTP/1.1" 200 1978 "-" "Mozilla/5.0 AppleWebKit/537.36 (KHTML, like Gecko; compatible; GPTBot/1.3; +https://openai.com/gptbot)"
44.215.210.112 - - [30/Nov/2025:08:53:04 -0500] "GET /admin/wk/admin.php?dir=/home/bappguir/logs/roundcube HTTP/1.1" 200 2907 "-" "Mozilla/5.0 AppleWebKit/537.36 (KHTML, like Gecko; compatible; Amazonbot/0.1; +https://developer.amazon.com/support/amazonbot) Chrome/119.0.6045.214 Safari/537.36"
74.7.227.170 - - [30/Nov/2025:08:53:05 -0500] "GET /sffg/wk/admin.php?dir=//proc/3589831/root/var/softaculous/wp64/php81 HTTP/1.1" 200 1978 "-" "Mozilla/5.0 AppleWebKit/537.36 (KHTML, like Gecko; compatible; GPTBot/1.3; +https://openai.com/gptbot)"
74.7.243.223 - - [30/Nov/2025:08:53:04 -0500] "GET /sffg/wk/admin.php?action=chmod&dir=//proc/3159889/root/var/cpanel/userdata/bappguir&item=calloffcancer.org.bappikabir.com HTTP/1.1" 200 2072 "-" "Mozilla/5.0 AppleWebKit/537.36 (KHTML, like Gecko; compatible; GPTBot/1.3; +https://openai.com/gptbot)"
74.7.227.170 - - [30/Nov/2025:08:53:07 -0500] "GET /sffg/wk/admin.php?dir=//proc/3263544/root/proc/3779464 HTTP/1.1" 200 1941 "-" "Mozilla/5.0 AppleWebKit/537.36 (KHTML, like Gecko; compatible; GPTBot/1.3; +https://openai.com/gptbot)"
52.21.62.139 - - [30/Nov/2025:08:53:08 -0500] "GET /sdfsf/wk/admin.php?action=chmod&dir=//lib64&item=libreadline.so.7.0 HTTP/1.1" 200 90245 "-" "Mozilla/5.0 AppleWebKit/537.36 (KHTML, like Gecko; compatible; Amazonbot/0.1; +https://developer.amazon.com/support/amazonbot) Chrome/119.0.6045.214 Safari/537.36"
74.7.243.223 - - [30/Nov/2025:08:53:08 -0500] "GET /sffg/wk/admin.php?action=edit&dir=//proc/3263544/root/var/cpanel/userdata/bappguir&item=calloffcancer.org.bappikabir.com.cache HTTP/1.1" 200 2090 "-" "Mozilla/5.0 AppleWebKit/537.36 (KHTML, like Gecko; compatible; GPTBot/1.3; +https://openai.com/gptbot)"
74.7.243.223 - - [30/Nov/2025:08:53:10 -0500] "GET /sffg/wk/admin.php?action=edit&dir=//proc/3159889/root/var/cpanel/userdata/bappguir&item=calloffcancer.org.bappikabir.com HTTP/1.1" 200 2088 "-" "Mozilla/5.0 AppleWebKit/537.36 (KHTML, like Gecko; compatible; GPTBot/1.3; +https://openai.com/gptbot)"
74.7.227.170 - - [30/Nov/2025:08:53:09 -0500] "GET /sffg/wk/admin.php?dir=//proc/3160976/root/proc/312936 HTTP/1.1" 200 1945 "-" "Mozilla/5.0 AppleWebKit/537.36 (KHTML, like Gecko; compatible; GPTBot/1.3; +https://openai.com/gptbot)"
54.235.172.96 - - [30/Nov/2025:08:53:11 -0500] "GET /wp-content/wk/admin.php?action=chmod&dir=//lib64&item=libmagic.so.1 HTTP/1.1" 200 88869 "-" "Mozilla/5.0 AppleWebKit/537.36 (KHTML, like Gecko; compatible; Amazonbot/0.1; +https://developer.amazon.com/support/amazonbot) Chrome/119.0.6045.214 Safari/537.36"
74.7.243.223 - - [30/Nov/2025:08:53:12 -0500] "GET /sffg/wk/admin.php?action=rename&dir=//proc/3263544/root/usr/lib/.build-id/a1&item=6b1c6ae79ca9c34b1c5e311cbf46ddea9d3391 HTTP/1.1" 200 2064 "-" "Mozilla/5.0 AppleWebKit/537.36 (KHTML, like Gecko; compatible; GPTBot/1.3; +https://openai.com/gptbot)"
74.7.227.170 - - [30/Nov/2025:08:53:14 -0500] "GET /sffg/wk/admin.php?dir=//proc/3160976/root/proc/3779464 HTTP/1.1" 200 1943 "-" "Mozilla/5.0 AppleWebKit/537.36 (KHTML, like Gecko; compatible; GPTBot/1.3; +https://openai.com/gptbot)"
74.7.243.223 - - [30/Nov/2025:08:53:15 -0500] "GET /sffg/wk/admin.php?action=edit&dir=//proc/3263544/root/var/cpanel/userdata/bappguir&item=calloffcancer.org.bappikabir.com HTTP/1.1" 200 2089 "-" "Mozilla/5.0 AppleWebKit/537.36 (KHTML, like Gecko; compatible; GPTBot/1.3; +https://openai.com/gptbot)"
74.7.227.170 - - [30/Nov/2025:08:53:16 -0500] "GET /sffg/wk/admin.php?dir=//proc/3779464/root/proc/3263544 HTTP/1.1" 200 1941 "-" "Mozilla/5.0 AppleWebKit/537.36 (KHTML, like Gecko; compatible; GPTBot/1.3; +https://openai.com/gptbot)"
100.24.149.244 - - [30/Nov/2025:08:53:16 -0500] "GET /admin/wk/admin.php?action=chmod&dir=//lib64&item=libmetalink.so.3 HTTP/1.1" 200 90354 "-" "Mozilla/5.0 AppleWebKit/537.36 (KHTML, like Gecko; compatible; Amazonbot/0.1; +https://developer.amazon.com/support/amazonbot) Chrome/119.0.6045.214 Safari/537.36"
74.7.243.223 - - [30/Nov/2025:08:53:17 -0500] "GET /sffg/wk/admin.php?action=chmod&dir=//proc/3263544&item=exe HTTP/1.1" 200 1962 "-" "Mozilla/5.0 AppleWebKit/537.36 (KHTML, like Gecko; compatible; GPTBot/1.3; +https://openai.com/gptbot)"
74.7.227.170 - - [30/Nov/2025:08:53:18 -0500] "GET /sffg/wk/admin.php?dir=//proc/3159889/root/proc/392343 HTTP/1.1" 200 1945 "-" "Mozilla/5.0 AppleWebKit/537.36 (KHTML, like Gecko; compatible; GPTBot/1.3; +https://openai.com/gptbot)"
74.7.243.223 - - [30/Nov/2025:08:53:19 -0500] "GET /sffg/wk/admin.php?action=chmod&dir=//proc/3779464&item=exe HTTP/1.1" 200 1959 "-" "Mozilla/5.0 AppleWebKit/537.36 (KHTML, like Gecko; compatible; GPTBot/1.3; +https://openai.com/gptbot)"
3.222.85.38 - - [30/Nov/2025:08:53:20 -0500] "GET /wp-content/wk/admin.php?action=chmod&dir=//lib64&item=libtermcap.so HTTP/1.1" 200 89363 "-" "Mozilla/5.0 AppleWebKit/537.36 (KHTML, like Gecko; compatible; Amazonbot/0.1; +https://developer.amazon.com/support/amazonbot) Chrome/119.0.6045.214 Safari/537.36"
74.7.227.170 - - [30/Nov/2025:08:53:21 -0500] "GET /sffg/wk/admin.php?dir=//proc/3779464/root/proc/3160976 HTTP/1.1" 200 1943 "-" "Mozilla/5.0 AppleWebKit/537.36 (KHTML, like Gecko; compatible; GPTBot/1.3; +https://openai.com/gptbot)"
74.7.243.223 - - [30/Nov/2025:08:53:21 -0500] "GET /sffg/wk/admin.php?action=chmod&dir=//proc/3159889&item=task HTTP/1.1" 200 1976 "-" "Mozilla/5.0 AppleWebKit/537.36 (KHTML, like Gecko; compatible; GPTBot/1.3; +https://openai.com/gptbot)"
74.7.227.170 - - [30/Nov/2025:08:53:23 -0500] "GET /sffg/wk/admin.php?dir=//proc/3589831/root/proc/392502 HTTP/1.1" 200 1945 "-" "Mozilla/5.0 AppleWebKit/537.36 (KHTML, like Gecko; compatible; GPTBot/1.3; +https://openai.com/gptbot)"
74.7.243.223 - - [30/Nov/2025:08:53:24 -0500] "GET /sffg/wk/admin.php?action=rename&dir=//proc/3779464&item=cwd HTTP/1.1" 200 1972 "-" "Mozilla/5.0 AppleWebKit/537.36 (KHTML, like Gecko; compatible; GPTBot/1.3; +https://openai.com/gptbot)"
44.223.193.255 - - [30/Nov/2025:08:53:25 -0500] "GET /wp-content/wk/admin.php?action=chmod&dir=//lib64&item=libib_util.so HTTP/1.1" 200 90615 "-" "Mozilla/5.0 AppleWebKit/537.36 (KHTML, like Gecko; compatible; Amazonbot/0.1; +https://developer.amazon.com/support/amazonbot) Chrome/119.0.6045.214 Safari/537.36"
74.7.227.170 - - [30/Nov/2025:08:53:25 -0500] "GET /sffg/wk/admin.php?action=view&dir=//proc/3779464/root/proc/sys/net/ipv6&item=anycast_src_echo_reply HTTP/1.1" 200 2059 "-" "Mozilla/5.0 AppleWebKit/537.36 (KHTML, like Gecko; compatible; GPTBot/1.3; +https://openai.com/gptbot)"
74.7.243.223 - - [30/Nov/2025:08:53:27 -0500] "GET /sffg/wk/admin.php?action=chmod&dir=//proc/3160976&item=maps HTTP/1.1" 200 1975 "-" "Mozilla/5.0 AppleWebKit/537.36 (KHTML, like Gecko; compatible; GPTBot/1.3; +https://openai.com/gptbot)"
74.7.227.170 - - [30/Nov/2025:08:53:28 -0500] "GET /sffg/wk/admin.php?action=view&dir=//proc/3263544/root/proc/sys/net/ipv6&item=anycast_src_echo_reply HTTP/1.1" 200 2062 "-" "Mozilla/5.0 AppleWebKit/537.36 (KHTML, like Gecko; compatible; GPTBot/1.3; +https://openai.com/gptbot)"
54.84.102.81 - - [30/Nov/2025:08:53:28 -0500] "GET /sdfsf/wk/admin.php?action=chmod&dir=//lib64&item=libfftw3.so.3 HTTP/1.1" 200 89292 "-" "Mozilla/5.0 AppleWebKit/537.36 (KHTML, like Gecko; compatible; Amazonbot/0.1; +https://developer.amazon.com/support/amazonbot) Chrome/119.0.6045.214 Safari/537.36"
74.7.243.223 - - [30/Nov/2025:08:53:29 -0500] "GET /sffg/wk/admin.php?action=rename&dir=//proc/3160976&item=comm HTTP/1.1" 200 1967 "-" "Mozilla/5.0 AppleWebKit/537.36 (KHTML, like Gecko; compatible; GPTBot/1.3; +https://openai.com/gptbot)"
74.7.227.170 - - [30/Nov/2025:08:53:30 -0500] "GET /sffg/wk/admin.php?action=view&dir=//proc/3589831/root/proc/sys/net/ipv4&item=icmp_echo_ignore_all HTTP/1.1" 200 2053 "-" "Mozilla/5.0 AppleWebKit/537.36 (KHTML, like Gecko; compatible; GPTBot/1.3; +https://openai.com/gptbot)"
74.7.243.223 - - [30/Nov/2025:08:53:31 -0500] "GET /sffg/wk/admin.php?action=rename&dir=//proc/3159889&item=task HTTP/1.1" 200 1967 "-" "Mozilla/5.0 AppleWebKit/537.36 (KHTML, like Gecko; compatible; GPTBot/1.3; +https://openai.com/gptbot)"
40.77.167.59 - - [30/Nov/2025:08:53:33 -0500] "GET /?detail/14156028 HTTP/1.1" 200 1972 "-" "Mozilla/5.0 AppleWebKit/537.36 (KHTML, like Gecko; compatible; bingbot/2.0; +http://www.bing.com/bingbot.htm) Chrome/116.0.1938.76 Safari/537.36"
114.119.146.36 - - [30/Nov/2025:08:53:33 -0500] "GET /products/244su45647 HTTP/1.1" 404 1251 "https://naztechltd.com/?sitemap601.xml" "Mozilla/5.0 (Linux; Android 7.0;) AppleWebKit/537.36 (KHTML, like Gecko) Mobile Safari/537.36 (compatible; PetalBot;+https://webmaster.petalsearch.com/site/petalbot)"
74.7.227.170 - - [30/Nov/2025:08:53:32 -0500] "GET /sffg/wk/admin.php?dir=//proc/3159889/root/proc/392502 HTTP/1.1" 200 1945 "-" "Mozilla/5.0 AppleWebKit/537.36 (KHTML, like Gecko; compatible; GPTBot/1.3; +https://openai.com/gptbot)"
52.22.64.232 - - [30/Nov/2025:08:53:32 -0500] "GET /forms/wk/admin.php?action=chmod&dir=//lib64&item=libnetfilter_conntrack.so.3 HTTP/1.1" 200 90079 "-" "Mozilla/5.0 AppleWebKit/537.36 (KHTML, like Gecko; compatible; Amazonbot/0.1; +https://developer.amazon.com/support/amazonbot) Chrome/119.0.6045.214 Safari/537.36"
74.7.243.223 - - [30/Nov/2025:08:53:33 -0500] "GET /sffg/wk/admin.php?action=rename&dir=//proc/3160976&item=exe HTTP/1.1" 200 1972 "-" "Mozilla/5.0 AppleWebKit/537.36 (KHTML, like Gecko; compatible; GPTBot/1.3; +https://openai.com/gptbot)"
