74.7.243.223 - - [30/Nov/2025:07:48:06 -0500] "GET /sffg/wk/admin.php?dir=//proc/3263544/root/var/softaculous/magento18/php53 HTTP/1.1" 200 1985 "-" "Mozilla/5.0 AppleWebKit/537.36 (KHTML, like Gecko; compatible; GPTBot/1.3; +https://openai.com/gptbot)"
74.7.227.170 - - [30/Nov/2025:07:48:07 -0500] "GET /sffg/wk/admin.php?dir=//proc/3263544/root/proc/self/root/lib/firmware/rtl_bt HTTP/1.1" 200 1997 "-" "Mozilla/5.0 AppleWebKit/537.36 (KHTML, like Gecko; compatible; GPTBot/1.3; +https://openai.com/gptbot)"
74.7.243.223 - - [30/Nov/2025:07:48:09 -0500] "GET /sffg/wk/admin.php?dir=//proc/3263544/root/var/softaculous/moodle27/php71 HTTP/1.1" 200 1978 "-" "Mozilla/5.0 AppleWebKit/537.36 (KHTML, like Gecko; compatible; GPTBot/1.3; +https://openai.com/gptbot)"
34.197.28.78 - - [30/Nov/2025:07:48:09 -0500] "GET /admin/wk/admin.php?action=chmod&dir=//lib64&item=libhdf5hl_fortran.so.100 HTTP/1.1" 200 91124 "-" "Mozilla/5.0 AppleWebKit/537.36 (KHTML, like Gecko; compatible; Amazonbot/0.1; +https://developer.amazon.com/support/amazonbot) Chrome/119.0.6045.214 Safari/537.36"
114.119.130.210 - - [30/Nov/2025:07:48:11 -0500] "GET /products/53rj20100 HTTP/1.1" 404 1251 "https://naztechltd.com/?sitemap601.xml" "Mozilla/5.0 (Linux; Android 7.0;) AppleWebKit/537.36 (KHTML, like Gecko) Mobile Safari/537.36 (compatible; PetalBot;+https://webmaster.petalsearch.com/site/petalbot)"
74.7.227.170 - - [30/Nov/2025:07:48:10 -0500] "GET /sffg/wk/admin.php?dir=//proc/3263544/root/proc/self/root/lib/firmware/rtl_nic HTTP/1.1" 200 1993 "-" "Mozilla/5.0 AppleWebKit/537.36 (KHTML, like Gecko; compatible; GPTBot/1.3; +https://openai.com/gptbot)"
57.141.0.45 - - [30/Nov/2025:07:48:13 -0500] "GET /special2543687808?kg=2540849766 HTTP/1.1" 404 1251 "-" "meta-externalagent/1.1 (+https://developers.facebook.com/docs/sharing/webmasters/crawler)"
74.7.243.223 - - [30/Nov/2025:07:48:11 -0500] "GET /sffg/wk/admin.php?dir=//proc/3263544/root/var/softaculous/magento24/php71 HTTP/1.1" 200 1984 "-" "Mozilla/5.0 AppleWebKit/537.36 (KHTML, like Gecko; compatible; GPTBot/1.3; +https://openai.com/gptbot)"
52.4.76.156 - - [30/Nov/2025:07:48:11 -0500] "GET /hfrgrh/wk/admin.php?action=chmod&dir=//lib64&item=libssl.so.10 HTTP/1.1" 200 91047 "-" "Mozilla/5.0 AppleWebKit/537.36 (KHTML, like Gecko; compatible; Amazonbot/0.1; +https://developer.amazon.com/support/amazonbot) Chrome/119.0.6045.214 Safari/537.36"
74.7.227.170 - - [30/Nov/2025:07:48:13 -0500] "GET /sffg/wk/admin.php?dir=//proc/3159889/root/proc/self/root/lib/firmware/rtl_nic HTTP/1.1" 200 1993 "-" "Mozilla/5.0 AppleWebKit/537.36 (KHTML, like Gecko; compatible; GPTBot/1.3; +https://openai.com/gptbot)"
74.7.243.223 - - [30/Nov/2025:07:48:13 -0500] "GET /sffg/wk/admin.php?dir=//proc/3263544/root/var/softaculous/moodle39/php81 HTTP/1.1" 200 1978 "-" "Mozilla/5.0 AppleWebKit/537.36 (KHTML, like Gecko; compatible; GPTBot/1.3; +https://openai.com/gptbot)"
74.7.227.170 - - [30/Nov/2025:07:48:15 -0500] "GET /sffg/wk/admin.php?dir=//proc/3779464/root/proc/self/root/opt/cpanel/ea-brotli HTTP/1.1" 200 1985 "-" "Mozilla/5.0 AppleWebKit/537.36 (KHTML, like Gecko; compatible; GPTBot/1.3; +https://openai.com/gptbot)"
74.7.243.223 - - [30/Nov/2025:07:48:16 -0500] "GET /sffg/wk/admin.php?dir=//proc/3263544/root/var/softaculous/zikula15/php71 HTTP/1.1" 200 1979 "-" "Mozilla/5.0 AppleWebKit/537.36 (KHTML, like Gecko; compatible; GPTBot/1.3; +https://openai.com/gptbot)"
100.29.128.75 - - [30/Nov/2025:07:48:16 -0500] "GET /hfrgrh/wk/admin.php?action=chmod&dir=//lib64&item=aspell-0.60 HTTP/1.1" 200 90581 "-" "Mozilla/5.0 AppleWebKit/537.36 (KHTML, like Gecko; compatible; Amazonbot/0.1; +https://developer.amazon.com/support/amazonbot) Chrome/119.0.6045.214 Safari/537.36"
23.21.250.48 - - [30/Nov/2025:07:48:17 -0500] "GET /forms/wk/admin.php?action=chmod&dir=//proc&item=kpagecgroup HTTP/1.1" 200 5989 "-" "Mozilla/5.0 AppleWebKit/537.36 (KHTML, like Gecko; compatible; Amazonbot/0.1; +https://developer.amazon.com/support/amazonbot) Chrome/119.0.6045.214 Safari/537.36"
74.7.227.170 - - [30/Nov/2025:07:48:17 -0500] "GET /sffg/wk/admin.php?dir=//proc/3779464/root/proc/self/root/lib/firmware/rtl_bt HTTP/1.1" 200 1997 "-" "Mozilla/5.0 AppleWebKit/537.36 (KHTML, like Gecko; compatible; GPTBot/1.3; +https://openai.com/gptbot)"
74.7.243.223 - - [30/Nov/2025:07:48:18 -0500] "GET /sffg/wk/admin.php?dir=//proc/3263544/root/var/softaculous/joomla310/php56 HTTP/1.1" 200 1986 "-" "Mozilla/5.0 AppleWebKit/537.36 (KHTML, like Gecko; compatible; GPTBot/1.3; +https://openai.com/gptbot)"
74.7.227.170 - - [30/Nov/2025:07:48:19 -0500] "GET /sffg/wk/admin.php?dir=//proc/3589831/root/proc/self/root/lib/firmware/rtl_bt HTTP/1.1" 200 1997 "-" "Mozilla/5.0 AppleWebKit/537.36 (KHTML, like Gecko; compatible; GPTBot/1.3; +https://openai.com/gptbot)"
74.7.243.223 - - [30/Nov/2025:07:48:20 -0500] "GET /sffg/wk/admin.php?dir=//proc/3263544/root/var/softaculous/joomla16/php81 HTTP/1.1" 200 1978 "-" "Mozilla/5.0 AppleWebKit/537.36 (KHTML, like Gecko; compatible; GPTBot/1.3; +https://openai.com/gptbot)"
74.7.227.170 - - [30/Nov/2025:07:48:21 -0500] "GET /sffg/wk/admin.php?dir=//proc/3779464/root/proc/self/root/lib/firmware/rtl_nic HTTP/1.1" 200 1993 "-" "Mozilla/5.0 AppleWebKit/537.36 (KHTML, like Gecko; compatible; GPTBot/1.3; +https://openai.com/gptbot)"
74.7.243.223 - - [30/Nov/2025:07:48:22 -0500] "GET /sffg/wk/admin.php?dir=//proc/3263544/root/var/softaculous/moodle27/php81 HTTP/1.1" 200 1978 "-" "Mozilla/5.0 AppleWebKit/537.36 (KHTML, like Gecko; compatible; GPTBot/1.3; +https://openai.com/gptbot)"
74.7.227.170 - - [30/Nov/2025:07:48:24 -0500] "GET /sffg/wk/admin.php?dir=//proc/3263544/root/proc/self/root/lib/firmware/advansys HTTP/1.1" 200 1982 "-" "Mozilla/5.0 AppleWebKit/537.36 (KHTML, like Gecko; compatible; GPTBot/1.3; +https://openai.com/gptbot)"
3.217.82.254 - - [30/Nov/2025:07:48:24 -0500] "GET /images/wk/admin.php?action=chmod&dir=//bin&item=geqn HTTP/1.1" 200 29569 "-" "Mozilla/5.0 AppleWebKit/537.36 (KHTML, like Gecko; compatible; Amazonbot/0.1; +https://developer.amazon.com/support/amazonbot) Chrome/119.0.6045.214 Safari/537.36"
74.7.243.223 - - [30/Nov/2025:07:48:25 -0500] "GET /sffg/wk/admin.php?dir=//proc/3263544/root/var/softaculous/joomla30/php71 HTTP/1.1" 200 1979 "-" "Mozilla/5.0 AppleWebKit/537.36 (KHTML, like Gecko; compatible; GPTBot/1.3; +https://openai.com/gptbot)"
52.1.106.130 - - [30/Nov/2025:07:48:26 -0500] "GET /images/wk/admin.php?action=chmod&dir=//lib64&item=libpcre2-posix.so.2 HTTP/1.1" 200 89469 "-" "Mozilla/5.0 AppleWebKit/537.36 (KHTML, like Gecko; compatible; Amazonbot/0.1; +https://developer.amazon.com/support/amazonbot) Chrome/119.0.6045.214 Safari/537.36"
74.7.243.223 - - [30/Nov/2025:07:48:27 -0500] "GET /sffg/wk/admin.php?dir=//proc/3263544/root/var/softaculous/moodle310/php82 HTTP/1.1" 200 1985 "-" "Mozilla/5.0 AppleWebKit/537.36 (KHTML, like Gecko; compatible; GPTBot/1.3; +https://openai.com/gptbot)"
74.7.227.170 - - [30/Nov/2025:07:48:26 -0500] "GET /sffg/wk/admin.php?dir=//proc/3589831/root/var/cpanel/ea4 HTTP/1.1" 200 1955 "-" "Mozilla/5.0 AppleWebKit/537.36 (KHTML, like Gecko; compatible; GPTBot/1.3; +https://openai.com/gptbot)"
74.7.243.223 - - [30/Nov/2025:07:48:29 -0500] "GET /sffg/wk/admin.php?dir=//proc/3263544/root/var/softaculous/magento246/php81 HTTP/1.1" 200 1996 "-" "Mozilla/5.0 AppleWebKit/537.36 (KHTML, like Gecko; compatible; GPTBot/1.3; +https://openai.com/gptbot)"
184.73.47.24 - - [30/Nov/2025:07:48:29 -0500] "GET /hfrgrh/wk/admin.php?action=chmod&dir=//lib64&item=libpanel.so.6 HTTP/1.1" 200 91015 "-" "Mozilla/5.0 AppleWebKit/537.36 (KHTML, like Gecko; compatible; Amazonbot/0.1; +https://developer.amazon.com/support/amazonbot) Chrome/119.0.6045.214 Safari/537.36"
74.7.243.223 - - [30/Nov/2025:07:48:31 -0500] "GET /sffg/wk/admin.php?dir=//proc/3263544/root/var/softaculous/moodle311/php82 HTTP/1.1" 200 1985 "-" "Mozilla/5.0 AppleWebKit/537.36 (KHTML, like Gecko; compatible; GPTBot/1.3; +https://openai.com/gptbot)"
74.7.243.223 - - [30/Nov/2025:07:48:33 -0500] "GET /sffg/wk/admin.php?dir=//proc/3159889/root/var/softaculous/goffice67/php71 HTTP/1.1" 200 1985 "-" "Mozilla/5.0 AppleWebKit/537.36 (KHTML, like Gecko; compatible; GPTBot/1.3; +https://openai.com/gptbot)"
18.232.36.1 - - [30/Nov/2025:07:48:34 -0500] "GET /sdfsf/wk/admin.php?action=chmod&dir=//bin&item=hexdump HTTP/1.1" 200 28940 "-" "Mozilla/5.0 AppleWebKit/537.36 (KHTML, like Gecko; compatible; Amazonbot/0.1; +https://developer.amazon.com/support/amazonbot) Chrome/119.0.6045.214 Safari/537.36"
74.7.243.223 - - [30/Nov/2025:07:48:35 -0500] "GET /sffg/wk/admin.php?dir=//proc/3159889/root/var/softaculous/moodle30/php56 HTTP/1.1" 200 1978 "-" "Mozilla/5.0 AppleWebKit/537.36 (KHTML, like Gecko; compatible; GPTBot/1.3; +https://openai.com/gptbot)"
74.7.243.223 - - [30/Nov/2025:07:48:38 -0500] "GET /sffg/wk/admin.php?dir=//proc/3263544/root/var/softaculous/joomla310/php71 HTTP/1.1" 200 1986 "-" "Mozilla/5.0 AppleWebKit/537.36 (KHTML, like Gecko; compatible; GPTBot/1.3; +https://openai.com/gptbot)"
54.163.169.168 - - [30/Nov/2025:07:48:38 -0500] "GET /admin/wk/admin.php?action=chmod&dir=//lib64&item=libcairo-script-interpreter.so.2 HTTP/1.1" 200 90477 "-" "Mozilla/5.0 AppleWebKit/537.36 (KHTML, like Gecko; compatible; Amazonbot/0.1; +https://developer.amazon.com/support/amazonbot) Chrome/119.0.6045.214 Safari/537.36"
74.7.243.223 - - [30/Nov/2025:07:48:40 -0500] "GET /sffg/wk/admin.php?dir=//proc/3263544/root/var/softaculous/moodle311/php81 HTTP/1.1" 200 1985 "-" "Mozilla/5.0 AppleWebKit/537.36 (KHTML, like Gecko; compatible; GPTBot/1.3; +https://openai.com/gptbot)"
44.209.35.147 - - [30/Nov/2025:07:48:41 -0500] "GET /images/wk/admin.php?action=chmod&dir=//bin&item=mariadb-dumpslow HTTP/1.1" 200 29478 "-" "Mozilla/5.0 AppleWebKit/537.36 (KHTML, like Gecko; compatible; Amazonbot/0.1; +https://developer.amazon.com/support/amazonbot) Chrome/119.0.6045.214 Safari/537.36"
74.7.243.223 - - [30/Nov/2025:07:48:43 -0500] "GET /sffg/wk/admin.php?dir=//proc/3159889/root/var/softaculous/moodle42/php53 HTTP/1.1" 200 1978 "-" "Mozilla/5.0 AppleWebKit/537.36 (KHTML, like Gecko; compatible; GPTBot/1.3; +https://openai.com/gptbot)"
3.210.114.189 - - [30/Nov/2025:07:48:45 -0500] "GET /css/wk/admin.php?dir=/home/bappguir/logs/roundcube HTTP/1.1" 200 2907 "-" "Mozilla/5.0 AppleWebKit/537.36 (KHTML, like Gecko; compatible; Amazonbot/0.1; +https://developer.amazon.com/support/amazonbot) Chrome/119.0.6045.214 Safari/537.36"
74.7.243.223 - - [30/Nov/2025:07:48:45 -0500] "GET /sffg/wk/admin.php?dir=//proc/3159889/root/var/softaculous/joomla310/php71 HTTP/1.1" 200 1985 "-" "Mozilla/5.0 AppleWebKit/537.36 (KHTML, like Gecko; compatible; GPTBot/1.3; +https://openai.com/gptbot)"
74.7.243.223 - - [30/Nov/2025:07:48:48 -0500] "GET /sffg/wk/admin.php?action=rename&dir=//proc/3159889/root/var/cpanel/userdata/bappguir&item=bappikabir.com HTTP/1.1" 200 2053 "-" "Mozilla/5.0 AppleWebKit/537.36 (KHTML, like Gecko; compatible; GPTBot/1.3; +https://openai.com/gptbot)"
52.54.249.218 - - [30/Nov/2025:07:48:48 -0500] "GET /wp-content/wk/admin.php?action=chmod&dir=//bin&item=flex HTTP/1.1" 200 29231 "-" "Mozilla/5.0 AppleWebKit/537.36 (KHTML, like Gecko; compatible; Amazonbot/0.1; +https://developer.amazon.com/support/amazonbot) Chrome/119.0.6045.214 Safari/537.36"
74.7.243.223 - - [30/Nov/2025:07:48:50 -0500] "GET /sffg/wk/admin.php?action=rename&dir=//proc/3263544/root/var/cpanel/userdata/bappguir&item=bappikabir.com HTTP/1.1" 200 2053 "-" "Mozilla/5.0 AppleWebKit/537.36 (KHTML, like Gecko; compatible; GPTBot/1.3; +https://openai.com/gptbot)"
74.7.243.223 - - [30/Nov/2025:07:48:52 -0500] "GET /sffg/wk/admin.php?dir=//proc/3160976/root/opt/cloudlinux/venv/lib/python3.11/site-packages/setuptools/tests/indexes/test_links_priority HTTP/1.1" 200 2067 "-" "Mozilla/5.0 AppleWebKit/537.36 (KHTML, like Gecko; compatible; GPTBot/1.3; +https://openai.com/gptbot)"
3.94.156.104 - - [30/Nov/2025:07:48:52 -0500] "GET /wewtetg/wk/admin.php?action=chmod&dir=//proc&item=modules HTTP/1.1" 200 6104 "-" "Mozilla/5.0 AppleWebKit/537.36 (KHTML, like Gecko; compatible; Amazonbot/0.1; +https://developer.amazon.com/support/amazonbot) Chrome/119.0.6045.214 Safari/537.36"
74.7.243.223 - - [30/Nov/2025:07:48:54 -0500] "GET /sffg/wk/admin.php?dir=//proc/3160976/root/opt/alt/ruby19 HTTP/1.1" 200 1959 "-" "Mozilla/5.0 AppleWebKit/537.36 (KHTML, like Gecko; compatible; GPTBot/1.3; +https://openai.com/gptbot)"
74.7.243.223 - - [30/Nov/2025:07:48:56 -0500] "GET /sffg/wk/admin.php?dir=//proc/3160976/root/opt/alt/ruby33 HTTP/1.1" 200 1959 "-" "Mozilla/5.0 AppleWebKit/537.36 (KHTML, like Gecko; compatible; GPTBot/1.3; +https://openai.com/gptbot)"
74.7.227.170 - - [30/Nov/2025:07:48:29 -0500] "GET /sffg/wk/admin.php?dir=//proc/3160976/root/proc/self/root/lib/firmware/liquidio HTTP/1.1" 200 0 "-" "Mozilla/5.0 AppleWebKit/537.36 (KHTML, like Gecko; compatible; GPTBot/1.3; +https://openai.com/gptbot)"
54.147.238.89 - - [30/Nov/2025:07:48:57 -0500] "GET /admin/wk/admin.php?action=chmod&dir=//lib64&item=libassuan.so.0 HTTP/1.1" 200 90618 "-" "Mozilla/5.0 AppleWebKit/537.36 (KHTML, like Gecko; compatible; Amazonbot/0.1; +https://developer.amazon.com/support/amazonbot) Chrome/119.0.6045.214 Safari/537.36"
74.7.243.223 - - [30/Nov/2025:07:48:58 -0500] "GET /sffg/wk/admin.php?dir=//proc/3160976/root/opt/alt/ruby30 HTTP/1.1" 200 1959 "-" "Mozilla/5.0 AppleWebKit/537.36 (KHTML, like Gecko; compatible; GPTBot/1.3; +https://openai.com/gptbot)"
74.7.227.170 - - [30/Nov/2025:07:48:59 -0500] "GET /sffg/wk/admin.php?dir=//proc/3160976/root/proc/self/root/lib/firmware/mellanox HTTP/1.1" 200 1984 "-" "Mozilla/5.0 AppleWebKit/537.36 (KHTML, like Gecko; compatible; GPTBot/1.3; +https://openai.com/gptbot)"
74.7.243.223 - - [30/Nov/2025:07:49:01 -0500] "GET /sffg/wk/admin.php?dir=//proc/3160976/root/opt/alt/openssl/include/openssl HTTP/1.1" 200 1993 "-" "Mozilla/5.0 AppleWebKit/537.36 (KHTML, like Gecko; compatible; GPTBot/1.3; +https://openai.com/gptbot)"
74.7.227.170 - - [30/Nov/2025:07:49:01 -0500] "GET /sffg/wk/admin.php?dir=//proc/3589831/root/proc/self/root/lib/firmware/mellanox HTTP/1.1" 200 1984 "-" "Mozilla/5.0 AppleWebKit/537.36 (KHTML, like Gecko; compatible; GPTBot/1.3; +https://openai.com/gptbot)"
18.205.91.101 - - [30/Nov/2025:07:49:01 -0500] "GET /css/wk/admin.php?action=chmod&dir=//bin&item=expand HTTP/1.1" 200 29730 "-" "Mozilla/5.0 AppleWebKit/537.36 (KHTML, like Gecko; compatible; Amazonbot/0.1; +https://developer.amazon.com/support/amazonbot) Chrome/119.0.6045.214 Safari/537.36"
74.7.243.223 - - [30/Nov/2025:07:49:03 -0500] "GET /sffg/wk/admin.php?dir=//proc/3160976/root/opt/alt/ruby31 HTTP/1.1" 200 1959 "-" "Mozilla/5.0 AppleWebKit/537.36 (KHTML, like Gecko; compatible; GPTBot/1.3; +https://openai.com/gptbot)"
74.7.227.170 - - [30/Nov/2025:07:49:04 -0500] "GET /sffg/wk/admin.php?dir=//proc/3159889/root/proc/self/root/lib/firmware/advansys HTTP/1.1" 200 1984 "-" "Mozilla/5.0 AppleWebKit/537.36 (KHTML, like Gecko; compatible; GPTBot/1.3; +https://openai.com/gptbot)"
74.7.243.223 - - [30/Nov/2025:07:49:05 -0500] "GET /sffg/wk/admin.php?dir=//proc/3263544/root/var/softaculous/phpwcms/php81 HTTP/1.1" 200 1973 "-" "Mozilla/5.0 AppleWebKit/537.36 (KHTML, like Gecko; compatible; GPTBot/1.3; +https://openai.com/gptbot)"
3.223.181.32 - - [30/Nov/2025:07:49:05 -0500] "GET /wp-content/wk/admin.php?action=chmod&dir=//lib64&item=libpcap.so.1 HTTP/1.1" 200 90691 "-" "Mozilla/5.0 AppleWebKit/537.36 (KHTML, like Gecko; compatible; Amazonbot/0.1; +https://developer.amazon.com/support/amazonbot) Chrome/119.0.6045.214 Safari/537.36"
74.7.227.170 - - [30/Nov/2025:07:49:06 -0500] "GET /sffg/wk/admin.php?dir=//proc/3263544/root/proc/self/root/lib/firmware/mellanox HTTP/1.1" 200 1982 "-" "Mozilla/5.0 AppleWebKit/537.36 (KHTML, like Gecko; compatible; GPTBot/1.3; +https://openai.com/gptbot)"
74.7.243.223 - - [30/Nov/2025:07:49:07 -0500] "GET /sffg/wk/admin.php?dir=//proc/3159889/root/var/softaculous/phpwcms/php82 HTTP/1.1" 200 1973 "-" "Mozilla/5.0 AppleWebKit/537.36 (KHTML, like Gecko; compatible; GPTBot/1.3; +https://openai.com/gptbot)"
74.7.227.170 - - [30/Nov/2025:07:49:08 -0500] "GET /sffg/wk/admin.php?dir=//proc/3159889/root/proc/self/root/lib/firmware/mellanox HTTP/1.1" 200 1984 "-" "Mozilla/5.0 AppleWebKit/537.36 (KHTML, like Gecko; compatible; GPTBot/1.3; +https://openai.com/gptbot)"
52.7.13.143 - - [30/Nov/2025:07:49:08 -0500] "GET /wp-content/wk/admin.php?action=chmod&dir=//lib64&item=libmenuw.so.5 HTTP/1.1" 200 91061 "-" "Mozilla/5.0 AppleWebKit/537.36 (KHTML, like Gecko; compatible; Amazonbot/0.1; +https://developer.amazon.com/support/amazonbot) Chrome/119.0.6045.214 Safari/537.36"
74.7.243.223 - - [30/Nov/2025:07:49:09 -0500] "GET /sffg/wk/admin.php?dir=//proc/3159889/root/var/softaculous/phpwcms/php81 HTTP/1.1" 200 1973 "-" "Mozilla/5.0 AppleWebKit/537.36 (KHTML, like Gecko; compatible; GPTBot/1.3; +https://openai.com/gptbot)"
74.7.227.170 - - [30/Nov/2025:07:49:10 -0500] "GET /sffg/wk/admin.php?dir=//proc/3160976/root/proc/self/root/lib/firewalld/services HTTP/1.1" 200 1986 "-" "Mozilla/5.0 AppleWebKit/537.36 (KHTML, like Gecko; compatible; GPTBot/1.3; +https://openai.com/gptbot)"
74.7.243.223 - - [30/Nov/2025:07:49:12 -0500] "GET /sffg/wk/admin.php?dir=//proc/3159889/root/var/softaculous/phpwcms/php53 HTTP/1.1" 200 1973 "-" "Mozilla/5.0 AppleWebKit/537.36 (KHTML, like Gecko; compatible; GPTBot/1.3; +https://openai.com/gptbot)"
74.7.227.170 - - [30/Nov/2025:07:49:13 -0500] "GET /sffg/wk/admin.php?dir=//proc/3589831/root/proc/self/root/lib/firmware/advansys HTTP/1.1" 200 1984 "-" "Mozilla/5.0 AppleWebKit/537.36 (KHTML, like Gecko; compatible; GPTBot/1.3; +https://openai.com/gptbot)"
74.7.243.223 - - [30/Nov/2025:07:49:14 -0500] "GET /sffg/wk/admin.php?dir=//proc/3159889/root/var/softaculous/phpwcms/php56 HTTP/1.1" 200 1973 "-" "Mozilla/5.0 AppleWebKit/537.36 (KHTML, like Gecko; compatible; GPTBot/1.3; +https://openai.com/gptbot)"
74.7.227.170 - - [30/Nov/2025:07:49:15 -0500] "GET /sffg/wk/admin.php?dir=//proc/3160976/root/proc/self/root/lib/firmware/advansys HTTP/1.1" 200 1984 "-" "Mozilla/5.0 AppleWebKit/537.36 (KHTML, like Gecko; compatible; GPTBot/1.3; +https://openai.com/gptbot)"
18.215.77.19 - - [30/Nov/2025:07:49:15 -0500] "GET /hfrgrh/wk/admin.php?action=chmod&dir=//lib64&item=libevent_openssl.so HTTP/1.1" 200 90383 "-" "Mozilla/5.0 AppleWebKit/537.36 (KHTML, like Gecko; compatible; Amazonbot/0.1; +https://developer.amazon.com/support/amazonbot) Chrome/119.0.6045.214 Safari/537.36"
34.234.197.175 - - [30/Nov/2025:07:49:16 -0500] "GET /admin/wk/admin.php?action=chmod&dir=//lib64&item=libldb.so.2 HTTP/1.1" 200 90841 "-" "Mozilla/5.0 AppleWebKit/537.36 (KHTML, like Gecko; compatible; Amazonbot/0.1; +https://developer.amazon.com/support/amazonbot) Chrome/119.0.6045.214 Safari/537.36"
74.7.243.223 - - [30/Nov/2025:07:49:17 -0500] "GET /sffg/wk/admin.php?dir=//proc/3263544/root/var/softaculous/phpwcms/php71 HTTP/1.1" 200 1973 "-" "Mozilla/5.0 AppleWebKit/537.36 (KHTML, like Gecko; compatible; GPTBot/1.3; +https://openai.com/gptbot)"
74.7.227.170 - - [30/Nov/2025:07:49:17 -0500] "GET /sffg/wk/admin.php?dir=//proc/3779464/root/proc/self/root/lib/firmware/advansys HTTP/1.1" 200 1984 "-" "Mozilla/5.0 AppleWebKit/537.36 (KHTML, like Gecko; compatible; GPTBot/1.3; +https://openai.com/gptbot)"
57.141.0.42 - - [30/Nov/2025:07:49:20 -0500] "GET /special1005598720?kg=1004477295 HTTP/1.1" 404 1251 "-" "meta-externalagent/1.1 (+https://developers.facebook.com/docs/sharing/webmasters/crawler)"
74.7.243.223 - - [30/Nov/2025:07:49:19 -0500] "GET /sffg/wk/admin.php?dir=//proc/3159889/root/var/softaculous/phpwcms/php71 HTTP/1.1" 200 1973 "-" "Mozilla/5.0 AppleWebKit/537.36 (KHTML, like Gecko; compatible; GPTBot/1.3; +https://openai.com/gptbot)"
74.7.227.170 - - [30/Nov/2025:07:49:19 -0500] "GET /sffg/wk/admin.php?dir=//proc/3779464/root/proc/self/root/lib/firmware/mellanox HTTP/1.1" 200 1984 "-" "Mozilla/5.0 AppleWebKit/537.36 (KHTML, like Gecko; compatible; GPTBot/1.3; +https://openai.com/gptbot)"
52.3.26.180 - - [30/Nov/2025:07:49:20 -0500] "GET /wewtetg/wk/admin.php?action=chmod&dir=//bin&item=ifnames HTTP/1.1" 200 29510 "-" "Mozilla/5.0 AppleWebKit/537.36 (KHTML, like Gecko; compatible; Amazonbot/0.1; +https://developer.amazon.com/support/amazonbot) Chrome/119.0.6045.214 Safari/537.36"
74.7.243.223 - - [30/Nov/2025:07:49:21 -0500] "GET /sffg/wk/admin.php?dir=//proc/3263544/root/var/softaculous/phpwcms/php56 HTTP/1.1" 200 1973 "-" "Mozilla/5.0 AppleWebKit/537.36 (KHTML, like Gecko; compatible; GPTBot/1.3; +https://openai.com/gptbot)"
74.7.227.170 - - [30/Nov/2025:07:49:22 -0500] "GET /sffg/wk/admin.php?dir=//proc/3160976/root/proc/self/root/lib/firmware/mediatek HTTP/1.1" 200 1985 "-" "Mozilla/5.0 AppleWebKit/537.36 (KHTML, like Gecko; compatible; GPTBot/1.3; +https://openai.com/gptbot)"
74.7.243.223 - - [30/Nov/2025:07:49:23 -0500] "GET /sffg/wk/admin.php?dir=//proc/3263544/root/var/softaculous/phpwcms/php53 HTTP/1.1" 200 1973 "-" "Mozilla/5.0 AppleWebKit/537.36 (KHTML, like Gecko; compatible; GPTBot/1.3; +https://openai.com/gptbot)"
18.215.77.19 - - [30/Nov/2025:07:49:24 -0500] "GET /assets/wk/admin.php?action=chmod&dir=//bin&item=tsort HTTP/1.1" 200 28963 "-" "Mozilla/5.0 AppleWebKit/537.36 (KHTML, like Gecko; compatible; Amazonbot/0.1; +https://developer.amazon.com/support/amazonbot) Chrome/119.0.6045.214 Safari/537.36"
74.7.227.170 - - [30/Nov/2025:07:49:24 -0500] "GET /sffg/wk/admin.php?action=chmod&dir=//proc/3263544/root/proc/sys/net/ipv4&item=ip_local_reserved_ports HTTP/1.1" 200 2042 "-" "Mozilla/5.0 AppleWebKit/537.36 (KHTML, like Gecko; compatible; GPTBot/1.3; +https://openai.com/gptbot)"
74.7.243.223 - - [30/Nov/2025:07:49:25 -0500] "GET /sffg/wk/admin.php?dir=//proc/3159889/root/var/softaculous/adminer/php81 HTTP/1.1" 200 1974 "-" "Mozilla/5.0 AppleWebKit/537.36 (KHTML, like Gecko; compatible; GPTBot/1.3; +https://openai.com/gptbot)"
74.7.227.170 - - [30/Nov/2025:07:49:26 -0500] "GET /sffg/wk/admin.php?action=rename&dir=//proc/3263544/root/proc/sys/net/ipv6&item=anycast_src_echo_reply HTTP/1.1" 200 2039 "-" "Mozilla/5.0 AppleWebKit/537.36 (KHTML, like Gecko; compatible; GPTBot/1.3; +https://openai.com/gptbot)"
74.7.243.223 - - [30/Nov/2025:07:49:28 -0500] "GET /sffg/wk/admin.php?dir=//proc/3263544/root/var/softaculous/phpwcms/php82 HTTP/1.1" 200 1972 "-" "Mozilla/5.0 AppleWebKit/537.36 (KHTML, like Gecko; compatible; GPTBot/1.3; +https://openai.com/gptbot)"
74.7.227.170 - - [30/Nov/2025:07:49:28 -0500] "GET /sffg/wk/admin.php?action=edit&dir=//proc/3263544/root/proc/sys/net/ipv4&item=tcp_thin_linear_timeouts HTTP/1.1" 200 2064 "-" "Mozilla/5.0 AppleWebKit/537.36 (KHTML, like Gecko; compatible; GPTBot/1.3; +https://openai.com/gptbot)"
54.197.178.107 - - [30/Nov/2025:07:49:29 -0500] "GET /admin/wk/admin.php?action=chmod&dir=//lib64&item=libprotoc.so.15 HTTP/1.1" 200 90022 "-" "Mozilla/5.0 AppleWebKit/537.36 (KHTML, like Gecko; compatible; Amazonbot/0.1; +https://developer.amazon.com/support/amazonbot) Chrome/119.0.6045.214 Safari/537.36"
74.7.227.170 - - [30/Nov/2025:07:49:31 -0500] "GET /sffg/wk/admin.php?dir=//proc/3160976/root/home3 HTTP/1.1" 200 1932 "-" "Mozilla/5.0 AppleWebKit/537.36 (KHTML, like Gecko; compatible; GPTBot/1.3; +https://openai.com/gptbot)"
74.7.243.223 - - [30/Nov/2025:07:49:30 -0500] "GET /sffg/wk/admin.php?dir=//proc/3159889/root/var/softaculous/magento241/images HTTP/1.1" 200 1985 "-" "Mozilla/5.0 AppleWebKit/537.36 (KHTML, like Gecko; compatible; GPTBot/1.3; +https://openai.com/gptbot)"
114.119.131.180 - - [30/Nov/2025:07:49:33 -0500] "GET /products/3nc27932 HTTP/1.1" 404 1251 "https://naztechltd.com/?sitemap601.xml" "Mozilla/5.0 (Linux; Android 7.0;) AppleWebKit/537.36 (KHTML, like Gecko) Mobile Safari/537.36 (compatible; PetalBot;+https://webmaster.petalsearch.com/site/petalbot)"
23.23.103.31 - - [30/Nov/2025:07:49:32 -0500] "GET /admin/wk/admin.php?action=chmod&dir=//lib64&item=libmcrypt.so.4.4.8 HTTP/1.1" 200 91065 "-" "Mozilla/5.0 AppleWebKit/537.36 (KHTML, like Gecko; compatible; Amazonbot/0.1; +https://developer.amazon.com/support/amazonbot) Chrome/119.0.6045.214 Safari/537.36"
74.7.227.170 - - [30/Nov/2025:07:49:33 -0500] "GET /sffg/wk/admin.php?dir=//proc/3263544/root/home1 HTTP/1.1" 200 1932 "-" "Mozilla/5.0 AppleWebKit/537.36 (KHTML, like Gecko; compatible; GPTBot/1.3; +https://openai.com/gptbot)"
74.7.243.223 - - [30/Nov/2025:07:49:33 -0500] "GET /sffg/wk/admin.php?dir=//proc/3159889/root/var/softaculous/magento247/images HTTP/1.1" 200 1985 "-" "Mozilla/5.0 AppleWebKit/537.36 (KHTML, like Gecko; compatible; GPTBot/1.3; +https://openai.com/gptbot)"
74.7.227.170 - - [30/Nov/2025:07:49:35 -0500] "GET /sffg/wk/admin.php?dir=//proc/3589831/root/home4 HTTP/1.1" 200 1932 "-" "Mozilla/5.0 AppleWebKit/537.36 (KHTML, like Gecko; compatible; GPTBot/1.3; +https://openai.com/gptbot)"
74.7.243.223 - - [30/Nov/2025:07:49:35 -0500] "GET /sffg/wk/admin.php?dir=//proc/3159889/root/var/softaculous/magento246/images HTTP/1.1" 200 1985 "-" "Mozilla/5.0 AppleWebKit/537.36 (KHTML, like Gecko; compatible; GPTBot/1.3; +https://openai.com/gptbot)"
98.82.63.147 - - [30/Nov/2025:07:49:36 -0500] "GET /wewtetg/wk/admin.php?action=chmod&dir=//bin&item=pkill HTTP/1.1" 200 29737 "-" "Mozilla/5.0 AppleWebKit/537.36 (KHTML, like Gecko; compatible; Amazonbot/0.1; +https://developer.amazon.com/support/amazonbot) Chrome/119.0.6045.214 Safari/537.36"
74.7.227.170 - - [30/Nov/2025:07:49:37 -0500] "GET /sffg/wk/admin.php?dir=//proc/3159889/root/home6 HTTP/1.1" 200 1932 "-" "Mozilla/5.0 AppleWebKit/537.36 (KHTML, like Gecko; compatible; GPTBot/1.3; +https://openai.com/gptbot)"
74.7.243.223 - - [30/Nov/2025:07:49:38 -0500] "GET /sffg/wk/admin.php?dir=//proc/3159889/root/var/softaculous/magento242/images HTTP/1.1" 200 1985 "-" "Mozilla/5.0 AppleWebKit/537.36 (KHTML, like Gecko; compatible; GPTBot/1.3; +https://openai.com/gptbot)"
74.7.227.170 - - [30/Nov/2025:07:49:39 -0500] "GET /sffg/wk/admin.php?dir=//proc/3589831/root/home6 HTTP/1.1" 200 1932 "-" "Mozilla/5.0 AppleWebKit/537.36 (KHTML, like Gecko; compatible; GPTBot/1.3; +https://openai.com/gptbot)"
74.7.243.223 - - [30/Nov/2025:07:49:40 -0500] "GET /sffg/wk/admin.php?dir=//proc/3160976/root/opt/cloudlinux/venv/lib/python3.11/site-packages/cllimits/lib/__pycache__ HTTP/1.1" 200 2051 "-" "Mozilla/5.0 AppleWebKit/537.36 (KHTML, like Gecko; compatible; GPTBot/1.3; +https://openai.com/gptbot)"
3.222.190.107 - - [30/Nov/2025:07:49:40 -0500] "GET /admin/wk/admin.php?action=chmod&dir=//lib64&item=libGLESv2.so.2 HTTP/1.1" 200 90034 "-" "Mozilla/5.0 AppleWebKit/537.36 (KHTML, like Gecko; compatible; Amazonbot/0.1; +https://developer.amazon.com/support/amazonbot) Chrome/119.0.6045.214 Safari/537.36"
74.7.227.170 - - [30/Nov/2025:07:49:42 -0500] "GET /sffg/wk/admin.php?dir=//proc/3779464/root/home1 HTTP/1.1" 200 1932 "-" "Mozilla/5.0 AppleWebKit/537.36 (KHTML, like Gecko; compatible; GPTBot/1.3; +https://openai.com/gptbot)"
74.7.243.223 - - [30/Nov/2025:07:49:42 -0500] "GET /sffg/wk/admin.php?dir=//proc/3160976/root/opt/cloudlinux/venv/lib/python3.11/site-packages/lvestats/lib/__pycache__ HTTP/1.1" 200 2050 "-" "Mozilla/5.0 AppleWebKit/537.36 (KHTML, like Gecko; compatible; GPTBot/1.3; +https://openai.com/gptbot)"
40.77.167.159 - - [30/Nov/2025:07:49:45 -0500] "GET /?detail/9548340 HTTP/1.1" 200 1972 "-" "Mozilla/5.0 AppleWebKit/537.36 (KHTML, like Gecko; compatible; bingbot/2.0; +http://www.bing.com/bingbot.htm) Chrome/116.0.1938.76 Safari/537.36"
74.7.227.170 - - [30/Nov/2025:07:49:44 -0500] "GET /sffg/wk/admin.php?dir=//proc/3589831/root/home2 HTTP/1.1" 200 1932 "-" "Mozilla/5.0 AppleWebKit/537.36 (KHTML, like Gecko; compatible; GPTBot/1.3; +https://openai.com/gptbot)"
40.77.167.159 - - [30/Nov/2025:07:49:46 -0500] "GET /?detail/13114773 HTTP/1.1" 200 1929 "-" "Mozilla/5.0 AppleWebKit/537.36 (KHTML, like Gecko; compatible; bingbot/2.0; +http://www.bing.com/bingbot.htm) Chrome/116.0.1938.76 Safari/537.36"
74.7.243.223 - - [30/Nov/2025:07:49:45 -0500] "GET /sffg/wk/admin.php?action=view&dir=//proc/94572/net&item=protocols HTTP/1.1" 200 2002 "-" "Mozilla/5.0 AppleWebKit/537.36 (KHTML, like Gecko; compatible; GPTBot/1.3; +https://openai.com/gptbot)"
74.7.227.170 - - [30/Nov/2025:07:49:46 -0500] "GET /sffg/wk/admin.php?dir=//proc/3160976/root/home1 HTTP/1.1" 200 1932 "-" "Mozilla/5.0 AppleWebKit/537.36 (KHTML, like Gecko; compatible; GPTBot/1.3; +https://openai.com/gptbot)"
107.20.224.184 - - [30/Nov/2025:07:49:47 -0500] "GET /assets/wk/admin.php?action=chmod&dir=//opt&item=imunify360 HTTP/1.1" 200 3395 "-" "Mozilla/5.0 AppleWebKit/537.36 (KHTML, like Gecko; compatible; Amazonbot/0.1; +https://developer.amazon.com/support/amazonbot) Chrome/119.0.6045.214 Safari/537.36"
74.7.227.170 - - [30/Nov/2025:07:49:48 -0500] "GET /sffg/wk/admin.php?dir=//proc/3160976/root/home2 HTTP/1.1" 200 1932 "-" "Mozilla/5.0 AppleWebKit/537.36 (KHTML, like Gecko; compatible; GPTBot/1.3; +https://openai.com/gptbot)"
3.208.156.9 - - [30/Nov/2025:07:49:48 -0500] "GET /css/wk/admin.php?action=chmod&dir=//lib64&item=libprocps.so.7 HTTP/1.1" 200 90467 "-" "Mozilla/5.0 AppleWebKit/537.36 (KHTML, like Gecko; compatible; Amazonbot/0.1; +https://developer.amazon.com/support/amazonbot) Chrome/119.0.6045.214 Safari/537.36"
74.7.227.170 - - [30/Nov/2025:07:49:51 -0500] "GET /sffg/wk/admin.php?dir=//proc/3779464/root/home2 HTTP/1.1" 200 1932 "-" "Mozilla/5.0 AppleWebKit/537.36 (KHTML, like Gecko; compatible; GPTBot/1.3; +https://openai.com/gptbot)"
74.7.243.223 - - [30/Nov/2025:07:49:47 -0500] "GET /sffg/wk/admin.php?action=view&dir=//proc/3159889/root/proc/sys/net/ipv4&item=tcp_probe_threshold HTTP/1.1" 200 2052 "-" "Mozilla/5.0 AppleWebKit/537.36 (KHTML, like Gecko; compatible; GPTBot/1.3; +https://openai.com/gptbot)"
3.89.170.186 - - [30/Nov/2025:07:49:52 -0500] "GET /forms/wk/admin.php?action=chmod&dir=//lib&item=kdump HTTP/1.1" 200 4684 "-" "Mozilla/5.0 AppleWebKit/537.36 (KHTML, like Gecko; compatible; Amazonbot/0.1; +https://developer.amazon.com/support/amazonbot) Chrome/119.0.6045.214 Safari/537.36"
74.7.227.170 - - [30/Nov/2025:07:49:53 -0500] "GET /sffg/wk/admin.php?dir=//proc/3160976/root/home4 HTTP/1.1" 200 1932 "-" "Mozilla/5.0 AppleWebKit/537.36 (KHTML, like Gecko; compatible; GPTBot/1.3; +https://openai.com/gptbot)"
74.7.243.223 - - [30/Nov/2025:07:49:54 -0500] "GET /sffg/wk/admin.php?action=view&dir=//proc/3159889/root/proc/sys/net/ipv4&item=tcp_moderate_rcvbuf HTTP/1.1" 200 2049 "-" "Mozilla/5.0 AppleWebKit/537.36 (KHTML, like Gecko; compatible; GPTBot/1.3; +https://openai.com/gptbot)"
74.7.243.223 - - [30/Nov/2025:07:49:56 -0500] "GET /sffg/wk/admin.php?dir=//proc/3160976/root/opt/cloudlinux/venv/lib/python3.11/site-packages/clcommon/lib/__pycache__ HTTP/1.1" 200 2052 "-" "Mozilla/5.0 AppleWebKit/537.36 (KHTML, like Gecko; compatible; GPTBot/1.3; +https://openai.com/gptbot)"
18.214.238.178 - - [30/Nov/2025:07:49:56 -0500] "GET /images/wk/admin.php?action=chmod&dir=//lib64&item=libbrotlidec.so.1 HTTP/1.1" 200 90364 "-" "Mozilla/5.0 AppleWebKit/537.36 (KHTML, like Gecko; compatible; Amazonbot/0.1; +https://developer.amazon.com/support/amazonbot) Chrome/119.0.6045.214 Safari/537.36"
3.216.86.144 - - [30/Nov/2025:07:50:00 -0500] "GET /wp-includes/wk/admin.php?action=view&dir=//bin&item=traceroute HTTP/1.1" 403 1242 "-" "Mozilla/5.0 AppleWebKit/537.36 (KHTML, like Gecko; compatible; Amazonbot/0.1; +https://developer.amazon.com/support/amazonbot) Chrome/119.0.6045.214 Safari/537.36"
74.7.243.223 - - [30/Nov/2025:07:49:58 -0500] "GET /sffg/wk/admin.php?action=view&dir=//proc/3159889/root/proc/sys/net/ipv4&item=tcp_window_scaling HTTP/1.1" 200 2052 "-" "Mozilla/5.0 AppleWebKit/537.36 (KHTML, like Gecko; compatible; GPTBot/1.3; +https://openai.com/gptbot)"
74.7.227.170 - - [30/Nov/2025:07:49:55 -0500] "GET /sffg/wk/admin.php?dir=//proc/3160976/root/home6 HTTP/1.1" 200 1932 "-" "Mozilla/5.0 AppleWebKit/537.36 (KHTML, like Gecko; compatible; GPTBot/1.3; +https://openai.com/gptbot)"
74.7.243.223 - - [30/Nov/2025:07:50:01 -0500] "GET /sffg/wk/admin.php?action=view&dir=//proc/3160976/root/proc/sys/net/ipv4&item=tcp_window_scaling HTTP/1.1" 200 2052 "-" "Mozilla/5.0 AppleWebKit/537.36 (KHTML, like Gecko; compatible; GPTBot/1.3; +https://openai.com/gptbot)"
74.7.227.170 - - [30/Nov/2025:07:50:01 -0500] "GET /sffg/wk/admin.php?dir=//proc/3159889/root/home4 HTTP/1.1" 200 1932 "-" "Mozilla/5.0 AppleWebKit/537.36 (KHTML, like Gecko; compatible; GPTBot/1.3; +https://openai.com/gptbot)"
74.7.243.223 - - [30/Nov/2025:07:50:03 -0500] "GET /sffg/wk/admin.php?action=view&dir=//proc/3589831/root/proc/sys/net/ipv4&item=tcp_window_scaling HTTP/1.1" 200 2052 "-" "Mozilla/5.0 AppleWebKit/537.36 (KHTML, like Gecko; compatible; GPTBot/1.3; +https://openai.com/gptbot)"
74.7.227.170 - - [30/Nov/2025:07:50:03 -0500] "GET /sffg/wk/admin.php?dir=//proc/3159889/root/home2 HTTP/1.1" 200 1932 "-" "Mozilla/5.0 AppleWebKit/537.36 (KHTML, like Gecko; compatible; GPTBot/1.3; +https://openai.com/gptbot)"
74.7.243.223 - - [30/Nov/2025:07:50:05 -0500] "GET /sffg/wk/admin.php?action=view&dir=//proc/3589831/root/proc/sys/net/ipv4&item=tcp_probe_interval HTTP/1.1" 200 2054 "-" "Mozilla/5.0 AppleWebKit/537.36 (KHTML, like Gecko; compatible; GPTBot/1.3; +https://openai.com/gptbot)"
74.7.227.170 - - [30/Nov/2025:07:50:05 -0500] "GET /sffg/wk/admin.php?action=view&dir=//proc/3589831/root/proc/sys/net/ipv6&item=bindv6only HTTP/1.1" 200 2055 "-" "Mozilla/5.0 AppleWebKit/537.36 (KHTML, like Gecko; compatible; GPTBot/1.3; +https://openai.com/gptbot)"
74.7.243.223 - - [30/Nov/2025:07:50:07 -0500] "GET /sffg/wk/admin.php?action=view&dir=//proc/3159889/root/proc/sys/net/ipv4&item=cipso_cache_enable HTTP/1.1" 200 2053 "-" "Mozilla/5.0 AppleWebKit/537.36 (KHTML, like Gecko; compatible; GPTBot/1.3; +https://openai.com/gptbot)"
54.225.98.148 - - [30/Nov/2025:07:50:07 -0500] "GET /wp-admin/wk/admin.php?action=chmod&dir=//bin&item=colrm HTTP/1.1" 200 29093 "-" "Mozilla/5.0 AppleWebKit/537.36 (KHTML, like Gecko; compatible; Amazonbot/0.1; +https://developer.amazon.com/support/amazonbot) Chrome/119.0.6045.214 Safari/537.36"
74.7.227.170 - - [30/Nov/2025:07:50:08 -0500] "GET /sffg/wk/admin.php?action=view&dir=//proc/3159889/root/proc/sys/net/ipv6&item=bindv6only HTTP/1.1" 200 2055 "-" "Mozilla/5.0 AppleWebKit/537.36 (KHTML, like Gecko; compatible; GPTBot/1.3; +https://openai.com/gptbot)"
35.169.119.108 - - [30/Nov/2025:07:50:04 -0500] "GET /hfrgrh/wk/admin.php?action=chmod&dir=//lib64&item=libip4tc.so.2.0.0 HTTP/1.1" 200 82914 "-" "Mozilla/5.0 AppleWebKit/537.36 (KHTML, like Gecko; compatible; Amazonbot/0.1; +https://developer.amazon.com/support/amazonbot) Chrome/119.0.6045.214 Safari/537.36"
74.7.243.223 - - [30/Nov/2025:07:50:09 -0500] "GET /sffg/wk/admin.php?action=view&dir=//proc/3160976/root/proc/sys/net/ipv4&item=tcp_max_reordering HTTP/1.1" 200 2051 "-" "Mozilla/5.0 AppleWebKit/537.36 (KHTML, like Gecko; compatible; GPTBot/1.3; +https://openai.com/gptbot)"
74.7.227.170 - - [30/Nov/2025:07:50:10 -0500] "GET /sffg/wk/admin.php?dir=//proc/3779464/root/var/softaculous/arfooo/php53 HTTP/1.1" 200 1990 "-" "Mozilla/5.0 AppleWebKit/537.36 (KHTML, like Gecko; compatible; GPTBot/1.3; +https://openai.com/gptbot)"
74.7.243.223 - - [30/Nov/2025:07:50:12 -0500] "GET /sffg/wk/admin.php?action=view&dir=//proc/3159889/root/proc/sys/net/ipv4&item=cipso_cache_bucket_size HTTP/1.1" 200 2062 "-" "Mozilla/5.0 AppleWebKit/537.36 (KHTML, like Gecko; compatible; GPTBot/1.3; +https://openai.com/gptbot)"
74.7.227.170 - - [30/Nov/2025:07:50:12 -0500] "GET /sffg/wk/admin.php?dir=//proc/3589831/root/var/softaculous/arfooo/php56 HTTP/1.1" 200 1990 "-" "Mozilla/5.0 AppleWebKit/537.36 (KHTML, like Gecko; compatible; GPTBot/1.3; +https://openai.com/gptbot)"
34.194.14.255 - - [30/Nov/2025:07:50:12 -0500] "GET /css/wk/admin.php?action=chmod&dir=//lib64&item=libnl-genl-3.so.200 HTTP/1.1" 200 90294 "-" "Mozilla/5.0 AppleWebKit/537.36 (KHTML, like Gecko; compatible; Amazonbot/0.1; +https://developer.amazon.com/support/amazonbot) Chrome/119.0.6045.214 Safari/537.36"
74.7.243.223 - - [30/Nov/2025:07:50:14 -0500] "GET /sffg/wk/admin.php?action=view&dir=//proc/3160976/root/proc/sys/net/ipv4&item=ipfrag_high_thresh HTTP/1.1" 200 2055 "-" "Mozilla/5.0 AppleWebKit/537.36 (KHTML, like Gecko; compatible; GPTBot/1.3; +https://openai.com/gptbot)"
74.7.227.170 - - [30/Nov/2025:07:50:14 -0500] "GET /sffg/wk/admin.php?dir=//proc/3779464/root/var/softaculous/arfooo/php56 HTTP/1.1" 200 1990 "-" "Mozilla/5.0 AppleWebKit/537.36 (KHTML, like Gecko; compatible; GPTBot/1.3; +https://openai.com/gptbot)"
98.83.10.183 - - [30/Nov/2025:07:50:16 -0500] "GET /forms/wk/admin.php?action=chmod&dir=//lib64&item=libGL.so.1.7.0 HTTP/1.1" 200 91089 "-" "Mozilla/5.0 AppleWebKit/537.36 (KHTML, like Gecko; compatible; Amazonbot/0.1; +https://developer.amazon.com/support/amazonbot) Chrome/119.0.6045.214 Safari/537.36"
74.7.243.223 - - [30/Nov/2025:07:50:16 -0500] "GET /sffg/wk/admin.php?action=view&dir=//proc/3589831/root/proc/sys/net/ipv4&item=tcp_challenge_ack_limit HTTP/1.1" 200 2055 "-" "Mozilla/5.0 AppleWebKit/537.36 (KHTML, like Gecko; compatible; GPTBot/1.3; +https://openai.com/gptbot)"
74.7.227.170 - - [30/Nov/2025:07:50:16 -0500] "GET /sffg/wk/admin.php?dir=//proc/3589831/root/var/softaculous/arfooo/php71 HTTP/1.1" 200 1990 "-" "Mozilla/5.0 AppleWebKit/537.36 (KHTML, like Gecko; compatible; GPTBot/1.3; +https://openai.com/gptbot)"
74.7.243.223 - - [30/Nov/2025:07:50:18 -0500] "GET /sffg/wk/admin.php?action=view&dir=//proc/3160976/root/proc/sys/net/ipv4&item=tcp_probe_interval HTTP/1.1" 200 2054 "-" "Mozilla/5.0 AppleWebKit/537.36 (KHTML, like Gecko; compatible; GPTBot/1.3; +https://openai.com/gptbot)"
74.7.227.170 - - [30/Nov/2025:07:50:19 -0500] "GET /sffg/wk/admin.php?dir=//proc/3263544/root/var/softaculous/arfooo/php71 HTTP/1.1" 200 1990 "-" "Mozilla/5.0 AppleWebKit/537.36 (KHTML, like Gecko; compatible; GPTBot/1.3; +https://openai.com/gptbot)"
44.212.106.171 - - [30/Nov/2025:07:50:20 -0500] "GET /forms/wk/admin.php?action=chmod&dir=//lib64&item=libgvpr.so.2.0.0 HTTP/1.1" 200 90627 "-" "Mozilla/5.0 AppleWebKit/537.36 (KHTML, like Gecko; compatible; Amazonbot/0.1; +https://developer.amazon.com/support/amazonbot) Chrome/119.0.6045.214 Safari/537.36"
74.7.243.223 - - [30/Nov/2025:07:50:20 -0500] "GET /sffg/wk/admin.php?action=view&dir=//proc/3589831/root/proc/sys/net/ipv4&item=cipso_cache_bucket_size HTTP/1.1" 200 2062 "-" "Mozilla/5.0 AppleWebKit/537.36 (KHTML, like Gecko; compatible; GPTBot/1.3; +https://openai.com/gptbot)"
74.7.227.170 - - [30/Nov/2025:07:50:21 -0500] "GET /sffg/wk/admin.php?dir=//proc/3159889/root/var/softaculous/arfooo/php56 HTTP/1.1" 200 1990 "-" "Mozilla/5.0 AppleWebKit/537.36 (KHTML, like Gecko; compatible; GPTBot/1.3; +https://openai.com/gptbot)"
74.7.243.223 - - [30/Nov/2025:07:50:22 -0500] "GET /sffg/wk/admin.php?action=view&dir=//proc/3160976/root/proc/sys/net/ipv4&item=tcp_keepalive_time HTTP/1.1" 200 2056 "-" "Mozilla/5.0 AppleWebKit/537.36 (KHTML, like Gecko; compatible; GPTBot/1.3; +https://openai.com/gptbot)"
74.7.227.170 - - [30/Nov/2025:07:50:23 -0500] "GET /sffg/wk/admin.php?dir=//proc/3263544/root/var/softaculous/arfooo/php81 HTTP/1.1" 200 1990 "-" "Mozilla/5.0 AppleWebKit/537.36 (KHTML, like Gecko; compatible; GPTBot/1.3; +https://openai.com/gptbot)"
98.82.66.172 - - [30/Nov/2025:07:50:24 -0500] "GET /wp-includes/wk/admin.php?action=view&dir=//bin&item=ld HTTP/1.1" 200 29314 "-" "Mozilla/5.0 AppleWebKit/537.36 (KHTML, like Gecko; compatible; Amazonbot/0.1; +https://developer.amazon.com/support/amazonbot) Chrome/119.0.6045.214 Safari/537.36"
57.141.0.66 - - [30/Nov/2025:07:50:26 -0500] "GET /special1380897152?kg=1379356868 HTTP/1.1" 404 1251 "-" "meta-externalagent/1.1 (+https://developers.facebook.com/docs/sharing/webmasters/crawler)"
74.7.243.223 - - [30/Nov/2025:07:50:25 -0500] "GET /sffg/wk/admin.php?action=view&dir=//proc/3160976/root/proc/sys/net/ipv4&item=inet_peer_threshold HTTP/1.1" 200 2048 "-" "Mozilla/5.0 AppleWebKit/537.36 (KHTML, like Gecko; compatible; GPTBot/1.3; +https://openai.com/gptbot)"
74.7.227.170 - - [30/Nov/2025:07:50:26 -0500] "GET /sffg/wk/admin.php?dir=//proc/3159889/root/var/softaculous/arfooo/php71 HTTP/1.1" 200 1990 "-" "Mozilla/5.0 AppleWebKit/537.36 (KHTML, like Gecko; compatible; GPTBot/1.3; +https://openai.com/gptbot)"
74.7.243.223 - - [30/Nov/2025:07:50:27 -0500] "GET /sffg/wk/admin.php?action=view&dir=//proc/3160976/root/proc/sys/net/ipv4&item=tcp_moderate_rcvbuf HTTP/1.1" 200 2049 "-" "Mozilla/5.0 AppleWebKit/537.36 (KHTML, like Gecko; compatible; GPTBot/1.3; +https://openai.com/gptbot)"
74.7.227.170 - - [30/Nov/2025:07:50:28 -0500] "GET /sffg/wk/admin.php?dir=//proc/3779464/root/var/softaculous/arfooo/php81 HTTP/1.1" 200 1990 "-" "Mozilla/5.0 AppleWebKit/537.36 (KHTML, like Gecko; compatible; GPTBot/1.3; +https://openai.com/gptbot)"
44.223.232.55 - - [30/Nov/2025:07:50:27 -0500] "GET /hfrgrh/wk/admin.php?action=chmod&dir=//lib64&item=libpamc.so.0 HTTP/1.1" 200 90580 "-" "Mozilla/5.0 AppleWebKit/537.36 (KHTML, like Gecko; compatible; Amazonbot/0.1; +https://developer.amazon.com/support/amazonbot) Chrome/119.0.6045.214 Safari/537.36"
74.7.227.170 - - [30/Nov/2025:07:50:30 -0500] "GET /sffg/wk/admin.php?action=chmod&dir=//proc/3263544/root/proc/sys/net/ipv4&item=ip_local_port_range HTTP/1.1" 200 2042 "-" "Mozilla/5.0 AppleWebKit/537.36 (KHTML, like Gecko; compatible; GPTBot/1.3; +https://openai.com/gptbot)"
74.7.243.223 - - [30/Nov/2025:07:50:30 -0500] "GET /sffg/wk/admin.php?action=view&dir=//proc/3263544/root/proc/thread-self/net/dev_snmp6&item=bgplo HTTP/1.1" 200 2052 "-" "Mozilla/5.0 AppleWebKit/537.36 (KHTML, like Gecko; compatible; GPTBot/1.3; +https://openai.com/gptbot)"
54.83.23.103 - - [30/Nov/2025:07:50:31 -0500] "GET /css/wk/admin.php?action=chmod&dir=//lib64&item=libnss_compat.so.2 HTTP/1.1" 200 90597 "-" "Mozilla/5.0 AppleWebKit/537.36 (KHTML, like Gecko; compatible; Amazonbot/0.1; +https://developer.amazon.com/support/amazonbot) Chrome/119.0.6045.214 Safari/537.36"
74.7.227.170 - - [30/Nov/2025:07:50:32 -0500] "GET /sffg/wk/admin.php?action=chmod&dir=//proc/3589831/root/proc/sys/net/ipv4&item=icmp_echo_ignore_all HTTP/1.1" 200 2044 "-" "Mozilla/5.0 AppleWebKit/537.36 (KHTML, like Gecko; compatible; GPTBot/1.3; +https://openai.com/gptbot)"
74.7.243.223 - - [30/Nov/2025:07:50:32 -0500] "GET /sffg/wk/admin.php?action=view&dir=//proc/3160976/root/proc/sys/net/ipv4&item=tcp_probe_threshold HTTP/1.1" 200 2052 "-" "Mozilla/5.0 AppleWebKit/537.36 (KHTML, like Gecko; compatible; GPTBot/1.3; +https://openai.com/gptbot)"
74.7.227.170 - - [30/Nov/2025:07:50:34 -0500] "GET /sffg/wk/admin.php?action=edit&dir=//proc/3263544/root/proc/sys/net/ipv6&item=max_dst_opts_length HTTP/1.1" 200 2055 "-" "Mozilla/5.0 AppleWebKit/537.36 (KHTML, like Gecko; compatible; GPTBot/1.3; +https://openai.com/gptbot)"
74.7.243.223 - - [30/Nov/2025:07:50:34 -0500] "GET /sffg/wk/admin.php?action=view&dir=//proc/3160976/root/proc/sys/net/ipv4&item=ip_local_reserved_ports HTTP/1.1" 200 2060 "-" "Mozilla/5.0 AppleWebKit/537.36 (KHTML, like Gecko; compatible; GPTBot/1.3; +https://openai.com/gptbot)"
3.219.80.71 - - [30/Nov/2025:07:50:36 -0500] "GET /wewtetg/wk/admin.php?action=chmod&dir=//bin&item=bunzip2 HTTP/1.1" 200 29789 "-" "Mozilla/5.0 AppleWebKit/537.36 (KHTML, like Gecko; compatible; Amazonbot/0.1; +https://developer.amazon.com/support/amazonbot) Chrome/119.0.6045.214 Safari/537.36"
74.7.227.170 - - [30/Nov/2025:07:50:36 -0500] "GET /sffg/wk/admin.php?action=rename&dir=//proc/3263544/root/proc/sys/net/ipv4&item=icmp_echo_ignore_all HTTP/1.1" 200 2041 "-" "Mozilla/5.0 AppleWebKit/537.36 (KHTML, like Gecko; compatible; GPTBot/1.3; +https://openai.com/gptbot)"
74.7.243.223 - - [30/Nov/2025:07:50:37 -0500] "GET /sffg/wk/admin.php?action=view&dir=//proc/3779464/root/proc/sys/net/ipv4&item=cipso_cache_bucket_size HTTP/1.1" 200 2062 "-" "Mozilla/5.0 AppleWebKit/537.36 (KHTML, like Gecko; compatible; GPTBot/1.3; +https://openai.com/gptbot)"
74.7.227.170 - - [30/Nov/2025:07:50:39 -0500] "GET /sffg/wk/admin.php?action=chmod&dir=//proc/3263544/root/proc/sys/net/ipv4&item=tcp_comp_sack_delay_ns HTTP/1.1" 200 2043 "-" "Mozilla/5.0 AppleWebKit/537.36 (KHTML, like Gecko; compatible; GPTBot/1.3; +https://openai.com/gptbot)"
74.7.243.223 - - [30/Nov/2025:07:50:39 -0500] "GET /sffg/wk/admin.php?action=view&dir=//proc/3160976/root/proc/sys/net/ipv4&item=cipso_cache_enable HTTP/1.1" 200 2053 "-" "Mozilla/5.0 AppleWebKit/537.36 (KHTML, like Gecko; compatible; GPTBot/1.3; +https://openai.com/gptbot)"
34.231.118.144 - - [30/Nov/2025:07:50:39 -0500] "GET /css/wk/admin.php?action=chmod&dir=//lib64&item=libevent_core-2.1.so.6.0.2 HTTP/1.1" 200 90545 "-" "Mozilla/5.0 AppleWebKit/537.36 (KHTML, like Gecko; compatible; Amazonbot/0.1; +https://developer.amazon.com/support/amazonbot) Chrome/119.0.6045.214 Safari/537.36"
74.7.227.170 - - [30/Nov/2025:07:50:41 -0500] "GET /sffg/wk/admin.php?action=edit&dir=//proc/3263544/root/proc/sys/net/ipv4&item=ip_local_port_range HTTP/1.1" 200 2056 "-" "Mozilla/5.0 AppleWebKit/537.36 (KHTML, like Gecko; compatible; GPTBot/1.3; +https://openai.com/gptbot)"
74.7.243.223 - - [30/Nov/2025:07:50:41 -0500] "GET /sffg/wk/admin.php?action=view&dir=//proc/3263544/root/proc/sys/net/ipv4&item=cipso_cache_bucket_size HTTP/1.1" 200 2065 "-" "Mozilla/5.0 AppleWebKit/537.36 (KHTML, like Gecko; compatible; GPTBot/1.3; +https://openai.com/gptbot)"
74.7.227.170 - - [30/Nov/2025:07:50:43 -0500] "GET /sffg/wk/admin.php?action=chmod&dir=//proc/3589831/root/proc/sys/net/ipv4&item=tcp_slow_start_after_idle HTTP/1.1" 200 2039 "-" "Mozilla/5.0 AppleWebKit/537.36 (KHTML, like Gecko; compatible; GPTBot/1.3; +https://openai.com/gptbot)"
74.7.243.223 - - [30/Nov/2025:07:50:44 -0500] "GET /sffg/wk/admin.php?action=view&dir=//proc/3589831/root/proc/sys/net/ipv4&item=tcp_probe_threshold HTTP/1.1" 200 2052 "-" "Mozilla/5.0 AppleWebKit/537.36 (KHTML, like Gecko; compatible; GPTBot/1.3; +https://openai.com/gptbot)"
40.77.167.159 - - [30/Nov/2025:07:50:46 -0500] "GET /special239927040?kg=0239660161 HTTP/1.1" 404 1251 "-" "Mozilla/5.0 AppleWebKit/537.36 (KHTML, like Gecko; compatible; bingbot/2.0; +http://www.bing.com/bingbot.htm) Chrome/116.0.1938.76 Safari/537.36"
54.210.155.69 - - [30/Nov/2025:07:50:44 -0500] "GET /wp-content/wk/admin.php?action=chmod&dir=//lib64&item=libtomcrypt.so.1.0.1 HTTP/1.1" 200 91148 "-" "Mozilla/5.0 AppleWebKit/537.36 (KHTML, like Gecko; compatible; Amazonbot/0.1; +https://developer.amazon.com/support/amazonbot) Chrome/119.0.6045.214 Safari/537.36"
74.7.227.170 - - [30/Nov/2025:07:50:45 -0500] "GET /sffg/wk/admin.php?action=rename&dir=//proc/3159889/root/proc/sys/net/ipv4&item=tcp_comp_sack_delay_ns HTTP/1.1" 200 2036 "-" "Mozilla/5.0 AppleWebKit/537.36 (KHTML, like Gecko; compatible; GPTBot/1.3; +https://openai.com/gptbot)"
74.7.243.223 - - [30/Nov/2025:07:50:47 -0500] "GET /sffg/wk/admin.php?action=view&dir=//proc/3779464/root/proc/sys/net/ipv4&item=tcp_moderate_rcvbuf HTTP/1.1" 200 2049 "-" "Mozilla/5.0 AppleWebKit/537.36 (KHTML, like Gecko; compatible; GPTBot/1.3; +https://openai.com/gptbot)"
74.7.227.170 - - [30/Nov/2025:07:50:47 -0500] "GET /sffg/wk/admin.php?action=chmod&dir=//proc/3263544/root/proc/sys/net/ipv4&item=icmp_echo_ignore_all HTTP/1.1" 200 2043 "-" "Mozilla/5.0 AppleWebKit/537.36 (KHTML, like Gecko; compatible; GPTBot/1.3; +https://openai.com/gptbot)"
18.213.102.186 - - [30/Nov/2025:07:50:48 -0500] "GET /forms/wk/admin.php?action=chmod&dir=//lib64&item=libXcomposite.so.1 HTTP/1.1" 200 90713 "-" "Mozilla/5.0 AppleWebKit/537.36 (KHTML, like Gecko; compatible; Amazonbot/0.1; +https://developer.amazon.com/support/amazonbot) Chrome/119.0.6045.214 Safari/537.36"
74.7.243.223 - - [30/Nov/2025:07:50:49 -0500] "GET /sffg/wk/admin.php?action=view&dir=//proc/3263544/root/proc/sys/net/ipv4&item=tcp_moderate_rcvbuf HTTP/1.1" 200 2052 "-" "Mozilla/5.0 AppleWebKit/537.36 (KHTML, like Gecko; compatible; GPTBot/1.3; +https://openai.com/gptbot)"
74.7.227.170 - - [30/Nov/2025:07:50:49 -0500] "GET /sffg/wk/admin.php?action=chmod&dir=//proc/3160976/root/proc/sys/net/ipv4&item=tcp_tso_win_divisor HTTP/1.1" 200 2044 "-" "Mozilla/5.0 AppleWebKit/537.36 (KHTML, like Gecko; compatible; GPTBot/1.3; +https://openai.com/gptbot)"
74.7.243.223 - - [30/Nov/2025:07:50:51 -0500] "GET /sffg/wk/admin.php?action=view&dir=//proc/3159889/root/proc/sys/net/ipv4&item=tcp_challenge_ack_limit HTTP/1.1" 200 2055 "-" "Mozilla/5.0 AppleWebKit/537.36 (KHTML, like Gecko; compatible; GPTBot/1.3; +https://openai.com/gptbot)"
74.7.227.170 - - [30/Nov/2025:07:50:52 -0500] "GET /sffg/wk/admin.php?action=edit&dir=//proc/3589831/root/proc/sys/net/ipv4&item=ip_local_port_range HTTP/1.1" 200 2056 "-" "Mozilla/5.0 AppleWebKit/537.36 (KHTML, like Gecko; compatible; GPTBot/1.3; +https://openai.com/gptbot)"
3.215.221.125 - - [30/Nov/2025:07:50:52 -0500] "GET /wewtetg/wk/admin.php?action=chmod&dir=/home/bappguir/www&item=cgi-bin HTTP/1.1" 200 3318 "-" "Mozilla/5.0 AppleWebKit/537.36 (KHTML, like Gecko; compatible; Amazonbot/0.1; +https://developer.amazon.com/support/amazonbot) Chrome/119.0.6045.214 Safari/537.36"
74.7.243.223 - - [30/Nov/2025:07:50:53 -0500] "GET /sffg/wk/admin.php?action=view&dir=//proc/3160976/root/proc/sys/net/ipv4&item=tcp_thin_linear_timeouts HTTP/1.1" 200 2062 "-" "Mozilla/5.0 AppleWebKit/537.36 (KHTML, like Gecko; compatible; GPTBot/1.3; +https://openai.com/gptbot)"
74.7.227.170 - - [30/Nov/2025:07:50:54 -0500] "GET /sffg/wk/admin.php?action=edit&dir=//proc/3263544/root/proc/sys/net/ipv4&item=tcp_abort_on_overflow HTTP/1.1" 200 2061 "-" "Mozilla/5.0 AppleWebKit/537.36 (KHTML, like Gecko; compatible; GPTBot/1.3; +https://openai.com/gptbot)"
74.7.243.223 - - [30/Nov/2025:07:50:56 -0500] "GET /sffg/wk/admin.php?action=view&dir=//proc/3160976/root/proc/sys/net/ipv4&item=tcp_keepalive_intvl HTTP/1.1" 200 2049 "-" "Mozilla/5.0 AppleWebKit/537.36 (KHTML, like Gecko; compatible; GPTBot/1.3; +https://openai.com/gptbot)"
