GIF89;aGIF89;aGIF89;a
Team Anon Force
https://t.me/Professor6T9x
Professor6T9 Web SheLL
Linux premium239.web-hosting.com 4.18.0-553.62.1.lve.el8.x86_64 #1 SMP Mon Jul 21 17:50:35 UTC 2025 x86_64
LiteSpeed
66.29.146.184
/
home
/
bappguir
/
access-logs
[ HOME ]
Exec
Submit
File Name : naztechltd.com.bappikabir.com-ssl_log
74.7.227.170 - - [30/Nov/2025:07:10:02 -0500] "GET /sffg/wk/admin.php?dir=//proc/3159889/root/var/softaculous/oscom/php71 HTTP/1.1" 200 1979 "-" "Mozilla/5.0 AppleWebKit/537.36 (KHTML, like Gecko; compatible; GPTBot/1.3; +https://openai.com/gptbot)"
74.7.243.223 - - [30/Nov/2025:07:10:03 -0500] "GET /sffg/wk/admin.php?action=rename&dir=//proc/3159889/root/proc/sys/net/ipv4&item=icmp_echo_ignore_all HTTP/1.1" 200 2041 "-" "Mozilla/5.0 AppleWebKit/537.36 (KHTML, like Gecko; compatible; GPTBot/1.3; +https://openai.com/gptbot)"
3.221.244.28 - - [30/Nov/2025:07:10:04 -0500] "GET /forms/wk/admin.php?action=chmod&dir=//etc&item=screenrc HTTP/1.1" 200 6692 "-" "Mozilla/5.0 AppleWebKit/537.36 (KHTML, like Gecko; compatible; Amazonbot/0.1; +https://developer.amazon.com/support/amazonbot) Chrome/119.0.6045.214 Safari/537.36"
74.7.227.170 - - [30/Nov/2025:07:10:04 -0500] "GET /sffg/wk/admin.php?dir=//proc/3589831/root/var/softaculous/orange/php81 HTTP/1.1" 200 1990 "-" "Mozilla/5.0 AppleWebKit/537.36 (KHTML, like Gecko; compatible; GPTBot/1.3; +https://openai.com/gptbot)"
74.7.243.223 - - [30/Nov/2025:07:10:05 -0500] "GET /sffg/wk/admin.php?action=chmod&dir=//proc/3160976/root/proc/sys/net/ipv6&item=max_dst_opts_length HTTP/1.1" 200 2041 "-" "Mozilla/5.0 AppleWebKit/537.36 (KHTML, like Gecko; compatible; GPTBot/1.3; +https://openai.com/gptbot)"
74.7.227.170 - - [30/Nov/2025:07:10:06 -0500] "GET /sffg/wk/admin.php?dir=//proc/3159889/root/var/softaculous/ilias/php82 HTTP/1.1" 200 1978 "-" "Mozilla/5.0 AppleWebKit/537.36 (KHTML, like Gecko; compatible; GPTBot/1.3; +https://openai.com/gptbot)"
74.7.243.223 - - [30/Nov/2025:07:10:07 -0500] "GET /sffg/wk/admin.php?action=edit&dir=//proc/3589831/root/proc/sys/net/ipv4&item=tcp_limit_output_bytes HTTP/1.1" 200 2063 "-" "Mozilla/5.0 AppleWebKit/537.36 (KHTML, like Gecko; compatible; GPTBot/1.3; +https://openai.com/gptbot)"
34.236.41.241 - - [30/Nov/2025:07:10:09 -0500] "GET /images/wk/admin.php?action=chmod&dir=//etc&item=nsswitch.conf HTTP/1.1" 200 6809 "-" "Mozilla/5.0 AppleWebKit/537.36 (KHTML, like Gecko; compatible; Amazonbot/0.1; +https://developer.amazon.com/support/amazonbot) Chrome/119.0.6045.214 Safari/537.36"
74.7.227.170 - - [30/Nov/2025:07:10:09 -0500] "GET /sffg/wk/admin.php?dir=//proc/3589831/root/var/softaculous/wacart/php81 HTTP/1.1" 200 1990 "-" "Mozilla/5.0 AppleWebKit/537.36 (KHTML, like Gecko; compatible; GPTBot/1.3; +https://openai.com/gptbot)"
207.46.13.78 - - [30/Nov/2025:07:10:11 -0500] "GET /?detail/5733673 HTTP/1.1" 200 1929 "-" "Mozilla/5.0 AppleWebKit/537.36 (KHTML, like Gecko; compatible; bingbot/2.0; +http://www.bing.com/bingbot.htm) Chrome/116.0.1938.76 Safari/537.36"
74.7.243.223 - - [30/Nov/2025:07:10:10 -0500] "GET /sffg/wk/admin.php?action=chmod&dir=//proc/3263544/root/proc/sys/net/ipv6&item=max_dst_opts_length HTTP/1.1" 200 2041 "-" "Mozilla/5.0 AppleWebKit/537.36 (KHTML, like Gecko; compatible; GPTBot/1.3; +https://openai.com/gptbot)"
207.46.13.78 - - [30/Nov/2025:07:10:12 -0500] "GET /?detail/15002151 HTTP/1.1" 200 1929 "-" "Mozilla/5.0 AppleWebKit/537.36 (KHTML, like Gecko; compatible; bingbot/2.0; +http://www.bing.com/bingbot.htm) Chrome/116.0.1938.76 Safari/537.36"
74.7.227.170 - - [30/Nov/2025:07:10:11 -0500] "GET /sffg/wk/admin.php?dir=//proc/3159889/root/var/softaculous/forma/php81 HTTP/1.1" 200 1979 "-" "Mozilla/5.0 AppleWebKit/537.36 (KHTML, like Gecko; compatible; GPTBot/1.3; +https://openai.com/gptbot)"
74.7.243.223 - - [30/Nov/2025:07:10:12 -0500] "GET /sffg/wk/admin.php?action=rename&dir=//proc/3589831/root/proc/sys/net/ipv4&item=ip_forward_use_pmtu HTTP/1.1" 200 2037 "-" "Mozilla/5.0 AppleWebKit/537.36 (KHTML, like Gecko; compatible; GPTBot/1.3; +https://openai.com/gptbot)"
54.92.171.106 - - [30/Nov/2025:07:10:12 -0500] "GET /forms/wk/admin.php?action=chmod&dir=//lib64&item=libsmi.so.2 HTTP/1.1" 200 89537 "-" "Mozilla/5.0 AppleWebKit/537.36 (KHTML, like Gecko; compatible; Amazonbot/0.1; +https://developer.amazon.com/support/amazonbot) Chrome/119.0.6045.214 Safari/537.36"
74.7.227.170 - - [30/Nov/2025:07:10:13 -0500] "GET /sffg/wk/admin.php?dir=//proc/3779464/root/var/softaculous/mautic/php53 HTTP/1.1" 200 1990 "-" "Mozilla/5.0 AppleWebKit/537.36 (KHTML, like Gecko; compatible; GPTBot/1.3; +https://openai.com/gptbot)"
52.167.144.190 - - [30/Nov/2025:07:10:16 -0500] "GET /special1145769856?kg=1144491992 HTTP/1.1" 404 1251 "-" "Mozilla/5.0 AppleWebKit/537.36 (KHTML, like Gecko; compatible; bingbot/2.0; +http://www.bing.com/bingbot.htm) Chrome/116.0.1938.76 Safari/537.36"
74.7.243.223 - - [30/Nov/2025:07:10:14 -0500] "GET /sffg/wk/admin.php?action=rename&dir=//proc/3263544/root/proc/sys/net/ipv4&item=tcp_adv_win_scale HTTP/1.1" 200 2038 "-" "Mozilla/5.0 AppleWebKit/537.36 (KHTML, like Gecko; compatible; GPTBot/1.3; +https://openai.com/gptbot)"
74.7.227.170 - - [30/Nov/2025:07:10:15 -0500] "GET /sffg/wk/admin.php?dir=//proc/3589831/root/var/softaculous/lepton/php81 HTTP/1.1" 200 1990 "-" "Mozilla/5.0 AppleWebKit/537.36 (KHTML, like Gecko; compatible; GPTBot/1.3; +https://openai.com/gptbot)"
3.220.148.166 - - [30/Nov/2025:07:10:16 -0500] "GET /wewtetg/wk/admin.php?action=chmod&dir=//bin&item=Mail HTTP/1.1" 200 29864 "-" "Mozilla/5.0 AppleWebKit/537.36 (KHTML, like Gecko; compatible; Amazonbot/0.1; +https://developer.amazon.com/support/amazonbot) Chrome/119.0.6045.214 Safari/537.36"
74.7.243.223 - - [30/Nov/2025:07:10:17 -0500] "GET /sffg/wk/admin.php?action=edit&dir=//proc/3263544/root/proc/sys/net/ipv4&item=tcp_max_tw_buckets HTTP/1.1" 200 2056 "-" "Mozilla/5.0 AppleWebKit/537.36 (KHTML, like Gecko; compatible; GPTBot/1.3; +https://openai.com/gptbot)"
74.7.227.170 - - [30/Nov/2025:07:10:18 -0500] "GET /sffg/wk/admin.php?dir=//proc/3779464/root/var/softaculous/mahara/php71 HTTP/1.1" 200 1991 "-" "Mozilla/5.0 AppleWebKit/537.36 (KHTML, like Gecko; compatible; GPTBot/1.3; +https://openai.com/gptbot)"
74.7.243.223 - - [30/Nov/2025:07:10:19 -0500] "GET /sffg/wk/admin.php?action=edit&dir=//proc/3779464/root/proc/sys/net/ipv4&item=tcp_abort_on_overflow HTTP/1.1" 200 2062 "-" "Mozilla/5.0 AppleWebKit/537.36 (KHTML, like Gecko; compatible; GPTBot/1.3; +https://openai.com/gptbot)"
52.167.144.18 - - [30/Nov/2025:07:10:21 -0500] "GET /?detail/3886239 HTTP/1.1" 200 1973 "-" "Mozilla/5.0 AppleWebKit/537.36 (KHTML, like Gecko; compatible; bingbot/2.0; +http://www.bing.com/bingbot.htm) Chrome/116.0.1938.76 Safari/537.36"
74.7.227.170 - - [30/Nov/2025:07:10:20 -0500] "GET /sffg/wk/admin.php?dir=//proc/3159889/root/var/softaculous/popoji/php81 HTTP/1.1" 200 1991 "-" "Mozilla/5.0 AppleWebKit/537.36 (KHTML, like Gecko; compatible; GPTBot/1.3; +https://openai.com/gptbot)"
3.231.193.38 - - [30/Nov/2025:07:10:21 -0500] "GET /sdfsf/wk/admin.php?action=chmod&dir=//lib64&item=liblab_gamut.so.1.0.0 HTTP/1.1" 200 90445 "-" "Mozilla/5.0 AppleWebKit/537.36 (KHTML, like Gecko; compatible; Amazonbot/0.1; +https://developer.amazon.com/support/amazonbot) Chrome/119.0.6045.214 Safari/537.36"
74.7.243.223 - - [30/Nov/2025:07:10:21 -0500] "GET /sffg/wk/admin.php?action=edit&dir=//proc/3159889/root/proc/sys/net/ipv4&item=tcp_no_metrics_save HTTP/1.1" 200 2052 "-" "Mozilla/5.0 AppleWebKit/537.36 (KHTML, like Gecko; compatible; GPTBot/1.3; +https://openai.com/gptbot)"
74.7.227.170 - - [30/Nov/2025:07:10:22 -0500] "GET /sffg/wk/admin.php?dir=//proc/3589831/root/var/softaculous/chyrp/php53 HTTP/1.1" 200 1980 "-" "Mozilla/5.0 AppleWebKit/537.36 (KHTML, like Gecko; compatible; GPTBot/1.3; +https://openai.com/gptbot)"
74.7.243.223 - - [30/Nov/2025:07:10:23 -0500] "GET /sffg/wk/admin.php?action=rename&dir=//proc/3589831/root/proc/sys/net/ipv6&item=max_dst_opts_length HTTP/1.1" 200 2034 "-" "Mozilla/5.0 AppleWebKit/537.36 (KHTML, like Gecko; compatible; GPTBot/1.3; +https://openai.com/gptbot)"
74.7.227.170 - - [30/Nov/2025:07:10:24 -0500] "GET /sffg/wk/admin.php?dir=//proc/3159889/root/var/softaculous/fork/php71 HTTP/1.1" 200 1977 "-" "Mozilla/5.0 AppleWebKit/537.36 (KHTML, like Gecko; compatible; GPTBot/1.3; +https://openai.com/gptbot)"
54.243.63.52 - - [30/Nov/2025:07:10:24 -0500] "GET /images/wk/admin.php?action=chmod&dir=//lib64&item=libp11-kit.so.0.3.0 HTTP/1.1" 200 88506 "-" "Mozilla/5.0 AppleWebKit/537.36 (KHTML, like Gecko; compatible; Amazonbot/0.1; +https://developer.amazon.com/support/amazonbot) Chrome/119.0.6045.214 Safari/537.36"
57.141.0.57 - - [30/Nov/2025:07:10:27 -0500] "GET /special1084060544?kg=1082851552 HTTP/1.1" 404 1251 "-" "meta-externalagent/1.1 (+https://developers.facebook.com/docs/sharing/webmasters/crawler)"
74.7.243.223 - - [30/Nov/2025:07:10:25 -0500] "GET /sffg/wk/admin.php?action=edit&dir=//proc/3160976/root/proc/sys/net/ipv4&item=tcp_limit_output_bytes HTTP/1.1" 200 2063 "-" "Mozilla/5.0 AppleWebKit/537.36 (KHTML, like Gecko; compatible; GPTBot/1.3; +https://openai.com/gptbot)"
74.7.227.170 - - [30/Nov/2025:07:10:26 -0500] "GET /sffg/wk/admin.php?dir=//proc/3589831/root/var/softaculous/feng/php81 HTTP/1.1" 200 1979 "-" "Mozilla/5.0 AppleWebKit/537.36 (KHTML, like Gecko; compatible; GPTBot/1.3; +https://openai.com/gptbot)"
74.7.243.223 - - [30/Nov/2025:07:10:27 -0500] "GET /sffg/wk/admin.php?action=chmod&dir=//proc/3263544/root/proc/sys/net/ipv4&item=tcp_adv_win_scale HTTP/1.1" 200 2038 "-" "Mozilla/5.0 AppleWebKit/537.36 (KHTML, like Gecko; compatible; GPTBot/1.3; +https://openai.com/gptbot)"
114.119.136.8 - - [30/Nov/2025:07:10:29 -0500] "GET /transit/y228?pid=49824 HTTP/1.1" 404 1251 "https://naztechltd.com/?sitemap601.xml" "Mozilla/5.0 (Linux; Android 7.0;) AppleWebKit/537.36 (KHTML, like Gecko) Mobile Safari/537.36 (compatible; PetalBot;+https://webmaster.petalsearch.com/site/petalbot)"
44.193.115.232 - - [30/Nov/2025:07:10:28 -0500] "GET /css/wk/admin.php?action=chmod&dir=//bin&item=zipcloak HTTP/1.1" 200 29869 "-" "Mozilla/5.0 AppleWebKit/537.36 (KHTML, like Gecko; compatible; Amazonbot/0.1; +https://developer.amazon.com/support/amazonbot) Chrome/119.0.6045.214 Safari/537.36"
74.7.227.170 - - [30/Nov/2025:07:10:28 -0500] "GET /sffg/wk/admin.php?dir=//proc/3159889/root/var/softaculous/traq/php71 HTTP/1.1" 200 1977 "-" "Mozilla/5.0 AppleWebKit/537.36 (KHTML, like Gecko; compatible; GPTBot/1.3; +https://openai.com/gptbot)"
74.7.243.223 - - [30/Nov/2025:07:10:29 -0500] "GET /sffg/wk/admin.php?action=edit&dir=//proc/3589831/root/proc/sys/net/ipv4&item=tcp_comp_sack_delay_ns HTTP/1.1" 200 2062 "-" "Mozilla/5.0 AppleWebKit/537.36 (KHTML, like Gecko; compatible; GPTBot/1.3; +https://openai.com/gptbot)"
52.167.144.190 - - [30/Nov/2025:07:10:32 -0500] "GET /?detail/9167828 HTTP/1.1" 200 1973 "-" "Mozilla/5.0 AppleWebKit/537.36 (KHTML, like Gecko; compatible; bingbot/2.0; +http://www.bing.com/bingbot.htm) Chrome/116.0.1938.76 Safari/537.36"
74.7.227.170 - - [30/Nov/2025:07:10:31 -0500] "GET /sffg/wk/admin.php?dir=//proc/3589831/root/var/softaculous/slims/php56 HTTP/1.1" 200 1978 "-" "Mozilla/5.0 AppleWebKit/537.36 (KHTML, like Gecko; compatible; GPTBot/1.3; +https://openai.com/gptbot)"
74.7.243.223 - - [30/Nov/2025:07:10:32 -0500] "GET /sffg/wk/admin.php?action=chmod&dir=//proc/3589831/root/proc/sys/net/ipv4&item=tcp_adv_win_scale HTTP/1.1" 200 2035 "-" "Mozilla/5.0 AppleWebKit/537.36 (KHTML, like Gecko; compatible; GPTBot/1.3; +https://openai.com/gptbot)"
52.205.113.104 - - [30/Nov/2025:07:10:32 -0500] "GET /assets/wk/admin.php?action=chmod&dir=//var&item=www HTTP/1.1" 200 3201 "-" "Mozilla/5.0 AppleWebKit/537.36 (KHTML, like Gecko; compatible; Amazonbot/0.1; +https://developer.amazon.com/support/amazonbot) Chrome/119.0.6045.214 Safari/537.36"
74.7.227.170 - - [30/Nov/2025:07:10:33 -0500] "GET /sffg/wk/admin.php?dir=//proc/3263544/root/var/softaculous/agora/php53 HTTP/1.1" 200 1979 "-" "Mozilla/5.0 AppleWebKit/537.36 (KHTML, like Gecko; compatible; GPTBot/1.3; +https://openai.com/gptbot)"
74.7.243.223 - - [30/Nov/2025:07:10:34 -0500] "GET /sffg/wk/admin.php?action=edit&dir=//proc/3160976/root/proc/sys/net/ipv6&item=max_dst_opts_number HTTP/1.1" 200 2052 "-" "Mozilla/5.0 AppleWebKit/537.36 (KHTML, like Gecko; compatible; GPTBot/1.3; +https://openai.com/gptbot)"
74.7.227.170 - - [30/Nov/2025:07:10:35 -0500] "GET /sffg/wk/admin.php?dir=//proc/3159889/root/var/softaculous/typo/php56 HTTP/1.1" 200 1978 "-" "Mozilla/5.0 AppleWebKit/537.36 (KHTML, like Gecko; compatible; GPTBot/1.3; +https://openai.com/gptbot)"
74.7.243.223 - - [30/Nov/2025:07:10:36 -0500] "GET /sffg/wk/admin.php?action=edit&dir=//proc/3160976/root/proc/sys/net/ipv6&item=anycast_src_echo_reply HTTP/1.1" 200 2062 "-" "Mozilla/5.0 AppleWebKit/537.36 (KHTML, like Gecko; compatible; GPTBot/1.3; +https://openai.com/gptbot)"
52.45.15.233 - - [30/Nov/2025:07:10:36 -0500] "GET /css/wk/admin.php?action=chmod&dir=//lib64&item=libhwy_test.so.1.0.2 HTTP/1.1" 200 88250 "-" "Mozilla/5.0 AppleWebKit/537.36 (KHTML, like Gecko; compatible; Amazonbot/0.1; +https://developer.amazon.com/support/amazonbot) Chrome/119.0.6045.214 Safari/537.36"
74.7.227.170 - - [30/Nov/2025:07:10:37 -0500] "GET /sffg/wk/admin.php?dir=//proc/3589831/root/var/softaculous/xoops/php71 HTTP/1.1" 200 1978 "-" "Mozilla/5.0 AppleWebKit/537.36 (KHTML, like Gecko; compatible; GPTBot/1.3; +https://openai.com/gptbot)"
74.7.243.223 - - [30/Nov/2025:07:10:38 -0500] "GET /sffg/wk/admin.php?action=edit&dir=//proc/3159889/root/proc/sys/net/ipv4&item=ip_forward_use_pmtu HTTP/1.1" 200 2053 "-" "Mozilla/5.0 AppleWebKit/537.36 (KHTML, like Gecko; compatible; GPTBot/1.3; +https://openai.com/gptbot)"
74.7.227.170 - - [30/Nov/2025:07:10:39 -0500] "GET /sffg/wk/admin.php?dir=//proc/3263544/root/var/softaculous/ruko/php53 HTTP/1.1" 200 1975 "-" "Mozilla/5.0 AppleWebKit/537.36 (KHTML, like Gecko; compatible; GPTBot/1.3; +https://openai.com/gptbot)"
74.7.243.223 - - [30/Nov/2025:07:10:40 -0500] "GET /sffg/wk/admin.php?action=chmod&dir=//proc/3779464/root/proc/sys/net/ipv4&item=tcp_adv_win_scale HTTP/1.1" 200 2035 "-" "Mozilla/5.0 AppleWebKit/537.36 (KHTML, like Gecko; compatible; GPTBot/1.3; +https://openai.com/gptbot)"
18.209.137.234 - - [30/Nov/2025:07:10:40 -0500] "GET /wp-content/wk/admin.php?action=chmod&dir=//lib64&item=libguestStoreClient.so.0.0.0 HTTP/1.1" 200 90174 "-" "Mozilla/5.0 AppleWebKit/537.36 (KHTML, like Gecko; compatible; Amazonbot/0.1; +https://developer.amazon.com/support/amazonbot) Chrome/119.0.6045.214 Safari/537.36"
74.7.227.170 - - [30/Nov/2025:07:10:41 -0500] "GET /sffg/wk/admin.php?dir=//proc/3159889/root/var/softaculous/zikula/php81 HTTP/1.1" 200 1991 "-" "Mozilla/5.0 AppleWebKit/537.36 (KHTML, like Gecko; compatible; GPTBot/1.3; +https://openai.com/gptbot)"
74.7.243.223 - - [30/Nov/2025:07:10:42 -0500] "GET /sffg/wk/admin.php?action=chmod&dir=//proc/3160976/root/proc/sys/net/ipv4&item=tcp_abort_on_overflow HTTP/1.1" 200 2041 "-" "Mozilla/5.0 AppleWebKit/537.36 (KHTML, like Gecko; compatible; GPTBot/1.3; +https://openai.com/gptbot)"
74.7.227.170 - - [30/Nov/2025:07:10:43 -0500] "GET /sffg/wk/admin.php?dir=//proc/3263544/root/var/softaculous/pmwiki/php82 HTTP/1.1" 200 1990 "-" "Mozilla/5.0 AppleWebKit/537.36 (KHTML, like Gecko; compatible; GPTBot/1.3; +https://openai.com/gptbot)"
74.7.243.223 - - [30/Nov/2025:07:10:45 -0500] "GET /sffg/wk/admin.php?action=chmod&dir=//proc/3160976/root/proc/sys/net/ipv4&item=tcp_slow_start_after_idle HTTP/1.1" 200 2039 "-" "Mozilla/5.0 AppleWebKit/537.36 (KHTML, like Gecko; compatible; GPTBot/1.3; +https://openai.com/gptbot)"
34.206.249.188 - - [30/Nov/2025:07:10:45 -0500] "GET /sdfsf/wk/admin.php?action=chmod&dir=//proc&item=acpi HTTP/1.1" 200 5968 "-" "Mozilla/5.0 AppleWebKit/537.36 (KHTML, like Gecko; compatible; Amazonbot/0.1; +https://developer.amazon.com/support/amazonbot) Chrome/119.0.6045.214 Safari/537.36"
74.7.227.170 - - [30/Nov/2025:07:10:46 -0500] "GET /sffg/wk/admin.php?dir=//proc/3159889/root/var/softaculous/mautic/php71 HTTP/1.1" 200 1990 "-" "Mozilla/5.0 AppleWebKit/537.36 (KHTML, like Gecko; compatible; GPTBot/1.3; +https://openai.com/gptbot)"
74.7.243.223 - - [30/Nov/2025:07:10:47 -0500] "GET /sffg/wk/admin.php?action=rename&dir=//proc/3159889/root/proc/sys/net/ipv4&item=tcp_tso_win_divisor HTTP/1.1" 200 2037 "-" "Mozilla/5.0 AppleWebKit/537.36 (KHTML, like Gecko; compatible; GPTBot/1.3; +https://openai.com/gptbot)"
74.7.227.170 - - [30/Nov/2025:07:10:48 -0500] "GET /sffg/wk/admin.php?dir=//proc/3159889/root/var/softaculous/xoops/php53 HTTP/1.1" 200 1978 "-" "Mozilla/5.0 AppleWebKit/537.36 (KHTML, like Gecko; compatible; GPTBot/1.3; +https://openai.com/gptbot)"
50.19.102.70 - - [30/Nov/2025:07:10:48 -0500] "GET /admin/wk/admin.php?action=chmod&dir=//sbin&item=cracklib-packer HTTP/1.1" 200 5413 "-" "Mozilla/5.0 AppleWebKit/537.36 (KHTML, like Gecko; compatible; Amazonbot/0.1; +https://developer.amazon.com/support/amazonbot) Chrome/119.0.6045.214 Safari/537.36"
74.7.243.223 - - [30/Nov/2025:07:10:49 -0500] "GET /sffg/wk/admin.php?action=rename&dir=//proc/3779464/root/proc/sys/net/ipv4&item=tcp_tx_skb_cache HTTP/1.1" 200 2040 "-" "Mozilla/5.0 AppleWebKit/537.36 (KHTML, like Gecko; compatible; GPTBot/1.3; +https://openai.com/gptbot)"
74.7.227.170 - - [30/Nov/2025:07:10:50 -0500] "GET /sffg/wk/admin.php?dir=//proc/3263544/root/var/softaculous/claro/php71 HTTP/1.1" 200 1979 "-" "Mozilla/5.0 AppleWebKit/537.36 (KHTML, like Gecko; compatible; GPTBot/1.3; +https://openai.com/gptbot)"
74.7.243.223 - - [30/Nov/2025:07:10:51 -0500] "GET /sffg/wk/admin.php?action=rename&dir=//proc/3589831/root/proc/sys/net/ipv4&item=tcp_adv_win_scale HTTP/1.1" 200 2035 "-" "Mozilla/5.0 AppleWebKit/537.36 (KHTML, like Gecko; compatible; GPTBot/1.3; +https://openai.com/gptbot)"
74.7.227.170 - - [30/Nov/2025:07:10:52 -0500] "GET /sffg/wk/admin.php?dir=//proc/3779464/root/var/softaculous/stripe/php53 HTTP/1.1" 200 1991 "-" "Mozilla/5.0 AppleWebKit/537.36 (KHTML, like Gecko; compatible; GPTBot/1.3; +https://openai.com/gptbot)"
98.82.214.73 - - [30/Nov/2025:07:10:53 -0500] "GET /css/wk/admin.php?action=chmod&dir=//proc&item=consoles HTTP/1.1" 200 5876 "-" "Mozilla/5.0 AppleWebKit/537.36 (KHTML, like Gecko; compatible; Amazonbot/0.1; +https://developer.amazon.com/support/amazonbot) Chrome/119.0.6045.214 Safari/537.36"
74.7.243.223 - - [30/Nov/2025:07:10:54 -0500] "GET /sffg/wk/admin.php?action=rename&dir=//proc/3160976/root/proc/sys/net/ipv4&item=tcp_min_tso_segs HTTP/1.1" 200 2039 "-" "Mozilla/5.0 AppleWebKit/537.36 (KHTML, like Gecko; compatible; GPTBot/1.3; +https://openai.com/gptbot)"
74.7.227.170 - - [30/Nov/2025:07:10:55 -0500] "GET /sffg/wk/admin.php?dir=//proc/3263544/root/var/softaculous/fusio/php71 HTTP/1.1" 200 1979 "-" "Mozilla/5.0 AppleWebKit/537.36 (KHTML, like Gecko; compatible; GPTBot/1.3; +https://openai.com/gptbot)"
74.7.243.223 - - [30/Nov/2025:07:10:56 -0500] "GET /sffg/wk/admin.php?action=edit&dir=//proc/3160976/root/proc/sys/net/ipv4&item=ip_local_port_range HTTP/1.1" 200 2056 "-" "Mozilla/5.0 AppleWebKit/537.36 (KHTML, like Gecko; compatible; GPTBot/1.3; +https://openai.com/gptbot)"
98.82.107.102 - - [30/Nov/2025:07:10:56 -0500] "GET /sdfsf/wk/admin.php?action=chmod&dir=//bin&item=import HTTP/1.1" 200 29113 "-" "Mozilla/5.0 AppleWebKit/537.36 (KHTML, like Gecko; compatible; Amazonbot/0.1; +https://developer.amazon.com/support/amazonbot) Chrome/119.0.6045.214 Safari/537.36"
74.7.227.170 - - [30/Nov/2025:07:10:57 -0500] "GET /sffg/wk/admin.php?dir=//proc/3589831/root/var/softaculous/yourls/php81 HTTP/1.1" 200 1991 "-" "Mozilla/5.0 AppleWebKit/537.36 (KHTML, like Gecko; compatible; GPTBot/1.3; +https://openai.com/gptbot)"
74.7.243.223 - - [30/Nov/2025:07:10:58 -0500] "GET /sffg/wk/admin.php?action=edit&dir=//proc/3159889/root/proc/sys/net/ipv6&item=max_dst_opts_number HTTP/1.1" 200 2052 "-" "Mozilla/5.0 AppleWebKit/537.36 (KHTML, like Gecko; compatible; GPTBot/1.3; +https://openai.com/gptbot)"
74.7.227.170 - - [30/Nov/2025:07:10:59 -0500] "GET /sffg/wk/admin.php?dir=//proc/3779464/root/var/softaculous/faveo/php56 HTTP/1.1" 200 1979 "-" "Mozilla/5.0 AppleWebKit/537.36 (KHTML, like Gecko; compatible; GPTBot/1.3; +https://openai.com/gptbot)"
74.7.243.223 - - [30/Nov/2025:07:11:01 -0500] "GET /sffg/wk/admin.php?action=chmod&dir=//proc/3160976/root/proc/sys/net/ipv6&item=max_dst_opts_number HTTP/1.1" 200 2041 "-" "Mozilla/5.0 AppleWebKit/537.36 (KHTML, like Gecko; compatible; GPTBot/1.3; +https://openai.com/gptbot)"
52.6.5.24 - - [30/Nov/2025:07:11:01 -0500] "GET /wewtetg/wk/admin.php?action=chmod&dir=//bin&item=sftp HTTP/1.1" 200 29767 "-" "Mozilla/5.0 AppleWebKit/537.36 (KHTML, like Gecko; compatible; Amazonbot/0.1; +https://developer.amazon.com/support/amazonbot) Chrome/119.0.6045.214 Safari/537.36"
74.7.227.170 - - [30/Nov/2025:07:11:01 -0500] "GET /sffg/wk/admin.php?dir=//proc/3779464/root/var/softaculous/sidu/php81 HTTP/1.1" 200 1974 "-" "Mozilla/5.0 AppleWebKit/537.36 (KHTML, like Gecko; compatible; GPTBot/1.3; +https://openai.com/gptbot)"
74.7.243.223 - - [30/Nov/2025:07:11:03 -0500] "GET /sffg/wk/admin.php?action=chmod&dir=//proc/3263544/root/proc/sys/net/ipv6&item=max_dst_opts_number HTTP/1.1" 200 2041 "-" "Mozilla/5.0 AppleWebKit/537.36 (KHTML, like Gecko; compatible; GPTBot/1.3; +https://openai.com/gptbot)"
74.7.227.170 - - [30/Nov/2025:07:11:04 -0500] "GET /sffg/wk/admin.php?dir=//proc/3159889/root/var/softaculous/alegro/php81 HTTP/1.1" 200 1990 "-" "Mozilla/5.0 AppleWebKit/537.36 (KHTML, like Gecko; compatible; GPTBot/1.3; +https://openai.com/gptbot)"
52.54.95.127 - - [30/Nov/2025:07:11:04 -0500] "GET /sdfsf/wk/admin.php?action=chmod&dir=//lib64&item=liblab_gamut.so.1 HTTP/1.1" 200 85040 "-" "Mozilla/5.0 AppleWebKit/537.36 (KHTML, like Gecko; compatible; Amazonbot/0.1; +https://developer.amazon.com/support/amazonbot) Chrome/119.0.6045.214 Safari/537.36"
74.7.243.223 - - [30/Nov/2025:07:11:05 -0500] "GET /sffg/wk/admin.php?action=rename&dir=//proc/3160976/root/proc/sys/net/ipv4&item=icmp_echo_ignore_all HTTP/1.1" 200 2041 "-" "Mozilla/5.0 AppleWebKit/537.36 (KHTML, like Gecko; compatible; GPTBot/1.3; +https://openai.com/gptbot)"
52.167.144.18 - - [30/Nov/2025:07:11:07 -0500] "GET /?detail/9011084 HTTP/1.1" 200 1974 "-" "Mozilla/5.0 AppleWebKit/537.36 (KHTML, like Gecko; compatible; bingbot/2.0; +http://www.bing.com/bingbot.htm) Chrome/116.0.1938.76 Safari/537.36"
74.7.227.170 - - [30/Nov/2025:07:11:06 -0500] "GET /sffg/wk/admin.php?dir=//proc/3263544/root/var/softaculous/claro/php53 HTTP/1.1" 200 1979 "-" "Mozilla/5.0 AppleWebKit/537.36 (KHTML, like Gecko; compatible; GPTBot/1.3; +https://openai.com/gptbot)"
74.7.243.223 - - [30/Nov/2025:07:11:07 -0500] "GET /sffg/wk/admin.php?action=edit&dir=//proc/3159889/root/proc/sys/net/ipv4&item=tcp_comp_sack_delay_ns HTTP/1.1" 200 2062 "-" "Mozilla/5.0 AppleWebKit/537.36 (KHTML, like Gecko; compatible; GPTBot/1.3; +https://openai.com/gptbot)"
74.7.227.170 - - [30/Nov/2025:07:11:08 -0500] "GET /sffg/wk/admin.php?dir=//proc/3779464/root/var/softaculous/logic/php71 HTTP/1.1" 200 1978 "-" "Mozilla/5.0 AppleWebKit/537.36 (KHTML, like Gecko; compatible; GPTBot/1.3; +https://openai.com/gptbot)"
52.167.144.190 - - [30/Nov/2025:07:11:11 -0500] "GET /?detail/8052195 HTTP/1.1" 200 1928 "-" "Mozilla/5.0 AppleWebKit/537.36 (KHTML, like Gecko; compatible; bingbot/2.0; +http://www.bing.com/bingbot.htm) Chrome/116.0.1938.76 Safari/537.36"
34.234.197.175 - - [30/Nov/2025:07:11:10 -0500] "GET /admin/wk/admin.php?action=chmod&dir=//etc&item=lynx-site.cfg HTTP/1.1" 200 6882 "-" "Mozilla/5.0 AppleWebKit/537.36 (KHTML, like Gecko; compatible; Amazonbot/0.1; +https://developer.amazon.com/support/amazonbot) Chrome/119.0.6045.214 Safari/537.36"
74.7.243.223 - - [30/Nov/2025:07:11:10 -0500] "GET /sffg/wk/admin.php?action=rename&dir=//proc/3263544/root/proc/sys/net/ipv4&item=tcp_tx_skb_cache HTTP/1.1" 200 2043 "-" "Mozilla/5.0 AppleWebKit/537.36 (KHTML, like Gecko; compatible; GPTBot/1.3; +https://openai.com/gptbot)"
74.7.227.170 - - [30/Nov/2025:07:11:10 -0500] "GET /sffg/wk/admin.php?dir=//proc/3263544/root/var/softaculous/forma/php71 HTTP/1.1" 200 1979 "-" "Mozilla/5.0 AppleWebKit/537.36 (KHTML, like Gecko; compatible; GPTBot/1.3; +https://openai.com/gptbot)"
52.167.144.190 - - [30/Nov/2025:07:11:12 -0500] "GET /?detail/8777906 HTTP/1.1" 200 1930 "-" "Mozilla/5.0 AppleWebKit/537.36 (KHTML, like Gecko; compatible; bingbot/2.0; +http://www.bing.com/bingbot.htm) Chrome/116.0.1938.76 Safari/537.36"
74.7.243.223 - - [30/Nov/2025:07:11:12 -0500] "GET /sffg/wk/admin.php?action=rename&dir=//proc/3159889/root/proc/sys/net/ipv4&item=tcp_min_tso_segs HTTP/1.1" 200 2039 "-" "Mozilla/5.0 AppleWebKit/537.36 (KHTML, like Gecko; compatible; GPTBot/1.3; +https://openai.com/gptbot)"
3.216.13.10 - - [30/Nov/2025:07:11:12 -0500] "GET /css/wk/admin.php?action=chmod&dir=//lib64&item=libacl.so.1 HTTP/1.1" 200 90527 "-" "Mozilla/5.0 AppleWebKit/537.36 (KHTML, like Gecko; compatible; Amazonbot/0.1; +https://developer.amazon.com/support/amazonbot) Chrome/119.0.6045.214 Safari/537.36"
74.7.227.170 - - [30/Nov/2025:07:11:12 -0500] "GET /sffg/wk/admin.php?dir=//proc/3263544/root/var/softaculous/oxwall/php56 HTTP/1.1" 200 1990 "-" "Mozilla/5.0 AppleWebKit/537.36 (KHTML, like Gecko; compatible; GPTBot/1.3; +https://openai.com/gptbot)"
74.7.243.223 - - [30/Nov/2025:07:11:14 -0500] "GET /sffg/wk/admin.php?action=chmod&dir=//proc/3779464/root/proc/sys/net/ipv4&item=tcp_comp_sack_delay_ns HTTP/1.1" 200 2040 "-" "Mozilla/5.0 AppleWebKit/537.36 (KHTML, like Gecko; compatible; GPTBot/1.3; +https://openai.com/gptbot)"
74.7.227.170 - - [30/Nov/2025:07:11:15 -0500] "GET /sffg/wk/admin.php?dir=//proc/3589831/root/var/softaculous/easyp/php53 HTTP/1.1" 200 1979 "-" "Mozilla/5.0 AppleWebKit/537.36 (KHTML, like Gecko; compatible; GPTBot/1.3; +https://openai.com/gptbot)"
74.7.243.223 - - [30/Nov/2025:07:11:17 -0500] "GET /sffg/wk/admin.php?action=rename&dir=//proc/3160976/root/proc/sys/net/ipv4&item=tcp_comp_sack_nr HTTP/1.1" 200 2039 "-" "Mozilla/5.0 AppleWebKit/537.36 (KHTML, like Gecko; compatible; GPTBot/1.3; +https://openai.com/gptbot)"
107.22.208.39 - - [30/Nov/2025:07:11:17 -0500] "GET /css/wk/admin.php?action=chmod&dir=//bin&item=top HTTP/1.1" 200 29040 "-" "Mozilla/5.0 AppleWebKit/537.36 (KHTML, like Gecko; compatible; Amazonbot/0.1; +https://developer.amazon.com/support/amazonbot) Chrome/119.0.6045.214 Safari/537.36"
74.7.227.170 - - [30/Nov/2025:07:11:17 -0500] "GET /sffg/wk/admin.php?dir=//proc/3589831/root/var/softaculous/icehrm/php81 HTTP/1.1" 200 1991 "-" "Mozilla/5.0 AppleWebKit/537.36 (KHTML, like Gecko; compatible; GPTBot/1.3; +https://openai.com/gptbot)"
74.7.243.223 - - [30/Nov/2025:07:11:19 -0500] "GET /sffg/wk/admin.php?action=edit&dir=//proc/3160976/root/proc/sys/net/ipv4&item=tcp_no_metrics_save HTTP/1.1" 200 2052 "-" "Mozilla/5.0 AppleWebKit/537.36 (KHTML, like Gecko; compatible; GPTBot/1.3; +https://openai.com/gptbot)"
74.7.227.170 - - [30/Nov/2025:07:11:19 -0500] "GET /sffg/wk/admin.php?dir=//proc/3779464/root/var/softaculous/vision/php56 HTTP/1.1" 200 1993 "-" "Mozilla/5.0 AppleWebKit/537.36 (KHTML, like Gecko; compatible; GPTBot/1.3; +https://openai.com/gptbot)"
74.7.243.223 - - [30/Nov/2025:07:11:21 -0500] "GET /sffg/wk/admin.php?action=rename&dir=//proc/3160976/root/proc/sys/net/ipv4&item=ip_local_port_range HTTP/1.1" 200 2039 "-" "Mozilla/5.0 AppleWebKit/537.36 (KHTML, like Gecko; compatible; GPTBot/1.3; +https://openai.com/gptbot)"
54.225.98.148 - - [30/Nov/2025:07:11:21 -0500] "GET /images/wk/admin.php?action=chmod&dir=//bin&item=whereis HTTP/1.1" 200 28623 "-" "Mozilla/5.0 AppleWebKit/537.36 (KHTML, like Gecko; compatible; Amazonbot/0.1; +https://developer.amazon.com/support/amazonbot) Chrome/119.0.6045.214 Safari/537.36"
74.7.227.170 - - [30/Nov/2025:07:11:21 -0500] "GET /sffg/wk/admin.php?dir=//proc/3263544/root/var/softaculous/hizup/php56 HTTP/1.1" 200 1980 "-" "Mozilla/5.0 AppleWebKit/537.36 (KHTML, like Gecko; compatible; GPTBot/1.3; +https://openai.com/gptbot)"
74.7.243.223 - - [30/Nov/2025:07:11:23 -0500] "GET /sffg/wk/admin.php?action=chmod&dir=//proc/3159889/root/proc/sys/net/ipv4&item=tcp_comp_sack_delay_ns HTTP/1.1" 200 2040 "-" "Mozilla/5.0 AppleWebKit/537.36 (KHTML, like Gecko; compatible; GPTBot/1.3; +https://openai.com/gptbot)"
74.7.227.170 - - [30/Nov/2025:07:11:23 -0500] "GET /sffg/wk/admin.php?dir=//proc/3589831/root/var/softaculous/dolph/php53 HTTP/1.1" 200 1979 "-" "Mozilla/5.0 AppleWebKit/537.36 (KHTML, like Gecko; compatible; GPTBot/1.3; +https://openai.com/gptbot)"
44.207.207.36 - - [30/Nov/2025:07:11:24 -0500] "GET /css/wk/admin.php?action=chmod&dir=//bin&item=join HTTP/1.1" 200 29701 "-" "Mozilla/5.0 AppleWebKit/537.36 (KHTML, like Gecko; compatible; Amazonbot/0.1; +https://developer.amazon.com/support/amazonbot) Chrome/119.0.6045.214 Safari/537.36"
74.7.243.223 - - [30/Nov/2025:07:11:25 -0500] "GET /sffg/wk/admin.php?action=chmod&dir=//proc/3589831/root/proc/sys/net/ipv4&item=tcp_pacing_ss_ratio HTTP/1.1" 200 2038 "-" "Mozilla/5.0 AppleWebKit/537.36 (KHTML, like Gecko; compatible; GPTBot/1.3; +https://openai.com/gptbot)"
74.7.227.170 - - [30/Nov/2025:07:11:25 -0500] "GET /sffg/wk/admin.php?dir=//proc/3779464/root/var/softaculous/fcms/php56 HTTP/1.1" 200 1974 "-" "Mozilla/5.0 AppleWebKit/537.36 (KHTML, like Gecko; compatible; GPTBot/1.3; +https://openai.com/gptbot)"
74.7.243.223 - - [30/Nov/2025:07:11:27 -0500] "GET /sffg/wk/admin.php?action=chmod&dir=//proc/3159889/root/proc/sys/net/ipv4&item=tcp_adv_win_scale HTTP/1.1" 200 2035 "-" "Mozilla/5.0 AppleWebKit/537.36 (KHTML, like Gecko; compatible; GPTBot/1.3; +https://openai.com/gptbot)"
74.7.227.170 - - [30/Nov/2025:07:11:28 -0500] "GET /sffg/wk/admin.php?dir=//proc/3159889/root/var/softaculous/lime/php81 HTTP/1.1" 200 1977 "-" "Mozilla/5.0 AppleWebKit/537.36 (KHTML, like Gecko; compatible; GPTBot/1.3; +https://openai.com/gptbot)"
3.89.176.255 - - [30/Nov/2025:07:11:28 -0500] "GET /wp-includes/wk/admin.php?action=view&dir=//bin&item=date HTTP/1.1" 200 29250 "-" "Mozilla/5.0 AppleWebKit/537.36 (KHTML, like Gecko; compatible; Amazonbot/0.1; +https://developer.amazon.com/support/amazonbot) Chrome/119.0.6045.214 Safari/537.36"
74.7.243.223 - - [30/Nov/2025:07:11:29 -0500] "GET /sffg/wk/admin.php?action=chmod&dir=//proc/3160976/root/proc/sys/net/ipv4&item=tcp_pacing_ss_ratio HTTP/1.1" 200 2038 "-" "Mozilla/5.0 AppleWebKit/537.36 (KHTML, like Gecko; compatible; GPTBot/1.3; +https://openai.com/gptbot)"
52.167.144.190 - - [30/Nov/2025:07:11:32 -0500] "GET /?detail/9624117 HTTP/1.1" 200 1970 "-" "Mozilla/5.0 AppleWebKit/537.36 (KHTML, like Gecko; compatible; bingbot/2.0; +http://www.bing.com/bingbot.htm) Chrome/116.0.1938.76 Safari/537.36"
74.7.227.170 - - [30/Nov/2025:07:11:30 -0500] "GET /sffg/wk/admin.php?dir=//proc/3159889/root/var/softaculous/conc/php53 HTTP/1.1" 200 1975 "-" "Mozilla/5.0 AppleWebKit/537.36 (KHTML, like Gecko; compatible; GPTBot/1.3; +https://openai.com/gptbot)"
57.141.0.36 - - [30/Nov/2025:07:11:33 -0500] "GET /special2562496640?kg=2559637606 HTTP/1.1" 404 1251 "-" "meta-externalagent/1.1 (+https://developers.facebook.com/docs/sharing/webmasters/crawler)"
74.7.243.223 - - [30/Nov/2025:07:11:32 -0500] "GET /sffg/wk/admin.php?action=rename&dir=//proc/3263544/root/proc/thread-self/net/dev_snmp6&item=eth1 HTTP/1.1" 200 2043 "-" "Mozilla/5.0 AppleWebKit/537.36 (KHTML, like Gecko; compatible; GPTBot/1.3; +https://openai.com/gptbot)"
74.7.227.170 - - [30/Nov/2025:07:11:32 -0500] "GET /sffg/wk/admin.php?dir=//proc/3589831/root/var/softaculous/easyp/php81 HTTP/1.1" 200 1979 "-" "Mozilla/5.0 AppleWebKit/537.36 (KHTML, like Gecko; compatible; GPTBot/1.3; +https://openai.com/gptbot)"
3.226.106.93 - - [30/Nov/2025:07:11:32 -0500] "GET /sdfsf/wk/admin.php?action=chmod&dir=//bin&item=rview HTTP/1.1" 200 29833 "-" "Mozilla/5.0 AppleWebKit/537.36 (KHTML, like Gecko; compatible; Amazonbot/0.1; +https://developer.amazon.com/support/amazonbot) Chrome/119.0.6045.214 Safari/537.36"
74.7.243.223 - - [30/Nov/2025:07:11:34 -0500] "GET /sffg/wk/admin.php?action=rename&dir=//proc/3263544/root/proc/thread-self/net/dev_snmp6&item=eth0 HTTP/1.1" 200 2043 "-" "Mozilla/5.0 AppleWebKit/537.36 (KHTML, like Gecko; compatible; GPTBot/1.3; +https://openai.com/gptbot)"
74.7.227.170 - - [30/Nov/2025:07:11:35 -0500] "GET /sffg/wk/admin.php?dir=//proc/3589831/root/var/softaculous/carbon/php56 HTTP/1.1" 200 1990 "-" "Mozilla/5.0 AppleWebKit/537.36 (KHTML, like Gecko; compatible; GPTBot/1.3; +https://openai.com/gptbot)"
74.7.243.223 - - [30/Nov/2025:07:11:36 -0500] "GET /sffg/wk/admin.php?action=rename&dir=//proc/3263544/root/proc/sys/net/ipv4&item=udp_l3mdev_accept HTTP/1.1" 200 2040 "-" "Mozilla/5.0 AppleWebKit/537.36 (KHTML, like Gecko; compatible; GPTBot/1.3; +https://openai.com/gptbot)"
74.7.227.170 - - [30/Nov/2025:07:11:37 -0500] "GET /sffg/wk/admin.php?dir=//proc/3263544/root/var/softaculous/punbb/php56 HTTP/1.1" 200 1980 "-" "Mozilla/5.0 AppleWebKit/537.36 (KHTML, like Gecko; compatible; GPTBot/1.3; +https://openai.com/gptbot)"
184.73.167.217 - - [30/Nov/2025:07:11:38 -0500] "GET /wp-content/wk/admin.php?action=chmod&dir=//bin&item=id HTTP/1.1" 200 28921 "-" "Mozilla/5.0 AppleWebKit/537.36 (KHTML, like Gecko; compatible; Amazonbot/0.1; +https://developer.amazon.com/support/amazonbot) Chrome/119.0.6045.214 Safari/537.36"
74.7.243.223 - - [30/Nov/2025:07:11:38 -0500] "GET /sffg/wk/admin.php?action=edit&dir=//proc/3159889/root/proc/sys/net/ipv6&item=ip6frag_high_thresh HTTP/1.1" 200 2053 "-" "Mozilla/5.0 AppleWebKit/537.36 (KHTML, like Gecko; compatible; GPTBot/1.3; +https://openai.com/gptbot)"
74.7.227.170 - - [30/Nov/2025:07:11:39 -0500] "GET /sffg/wk/admin.php?dir=//proc/3159889/root/var/softaculous/dada/php71 HTTP/1.1" 200 1977 "-" "Mozilla/5.0 AppleWebKit/537.36 (KHTML, like Gecko; compatible; GPTBot/1.3; +https://openai.com/gptbot)"
18.214.251.19 - - [30/Nov/2025:07:11:40 -0500] "GET /forms/wk/admin.php?action=chmod&dir=/home/bappguir/public_html&item=postnews.php HTTP/1.1" 200 3360 "-" "Mozilla/5.0 AppleWebKit/537.36 (KHTML, like Gecko; compatible; Amazonbot/0.1; +https://developer.amazon.com/support/amazonbot) Chrome/119.0.6045.214 Safari/537.36"
74.7.243.223 - - [30/Nov/2025:07:11:41 -0500] "GET /sffg/wk/admin.php?action=edit&dir=//proc/3263544/root/proc/sys/net/ipv6&item=ip6frag_high_thresh HTTP/1.1" 200 2057 "-" "Mozilla/5.0 AppleWebKit/537.36 (KHTML, like Gecko; compatible; GPTBot/1.3; +https://openai.com/gptbot)"
74.7.227.170 - - [30/Nov/2025:07:11:42 -0500] "GET /sffg/wk/admin.php?dir=//proc/3779464/root/var/softaculous/spip/php56 HTTP/1.1" 200 1975 "-" "Mozilla/5.0 AppleWebKit/537.36 (KHTML, like Gecko; compatible; GPTBot/1.3; +https://openai.com/gptbot)"
74.7.243.223 - - [30/Nov/2025:07:11:43 -0500] "GET /sffg/wk/admin.php?action=rename&dir=//proc/3779464/root/proc/sys/net/ipv4&item=tcp_l3mdev_accept HTTP/1.1" 200 2038 "-" "Mozilla/5.0 AppleWebKit/537.36 (KHTML, like Gecko; compatible; GPTBot/1.3; +https://openai.com/gptbot)"
74.7.227.170 - - [30/Nov/2025:07:11:44 -0500] "GET /sffg/wk/admin.php?dir=//proc/3263544/root/var/softaculous/dotcl/php82 HTTP/1.1" 200 1979 "-" "Mozilla/5.0 AppleWebKit/537.36 (KHTML, like Gecko; compatible; GPTBot/1.3; +https://openai.com/gptbot)"
34.206.193.60 - - [30/Nov/2025:07:11:45 -0500] "GET /sdfsf/wk/admin.php?action=chmod&dir=//bin&item=pinentry-curses HTTP/1.1" 200 29624 "-" "Mozilla/5.0 AppleWebKit/537.36 (KHTML, like Gecko; compatible; Amazonbot/0.1; +https://developer.amazon.com/support/amazonbot) Chrome/119.0.6045.214 Safari/537.36"
74.7.243.223 - - [30/Nov/2025:07:11:46 -0500] "GET /sffg/wk/admin.php?action=edit&dir=//proc/3779464/root/proc/sys/net/ipv6&item=ip6frag_high_thresh HTTP/1.1" 200 2054 "-" "Mozilla/5.0 AppleWebKit/537.36 (KHTML, like Gecko; compatible; GPTBot/1.3; +https://openai.com/gptbot)"
74.7.227.170 - - [30/Nov/2025:07:11:46 -0500] "GET /sffg/wk/admin.php?dir=//proc/3779464/root/var/softaculous/qcart/php53 HTTP/1.1" 200 1978 "-" "Mozilla/5.0 AppleWebKit/537.36 (KHTML, like Gecko; compatible; GPTBot/1.3; +https://openai.com/gptbot)"
74.7.243.223 - - [30/Nov/2025:07:11:48 -0500] "GET /sffg/wk/admin.php?action=edit&dir=//proc/3589831/root/proc/sys/net/ipv6&item=ip6frag_high_thresh HTTP/1.1" 200 2053 "-" "Mozilla/5.0 AppleWebKit/537.36 (KHTML, like Gecko; compatible; GPTBot/1.3; +https://openai.com/gptbot)"
74.7.227.170 - - [30/Nov/2025:07:11:48 -0500] "GET /sffg/wk/admin.php?dir=//proc/3159889/root/var/softaculous/pyro/php81 HTTP/1.1" 200 1978 "-" "Mozilla/5.0 AppleWebKit/537.36 (KHTML, like Gecko; compatible; GPTBot/1.3; +https://openai.com/gptbot)"
100.29.155.89 - - [30/Nov/2025:07:11:49 -0500] "GET /assets/wk/admin.php?action=rename&dir=//bin&item=word-list-compress HTTP/1.1" 200 29931 "-" "Mozilla/5.0 AppleWebKit/537.36 (KHTML, like Gecko; compatible; Amazonbot/0.1; +https://developer.amazon.com/support/amazonbot) Chrome/119.0.6045.214 Safari/537.36"
74.7.243.223 - - [30/Nov/2025:07:11:50 -0500] "GET /sffg/wk/admin.php?action=rename&dir=//proc/3263544/root/proc/sys/net/ipv4&item=tcp_l3mdev_accept HTTP/1.1" 200 2041 "-" "Mozilla/5.0 AppleWebKit/537.36 (KHTML, like Gecko; compatible; GPTBot/1.3; +https://openai.com/gptbot)"
74.7.227.170 - - [30/Nov/2025:07:11:51 -0500] "GET /sffg/wk/admin.php?dir=//proc/3589831/root/var/softaculous/sidu/php82 HTTP/1.1" 200 1974 "-" "Mozilla/5.0 AppleWebKit/537.36 (KHTML, like Gecko; compatible; GPTBot/1.3; +https://openai.com/gptbot)"
114.119.135.171 - - [30/Nov/2025:07:11:53 -0500] "GET /super/r173?pid=16629 HTTP/1.1" 404 1251 "https://naztechltd.com/?sitemap601.xml" "Mozilla/5.0 (Linux; Android 7.0;) AppleWebKit/537.36 (KHTML, like Gecko) Mobile Safari/537.36 (compatible; PetalBot;+https://webmaster.petalsearch.com/site/petalbot)"
74.7.243.223 - - [30/Nov/2025:07:11:52 -0500] "GET /sffg/wk/admin.php?dir=//proc/3160976/root/opt/cloudlinux/venv/lib/python3.11/site-packages/toml-0.10.2.dist-info HTTP/1.1" 200 2035 "-" "Mozilla/5.0 AppleWebKit/537.36 (KHTML, like Gecko; compatible; GPTBot/1.3; +https://openai.com/gptbot)"
18.205.91.101 - - [30/Nov/2025:07:11:52 -0500] "GET /hfrgrh/wk/admin.php?action=chmod&dir=//proc&item=vmallocinfo HTTP/1.1" 200 6151 "-" "Mozilla/5.0 AppleWebKit/537.36 (KHTML, like Gecko; compatible; Amazonbot/0.1; +https://developer.amazon.com/support/amazonbot) Chrome/119.0.6045.214 Safari/537.36"
74.7.227.170 - - [30/Nov/2025:07:11:53 -0500] "GET /sffg/wk/admin.php?dir=//proc/3159889/root/var/softaculous/dolph/php81 HTTP/1.1" 200 1979 "-" "Mozilla/5.0 AppleWebKit/537.36 (KHTML, like Gecko; compatible; GPTBot/1.3; +https://openai.com/gptbot)"
74.7.243.223 - - [30/Nov/2025:07:11:54 -0500] "GET /sffg/wk/admin.php?action=view&dir=//proc/3159889/root/proc/thread-self/net&item=psched HTTP/1.1" 200 2045 "-" "Mozilla/5.0 AppleWebKit/537.36 (KHTML, like Gecko; compatible; GPTBot/1.3; +https://openai.com/gptbot)"
74.7.227.170 - - [30/Nov/2025:07:11:55 -0500] "GET /sffg/wk/admin.php?dir=//proc/3263544/root/var/softaculous/luxcal/php53 HTTP/1.1" 200 1991 "-" "Mozilla/5.0 AppleWebKit/537.36 (KHTML, like Gecko; compatible; GPTBot/1.3; +https://openai.com/gptbot)"
74.7.243.223 - - [30/Nov/2025:07:11:56 -0500] "GET /sffg/wk/admin.php?dir=//proc/3160976/root/opt/cloudlinux/venv/lib/python3.11/site-packages/pip-25.0.1.dist-info HTTP/1.1" 200 2032 "-" "Mozilla/5.0 AppleWebKit/537.36 (KHTML, like Gecko; compatible; GPTBot/1.3; +https://openai.com/gptbot)"
44.217.177.142 - - [30/Nov/2025:07:11:56 -0500] "GET /css/wk/admin.php?action=chmod&dir=//bin&item=utmpdump HTTP/1.1" 200 29860 "-" "Mozilla/5.0 AppleWebKit/537.36 (KHTML, like Gecko; compatible; Amazonbot/0.1; +https://developer.amazon.com/support/amazonbot) Chrome/119.0.6045.214 Safari/537.36"
74.7.227.170 - - [30/Nov/2025:07:11:57 -0500] "GET /sffg/wk/admin.php?dir=//proc/3779464/root/var/softaculous/wacart/php82 HTTP/1.1" 200 1990 "-" "Mozilla/5.0 AppleWebKit/537.36 (KHTML, like Gecko; compatible; GPTBot/1.3; +https://openai.com/gptbot)"
74.7.243.223 - - [30/Nov/2025:07:11:58 -0500] "GET /sffg/wk/admin.php?action=view&dir=//proc/3263544/root/proc/thread-self/net&item=packet HTTP/1.1" 200 2046 "-" "Mozilla/5.0 AppleWebKit/537.36 (KHTML, like Gecko; compatible; GPTBot/1.3; +https://openai.com/gptbot)"
74.7.227.170 - - [30/Nov/2025:07:12:00 -0500] "GET /sffg/wk/admin.php?dir=//proc/3779464/root/var/softaculous/pyro/php71 HTTP/1.1" 200 1978 "-" "Mozilla/5.0 AppleWebKit/537.36 (KHTML, like Gecko; compatible; GPTBot/1.3; +https://openai.com/gptbot)"
74.7.243.223 - - [30/Nov/2025:07:12:01 -0500] "GET /sffg/wk/admin.php?action=view&dir=//proc/3160976/root/proc/thread-self/net&item=psched HTTP/1.1" 200 2045 "-" "Mozilla/5.0 AppleWebKit/537.36 (KHTML, like Gecko; compatible; GPTBot/1.3; +https://openai.com/gptbot)"
18.215.77.19 - - [30/Nov/2025:07:12:01 -0500] "GET /images/wk/admin.php?action=chmod&dir=//lib64&item=libverto.so HTTP/1.1" 200 90532 "-" "Mozilla/5.0 AppleWebKit/537.36 (KHTML, like Gecko; compatible; Amazonbot/0.1; +https://developer.amazon.com/support/amazonbot) Chrome/119.0.6045.214 Safari/537.36"
74.7.227.170 - - [30/Nov/2025:07:12:02 -0500] "GET /sffg/wk/admin.php?dir=//proc/3159889/root/var/softaculous/contao/php56 HTTP/1.1" 200 1989 "-" "Mozilla/5.0 AppleWebKit/537.36 (KHTML, like Gecko; compatible; GPTBot/1.3; +https://openai.com/gptbot)"
74.7.243.223 - - [30/Nov/2025:07:12:03 -0500] "GET /sffg/wk/admin.php?action=view&dir=//proc/3779464/root/proc/thread-self/net&item=packet HTTP/1.1" 200 2046 "-" "Mozilla/5.0 AppleWebKit/537.36 (KHTML, like Gecko; compatible; GPTBot/1.3; +https://openai.com/gptbot)"
35.169.102.85 - - [30/Nov/2025:07:12:04 -0500] "GET /sdfsf/wk/admin.php?action=chmod&dir=//bin&item=autoupdate HTTP/1.1" 200 29899 "-" "Mozilla/5.0 AppleWebKit/537.36 (KHTML, like Gecko; compatible; Amazonbot/0.1; +https://developer.amazon.com/support/amazonbot) Chrome/119.0.6045.214 Safari/537.36"
74.7.227.170 - - [30/Nov/2025:07:12:04 -0500] "GET /sffg/wk/admin.php?dir=//proc/3589831/root/var/softaculous/spip/php56 HTTP/1.1" 200 1974 "-" "Mozilla/5.0 AppleWebKit/537.36 (KHTML, like Gecko; compatible; GPTBot/1.3; +https://openai.com/gptbot)"
74.7.243.223 - - [30/Nov/2025:07:12:06 -0500] "GET /sffg/wk/admin.php?action=view&dir=//proc/3263544/root/proc/thread-self/net&item=psched HTTP/1.1" 200 2045 "-" "Mozilla/5.0 AppleWebKit/537.36 (KHTML, like Gecko; compatible; GPTBot/1.3; +https://openai.com/gptbot)"
74.7.227.170 - - [30/Nov/2025:07:12:07 -0500] "GET /sffg/wk/admin.php?dir=//proc/3263544/root/var/softaculous/feng/php56 HTTP/1.1" 200 1979 "-" "Mozilla/5.0 AppleWebKit/537.36 (KHTML, like Gecko; compatible; GPTBot/1.3; +https://openai.com/gptbot)"
44.193.102.198 - - [30/Nov/2025:07:12:08 -0500] "GET /sdfsf/wk/admin.php?action=chmod&dir=//opt&item=ai-bolit HTTP/1.1" 200 3444 "-" "Mozilla/5.0 AppleWebKit/537.36 (KHTML, like Gecko; compatible; Amazonbot/0.1; +https://developer.amazon.com/support/amazonbot) Chrome/119.0.6045.214 Safari/537.36"
74.7.243.223 - - [30/Nov/2025:07:12:08 -0500] "GET /sffg/wk/admin.php?action=view&dir=//proc/3589831/root/proc/thread-self/net&item=packet HTTP/1.1" 200 2046 "-" "Mozilla/5.0 AppleWebKit/537.36 (KHTML, like Gecko; compatible; GPTBot/1.3; +https://openai.com/gptbot)"
74.7.227.170 - - [30/Nov/2025:07:12:09 -0500] "GET /sffg/wk/admin.php?dir=//proc/3779464/root/var/softaculous/slims/php56 HTTP/1.1" 200 1979 "-" "Mozilla/5.0 AppleWebKit/537.36 (KHTML, like Gecko; compatible; GPTBot/1.3; +https://openai.com/gptbot)"
74.7.243.223 - - [30/Nov/2025:07:12:10 -0500] "GET /sffg/wk/admin.php?action=view&dir=//proc/3589831/root/proc/thread-self/net&item=psched HTTP/1.1" 200 2045 "-" "Mozilla/5.0 AppleWebKit/537.36 (KHTML, like Gecko; compatible; GPTBot/1.3; +https://openai.com/gptbot)"
52.167.144.169 - - [30/Nov/2025:07:12:12 -0500] "GET /?detail/24710039 HTTP/1.1" 200 1973 "-" "Mozilla/5.0 AppleWebKit/537.36 (KHTML, like Gecko; compatible; bingbot/2.0; +http://www.bing.com/bingbot.htm) Chrome/116.0.1938.76 Safari/537.36"
74.7.227.170 - - [30/Nov/2025:07:12:11 -0500] "GET /sffg/wk/admin.php?dir=//proc/3589831/root/var/softaculous/pluck/php56 HTTP/1.1" 200 1980 "-" "Mozilla/5.0 AppleWebKit/537.36 (KHTML, like Gecko; compatible; GPTBot/1.3; +https://openai.com/gptbot)"
74.7.243.223 - - [30/Nov/2025:07:12:12 -0500] "GET /sffg/wk/admin.php?action=view&dir=//proc/3779464/root/proc/thread-self/net&item=psched HTTP/1.1" 200 2045 "-" "Mozilla/5.0 AppleWebKit/537.36 (KHTML, like Gecko; compatible; GPTBot/1.3; +https://openai.com/gptbot)"
18.205.213.231 - - [30/Nov/2025:07:12:12 -0500] "GET /wewtetg/wk/admin.php?action=chmod&dir=//bin&item=vi HTTP/1.1" 200 29584 "-" "Mozilla/5.0 AppleWebKit/537.36 (KHTML, like Gecko; compatible; Amazonbot/0.1; +https://developer.amazon.com/support/amazonbot) Chrome/119.0.6045.214 Safari/537.36"
74.7.227.170 - - [30/Nov/2025:07:12:13 -0500] "GET /sffg/wk/admin.php?dir=//proc/3159889/root/var/softaculous/jorani/php56 HTTP/1.1" 200 1991 "-" "Mozilla/5.0 AppleWebKit/537.36 (KHTML, like Gecko; compatible; GPTBot/1.3; +https://openai.com/gptbot)"
74.7.243.223 - - [30/Nov/2025:07:12:14 -0500] "GET /sffg/wk/admin.php?action=view&dir=//proc/3160976/root/proc/thread-self/net&item=packet HTTP/1.1" 200 2046 "-" "Mozilla/5.0 AppleWebKit/537.36 (KHTML, like Gecko; compatible; GPTBot/1.3; +https://openai.com/gptbot)"
74.7.227.170 - - [30/Nov/2025:07:12:15 -0500] "GET /sffg/wk/admin.php?dir=//proc/3589831/root/var/softaculous/uikit/php81 HTTP/1.1" 200 1979 "-" "Mozilla/5.0 AppleWebKit/537.36 (KHTML, like Gecko; compatible; GPTBot/1.3; +https://openai.com/gptbot)"
74.7.243.223 - - [30/Nov/2025:07:12:16 -0500] "GET /sffg/wk/admin.php?dir=//proc/3263544/root/var/softaculous/ostic2/php81 HTTP/1.1" 200 1991 "-" "Mozilla/5.0 AppleWebKit/537.36 (KHTML, like Gecko; compatible; GPTBot/1.3; +https://openai.com/gptbot)"
44.213.36.21 - - [30/Nov/2025:07:12:16 -0500] "GET /images/wk/admin.php?action=chmod&dir=//lib64&item=libmysqld.so HTTP/1.1" 200 90702 "-" "Mozilla/5.0 AppleWebKit/537.36 (KHTML, like Gecko; compatible; Amazonbot/0.1; +https://developer.amazon.com/support/amazonbot) Chrome/119.0.6045.214 Safari/537.36"
74.7.227.170 - - [30/Nov/2025:07:12:18 -0500] "GET /sffg/wk/admin.php?dir=//proc/3779464/root/var/softaculous/txtpat/php56 HTTP/1.1" 200 1990 "-" "Mozilla/5.0 AppleWebKit/537.36 (KHTML, like Gecko; compatible; GPTBot/1.3; +https://openai.com/gptbot)"
74.7.243.223 - - [30/Nov/2025:07:12:19 -0500] "GET /sffg/wk/admin.php?dir=//proc/3159889/root/var/softaculous/ocart2/php71 HTTP/1.1" 200 1991 "-" "Mozilla/5.0 AppleWebKit/537.36 (KHTML, like Gecko; compatible; GPTBot/1.3; +https://openai.com/gptbot)"
74.7.227.170 - - [30/Nov/2025:07:12:20 -0500] "GET /sffg/wk/admin.php?dir=//proc/3263544/root/var/softaculous/xoops/php71 HTTP/1.1" 200 1978 "-" "Mozilla/5.0 AppleWebKit/537.36 (KHTML, like Gecko; compatible; GPTBot/1.3; +https://openai.com/gptbot)"
18.232.11.247 - - [30/Nov/2025:07:12:20 -0500] "GET /wewtetg/wk/admin.php?action=chmod&dir=//lib64&item=libGLdispatch.so.0 HTTP/1.1" 200 91052 "-" "Mozilla/5.0 AppleWebKit/537.36 (KHTML, like Gecko; compatible; Amazonbot/0.1; +https://developer.amazon.com/support/amazonbot) Chrome/119.0.6045.214 Safari/537.36"
74.7.243.223 - - [30/Nov/2025:07:12:21 -0500] "GET /sffg/wk/admin.php?action=view&dir=//proc/91910/net&item=if_inet6 HTTP/1.1" 200 2000 "-" "Mozilla/5.0 AppleWebKit/537.36 (KHTML, like Gecko; compatible; GPTBot/1.3; +https://openai.com/gptbot)"
74.7.227.170 - - [30/Nov/2025:07:12:22 -0500] "GET /sffg/wk/admin.php?dir=//proc/3159889/root/var/softaculous/morph/php71 HTTP/1.1" 200 1979 "-" "Mozilla/5.0 AppleWebKit/537.36 (KHTML, like Gecko; compatible; GPTBot/1.3; +https://openai.com/gptbot)"
74.7.243.223 - - [30/Nov/2025:07:12:23 -0500] "GET /sffg/wk/admin.php?dir=//proc/3159889/root/var/softaculous/ocart2/php53 HTTP/1.1" 200 1991 "-" "Mozilla/5.0 AppleWebKit/537.36 (KHTML, like Gecko; compatible; GPTBot/1.3; +https://openai.com/gptbot)"
74.7.227.170 - - [30/Nov/2025:07:12:24 -0500] "GET /sffg/wk/admin.php?dir=//proc/3779464/root/var/softaculous/wikka/php56 HTTP/1.1" 200 1980 "-" "Mozilla/5.0 AppleWebKit/537.36 (KHTML, like Gecko; compatible; GPTBot/1.3; +https://openai.com/gptbot)"
23.23.137.202 - - [30/Nov/2025:07:12:25 -0500] "GET /hfrgrh/wk/admin.php?action=chmod&dir=//lib&item=kernel HTTP/1.1" 200 4707 "-" "Mozilla/5.0 AppleWebKit/537.36 (KHTML, like Gecko; compatible; Amazonbot/0.1; +https://developer.amazon.com/support/amazonbot) Chrome/119.0.6045.214 Safari/537.36"
74.7.243.223 - - [30/Nov/2025:07:12:25 -0500] "GET /sffg/wk/admin.php?dir=//proc/3263544/root/var/softaculous/ocart4/php53 HTTP/1.1" 200 1990 "-" "Mozilla/5.0 AppleWebKit/537.36 (KHTML, like Gecko; compatible; GPTBot/1.3; +https://openai.com/gptbot)"
74.7.227.170 - - [30/Nov/2025:07:12:27 -0500] "GET /sffg/wk/admin.php?dir=//proc/3263544/root/var/softaculous/carbon/php53 HTTP/1.1" 200 1990 "-" "Mozilla/5.0 AppleWebKit/537.36 (KHTML, like Gecko; compatible; GPTBot/1.3; +https://openai.com/gptbot)"
50.17.193.48 - - [30/Nov/2025:07:12:28 -0500] "GET /wp-includes/wk/admin.php?action=view&dir=//proc&item=cpuinfo HTTP/1.1" 200 7610 "-" "Mozilla/5.0 AppleWebKit/537.36 (KHTML, like Gecko; compatible; Amazonbot/0.1; +https://developer.amazon.com/support/amazonbot) Chrome/119.0.6045.214 Safari/537.36"
74.7.243.223 - - [30/Nov/2025:07:12:28 -0500] "GET /sffg/wk/admin.php?dir=//proc/3159889/root/var/softaculous/ostic2/php81 HTTP/1.1" 200 1991 "-" "Mozilla/5.0 AppleWebKit/537.36 (KHTML, like Gecko; compatible; GPTBot/1.3; +https://openai.com/gptbot)"
74.7.227.170 - - [30/Nov/2025:07:12:29 -0500] "GET /sffg/wk/admin.php?dir=//proc/3589831/root/var/softaculous/popoji/php56 HTTP/1.1" 200 1991 "-" "Mozilla/5.0 AppleWebKit/537.36 (KHTML, like Gecko; compatible; GPTBot/1.3; +https://openai.com/gptbot)"
207.46.13.78 - - [30/Nov/2025:07:12:31 -0500] "GET /?detail/11330951 HTTP/1.1" 200 1973 "-" "Mozilla/5.0 AppleWebKit/537.36 (KHTML, like Gecko; compatible; bingbot/2.0; +http://www.bing.com/bingbot.htm) Chrome/116.0.1938.76 Safari/537.36"
