114.119.132.76 - - [30/Nov/2025:09:55:49 -0500] "GET /m201028704 HTTP/1.1" 200 6296 "https://iasolution.farm/sitemap543.xml" "Mozilla/5.0 (Linux; Android 7.0;) AppleWebKit/537.36 (KHTML, like Gecko) Mobile Safari/537.36 (compatible; PetalBot;+https://webmaster.petalsearch.com/site/petalbot)"
45.227.253.15 - - [30/Nov/2025:09:56:01 -0500] "GET /index.php/jk HTTP/1.1" 200 6296 "-" "Mozilla/5.0 (Macintosh; Intel Mac OS X 10_15_7) AppleWebKit/537.36 (KHTML, like Gecko) Chrome/86.0.4240.111 Safari/537.36"
114.119.133.190 - - [30/Nov/2025:09:57:13 -0500] "GET /m201026744 HTTP/1.1" 200 6296 "https://iasolution.farm/sitemap706.xml" "Mozilla/5.0 (Linux; Android 7.0;) AppleWebKit/537.36 (KHTML, like Gecko) Mobile Safari/537.36 (compatible; PetalBot;+https://webmaster.petalsearch.com/site/petalbot)"
114.119.133.190 - - [30/Nov/2025:09:58:38 -0500] "GET /m201021974 HTTP/1.1" 200 6296 "https://iasolution.farm/sitemap543.xml" "Mozilla/5.0 (Linux; Android 7.0;) AppleWebKit/537.36 (KHTML, like Gecko) Mobile Safari/537.36 (compatible; PetalBot;+https://webmaster.petalsearch.com/site/petalbot)"
114.119.130.27 - - [30/Nov/2025:10:00:03 -0500] "GET /m201020562 HTTP/1.1" 200 6296 "https://iasolution.farm/sitemap543.xml" "Mozilla/5.0 (Linux; Android 7.0;) AppleWebKit/537.36 (KHTML, like Gecko) Mobile Safari/537.36 (compatible; PetalBot;+https://webmaster.petalsearch.com/site/petalbot)"
66.249.70.67 - - [30/Nov/2025:10:00:05 -0500] "GET /detail883630065?kg=0882466622 HTTP/1.1" 200 18841 "-" "Mozilla/5.0 (compatible; Googlebot/2.1; +http://www.google.com/bot.html)"
66.249.70.65 - - [30/Nov/2025:10:00:35 -0500] "GET /detail1631722520?kg=1629573446 HTTP/1.1" 200 18974 "-" "Mozilla/5.0 (Linux; Android 6.0.1; Nexus 5X Build/MMB29P) AppleWebKit/537.36 (KHTML, like Gecko) Chrome/141.0.7390.122 Mobile Safari/537.36 (compatible; Googlebot/2.1; +http://www.google.com/bot.html)"
66.249.70.65 - - [30/Nov/2025:10:00:47 -0500] "GET /detail1631705161?kg=1629556110 HTTP/1.1" 200 19107 "-" "Mozilla/5.0 (Linux; Android 6.0.1; Nexus 5X Build/MMB29P) AppleWebKit/537.36 (KHTML, like Gecko) Chrome/141.0.7390.122 Mobile Safari/537.36 (compatible; Googlebot/2.1; +http://www.google.com/bot.html)"
114.119.153.93 - - [30/Nov/2025:10:01:22 -0500] "GET /m201017304 HTTP/1.1" 200 6296 "https://iasolution.farm/sitemap510.xml" "Mozilla/5.0 (Linux; Android 7.0;) AppleWebKit/537.36 (KHTML, like Gecko) Mobile Safari/537.36 (compatible; PetalBot;+https://webmaster.petalsearch.com/site/petalbot)"
114.119.142.126 - - [30/Nov/2025:10:02:49 -0500] "GET /m201012666 HTTP/1.1" 200 6296 "https://iasolution.farm/sitemap510.xml" "Mozilla/5.0 (Linux; Android 7.0;) AppleWebKit/537.36 (KHTML, like Gecko) Mobile Safari/537.36 (compatible; PetalBot;+https://webmaster.petalsearch.com/site/petalbot)"
114.119.130.27 - - [30/Nov/2025:10:04:10 -0500] "GET /m201010096 HTTP/1.1" 200 6296 "https://iasolution.farm/sitemap510.xml" "Mozilla/5.0 (Linux; Android 7.0;) AppleWebKit/537.36 (KHTML, like Gecko) Mobile Safari/537.36 (compatible; PetalBot;+https://webmaster.petalsearch.com/site/petalbot)"
114.119.132.76 - - [30/Nov/2025:10:06:58 -0500] "GET /m201005706 HTTP/1.1" 200 6296 "https://iasolution.farm/sitemap510.xml" "Mozilla/5.0 (Linux; Android 7.0;) AppleWebKit/537.36 (KHTML, like Gecko) Mobile Safari/537.36 (compatible; PetalBot;+https://webmaster.petalsearch.com/site/petalbot)"
114.119.132.76 - - [30/Nov/2025:10:08:23 -0500] "GET /m201003494 HTTP/1.1" 200 6296 "https://iasolution.farm/sitemap543.xml" "Mozilla/5.0 (Linux; Android 7.0;) AppleWebKit/537.36 (KHTML, like Gecko) Mobile Safari/537.36 (compatible; PetalBot;+https://webmaster.petalsearch.com/site/petalbot)"
114.119.132.76 - - [30/Nov/2025:10:09:49 -0500] "GET /m201003436 HTTP/1.1" 200 6296 "https://iasolution.farm/sitemap580.xml" "Mozilla/5.0 (Linux; Android 7.0;) AppleWebKit/537.36 (KHTML, like Gecko) Mobile Safari/537.36 (compatible; PetalBot;+https://webmaster.petalsearch.com/site/petalbot)"
114.119.142.126 - - [30/Nov/2025:10:11:10 -0500] "GET /m201000676 HTTP/1.1" 200 6296 "https://iasolution.farm/sitemap510.xml" "Mozilla/5.0 (Linux; Android 7.0;) AppleWebKit/537.36 (KHTML, like Gecko) Mobile Safari/537.36 (compatible; PetalBot;+https://webmaster.petalsearch.com/site/petalbot)"
114.119.142.126 - - [30/Nov/2025:10:13:06 -0500] "GET /m201000620 HTTP/1.1" 200 6296 "https://iasolution.farm/sitemap543.xml" "Mozilla/5.0 (Linux; Android 7.0;) AppleWebKit/537.36 (KHTML, like Gecko) Mobile Safari/537.36 (compatible; PetalBot;+https://webmaster.petalsearch.com/site/petalbot)"
43.154.127.188 - - [30/Nov/2025:10:13:21 -0500] "GET / HTTP/1.1" 200 6296 "https://www.iasolution.farm/" "Mozilla/5.0 (iPhone; CPU iPhone OS 13_2_3 like Mac OS X) AppleWebKit/605.1.15 (KHTML, like Gecko) Version/13.0.3 Mobile/15E148 Safari/604.1"
66.249.70.67 - - [30/Nov/2025:10:13:44 -0500] "GET /detail1170378761?kg=1168837518 HTTP/1.1" 200 18625 "-" "Mozilla/5.0 (compatible; Googlebot/2.1; +http://www.google.com/bot.html)"
114.119.153.93 - - [30/Nov/2025:10:13:55 -0500] "GET /m200048261 HTTP/1.1" 200 6296 "https://iasolution.farm/sitemap580.xml" "Mozilla/5.0 (Linux; Android 7.0;) AppleWebKit/537.36 (KHTML, like Gecko) Mobile Safari/537.36 (compatible; PetalBot;+https://webmaster.petalsearch.com/site/petalbot)"
114.119.135.195 - - [30/Nov/2025:10:15:17 -0500] "GET /m200045619 HTTP/1.1" 200 6296 "https://iasolution.farm/sitemap510.xml" "Mozilla/5.0 (Linux; Android 7.0;) AppleWebKit/537.36 (KHTML, like Gecko) Mobile Safari/537.36 (compatible; PetalBot;+https://webmaster.petalsearch.com/site/petalbot)"
114.119.133.190 - - [30/Nov/2025:10:16:42 -0500] "GET /m200045597 HTTP/1.1" 200 6296 "https://iasolution.farm/sitemap510.xml" "Mozilla/5.0 (Linux; Android 7.0;) AppleWebKit/537.36 (KHTML, like Gecko) Mobile Safari/537.36 (compatible; PetalBot;+https://webmaster.petalsearch.com/site/petalbot)"
114.119.133.190 - - [30/Nov/2025:10:18:05 -0500] "GET /m200043703 HTTP/1.1" 200 6296 "https://iasolution.farm/sitemap706.xml" "Mozilla/5.0 (Linux; Android 7.0;) AppleWebKit/537.36 (KHTML, like Gecko) Mobile Safari/537.36 (compatible; PetalBot;+https://webmaster.petalsearch.com/site/petalbot)"
114.119.142.126 - - [30/Nov/2025:10:19:28 -0500] "GET /m200041461 HTTP/1.1" 200 6296 "https://iasolution.farm/sitemap580.xml" "Mozilla/5.0 (Linux; Android 7.0;) AppleWebKit/537.36 (KHTML, like Gecko) Mobile Safari/537.36 (compatible; PetalBot;+https://webmaster.petalsearch.com/site/petalbot)"
54.144.185.255 - - [30/Nov/2025:10:20:09 -0500] "GET /robots.txt HTTP/1.1" 200 133 "-" "Mozilla/5.0 AppleWebKit/537.36 (KHTML, like Gecko; compatible; Amazonbot/0.1; +https://developer.amazon.com/support/amazonbot) Chrome/119.0.6045.214 Safari/537.36"
18.232.11.247 - - [30/Nov/2025:10:20:09 -0500] "GET / HTTP/1.1" 200 6296 "-" "Mozilla/5.0 AppleWebKit/537.36 (KHTML, like Gecko; compatible; Amazonbot/0.1; +https://developer.amazon.com/support/amazonbot) Chrome/119.0.6045.214 Safari/537.36"
114.119.130.167 - - [30/Nov/2025:10:20:52 -0500] "GET /m200038829 HTTP/1.1" 200 6296 "https://iasolution.farm/sitemap706.xml" "Mozilla/5.0 (Linux; Android 7.0;) AppleWebKit/537.36 (KHTML, like Gecko) Mobile Safari/537.36 (compatible; PetalBot;+https://webmaster.petalsearch.com/site/petalbot)"
114.119.130.167 - - [30/Nov/2025:10:22:15 -0500] "GET /m200038649 HTTP/1.1" 200 6296 "https://iasolution.farm/sitemap706.xml" "Mozilla/5.0 (Linux; Android 7.0;) AppleWebKit/537.36 (KHTML, like Gecko) Mobile Safari/537.36 (compatible; PetalBot;+https://webmaster.petalsearch.com/site/petalbot)"
114.119.135.195 - - [30/Nov/2025:10:23:39 -0500] "GET /m201006780 HTTP/1.1" 200 6296 "https://iasolution.farm/sitemap510.xml" "Mozilla/5.0 (Linux; Android 7.0;) AppleWebKit/537.36 (KHTML, like Gecko) Mobile Safari/537.36 (compatible; PetalBot;+https://webmaster.petalsearch.com/site/petalbot)"
114.119.135.195 - - [30/Nov/2025:10:25:03 -0500] "GET /m200034879 HTTP/1.1" 200 6296 "https://iasolution.farm/sitemap543.xml" "Mozilla/5.0 (Linux; Android 7.0;) AppleWebKit/537.36 (KHTML, like Gecko) Mobile Safari/537.36 (compatible; PetalBot;+https://webmaster.petalsearch.com/site/petalbot)"
114.119.142.186 - - [30/Nov/2025:10:26:27 -0500] "GET /m200034709 HTTP/1.1" 200 6296 "https://iasolution.farm/sitemap543.xml" "Mozilla/5.0 (Linux; Android 7.0;) AppleWebKit/537.36 (KHTML, like Gecko) Mobile Safari/537.36 (compatible; PetalBot;+https://webmaster.petalsearch.com/site/petalbot)"
114.119.153.93 - - [30/Nov/2025:10:27:56 -0500] "GET /m200033553 HTTP/1.1" 200 6296 "https://iasolution.farm/sitemap543.xml" "Mozilla/5.0 (Linux; Android 7.0;) AppleWebKit/537.36 (KHTML, like Gecko) Mobile Safari/537.36 (compatible; PetalBot;+https://webmaster.petalsearch.com/site/petalbot)"
114.119.153.93 - - [30/Nov/2025:10:29:13 -0500] "GET /m200032309 HTTP/1.1" 200 6296 "https://iasolution.farm/sitemap543.xml" "Mozilla/5.0 (Linux; Android 7.0;) AppleWebKit/537.36 (KHTML, like Gecko) Mobile Safari/537.36 (compatible; PetalBot;+https://webmaster.petalsearch.com/site/petalbot)"
114.119.130.27 - - [30/Nov/2025:10:30:41 -0500] "GET /m200031963 HTTP/1.1" 200 6296 "https://iasolution.farm/sitemap580.xml" "Mozilla/5.0 (Linux; Android 7.0;) AppleWebKit/537.36 (KHTML, like Gecko) Mobile Safari/537.36 (compatible; PetalBot;+https://webmaster.petalsearch.com/site/petalbot)"
114.119.135.195 - - [30/Nov/2025:10:32:00 -0500] "GET /m200021023 HTTP/1.1" 200 6296 "https://iasolution.farm/sitemap706.xml" "Mozilla/5.0 (Linux; Android 7.0;) AppleWebKit/537.36 (KHTML, like Gecko) Mobile Safari/537.36 (compatible; PetalBot;+https://webmaster.petalsearch.com/site/petalbot)"
114.119.133.190 - - [30/Nov/2025:10:33:23 -0500] "GET /m200014523 HTTP/1.1" 200 6296 "https://iasolution.farm/sitemap706.xml" "Mozilla/5.0 (Linux; Android 7.0;) AppleWebKit/537.36 (KHTML, like Gecko) Mobile Safari/537.36 (compatible; PetalBot;+https://webmaster.petalsearch.com/site/petalbot)"
114.119.130.167 - - [30/Nov/2025:10:34:52 -0500] "GET /m200010369 HTTP/1.1" 200 6296 "https://iasolution.farm/sitemap706.xml" "Mozilla/5.0 (Linux; Android 7.0;) AppleWebKit/537.36 (KHTML, like Gecko) Mobile Safari/537.36 (compatible; PetalBot;+https://webmaster.petalsearch.com/site/petalbot)"
114.119.153.93 - - [30/Nov/2025:10:36:12 -0500] "GET /m200005373 HTTP/1.1" 200 6296 "https://iasolution.farm/sitemap580.xml" "Mozilla/5.0 (Linux; Android 7.0;) AppleWebKit/537.36 (KHTML, like Gecko) Mobile Safari/537.36 (compatible; PetalBot;+https://webmaster.petalsearch.com/site/petalbot)"
114.119.142.126 - - [30/Nov/2025:10:37:35 -0500] "GET /m199040440 HTTP/1.1" 200 6296 "https://iasolution.farm/sitemap510.xml" "Mozilla/5.0 (Linux; Android 7.0;) AppleWebKit/537.36 (KHTML, like Gecko) Mobile Safari/537.36 (compatible; PetalBot;+https://webmaster.petalsearch.com/site/petalbot)"
114.119.142.126 - - [30/Nov/2025:10:39:01 -0500] "GET /m199038628 HTTP/1.1" 200 6296 "https://iasolution.farm/sitemap543.xml" "Mozilla/5.0 (Linux; Android 7.0;) AppleWebKit/537.36 (KHTML, like Gecko) Mobile Safari/537.36 (compatible; PetalBot;+https://webmaster.petalsearch.com/site/petalbot)"
114.119.130.167 - - [30/Nov/2025:10:40:22 -0500] "GET /m199035740 HTTP/1.1" 200 6296 "https://iasolution.farm/sitemap580.xml" "Mozilla/5.0 (Linux; Android 7.0;) AppleWebKit/537.36 (KHTML, like Gecko) Mobile Safari/537.36 (compatible; PetalBot;+https://webmaster.petalsearch.com/site/petalbot)"
114.119.135.195 - - [30/Nov/2025:10:41:46 -0500] "GET /m199035442 HTTP/1.1" 200 6296 "https://iasolution.farm/sitemap706.xml" "Mozilla/5.0 (Linux; Android 7.0;) AppleWebKit/537.36 (KHTML, like Gecko) Mobile Safari/537.36 (compatible; PetalBot;+https://webmaster.petalsearch.com/site/petalbot)"
114.119.130.27 - - [30/Nov/2025:10:43:09 -0500] "GET /m199035072 HTTP/1.1" 200 6296 "https://iasolution.farm/sitemap543.xml" "Mozilla/5.0 (Linux; Android 7.0;) AppleWebKit/537.36 (KHTML, like Gecko) Mobile Safari/537.36 (compatible; PetalBot;+https://webmaster.petalsearch.com/site/petalbot)"
114.119.135.195 - - [30/Nov/2025:10:44:32 -0500] "GET /m199035018 HTTP/1.1" 200 6296 "https://iasolution.farm/sitemap580.xml" "Mozilla/5.0 (Linux; Android 7.0;) AppleWebKit/537.36 (KHTML, like Gecko) Mobile Safari/537.36 (compatible; PetalBot;+https://webmaster.petalsearch.com/site/petalbot)"
114.119.135.195 - - [30/Nov/2025:10:45:56 -0500] "GET /m199033550 HTTP/1.1" 200 6296 "https://iasolution.farm/sitemap510.xml" "Mozilla/5.0 (Linux; Android 7.0;) AppleWebKit/537.36 (KHTML, like Gecko) Mobile Safari/537.36 (compatible; PetalBot;+https://webmaster.petalsearch.com/site/petalbot)"
114.119.135.195 - - [30/Nov/2025:10:47:22 -0500] "GET /m199032830 HTTP/1.1" 200 6296 "https://iasolution.farm/sitemap510.xml" "Mozilla/5.0 (Linux; Android 7.0;) AppleWebKit/537.36 (KHTML, like Gecko) Mobile Safari/537.36 (compatible; PetalBot;+https://webmaster.petalsearch.com/site/petalbot)"
114.119.132.76 - - [30/Nov/2025:10:48:45 -0500] "GET /m199030550 HTTP/1.1" 200 6296 "https://iasolution.farm/sitemap510.xml" "Mozilla/5.0 (Linux; Android 7.0;) AppleWebKit/537.36 (KHTML, like Gecko) Mobile Safari/537.36 (compatible; PetalBot;+https://webmaster.petalsearch.com/site/petalbot)"
114.119.153.93 - - [30/Nov/2025:10:50:09 -0500] "GET /m199026968 HTTP/1.1" 200 6296 "https://iasolution.farm/sitemap543.xml" "Mozilla/5.0 (Linux; Android 7.0;) AppleWebKit/537.36 (KHTML, like Gecko) Mobile Safari/537.36 (compatible; PetalBot;+https://webmaster.petalsearch.com/site/petalbot)"
114.119.133.190 - - [30/Nov/2025:10:51:30 -0500] "GET /m199026830 HTTP/1.1" 200 6296 "https://iasolution.farm/sitemap706.xml" "Mozilla/5.0 (Linux; Android 7.0;) AppleWebKit/537.36 (KHTML, like Gecko) Mobile Safari/537.36 (compatible; PetalBot;+https://webmaster.petalsearch.com/site/petalbot)"
114.119.142.126 - - [30/Nov/2025:10:52:55 -0500] "GET /m199025578 HTTP/1.1" 200 6296 "https://iasolution.farm/sitemap706.xml" "Mozilla/5.0 (Linux; Android 7.0;) AppleWebKit/537.36 (KHTML, like Gecko) Mobile Safari/537.36 (compatible; PetalBot;+https://webmaster.petalsearch.com/site/petalbot)"
114.119.132.76 - - [30/Nov/2025:10:54:22 -0500] "GET /m199023950 HTTP/1.1" 200 6296 "https://iasolution.farm/sitemap706.xml" "Mozilla/5.0 (Linux; Android 7.0;) AppleWebKit/537.36 (KHTML, like Gecko) Mobile Safari/537.36 (compatible; PetalBot;+https://webmaster.petalsearch.com/site/petalbot)"
114.119.153.93 - - [30/Nov/2025:10:55:41 -0500] "GET /m199023596 HTTP/1.1" 200 6296 "https://iasolution.farm/sitemap510.xml" "Mozilla/5.0 (Linux; Android 7.0;) AppleWebKit/537.36 (KHTML, like Gecko) Mobile Safari/537.36 (compatible; PetalBot;+https://webmaster.petalsearch.com/site/petalbot)"
114.119.135.195 - - [30/Nov/2025:10:57:04 -0500] "GET /m199022408 HTTP/1.1" 200 6296 "https://iasolution.farm/sitemap706.xml" "Mozilla/5.0 (Linux; Android 7.0;) AppleWebKit/537.36 (KHTML, like Gecko) Mobile Safari/537.36 (compatible; PetalBot;+https://webmaster.petalsearch.com/site/petalbot)"
66.249.70.65 - - [30/Nov/2025:10:57:18 -0500] "GET /detail1631327415?kg=1629178862 HTTP/1.1" 200 19441 "-" "Mozilla/5.0 (Linux; Android 6.0.1; Nexus 5X Build/MMB29P) AppleWebKit/537.36 (KHTML, like Gecko) Chrome/141.0.7390.122 Mobile Safari/537.36 (compatible; Googlebot/2.1; +http://www.google.com/bot.html)"
114.119.142.126 - - [30/Nov/2025:10:58:30 -0500] "GET /m199020792 HTTP/1.1" 200 6296 "https://iasolution.farm/sitemap510.xml" "Mozilla/5.0 (Linux; Android 7.0;) AppleWebKit/537.36 (KHTML, like Gecko) Mobile Safari/537.36 (compatible; PetalBot;+https://webmaster.petalsearch.com/site/petalbot)"
114.119.133.190 - - [30/Nov/2025:10:59:54 -0500] "GET /m199020596 HTTP/1.1" 200 6296 "https://iasolution.farm/sitemap580.xml" "Mozilla/5.0 (Linux; Android 7.0;) AppleWebKit/537.36 (KHTML, like Gecko) Mobile Safari/537.36 (compatible; PetalBot;+https://webmaster.petalsearch.com/site/petalbot)"
114.119.142.186 - - [30/Nov/2025:11:01:16 -0500] "GET /m199016820 HTTP/1.1" 200 6296 "https://iasolution.farm/sitemap543.xml" "Mozilla/5.0 (Linux; Android 7.0;) AppleWebKit/537.36 (KHTML, like Gecko) Mobile Safari/537.36 (compatible; PetalBot;+https://webmaster.petalsearch.com/site/petalbot)"
114.119.142.126 - - [30/Nov/2025:11:02:45 -0500] "GET /m199016046 HTTP/1.1" 200 6296 "https://iasolution.farm/sitemap706.xml" "Mozilla/5.0 (Linux; Android 7.0;) AppleWebKit/537.36 (KHTML, like Gecko) Mobile Safari/537.36 (compatible; PetalBot;+https://webmaster.petalsearch.com/site/petalbot)"
114.119.130.167 - - [30/Nov/2025:11:04:03 -0500] "GET /m199014640 HTTP/1.1" 200 6302 "https://iasolution.farm/sitemap706.xml" "Mozilla/5.0 (Linux; Android 7.0;) AppleWebKit/537.36 (KHTML, like Gecko) Mobile Safari/537.36 (compatible; PetalBot;+https://webmaster.petalsearch.com/site/petalbot)"
66.249.70.65 - - [30/Nov/2025:11:04:05 -0500] "GET /detail1631592709?kg=1629443806 HTTP/1.1" 200 19363 "-" "Mozilla/5.0 (Linux; Android 6.0.1; Nexus 5X Build/MMB29P) AppleWebKit/537.36 (KHTML, like Gecko) Chrome/141.0.7390.122 Mobile Safari/537.36 (compatible; Googlebot/2.1; +http://www.google.com/bot.html)"
114.119.130.167 - - [30/Nov/2025:11:05:32 -0500] "GET /m199006514 HTTP/1.1" 200 6296 "https://iasolution.farm/sitemap580.xml" "Mozilla/5.0 (Linux; Android 7.0;) AppleWebKit/537.36 (KHTML, like Gecko) Mobile Safari/537.36 (compatible; PetalBot;+https://webmaster.petalsearch.com/site/petalbot)"
114.119.130.27 - - [30/Nov/2025:11:06:50 -0500] "GET /m199005738 HTTP/1.1" 200 6296 "https://iasolution.farm/sitemap543.xml" "Mozilla/5.0 (Linux; Android 7.0;) AppleWebKit/537.36 (KHTML, like Gecko) Mobile Safari/537.36 (compatible; PetalBot;+https://webmaster.petalsearch.com/site/petalbot)"
114.119.130.167 - - [30/Nov/2025:11:08:15 -0500] "GET /m199002950 HTTP/1.1" 200 6296 "https://iasolution.farm/sitemap580.xml" "Mozilla/5.0 (Linux; Android 7.0;) AppleWebKit/537.36 (KHTML, like Gecko) Mobile Safari/537.36 (compatible; PetalBot;+https://webmaster.petalsearch.com/site/petalbot)"
114.119.142.126 - - [30/Nov/2025:11:09:38 -0500] "GET /m199000260 HTTP/1.1" 200 6296 "https://iasolution.farm/sitemap706.xml" "Mozilla/5.0 (Linux; Android 7.0;) AppleWebKit/537.36 (KHTML, like Gecko) Mobile Safari/537.36 (compatible; PetalBot;+https://webmaster.petalsearch.com/site/petalbot)"
114.119.153.93 - - [30/Nov/2025:11:11:01 -0500] "GET /m198042845 HTTP/1.1" 200 6296 "https://iasolution.farm/sitemap580.xml" "Mozilla/5.0 (Linux; Android 7.0;) AppleWebKit/537.36 (KHTML, like Gecko) Mobile Safari/537.36 (compatible; PetalBot;+https://webmaster.petalsearch.com/site/petalbot)"
114.119.142.186 - - [30/Nov/2025:11:12:25 -0500] "GET /m198042307 HTTP/1.1" 200 6296 "https://iasolution.farm/sitemap580.xml" "Mozilla/5.0 (Linux; Android 7.0;) AppleWebKit/537.36 (KHTML, like Gecko) Mobile Safari/537.36 (compatible; PetalBot;+https://webmaster.petalsearch.com/site/petalbot)"
66.249.70.67 - - [30/Nov/2025:11:13:30 -0500] "GET /detail1631658011?kg=1629509022 HTTP/1.1" 200 19662 "-" "Mozilla/5.0 (Linux; Android 6.0.1; Nexus 5X Build/MMB29P) AppleWebKit/537.36 (KHTML, like Gecko) Chrome/141.0.7390.122 Mobile Safari/537.36 (compatible; Googlebot/2.1; +http://www.google.com/bot.html)"
114.119.142.126 - - [30/Nov/2025:11:13:48 -0500] "GET /m198038953 HTTP/1.1" 200 6296 "https://iasolution.farm/sitemap706.xml" "Mozilla/5.0 (Linux; Android 7.0;) AppleWebKit/537.36 (KHTML, like Gecko) Mobile Safari/537.36 (compatible; PetalBot;+https://webmaster.petalsearch.com/site/petalbot)"
114.119.142.126 - - [30/Nov/2025:11:15:13 -0500] "GET /m198036101 HTTP/1.1" 200 6296 "https://iasolution.farm/sitemap706.xml" "Mozilla/5.0 (Linux; Android 7.0;) AppleWebKit/537.36 (KHTML, like Gecko) Mobile Safari/537.36 (compatible; PetalBot;+https://webmaster.petalsearch.com/site/petalbot)"
114.119.153.93 - - [30/Nov/2025:11:16:37 -0500] "GET /m198035945 HTTP/1.1" 200 6296 "https://iasolution.farm/sitemap510.xml" "Mozilla/5.0 (Linux; Android 7.0;) AppleWebKit/537.36 (KHTML, like Gecko) Mobile Safari/537.36 (compatible; PetalBot;+https://webmaster.petalsearch.com/site/petalbot)"
114.119.142.126 - - [30/Nov/2025:11:18:00 -0500] "GET /m198023181 HTTP/1.1" 200 6296 "https://iasolution.farm/sitemap580.xml" "Mozilla/5.0 (Linux; Android 7.0;) AppleWebKit/537.36 (KHTML, like Gecko) Mobile Safari/537.36 (compatible; PetalBot;+https://webmaster.petalsearch.com/site/petalbot)"
114.119.153.93 - - [30/Nov/2025:11:19:23 -0500] "GET /m198022503 HTTP/1.1" 200 6296 "https://iasolution.farm/sitemap706.xml" "Mozilla/5.0 (Linux; Android 7.0;) AppleWebKit/537.36 (KHTML, like Gecko) Mobile Safari/537.36 (compatible; PetalBot;+https://webmaster.petalsearch.com/site/petalbot)"
114.119.130.167 - - [30/Nov/2025:11:20:46 -0500] "GET /m198020135 HTTP/1.1" 200 6296 "https://iasolution.farm/sitemap543.xml" "Mozilla/5.0 (Linux; Android 7.0;) AppleWebKit/537.36 (KHTML, like Gecko) Mobile Safari/537.36 (compatible; PetalBot;+https://webmaster.petalsearch.com/site/petalbot)"
114.119.142.126 - - [30/Nov/2025:11:22:10 -0500] "GET /m198016521 HTTP/1.1" 200 6296 "https://iasolution.farm/sitemap706.xml" "Mozilla/5.0 (Linux; Android 7.0;) AppleWebKit/537.36 (KHTML, like Gecko) Mobile Safari/537.36 (compatible; PetalBot;+https://webmaster.petalsearch.com/site/petalbot)"
114.119.142.126 - - [30/Nov/2025:11:23:34 -0500] "GET /m198016093 HTTP/1.1" 200 6296 "https://iasolution.farm/sitemap543.xml" "Mozilla/5.0 (Linux; Android 7.0;) AppleWebKit/537.36 (KHTML, like Gecko) Mobile Safari/537.36 (compatible; PetalBot;+https://webmaster.petalsearch.com/site/petalbot)"
114.119.132.76 - - [30/Nov/2025:11:24:58 -0500] "GET /m198011145 HTTP/1.1" 200 6296 "https://iasolution.farm/sitemap510.xml" "Mozilla/5.0 (Linux; Android 7.0;) AppleWebKit/537.36 (KHTML, like Gecko) Mobile Safari/537.36 (compatible; PetalBot;+https://webmaster.petalsearch.com/site/petalbot)"
114.119.133.190 - - [30/Nov/2025:11:26:21 -0500] "GET /m198007561 HTTP/1.1" 200 6296 "https://iasolution.farm/sitemap543.xml" "Mozilla/5.0 (Linux; Android 7.0;) AppleWebKit/537.36 (KHTML, like Gecko) Mobile Safari/537.36 (compatible; PetalBot;+https://webmaster.petalsearch.com/site/petalbot)"
114.119.153.93 - - [30/Nov/2025:11:27:45 -0500] "GET /m198005875 HTTP/1.1" 200 6296 "https://iasolution.farm/sitemap706.xml" "Mozilla/5.0 (Linux; Android 7.0;) AppleWebKit/537.36 (KHTML, like Gecko) Mobile Safari/537.36 (compatible; PetalBot;+https://webmaster.petalsearch.com/site/petalbot)"
114.119.142.186 - - [30/Nov/2025:11:29:07 -0500] "GET /m198005837 HTTP/1.1" 200 6296 "https://iasolution.farm/sitemap706.xml" "Mozilla/5.0 (Linux; Android 7.0;) AppleWebKit/537.36 (KHTML, like Gecko) Mobile Safari/537.36 (compatible; PetalBot;+https://webmaster.petalsearch.com/site/petalbot)"
114.119.153.93 - - [30/Nov/2025:11:30:31 -0500] "GET /m198005233 HTTP/1.1" 200 6296 "https://iasolution.farm/sitemap580.xml" "Mozilla/5.0 (Linux; Android 7.0;) AppleWebKit/537.36 (KHTML, like Gecko) Mobile Safari/537.36 (compatible; PetalBot;+https://webmaster.petalsearch.com/site/petalbot)"
114.119.130.167 - - [30/Nov/2025:11:31:56 -0500] "GET /m198004363 HTTP/1.1" 200 6296 "https://iasolution.farm/sitemap510.xml" "Mozilla/5.0 (Linux; Android 7.0;) AppleWebKit/537.36 (KHTML, like Gecko) Mobile Safari/537.36 (compatible; PetalBot;+https://webmaster.petalsearch.com/site/petalbot)"
114.119.142.126 - - [30/Nov/2025:11:33:18 -0500] "GET /m198003813 HTTP/1.1" 200 6296 "https://iasolution.farm/sitemap510.xml" "Mozilla/5.0 (Linux; Android 7.0;) AppleWebKit/537.36 (KHTML, like Gecko) Mobile Safari/537.36 (compatible; PetalBot;+https://webmaster.petalsearch.com/site/petalbot)"
114.119.130.167 - - [30/Nov/2025:11:34:42 -0500] "GET /m198003441 HTTP/1.1" 200 6296 "https://iasolution.farm/sitemap580.xml" "Mozilla/5.0 (Linux; Android 7.0;) AppleWebKit/537.36 (KHTML, like Gecko) Mobile Safari/537.36 (compatible; PetalBot;+https://webmaster.petalsearch.com/site/petalbot)"
114.119.135.195 - - [30/Nov/2025:11:36:34 -0500] "GET /m198003303 HTTP/1.1" 200 6296 "https://iasolution.farm/sitemap543.xml" "Mozilla/5.0 (Linux; Android 7.0;) AppleWebKit/537.36 (KHTML, like Gecko) Mobile Safari/537.36 (compatible; PetalBot;+https://webmaster.petalsearch.com/site/petalbot)"
114.119.130.167 - - [30/Nov/2025:11:37:35 -0500] "GET /m197048158 HTTP/1.1" 200 6296 "https://iasolution.farm/sitemap706.xml" "Mozilla/5.0 (Linux; Android 7.0;) AppleWebKit/537.36 (KHTML, like Gecko) Mobile Safari/537.36 (compatible; PetalBot;+https://webmaster.petalsearch.com/site/petalbot)"
114.119.130.27 - - [30/Nov/2025:11:38:53 -0500] "GET /m197047900 HTTP/1.1" 200 6296 "https://iasolution.farm/sitemap706.xml" "Mozilla/5.0 (Linux; Android 7.0;) AppleWebKit/537.36 (KHTML, like Gecko) Mobile Safari/537.36 (compatible; PetalBot;+https://webmaster.petalsearch.com/site/petalbot)"
114.119.130.167 - - [30/Nov/2025:11:40:17 -0500] "GET /m197046746 HTTP/1.1" 200 6296 "https://iasolution.farm/sitemap543.xml" "Mozilla/5.0 (Linux; Android 7.0;) AppleWebKit/537.36 (KHTML, like Gecko) Mobile Safari/537.36 (compatible; PetalBot;+https://webmaster.petalsearch.com/site/petalbot)"
170.106.147.63 - - [30/Nov/2025:11:41:19 -0500] "GET / HTTP/1.1" 200 6296 "http://iasolution.farm" "Mozilla/5.0 (iPhone; CPU iPhone OS 13_2_3 like Mac OS X) AppleWebKit/605.1.15 (KHTML, like Gecko) Version/13.0.3 Mobile/15E148 Safari/604.1"
114.119.130.27 - - [30/Nov/2025:11:41:44 -0500] "GET /m197045322 HTTP/1.1" 200 6296 "https://iasolution.farm/sitemap580.xml" "Mozilla/5.0 (Linux; Android 7.0;) AppleWebKit/537.36 (KHTML, like Gecko) Mobile Safari/537.36 (compatible; PetalBot;+https://webmaster.petalsearch.com/site/petalbot)"
114.119.132.76 - - [30/Nov/2025:11:43:04 -0500] "GET /m197044658 HTTP/1.1" 200 6296 "https://iasolution.farm/sitemap510.xml" "Mozilla/5.0 (Linux; Android 7.0;) AppleWebKit/537.36 (KHTML, like Gecko) Mobile Safari/537.36 (compatible; PetalBot;+https://webmaster.petalsearch.com/site/petalbot)"
66.249.70.65 - - [30/Nov/2025:11:43:08 -0500] "GET /detail1070805210?kg=1069395158 HTTP/1.1" 200 18761 "-" "Mozilla/5.0 (compatible; Googlebot/2.1; +http://www.google.com/bot.html)"
114.119.130.167 - - [30/Nov/2025:11:44:28 -0500] "GET /m197041178 HTTP/1.1" 200 6296 "https://iasolution.farm/sitemap510.xml" "Mozilla/5.0 (Linux; Android 7.0;) AppleWebKit/537.36 (KHTML, like Gecko) Mobile Safari/537.36 (compatible; PetalBot;+https://webmaster.petalsearch.com/site/petalbot)"
114.119.135.195 - - [30/Nov/2025:11:45:51 -0500] "GET /m197039820 HTTP/1.1" 200 6296 "https://iasolution.farm/sitemap580.xml" "Mozilla/5.0 (Linux; Android 7.0;) AppleWebKit/537.36 (KHTML, like Gecko) Mobile Safari/537.36 (compatible; PetalBot;+https://webmaster.petalsearch.com/site/petalbot)"
114.119.132.76 - - [30/Nov/2025:11:47:15 -0500] "GET /m197033210 HTTP/1.1" 200 6296 "https://iasolution.farm/sitemap580.xml" "Mozilla/5.0 (Linux; Android 7.0;) AppleWebKit/537.36 (KHTML, like Gecko) Mobile Safari/537.36 (compatible; PetalBot;+https://webmaster.petalsearch.com/site/petalbot)"
114.119.133.190 - - [30/Nov/2025:11:48:40 -0500] "GET /m197028374 HTTP/1.1" 200 6302 "https://iasolution.farm/sitemap706.xml" "Mozilla/5.0 (Linux; Android 7.0;) AppleWebKit/537.36 (KHTML, like Gecko) Mobile Safari/537.36 (compatible; PetalBot;+https://webmaster.petalsearch.com/site/petalbot)"
114.119.142.186 - - [30/Nov/2025:11:50:01 -0500] "GET /m197024388 HTTP/1.1" 200 6296 "https://iasolution.farm/sitemap510.xml" "Mozilla/5.0 (Linux; Android 7.0;) AppleWebKit/537.36 (KHTML, like Gecko) Mobile Safari/537.36 (compatible; PetalBot;+https://webmaster.petalsearch.com/site/petalbot)"
66.249.70.67 - - [30/Nov/2025:11:50:45 -0500] "GET /detail1169444025?kg=1167904014 HTTP/1.1" 200 19340 "-" "Mozilla/5.0 (Linux; Android 6.0.1; Nexus 5X Build/MMB29P) AppleWebKit/537.36 (KHTML, like Gecko) Chrome/141.0.7390.122 Mobile Safari/537.36 (compatible; Googlebot/2.1; +http://www.google.com/bot.html)"
114.119.132.76 - - [30/Nov/2025:11:51:26 -0500] "GET /m197023822 HTTP/1.1" 200 6296 "https://iasolution.farm/sitemap543.xml" "Mozilla/5.0 (Linux; Android 7.0;) AppleWebKit/537.36 (KHTML, like Gecko) Mobile Safari/537.36 (compatible; PetalBot;+https://webmaster.petalsearch.com/site/petalbot)"
114.119.135.195 - - [30/Nov/2025:11:52:50 -0500] "GET /m197020072 HTTP/1.1" 200 6296 "https://iasolution.farm/sitemap706.xml" "Mozilla/5.0 (Linux; Android 7.0;) AppleWebKit/537.36 (KHTML, like Gecko) Mobile Safari/537.36 (compatible; PetalBot;+https://webmaster.petalsearch.com/site/petalbot)"
114.119.130.27 - - [30/Nov/2025:11:54:13 -0500] "GET /m197018848 HTTP/1.1" 200 6296 "https://iasolution.farm/sitemap706.xml" "Mozilla/5.0 (Linux; Android 7.0;) AppleWebKit/537.36 (KHTML, like Gecko) Mobile Safari/537.36 (compatible; PetalBot;+https://webmaster.petalsearch.com/site/petalbot)"
114.119.130.167 - - [30/Nov/2025:11:55:37 -0500] "GET /m197018836 HTTP/1.1" 200 6296 "https://iasolution.farm/sitemap580.xml" "Mozilla/5.0 (Linux; Android 7.0;) AppleWebKit/537.36 (KHTML, like Gecko) Mobile Safari/537.36 (compatible; PetalBot;+https://webmaster.petalsearch.com/site/petalbot)"
114.119.142.126 - - [30/Nov/2025:11:57:00 -0500] "GET /m197017296 HTTP/1.1" 200 6296 "https://iasolution.farm/sitemap706.xml" "Mozilla/5.0 (Linux; Android 7.0;) AppleWebKit/537.36 (KHTML, like Gecko) Mobile Safari/537.36 (compatible; PetalBot;+https://webmaster.petalsearch.com/site/petalbot)"
114.119.142.186 - - [30/Nov/2025:11:58:23 -0500] "GET /m197016898 HTTP/1.1" 200 6296 "https://iasolution.farm/sitemap580.xml" "Mozilla/5.0 (Linux; Android 7.0;) AppleWebKit/537.36 (KHTML, like Gecko) Mobile Safari/537.36 (compatible; PetalBot;+https://webmaster.petalsearch.com/site/petalbot)"
114.119.130.167 - - [30/Nov/2025:11:59:49 -0500] "GET /m197013936 HTTP/1.1" 200 6296 "https://iasolution.farm/sitemap706.xml" "Mozilla/5.0 (Linux; Android 7.0;) AppleWebKit/537.36 (KHTML, like Gecko) Mobile Safari/537.36 (compatible; PetalBot;+https://webmaster.petalsearch.com/site/petalbot)"
114.119.130.167 - - [30/Nov/2025:12:01:13 -0500] "GET /m197013904 HTTP/1.1" 200 6296 "https://iasolution.farm/sitemap706.xml" "Mozilla/5.0 (Linux; Android 7.0;) AppleWebKit/537.36 (KHTML, like Gecko) Mobile Safari/537.36 (compatible; PetalBot;+https://webmaster.petalsearch.com/site/petalbot)"
104.131.35.20 - - [30/Nov/2025:12:01:50 -0500] "GET /.git/config HTTP/1.1" 403 1242 "-" "Mozilla/5.0 (X11; U; Linux ppc; en-US; rv:1.8.1.13) Gecko/20080313 Iceape/1.1.9 (Debian-1.1.9-5)"
114.119.130.27 - - [30/Nov/2025:12:02:34 -0500] "GET /m197011146 HTTP/1.1" 200 6296 "https://iasolution.farm/sitemap510.xml" "Mozilla/5.0 (Linux; Android 7.0;) AppleWebKit/537.36 (KHTML, like Gecko) Mobile Safari/537.36 (compatible; PetalBot;+https://webmaster.petalsearch.com/site/petalbot)"
114.119.132.76 - - [30/Nov/2025:12:03:58 -0500] "GET /m197011012 HTTP/1.1" 200 6296 "https://iasolution.farm/sitemap580.xml" "Mozilla/5.0 (Linux; Android 7.0;) AppleWebKit/537.36 (KHTML, like Gecko) Mobile Safari/537.36 (compatible; PetalBot;+https://webmaster.petalsearch.com/site/petalbot)"
114.119.130.167 - - [30/Nov/2025:12:05:21 -0500] "GET /m197008590 HTTP/1.1" 200 6296 "https://iasolution.farm/sitemap543.xml" "Mozilla/5.0 (Linux; Android 7.0;) AppleWebKit/537.36 (KHTML, like Gecko) Mobile Safari/537.36 (compatible; PetalBot;+https://webmaster.petalsearch.com/site/petalbot)"
114.119.135.195 - - [30/Nov/2025:12:06:47 -0500] "GET /m197007516 HTTP/1.1" 200 6296 "https://iasolution.farm/sitemap543.xml" "Mozilla/5.0 (Linux; Android 7.0;) AppleWebKit/537.36 (KHTML, like Gecko) Mobile Safari/537.36 (compatible; PetalBot;+https://webmaster.petalsearch.com/site/petalbot)"
114.119.142.126 - - [30/Nov/2025:12:08:10 -0500] "GET /m197003188 HTTP/1.1" 200 6296 "https://iasolution.farm/sitemap543.xml" "Mozilla/5.0 (Linux; Android 7.0;) AppleWebKit/537.36 (KHTML, like Gecko) Mobile Safari/537.36 (compatible; PetalBot;+https://webmaster.petalsearch.com/site/petalbot)"
114.119.153.93 - - [30/Nov/2025:12:09:33 -0500] "GET /m197002294 HTTP/1.1" 200 6296 "https://iasolution.farm/sitemap543.xml" "Mozilla/5.0 (Linux; Android 7.0;) AppleWebKit/537.36 (KHTML, like Gecko) Mobile Safari/537.36 (compatible; PetalBot;+https://webmaster.petalsearch.com/site/petalbot)"
114.119.130.27 - - [30/Nov/2025:12:10:57 -0500] "GET /m197001730 HTTP/1.1" 200 6296 "https://iasolution.farm/sitemap510.xml" "Mozilla/5.0 (Linux; Android 7.0;) AppleWebKit/537.36 (KHTML, like Gecko) Mobile Safari/537.36 (compatible; PetalBot;+https://webmaster.petalsearch.com/site/petalbot)"
114.119.153.93 - - [30/Nov/2025:12:12:21 -0500] "GET /m196049567 HTTP/1.1" 200 6296 "https://iasolution.farm/sitemap706.xml" "Mozilla/5.0 (Linux; Android 7.0;) AppleWebKit/537.36 (KHTML, like Gecko) Mobile Safari/537.36 (compatible; PetalBot;+https://webmaster.petalsearch.com/site/petalbot)"
66.249.70.65 - - [30/Nov/2025:12:12:33 -0500] "GET /m281009790?srsltid=AfmBOoRCDSbLvTkkTzG392_f90RhsRIRk_NTcEPcAc-R-A9TAmAr9G HTTP/1.1" 200 19970 "-" "Mozilla/5.0 (compatible; Googlebot/2.1; +http://www.google.com/bot.html)"
66.249.70.65 - - [30/Nov/2025:12:13:33 -0500] "GET /detail817666709?kg=0816590174 HTTP/1.1" 200 19782 "-" "Mozilla/5.0 (compatible; Googlebot/2.1; +http://www.google.com/bot.html)"
114.119.133.190 - - [30/Nov/2025:12:13:54 -0500] "GET /m196046659 HTTP/1.1" 200 6302 "https://iasolution.farm/sitemap580.xml" "Mozilla/5.0 (Linux; Android 7.0;) AppleWebKit/537.36 (KHTML, like Gecko) Mobile Safari/537.36 (compatible; PetalBot;+https://webmaster.petalsearch.com/site/petalbot)"
114.119.130.27 - - [30/Nov/2025:12:15:14 -0500] "GET /m196043355 HTTP/1.1" 200 6296 "https://iasolution.farm/sitemap543.xml" "Mozilla/5.0 (Linux; Android 7.0;) AppleWebKit/537.36 (KHTML, like Gecko) Mobile Safari/537.36 (compatible; PetalBot;+https://webmaster.petalsearch.com/site/petalbot)"
114.119.132.76 - - [30/Nov/2025:12:16:32 -0500] "GET /m196037301 HTTP/1.1" 200 6296 "https://iasolution.farm/sitemap580.xml" "Mozilla/5.0 (Linux; Android 7.0;) AppleWebKit/537.36 (KHTML, like Gecko) Mobile Safari/537.36 (compatible; PetalBot;+https://webmaster.petalsearch.com/site/petalbot)"
114.119.142.126 - - [30/Nov/2025:12:17:55 -0500] "GET /m196035181 HTTP/1.1" 200 6296 "https://iasolution.farm/sitemap580.xml" "Mozilla/5.0 (Linux; Android 7.0;) AppleWebKit/537.36 (KHTML, like Gecko) Mobile Safari/537.36 (compatible; PetalBot;+https://webmaster.petalsearch.com/site/petalbot)"
114.119.130.167 - - [30/Nov/2025:12:19:22 -0500] "GET /m196032893 HTTP/1.1" 200 6296 "https://iasolution.farm/sitemap510.xml" "Mozilla/5.0 (Linux; Android 7.0;) AppleWebKit/537.36 (KHTML, like Gecko) Mobile Safari/537.36 (compatible; PetalBot;+https://webmaster.petalsearch.com/site/petalbot)"
114.119.130.27 - - [30/Nov/2025:12:20:44 -0500] "GET /m196031773 HTTP/1.1" 200 6296 "https://iasolution.farm/sitemap510.xml" "Mozilla/5.0 (Linux; Android 7.0;) AppleWebKit/537.36 (KHTML, like Gecko) Mobile Safari/537.36 (compatible; PetalBot;+https://webmaster.petalsearch.com/site/petalbot)"
114.119.135.195 - - [30/Nov/2025:12:22:07 -0500] "GET /m196028319 HTTP/1.1" 200 6296 "https://iasolution.farm/sitemap543.xml" "Mozilla/5.0 (Linux; Android 7.0;) AppleWebKit/537.36 (KHTML, like Gecko) Mobile Safari/537.36 (compatible; PetalBot;+https://webmaster.petalsearch.com/site/petalbot)"
114.119.135.195 - - [30/Nov/2025:12:23:30 -0500] "GET /m196026993 HTTP/1.1" 200 6296 "https://iasolution.farm/sitemap543.xml" "Mozilla/5.0 (Linux; Android 7.0;) AppleWebKit/537.36 (KHTML, like Gecko) Mobile Safari/537.36 (compatible; PetalBot;+https://webmaster.petalsearch.com/site/petalbot)"
114.119.142.126 - - [30/Nov/2025:12:24:55 -0500] "GET /m196025547 HTTP/1.1" 200 6296 "https://iasolution.farm/sitemap706.xml" "Mozilla/5.0 (Linux; Android 7.0;) AppleWebKit/537.36 (KHTML, like Gecko) Mobile Safari/537.36 (compatible; PetalBot;+https://webmaster.petalsearch.com/site/petalbot)"
114.119.130.27 - - [30/Nov/2025:12:26:28 -0500] "GET /m196025039 HTTP/1.1" 200 6302 "https://iasolution.farm/sitemap510.xml" "Mozilla/5.0 (Linux; Android 7.0;) AppleWebKit/537.36 (KHTML, like Gecko) Mobile Safari/537.36 (compatible; PetalBot;+https://webmaster.petalsearch.com/site/petalbot)"
114.119.132.76 - - [30/Nov/2025:12:27:42 -0500] "GET /m196021557 HTTP/1.1" 200 6296 "https://iasolution.farm/sitemap510.xml" "Mozilla/5.0 (Linux; Android 7.0;) AppleWebKit/537.36 (KHTML, like Gecko) Mobile Safari/537.36 (compatible; PetalBot;+https://webmaster.petalsearch.com/site/petalbot)"
114.119.142.186 - - [30/Nov/2025:12:29:06 -0500] "GET /m196021271 HTTP/1.1" 200 6296 "https://iasolution.farm/sitemap706.xml" "Mozilla/5.0 (Linux; Android 7.0;) AppleWebKit/537.36 (KHTML, like Gecko) Mobile Safari/537.36 (compatible; PetalBot;+https://webmaster.petalsearch.com/site/petalbot)"
114.119.135.195 - - [30/Nov/2025:12:30:29 -0500] "GET /m196019299 HTTP/1.1" 200 6296 "https://iasolution.farm/sitemap580.xml" "Mozilla/5.0 (Linux; Android 7.0;) AppleWebKit/537.36 (KHTML, like Gecko) Mobile Safari/537.36 (compatible; PetalBot;+https://webmaster.petalsearch.com/site/petalbot)"
114.119.142.126 - - [30/Nov/2025:12:31:54 -0500] "GET /m196018831 HTTP/1.1" 200 6296 "https://iasolution.farm/sitemap706.xml" "Mozilla/5.0 (Linux; Android 7.0;) AppleWebKit/537.36 (KHTML, like Gecko) Mobile Safari/537.36 (compatible; PetalBot;+https://webmaster.petalsearch.com/site/petalbot)"
114.119.132.76 - - [30/Nov/2025:12:33:24 -0500] "GET /m196014671 HTTP/1.1" 200 6296 "https://iasolution.farm/sitemap706.xml" "Mozilla/5.0 (Linux; Android 7.0;) AppleWebKit/537.36 (KHTML, like Gecko) Mobile Safari/537.36 (compatible; PetalBot;+https://webmaster.petalsearch.com/site/petalbot)"
114.119.133.190 - - [30/Nov/2025:12:34:41 -0500] "GET /m196010717 HTTP/1.1" 200 6296 "https://iasolution.farm/sitemap510.xml" "Mozilla/5.0 (Linux; Android 7.0;) AppleWebKit/537.36 (KHTML, like Gecko) Mobile Safari/537.36 (compatible; PetalBot;+https://webmaster.petalsearch.com/site/petalbot)"
114.119.135.195 - - [30/Nov/2025:12:36:06 -0500] "GET /m196010567 HTTP/1.1" 200 6296 "https://iasolution.farm/sitemap510.xml" "Mozilla/5.0 (Linux; Android 7.0;) AppleWebKit/537.36 (KHTML, like Gecko) Mobile Safari/537.36 (compatible; PetalBot;+https://webmaster.petalsearch.com/site/petalbot)"
114.119.153.93 - - [30/Nov/2025:12:37:27 -0500] "GET /m196009399 HTTP/1.1" 200 6296 "https://iasolution.farm/sitemap543.xml" "Mozilla/5.0 (Linux; Android 7.0;) AppleWebKit/537.36 (KHTML, like Gecko) Mobile Safari/537.36 (compatible; PetalBot;+https://webmaster.petalsearch.com/site/petalbot)"
114.119.130.27 - - [30/Nov/2025:12:38:51 -0500] "GET /m196008659 HTTP/1.1" 200 6296 "https://iasolution.farm/sitemap543.xml" "Mozilla/5.0 (Linux; Android 7.0;) AppleWebKit/537.36 (KHTML, like Gecko) Mobile Safari/537.36 (compatible; PetalBot;+https://webmaster.petalsearch.com/site/petalbot)"
114.119.130.27 - - [30/Nov/2025:12:40:17 -0500] "GET /m196007655 HTTP/1.1" 200 6296 "https://iasolution.farm/sitemap580.xml" "Mozilla/5.0 (Linux; Android 7.0;) AppleWebKit/537.36 (KHTML, like Gecko) Mobile Safari/537.36 (compatible; PetalBot;+https://webmaster.petalsearch.com/site/petalbot)"
114.119.130.27 - - [30/Nov/2025:12:41:41 -0500] "GET /m196002799 HTTP/1.1" 200 6296 "https://iasolution.farm/sitemap510.xml" "Mozilla/5.0 (Linux; Android 7.0;) AppleWebKit/537.36 (KHTML, like Gecko) Mobile Safari/537.36 (compatible; PetalBot;+https://webmaster.petalsearch.com/site/petalbot)"
114.119.132.76 - - [30/Nov/2025:12:43:10 -0500] "GET /m196002261 HTTP/1.1" 200 6302 "https://iasolution.farm/sitemap580.xml" "Mozilla/5.0 (Linux; Android 7.0;) AppleWebKit/537.36 (KHTML, like Gecko) Mobile Safari/537.36 (compatible; PetalBot;+https://webmaster.petalsearch.com/site/petalbot)"
114.119.130.167 - - [30/Nov/2025:12:44:28 -0500] "GET /m195049980 HTTP/1.1" 200 6296 "https://iasolution.farm/sitemap706.xml" "Mozilla/5.0 (Linux; Android 7.0;) AppleWebKit/537.36 (KHTML, like Gecko) Mobile Safari/537.36 (compatible; PetalBot;+https://webmaster.petalsearch.com/site/petalbot)"
114.119.133.190 - - [30/Nov/2025:12:45:56 -0500] "GET /m195048638 HTTP/1.1" 200 6296 "https://iasolution.farm/sitemap510.xml" "Mozilla/5.0 (Linux; Android 7.0;) AppleWebKit/537.36 (KHTML, like Gecko) Mobile Safari/537.36 (compatible; PetalBot;+https://webmaster.petalsearch.com/site/petalbot)"
114.119.132.76 - - [30/Nov/2025:12:47:18 -0500] "GET /m195046160 HTTP/1.1" 200 6296 "https://iasolution.farm/sitemap706.xml" "Mozilla/5.0 (Linux; Android 7.0;) AppleWebKit/537.36 (KHTML, like Gecko) Mobile Safari/537.36 (compatible; PetalBot;+https://webmaster.petalsearch.com/site/petalbot)"
114.119.135.195 - - [30/Nov/2025:12:48:40 -0500] "GET /m195039788 HTTP/1.1" 200 6296 "https://iasolution.farm/sitemap580.xml" "Mozilla/5.0 (Linux; Android 7.0;) AppleWebKit/537.36 (KHTML, like Gecko) Mobile Safari/537.36 (compatible; PetalBot;+https://webmaster.petalsearch.com/site/petalbot)"
114.119.153.93 - - [30/Nov/2025:12:50:03 -0500] "GET /m195039108 HTTP/1.1" 200 6296 "https://iasolution.farm/sitemap543.xml" "Mozilla/5.0 (Linux; Android 7.0;) AppleWebKit/537.36 (KHTML, like Gecko) Mobile Safari/537.36 (compatible; PetalBot;+https://webmaster.petalsearch.com/site/petalbot)"
114.119.142.186 - - [30/Nov/2025:12:51:27 -0500] "GET /m195033784 HTTP/1.1" 200 6296 "https://iasolution.farm/sitemap580.xml" "Mozilla/5.0 (Linux; Android 7.0;) AppleWebKit/537.36 (KHTML, like Gecko) Mobile Safari/537.36 (compatible; PetalBot;+https://webmaster.petalsearch.com/site/petalbot)"
114.119.153.93 - - [30/Nov/2025:12:52:57 -0500] "GET /m195033220 HTTP/1.1" 200 6296 "https://iasolution.farm/sitemap510.xml" "Mozilla/5.0 (Linux; Android 7.0;) AppleWebKit/537.36 (KHTML, like Gecko) Mobile Safari/537.36 (compatible; PetalBot;+https://webmaster.petalsearch.com/site/petalbot)"
66.249.70.67 - - [30/Nov/2025:12:53:05 -0500] "GET /detail1169284686?kg=1167744886 HTTP/1.1" 200 19663 "-" "Mozilla/5.0 (compatible; Googlebot/2.1; +http://www.google.com/bot.html)"
114.119.153.93 - - [30/Nov/2025:12:54:15 -0500] "GET /m195031676 HTTP/1.1" 200 6296 "https://iasolution.farm/sitemap706.xml" "Mozilla/5.0 (Linux; Android 7.0;) AppleWebKit/537.36 (KHTML, like Gecko) Mobile Safari/537.36 (compatible; PetalBot;+https://webmaster.petalsearch.com/site/petalbot)"
114.119.130.167 - - [30/Nov/2025:12:55:38 -0500] "GET /m195029588 HTTP/1.1" 200 6296 "https://iasolution.farm/sitemap706.xml" "Mozilla/5.0 (Linux; Android 7.0;) AppleWebKit/537.36 (KHTML, like Gecko) Mobile Safari/537.36 (compatible; PetalBot;+https://webmaster.petalsearch.com/site/petalbot)"
114.119.153.93 - - [30/Nov/2025:12:57:02 -0500] "GET /m195023520 HTTP/1.1" 200 6296 "https://iasolution.farm/sitemap543.xml" "Mozilla/5.0 (Linux; Android 7.0;) AppleWebKit/537.36 (KHTML, like Gecko) Mobile Safari/537.36 (compatible; PetalBot;+https://webmaster.petalsearch.com/site/petalbot)"
114.119.135.195 - - [30/Nov/2025:12:58:30 -0500] "GET /m195022622 HTTP/1.1" 200 6296 "https://iasolution.farm/sitemap706.xml" "Mozilla/5.0 (Linux; Android 7.0;) AppleWebKit/537.36 (KHTML, like Gecko) Mobile Safari/537.36 (compatible; PetalBot;+https://webmaster.petalsearch.com/site/petalbot)"
114.119.133.190 - - [30/Nov/2025:13:01:41 -0500] "GET /m195019304 HTTP/1.1" 200 6296 "https://iasolution.farm/sitemap510.xml" "Mozilla/5.0 (Linux; Android 7.0;) AppleWebKit/537.36 (KHTML, like Gecko) Mobile Safari/537.36 (compatible; PetalBot;+https://webmaster.petalsearch.com/site/petalbot)"
114.119.135.195 - - [30/Nov/2025:13:02:48 -0500] "GET /m195019038 HTTP/1.1" 200 6296 "https://iasolution.farm/sitemap580.xml" "Mozilla/5.0 (Linux; Android 7.0;) AppleWebKit/537.36 (KHTML, like Gecko) Mobile Safari/537.36 (compatible; PetalBot;+https://webmaster.petalsearch.com/site/petalbot)"
114.119.142.186 - - [30/Nov/2025:13:03:32 -0500] "GET /m195018916 HTTP/1.1" 200 6296 "https://iasolution.farm/sitemap706.xml" "Mozilla/5.0 (Linux; Android 7.0;) AppleWebKit/537.36 (KHTML, like Gecko) Mobile Safari/537.36 (compatible; PetalBot;+https://webmaster.petalsearch.com/site/petalbot)"
114.119.135.195 - - [30/Nov/2025:13:04:10 -0500] "GET /m195018236 HTTP/1.1" 200 6296 "https://iasolution.farm/sitemap706.xml" "Mozilla/5.0 (Linux; Android 7.0;) AppleWebKit/537.36 (KHTML, like Gecko) Mobile Safari/537.36 (compatible; PetalBot;+https://webmaster.petalsearch.com/site/petalbot)"
114.119.133.190 - - [30/Nov/2025:13:05:33 -0500] "GET /m195016106 HTTP/1.1" 200 6296 "https://iasolution.farm/sitemap580.xml" "Mozilla/5.0 (Linux; Android 7.0;) AppleWebKit/537.36 (KHTML, like Gecko) Mobile Safari/537.36 (compatible; PetalBot;+https://webmaster.petalsearch.com/site/petalbot)"
114.119.142.126 - - [30/Nov/2025:13:06:58 -0500] "GET /m195014968 HTTP/1.1" 200 6296 "https://iasolution.farm/sitemap543.xml" "Mozilla/5.0 (Linux; Android 7.0;) AppleWebKit/537.36 (KHTML, like Gecko) Mobile Safari/537.36 (compatible; PetalBot;+https://webmaster.petalsearch.com/site/petalbot)"
114.119.142.186 - - [30/Nov/2025:13:08:25 -0500] "GET /m195011064 HTTP/1.1" 200 6296 "https://iasolution.farm/sitemap510.xml" "Mozilla/5.0 (Linux; Android 7.0;) AppleWebKit/537.36 (KHTML, like Gecko) Mobile Safari/537.36 (compatible; PetalBot;+https://webmaster.petalsearch.com/site/petalbot)"
114.119.133.190 - - [30/Nov/2025:13:09:43 -0500] "GET /m195010810 HTTP/1.1" 200 6302 "https://iasolution.farm/sitemap580.xml" "Mozilla/5.0 (Linux; Android 7.0;) AppleWebKit/537.36 (KHTML, like Gecko) Mobile Safari/537.36 (compatible; PetalBot;+https://webmaster.petalsearch.com/site/petalbot)"
114.119.133.190 - - [30/Nov/2025:13:11:07 -0500] "GET /m195010072 HTTP/1.1" 200 6296 "https://iasolution.farm/sitemap543.xml" "Mozilla/5.0 (Linux; Android 7.0;) AppleWebKit/537.36 (KHTML, like Gecko) Mobile Safari/537.36 (compatible; PetalBot;+https://webmaster.petalsearch.com/site/petalbot)"
114.119.130.27 - - [30/Nov/2025:13:12:43 -0500] "GET /m195008450 HTTP/1.1" 200 6302 "https://iasolution.farm/sitemap510.xml" "Mozilla/5.0 (Linux; Android 7.0;) AppleWebKit/537.36 (KHTML, like Gecko) Mobile Safari/537.36 (compatible; PetalBot;+https://webmaster.petalsearch.com/site/petalbot)"
114.119.142.126 - - [30/Nov/2025:13:13:55 -0500] "GET /m195005956 HTTP/1.1" 200 6296 "https://iasolution.farm/sitemap543.xml" "Mozilla/5.0 (Linux; Android 7.0;) AppleWebKit/537.36 (KHTML, like Gecko) Mobile Safari/537.36 (compatible; PetalBot;+https://webmaster.petalsearch.com/site/petalbot)"
114.119.130.167 - - [30/Nov/2025:13:15:23 -0500] "GET /m195003454 HTTP/1.1" 200 6296 "https://iasolution.farm/sitemap706.xml" "Mozilla/5.0 (Linux; Android 7.0;) AppleWebKit/537.36 (KHTML, like Gecko) Mobile Safari/537.36 (compatible; PetalBot;+https://webmaster.petalsearch.com/site/petalbot)"
114.119.132.76 - - [30/Nov/2025:13:16:43 -0500] "GET /m195003282 HTTP/1.1" 200 6296 "https://iasolution.farm/sitemap510.xml" "Mozilla/5.0 (Linux; Android 7.0;) AppleWebKit/537.36 (KHTML, like Gecko) Mobile Safari/537.36 (compatible; PetalBot;+https://webmaster.petalsearch.com/site/petalbot)"
114.119.130.27 - - [30/Nov/2025:13:18:06 -0500] "GET /m194049305 HTTP/1.1" 200 6296 "https://iasolution.farm/sitemap543.xml" "Mozilla/5.0 (Linux; Android 7.0;) AppleWebKit/537.36 (KHTML, like Gecko) Mobile Safari/537.36 (compatible; PetalBot;+https://webmaster.petalsearch.com/site/petalbot)"
114.119.133.190 - - [30/Nov/2025:13:19:36 -0500] "GET /m194048839 HTTP/1.1" 200 6296 "https://iasolution.farm/sitemap706.xml" "Mozilla/5.0 (Linux; Android 7.0;) AppleWebKit/537.36 (KHTML, like Gecko) Mobile Safari/537.36 (compatible; PetalBot;+https://webmaster.petalsearch.com/site/petalbot)"
114.119.135.195 - - [30/Nov/2025:13:20:54 -0500] "GET /m194047687 HTTP/1.1" 200 6296 "https://iasolution.farm/sitemap706.xml" "Mozilla/5.0 (Linux; Android 7.0;) AppleWebKit/537.36 (KHTML, like Gecko) Mobile Safari/537.36 (compatible; PetalBot;+https://webmaster.petalsearch.com/site/petalbot)"
114.119.142.186 - - [30/Nov/2025:13:22:18 -0500] "GET /m194046037 HTTP/1.1" 200 6296 "https://iasolution.farm/sitemap706.xml" "Mozilla/5.0 (Linux; Android 7.0;) AppleWebKit/537.36 (KHTML, like Gecko) Mobile Safari/537.36 (compatible; PetalBot;+https://webmaster.petalsearch.com/site/petalbot)"
114.119.142.126 - - [30/Nov/2025:13:23:44 -0500] "GET /m194043695 HTTP/1.1" 200 6296 "https://iasolution.farm/sitemap706.xml" "Mozilla/5.0 (Linux; Android 7.0;) AppleWebKit/537.36 (KHTML, like Gecko) Mobile Safari/537.36 (compatible; PetalBot;+https://webmaster.petalsearch.com/site/petalbot)"
114.119.153.93 - - [30/Nov/2025:13:25:14 -0500] "GET /m194042879 HTTP/1.1" 200 6296 "https://iasolution.farm/sitemap543.xml" "Mozilla/5.0 (Linux; Android 7.0;) AppleWebKit/537.36 (KHTML, like Gecko) Mobile Safari/537.36 (compatible; PetalBot;+https://webmaster.petalsearch.com/site/petalbot)"
114.119.135.195 - - [30/Nov/2025:13:26:32 -0500] "GET /m194040543 HTTP/1.1" 200 6296 "https://iasolution.farm/sitemap580.xml" "Mozilla/5.0 (Linux; Android 7.0;) AppleWebKit/537.36 (KHTML, like Gecko) Mobile Safari/537.36 (compatible; PetalBot;+https://webmaster.petalsearch.com/site/petalbot)"
114.119.130.27 - - [30/Nov/2025:13:28:09 -0500] "GET /m194033393 HTTP/1.1" 200 6296 "https://iasolution.farm/sitemap510.xml" "Mozilla/5.0 (Linux; Android 7.0;) AppleWebKit/537.36 (KHTML, like Gecko) Mobile Safari/537.36 (compatible; PetalBot;+https://webmaster.petalsearch.com/site/petalbot)"
66.249.70.66 - - [30/Nov/2025:13:29:04 -0500] "GET /m082000269?srsltid=AfmBOoEBpFhOgNxTHlfEKD_YJ6szAkc87_92kFq84y-Z-bT2GDigWL HTTP/1.1" 200 18458 "-" "Mozilla/5.0 (Linux; Android 6.0.1; Nexus 5X Build/MMB29P) AppleWebKit/537.36 (KHTML, like Gecko) Chrome/141.0.7390.122 Mobile Safari/537.36 (compatible; Googlebot/2.1; +http://www.google.com/bot.html)"
114.119.135.195 - - [30/Nov/2025:13:29:18 -0500] "GET /m194032105 HTTP/1.1" 200 6296 "https://iasolution.farm/sitemap543.xml" "Mozilla/5.0 (Linux; Android 7.0;) AppleWebKit/537.36 (KHTML, like Gecko) Mobile Safari/537.36 (compatible; PetalBot;+https://webmaster.petalsearch.com/site/petalbot)"
66.249.70.65 - - [30/Nov/2025:13:29:26 -0500] "GET /detail1631523520?kg=1629374710 HTTP/1.1" 200 18502 "-" "Mozilla/5.0 (Linux; Android 6.0.1; Nexus 5X Build/MMB29P) AppleWebKit/537.36 (KHTML, like Gecko) Chrome/141.0.7390.122 Mobile Safari/537.36 (compatible; Googlebot/2.1; +http://www.google.com/bot.html)"
