trAvis Anonymous File Manager
Edit File: iasolution.farm.bappikabir.com-ssl_log
114.119.132.76 - - [30/Nov/2025:07:10:02 -0500] "GET /m206044645 HTTP/1.1" 200 6296 "https://iasolution.farm/sitemap580.xml" "Mozilla/5.0 (Linux; Android 7.0;) AppleWebKit/537.36 (KHTML, like Gecko) Mobile Safari/537.36 (compatible; PetalBot;+https://webmaster.petalsearch.com/site/petalbot)"
114.119.130.167 - - [30/Nov/2025:07:11:26 -0500] "GET /m206043123 HTTP/1.1" 200 6296 "https://iasolution.farm/sitemap580.xml" "Mozilla/5.0 (Linux; Android 7.0;) AppleWebKit/537.36 (KHTML, like Gecko) Mobile Safari/537.36 (compatible; PetalBot;+https://webmaster.petalsearch.com/site/petalbot)"
66.249.70.66 - - [30/Nov/2025:07:12:25 -0500] "GET /detail896282127?kg=0895102014 HTTP/1.1" 200 18996 "-" "Mozilla/5.0 (compatible; Googlebot/2.1; +http://www.google.com/bot.html)"
66.249.70.65 - - [30/Nov/2025:07:12:28 -0500] "GET /detail896282127?kg=0895102014 HTTP/1.1" 200 19570 "-" "Mozilla/5.0 (Linux; Android 6.0.1; Nexus 5X Build/MMB29P) AppleWebKit/537.36 (KHTML, like Gecko) Chrome/141.0.7390.122 Mobile Safari/537.36 (compatible; Googlebot/2.1; +http://www.google.com/bot.html)"
114.119.142.126 - - [30/Nov/2025:07:12:49 -0500] "GET /m206042255 HTTP/1.1" 200 6296 "https://iasolution.farm/sitemap706.xml" "Mozilla/5.0 (Linux; Android 7.0;) AppleWebKit/537.36 (KHTML, like Gecko) Mobile Safari/537.36 (compatible; PetalBot;+https://webmaster.petalsearch.com/site/petalbot)"
114.119.142.126 - - [30/Nov/2025:07:14:13 -0500] "GET /m206038897 HTTP/1.1" 200 6302 "https://iasolution.farm/sitemap510.xml" "Mozilla/5.0 (Linux; Android 7.0;) AppleWebKit/537.36 (KHTML, like Gecko) Mobile Safari/537.36 (compatible; PetalBot;+https://webmaster.petalsearch.com/site/petalbot)"
114.119.142.186 - - [30/Nov/2025:07:15:37 -0500] "GET /m206037045 HTTP/1.1" 200 6296 "https://iasolution.farm/sitemap510.xml" "Mozilla/5.0 (Linux; Android 7.0;) AppleWebKit/537.36 (KHTML, like Gecko) Mobile Safari/537.36 (compatible; PetalBot;+https://webmaster.petalsearch.com/site/petalbot)"
114.119.132.76 - - [30/Nov/2025:07:17:01 -0500] "GET /m206036537 HTTP/1.1" 200 6296 "https://iasolution.farm/sitemap706.xml" "Mozilla/5.0 (Linux; Android 7.0;) AppleWebKit/537.36 (KHTML, like Gecko) Mobile Safari/537.36 (compatible; PetalBot;+https://webmaster.petalsearch.com/site/petalbot)"
114.119.133.190 - - [30/Nov/2025:07:18:26 -0500] "GET /m206036369 HTTP/1.1" 200 6296 "https://iasolution.farm/sitemap510.xml" "Mozilla/5.0 (Linux; Android 7.0;) AppleWebKit/537.36 (KHTML, like Gecko) Mobile Safari/537.36 (compatible; PetalBot;+https://webmaster.petalsearch.com/site/petalbot)"
182.42.105.85 - - [30/Nov/2025:07:19:04 -0500] "GET / HTTP/1.1" 200 6296 "https://www.iasolution.farm/" "Mozilla/5.0 (iPhone; CPU iPhone OS 13_2_3 like Mac OS X) AppleWebKit/605.1.15 (KHTML, like Gecko) Version/13.0.3 Mobile/15E148 Safari/604.1"
114.119.133.190 - - [30/Nov/2025:07:19:54 -0500] "GET /m206034859 HTTP/1.1" 200 6296 "https://iasolution.farm/sitemap580.xml" "Mozilla/5.0 (Linux; Android 7.0;) AppleWebKit/537.36 (KHTML, like Gecko) Mobile Safari/537.36 (compatible; PetalBot;+https://webmaster.petalsearch.com/site/petalbot)"
114.119.142.126 - - [30/Nov/2025:07:21:12 -0500] "GET /m206034373 HTTP/1.1" 200 6296 "https://iasolution.farm/sitemap706.xml" "Mozilla/5.0 (Linux; Android 7.0;) AppleWebKit/537.36 (KHTML, like Gecko) Mobile Safari/537.36 (compatible; PetalBot;+https://webmaster.petalsearch.com/site/petalbot)"
114.119.130.27 - - [30/Nov/2025:07:22:37 -0500] "GET /m206030975 HTTP/1.1" 200 6296 "https://iasolution.farm/sitemap706.xml" "Mozilla/5.0 (Linux; Android 7.0;) AppleWebKit/537.36 (KHTML, like Gecko) Mobile Safari/537.36 (compatible; PetalBot;+https://webmaster.petalsearch.com/site/petalbot)"
114.119.142.126 - - [30/Nov/2025:07:23:59 -0500] "GET /m206028685 HTTP/1.1" 200 6296 "https://iasolution.farm/sitemap706.xml" "Mozilla/5.0 (Linux; Android 7.0;) AppleWebKit/537.36 (KHTML, like Gecko) Mobile Safari/537.36 (compatible; PetalBot;+https://webmaster.petalsearch.com/site/petalbot)"
114.119.153.93 - - [30/Nov/2025:07:26:14 -0500] "GET /m206020213 HTTP/1.1" 200 6296 "https://iasolution.farm/sitemap580.xml" "Mozilla/5.0 (Linux; Android 7.0;) AppleWebKit/537.36 (KHTML, like Gecko) Mobile Safari/537.36 (compatible; PetalBot;+https://webmaster.petalsearch.com/site/petalbot)"
114.119.133.190 - - [30/Nov/2025:07:26:57 -0500] "GET /m206019089 HTTP/1.1" 200 6296 "https://iasolution.farm/sitemap543.xml" "Mozilla/5.0 (Linux; Android 7.0;) AppleWebKit/537.36 (KHTML, like Gecko) Mobile Safari/537.36 (compatible; PetalBot;+https://webmaster.petalsearch.com/site/petalbot)"
114.119.130.27 - - [30/Nov/2025:07:28:09 -0500] "GET /m206017611 HTTP/1.1" 200 6296 "https://iasolution.farm/sitemap580.xml" "Mozilla/5.0 (Linux; Android 7.0;) AppleWebKit/537.36 (KHTML, like Gecko) Mobile Safari/537.36 (compatible; PetalBot;+https://webmaster.petalsearch.com/site/petalbot)"
114.119.142.186 - - [30/Nov/2025:07:29:33 -0500] "GET /m206016125 HTTP/1.1" 200 6296 "https://iasolution.farm/sitemap510.xml" "Mozilla/5.0 (Linux; Android 7.0;) AppleWebKit/537.36 (KHTML, like Gecko) Mobile Safari/537.36 (compatible; PetalBot;+https://webmaster.petalsearch.com/site/petalbot)"
114.119.153.93 - - [30/Nov/2025:07:30:57 -0500] "GET /m206014311 HTTP/1.1" 200 6302 "https://iasolution.farm/sitemap706.xml" "Mozilla/5.0 (Linux; Android 7.0;) AppleWebKit/537.36 (KHTML, like Gecko) Mobile Safari/537.36 (compatible; PetalBot;+https://webmaster.petalsearch.com/site/petalbot)"
114.119.130.27 - - [30/Nov/2025:07:32:20 -0500] "GET /m206013527 HTTP/1.1" 200 6296 "https://iasolution.farm/sitemap706.xml" "Mozilla/5.0 (Linux; Android 7.0;) AppleWebKit/537.36 (KHTML, like Gecko) Mobile Safari/537.36 (compatible; PetalBot;+https://webmaster.petalsearch.com/site/petalbot)"
114.119.142.126 - - [30/Nov/2025:07:33:44 -0500] "GET /m206013305 HTTP/1.1" 200 6296 "https://iasolution.farm/sitemap706.xml" "Mozilla/5.0 (Linux; Android 7.0;) AppleWebKit/537.36 (KHTML, like Gecko) Mobile Safari/537.36 (compatible; PetalBot;+https://webmaster.petalsearch.com/site/petalbot)"
114.119.135.195 - - [30/Nov/2025:07:35:07 -0500] "GET /m205046166 HTTP/1.1" 200 6296 "https://iasolution.farm/sitemap510.xml" "Mozilla/5.0 (Linux; Android 7.0;) AppleWebKit/537.36 (KHTML, like Gecko) Mobile Safari/537.36 (compatible; PetalBot;+https://webmaster.petalsearch.com/site/petalbot)"
34.242.196.127 - - [30/Nov/2025:07:35:57 -0500] "GET /i.php HTTP/1.1" 200 6296 "-" "python-httpx/0.28.1"
34.242.196.127 - - [30/Nov/2025:07:35:57 -0500] "GET /assets/.env.save HTTP/1.1" 403 1242 "-" "python-httpx/0.28.1"
34.242.196.127 - - [30/Nov/2025:07:35:57 -0500] "GET /exapi/.env HTTP/1.1" 403 1242 "-" "python-httpx/0.28.1"
34.242.196.127 - - [30/Nov/2025:07:35:58 -0500] "GET /azure.json HTTP/1.1" 200 6296 "-" "python-httpx/0.28.1"
34.242.196.127 - - [30/Nov/2025:07:35:58 -0500] "GET /storage/.env HTTP/1.1" 403 1242 "-" "python-httpx/0.28.1"
34.242.196.127 - - [30/Nov/2025:07:35:58 -0500] "GET /site/phpinfo.php HTTP/1.1" 200 6296 "-" "python-httpx/0.28.1"
34.242.196.127 - - [30/Nov/2025:07:35:58 -0500] "GET /test.php~ HTTP/1.1" 200 6296 "-" "python-httpx/0.28.1"
34.242.196.127 - - [30/Nov/2025:07:35:58 -0500] "GET /wp-config.php.bak HTTP/1.1" 403 1242 "-" "python-httpx/0.28.1"
34.242.196.127 - - [30/Nov/2025:07:35:58 -0500] "GET /plugins/.env.save HTTP/1.1" 403 1242 "-" "python-httpx/0.28.1"
34.242.196.127 - - [30/Nov/2025:07:35:59 -0500] "GET /web.config HTTP/1.1" 403 1242 "-" "python-httpx/0.28.1"
34.242.196.127 - - [30/Nov/2025:07:35:59 -0500] "GET /api/.env.bak HTTP/1.1" 403 1242 "-" "python-httpx/0.28.1"
34.242.196.127 - - [30/Nov/2025:07:35:59 -0500] "GET /php_info.php~ HTTP/1.1" 200 6296 "-" "python-httpx/0.28.1"
34.242.196.127 - - [30/Nov/2025:07:35:59 -0500] "GET /core/.env.bak HTTP/1.1" 403 1242 "-" "python-httpx/0.28.1"
34.242.196.127 - - [30/Nov/2025:07:35:59 -0500] "GET /lib/.env.save HTTP/1.1" 403 1242 "-" "python-httpx/0.28.1"
34.242.196.127 - - [30/Nov/2025:07:35:59 -0500] "GET /var/www/html/error_log HTTP/1.1" 200 6296 "-" "python-httpx/0.28.1"
34.242.196.127 - - [30/Nov/2025:07:36:00 -0500] "GET /error.log HTTP/1.1" 200 6296 "-" "python-httpx/0.28.1"
34.242.196.127 - - [30/Nov/2025:07:36:00 -0500] "GET /config/.env.save HTTP/1.1" 403 1242 "-" "python-httpx/0.28.1"
34.242.196.127 - - [30/Nov/2025:07:36:00 -0500] "GET /check.php HTTP/1.1" 200 6296 "-" "python-httpx/0.28.1"
34.242.196.127 - - [30/Nov/2025:07:36:00 -0500] "GET /www/phpinfo.php.save HTTP/1.1" 200 6296 "-" "python-httpx/0.28.1"
34.242.196.127 - - [30/Nov/2025:07:36:00 -0500] "GET /test.php.orig HTTP/1.1" 200 6296 "-" "python-httpx/0.28.1"
34.242.196.127 - - [30/Nov/2025:07:36:00 -0500] "GET /php.php HTTP/1.1" 200 6296 "-" "python-httpx/0.28.1"
34.242.196.127 - - [30/Nov/2025:07:36:01 -0500] "GET /test/phpinfo.php HTTP/1.1" 200 6296 "-" "python-httpx/0.28.1"
34.242.196.127 - - [30/Nov/2025:07:36:01 -0500] "GET /app/.env HTTP/1.1" 403 1242 "-" "python-httpx/0.28.1"
34.242.196.127 - - [30/Nov/2025:07:36:01 -0500] "GET /.env.dev.local HTTP/1.1" 403 1242 "-" "python-httpx/0.28.1"
34.242.196.127 - - [30/Nov/2025:07:36:01 -0500] "GET /info.php.backup HTTP/1.1" 200 6296 "-" "python-httpx/0.28.1"
34.242.196.127 - - [30/Nov/2025:07:36:01 -0500] "GET /config/mail.php HTTP/1.1" 200 6296 "-" "python-httpx/0.28.1"
34.242.196.127 - - [30/Nov/2025:07:36:01 -0500] "GET /docker-compose.override.yml HTTP/1.1" 200 6296 "-" "python-httpx/0.28.1"
34.242.196.127 - - [30/Nov/2025:07:36:01 -0500] "GET /Thumbs.db HTTP/1.1" 200 6296 "-" "python-httpx/0.28.1"
34.242.196.127 - - [30/Nov/2025:07:36:02 -0500] "GET /wp-config.php.old HTTP/1.1" 403 1242 "-" "python-httpx/0.28.1"
34.242.196.127 - - [30/Nov/2025:07:36:02 -0500] "GET /themes/.env HTTP/1.1" 403 1242 "-" "python-httpx/0.28.1"
34.242.196.127 - - [30/Nov/2025:07:36:02 -0500] "GET /tmp/phpinfo.php.save HTTP/1.1" 200 6296 "-" "python-httpx/0.28.1"
34.242.196.127 - - [30/Nov/2025:07:36:02 -0500] "GET /admin/config.php HTTP/1.1" 200 6296 "-" "python-httpx/0.28.1"
34.242.196.127 - - [30/Nov/2025:07:36:02 -0500] "GET /frontend/.env HTTP/1.1" 403 1242 "-" "python-httpx/0.28.1"
34.242.196.127 - - [30/Nov/2025:07:36:02 -0500] "GET /wp-config.php.save HTTP/1.1" 403 1242 "-" "python-httpx/0.28.1"
34.242.196.127 - - [30/Nov/2025:07:36:03 -0500] "GET /site/info.php HTTP/1.1" 200 6296 "-" "python-httpx/0.28.1"
34.242.196.127 - - [30/Nov/2025:07:36:03 -0500] "GET /modules/.env.bak HTTP/1.1" 403 1242 "-" "python-httpx/0.28.1"
34.242.196.127 - - [30/Nov/2025:07:36:03 -0500] "GET /sites/default/settings.php HTTP/1.1" 403 1242 "-" "python-httpx/0.28.1"
34.242.196.127 - - [30/Nov/2025:07:36:03 -0500] "GET /web/phpinfo.php.save HTTP/1.1" 200 6296 "-" "python-httpx/0.28.1"
34.242.196.127 - - [30/Nov/2025:07:36:03 -0500] "GET /.DS_Store HTTP/1.1" 200 6148 "-" "python-httpx/0.28.1"
34.242.196.127 - - [30/Nov/2025:07:36:03 -0500] "GET /app/.env.bak HTTP/1.1" 403 1242 "-" "python-httpx/0.28.1"
34.242.196.127 - - [30/Nov/2025:07:36:04 -0500] "GET /modules/.env.save HTTP/1.1" 403 1242 "-" "python-httpx/0.28.1"
34.242.196.127 - - [30/Nov/2025:07:36:04 -0500] "GET /backend/.env HTTP/1.1" 403 1242 "-" "python-httpx/0.28.1"
34.242.196.127 - - [30/Nov/2025:07:36:04 -0500] "GET /plugins/.env.bak HTTP/1.1" 403 1242 "-" "python-httpx/0.28.1"
34.242.196.127 - - [30/Nov/2025:07:36:04 -0500] "GET /api/.env.save HTTP/1.1" 403 1242 "-" "python-httpx/0.28.1"
34.242.196.127 - - [30/Nov/2025:07:36:04 -0500] "GET /config/database.yml HTTP/1.1" 200 6296 "-" "python-httpx/0.28.1"
34.242.196.127 - - [30/Nov/2025:07:36:04 -0500] "GET /includes/.env HTTP/1.1" 403 1242 "-" "python-httpx/0.28.1"
34.242.196.127 - - [30/Nov/2025:07:36:05 -0500] "GET /config/app.yml HTTP/1.1" 200 6296 "-" "python-httpx/0.28.1"
34.242.196.127 - - [30/Nov/2025:07:36:05 -0500] "GET /.env.swp HTTP/1.1" 403 1242 "-" "python-httpx/0.28.1"
34.242.196.127 - - [30/Nov/2025:07:36:05 -0500] "GET /secrets.yml HTTP/1.1" 200 6296 "-" "python-httpx/0.28.1"
34.242.196.127 - - [30/Nov/2025:07:36:05 -0500] "GET /phpinfo.php HTTP/1.1" 200 6296 "-" "python-httpx/0.28.1"
34.242.196.127 - - [30/Nov/2025:07:36:05 -0500] "GET /includes/info.php.save HTTP/1.1" 200 6296 "-" "python-httpx/0.28.1"
34.242.196.127 - - [30/Nov/2025:07:36:05 -0500] "GET /inc/config.php HTTP/1.1" 200 6296 "-" "python-httpx/0.28.1"
34.242.196.127 - - [30/Nov/2025:07:36:06 -0500] "GET /_debug HTTP/1.1" 200 6296 "-" "python-httpx/0.28.1"
34.242.196.127 - - [30/Nov/2025:07:36:06 -0500] "GET /api/v2/config HTTP/1.1" 200 6296 "-" "python-httpx/0.28.1"
34.242.196.127 - - [30/Nov/2025:07:36:06 -0500] "GET /.env.sample HTTP/1.1" 403 1242 "-" "python-httpx/0.28.1"
34.242.196.127 - - [30/Nov/2025:07:36:06 -0500] "GET /log/error.log HTTP/1.1" 200 6296 "-" "python-httpx/0.28.1"
34.242.196.127 - - [30/Nov/2025:07:36:06 -0500] "GET /config/database.php HTTP/1.1" 200 6296 "-" "python-httpx/0.28.1"
34.242.196.127 - - [30/Nov/2025:07:36:06 -0500] "GET /dev/phpinfo.php HTTP/1.1" 200 6296 "-" "python-httpx/0.28.1"
34.242.196.127 - - [30/Nov/2025:07:36:07 -0500] "GET /.git/config HTTP/1.1" 403 1242 "-" "python-httpx/0.28.1"
34.242.196.127 - - [30/Nov/2025:07:36:07 -0500] "GET /modules/.env.old HTTP/1.1" 403 1242 "-" "python-httpx/0.28.1"
34.242.196.127 - - [30/Nov/2025:07:36:07 -0500] "GET /assets/.env HTTP/1.1" 403 1242 "-" "python-httpx/0.28.1"
34.242.196.127 - - [30/Nov/2025:07:36:07 -0500] "GET /cgi-bin/phpinfo.php.save HTTP/1.1" 200 6296 "-" "python-httpx/0.28.1"
34.242.196.127 - - [30/Nov/2025:07:36:07 -0500] "GET /backup.zip HTTP/1.1" 200 6296 "-" "python-httpx/0.28.1"
34.242.196.127 - - [30/Nov/2025:07:36:07 -0500] "GET /test/phpinfo.php.save HTTP/1.1" 200 6296 "-" "python-httpx/0.28.1"
34.242.196.127 - - [30/Nov/2025:07:36:08 -0500] "GET /.env.orig HTTP/1.1" 403 1242 "-" "python-httpx/0.28.1"
34.242.196.127 - - [30/Nov/2025:07:36:08 -0500] "GET /tmp/info.php.save HTTP/1.1" 200 6296 "-" "python-httpx/0.28.1"
34.242.196.127 - - [30/Nov/2025:07:36:08 -0500] "GET /site/phpinfo.php.save HTTP/1.1" 200 6296 "-" "python-httpx/0.28.1"
34.242.196.127 - - [30/Nov/2025:07:36:08 -0500] "GET /application/.env.bak HTTP/1.1" 403 1242 "-" "python-httpx/0.28.1"
34.242.196.127 - - [30/Nov/2025:07:36:08 -0500] "GET /.env.bak HTTP/1.1" 403 1242 "-" "python-httpx/0.28.1"
34.242.196.127 - - [30/Nov/2025:07:36:08 -0500] "GET /phpinfo.php.tmp HTTP/1.1" 200 6296 "-" "python-httpx/0.28.1"
34.242.196.127 - - [30/Nov/2025:07:36:09 -0500] "GET /public/.env.bak HTTP/1.1" 403 1242 "-" "python-httpx/0.28.1"
34.242.196.127 - - [30/Nov/2025:07:36:09 -0500] "GET /psnlink/.env HTTP/1.1" 403 1242 "-" "python-httpx/0.28.1"
34.242.196.127 - - [30/Nov/2025:07:36:09 -0500] "GET /php_info.php.swp HTTP/1.1" 200 6296 "-" "python-httpx/0.28.1"
34.242.196.127 - - [30/Nov/2025:07:36:09 -0500] "GET /s3.yml HTTP/1.1" 200 6296 "-" "python-httpx/0.28.1"
34.242.196.127 - - [30/Nov/2025:07:36:09 -0500] "GET /php_info.php.save HTTP/1.1" 200 6296 "-" "python-httpx/0.28.1"
34.242.196.127 - - [30/Nov/2025:07:36:09 -0500] "GET /includes/.env.old HTTP/1.1" 403 1242 "-" "python-httpx/0.28.1"
34.242.196.127 - - [30/Nov/2025:07:36:10 -0500] "GET /.env.tmp HTTP/1.1" 403 1242 "-" "python-httpx/0.28.1"
34.242.196.127 - - [30/Nov/2025:07:36:10 -0500] "GET /.env.production HTTP/1.1" 403 1242 "-" "python-httpx/0.28.1"
34.242.196.127 - - [30/Nov/2025:07:36:10 -0500] "GET /app/logs/dev.log HTTP/1.1" 200 6296 "-" "python-httpx/0.28.1"
34.242.196.127 - - [30/Nov/2025:07:36:10 -0500] "GET /storage/.env.old HTTP/1.1" 403 1242 "-" "python-httpx/0.28.1"
34.242.196.127 - - [30/Nov/2025:07:36:10 -0500] "GET /.env.staging.local HTTP/1.1" 403 1242 "-" "python-httpx/0.28.1"
34.242.196.127 - - [30/Nov/2025:07:36:10 -0500] "GET /phpinfo.php~ HTTP/1.1" 200 6296 "-" "python-httpx/0.28.1"
34.242.196.127 - - [30/Nov/2025:07:36:10 -0500] "GET /.config HTTP/1.1" 200 6296 "-" "python-httpx/0.28.1"
34.242.196.127 - - [30/Nov/2025:07:36:11 -0500] "GET /info.php.orig HTTP/1.1" 200 6296 "-" "python-httpx/0.28.1"
34.242.196.127 - - [30/Nov/2025:07:36:11 -0500] "GET /public/phpinfo.php HTTP/1.1" 200 6296 "-" "python-httpx/0.28.1"
34.242.196.127 - - [30/Nov/2025:07:36:11 -0500] "GET /oauth.json HTTP/1.1" 200 6296 "-" "python-httpx/0.28.1"
34.242.196.127 - - [30/Nov/2025:07:36:11 -0500] "GET /cgi-bin/info.php HTTP/1.1" 200 6296 "-" "python-httpx/0.28.1"
34.242.196.127 - - [30/Nov/2025:07:36:11 -0500] "GET /test.php.save HTTP/1.1" 200 6296 "-" "python-httpx/0.28.1"
34.242.196.127 - - [30/Nov/2025:07:36:11 -0500] "GET /site-backup.zip HTTP/1.1" 200 6296 "-" "python-httpx/0.28.1"
34.242.196.127 - - [30/Nov/2025:07:36:12 -0500] "GET /.env.dist HTTP/1.1" 403 1242 "-" "python-httpx/0.28.1"
34.242.196.127 - - [30/Nov/2025:07:36:12 -0500] "GET /vendor/.env.save HTTP/1.1" 403 1242 "-" "python-httpx/0.28.1"
34.242.196.127 - - [30/Nov/2025:07:36:12 -0500] "GET /.wp-config.php.swp HTTP/1.1" 200 6296 "-" "python-httpx/0.28.1"
34.242.196.127 - - [30/Nov/2025:07:36:12 -0500] "GET /www/info.php.save HTTP/1.1" 200 6296 "-" "python-httpx/0.28.1"
34.242.196.127 - - [30/Nov/2025:07:36:12 -0500] "GET /tokens.json HTTP/1.1" 200 6296 "-" "python-httpx/0.28.1"
34.242.196.127 - - [30/Nov/2025:07:36:12 -0500] "GET /.env.development.local HTTP/1.1" 403 1242 "-" "python-httpx/0.28.1"
34.242.196.127 - - [30/Nov/2025:07:36:13 -0500] "GET /site/.env HTTP/1.1" 200 6296 "-" "python-httpx/0.28.1"
34.242.196.127 - - [30/Nov/2025:07:36:13 -0500] "GET /.env.production.local HTTP/1.1" 403 1242 "-" "python-httpx/0.28.1"
34.242.196.127 - - [30/Nov/2025:07:36:13 -0500] "GET /phpinfo.php.backup HTTP/1.1" 200 6296 "-" "python-httpx/0.28.1"
34.242.196.127 - - [30/Nov/2025:07:36:13 -0500] "GET /admin/info.php.save HTTP/1.1" 200 6296 "-" "python-httpx/0.28.1"
34.242.196.127 - - [30/Nov/2025:07:36:13 -0500] "GET /keys.json HTTP/1.1" 200 6296 "-" "python-httpx/0.28.1"
34.242.196.127 - - [30/Nov/2025:07:36:13 -0500] "GET /.env.2 HTTP/1.1" 403 1242 "-" "python-httpx/0.28.1"
34.242.196.127 - - [30/Nov/2025:07:36:14 -0500] "GET /dev/info.php HTTP/1.1" 200 6296 "-" "python-httpx/0.28.1"
34.242.196.127 - - [30/Nov/2025:07:36:14 -0500] "GET /.env.example HTTP/1.1" 403 1242 "-" "python-httpx/0.28.1"
34.242.196.127 - - [30/Nov/2025:07:36:14 -0500] "GET /core/.env.old HTTP/1.1" 403 1242 "-" "python-httpx/0.28.1"
114.119.142.126 - - [30/Nov/2025:07:36:30 -0500] "GET /m205045832 HTTP/1.1" 200 6296 "https://iasolution.farm/sitemap543.xml" "Mozilla/5.0 (Linux; Android 7.0;) AppleWebKit/537.36 (KHTML, like Gecko) Mobile Safari/537.36 (compatible; PetalBot;+https://webmaster.petalsearch.com/site/petalbot)"
114.119.153.93 - - [30/Nov/2025:07:37:56 -0500] "GET /m205045106 HTTP/1.1" 200 6296 "https://iasolution.farm/sitemap706.xml" "Mozilla/5.0 (Linux; Android 7.0;) AppleWebKit/537.36 (KHTML, like Gecko) Mobile Safari/537.36 (compatible; PetalBot;+https://webmaster.petalsearch.com/site/petalbot)"
66.249.70.67 - - [30/Nov/2025:07:38:22 -0500] "GET /m205015038?srsltid=AfmBOoZxHAnfKCGR9Vppb3_lkk5BQy5Qv_bbiRV4iV-N-Hc02H0ajm HTTP/1.1" 200 19351 "-" "Mozilla/5.0 (Linux; Android 6.0.1; Nexus 5X Build/MMB29P) AppleWebKit/537.36 (KHTML, like Gecko) Chrome/141.0.7390.122 Mobile Safari/537.36 (compatible; Googlebot/2.1; +http://www.google.com/bot.html)"
114.119.135.195 - - [30/Nov/2025:07:39:18 -0500] "GET /m205037756 HTTP/1.1" 200 6296 "https://iasolution.farm/sitemap580.xml" "Mozilla/5.0 (Linux; Android 7.0;) AppleWebKit/537.36 (KHTML, like Gecko) Mobile Safari/537.36 (compatible; PetalBot;+https://webmaster.petalsearch.com/site/petalbot)"
114.119.133.190 - - [30/Nov/2025:07:40:41 -0500] "GET /m205037444 HTTP/1.1" 200 6296 "https://iasolution.farm/sitemap580.xml" "Mozilla/5.0 (Linux; Android 7.0;) AppleWebKit/537.36 (KHTML, like Gecko) Mobile Safari/537.36 (compatible; PetalBot;+https://webmaster.petalsearch.com/site/petalbot)"
114.119.142.186 - - [30/Nov/2025:07:42:05 -0500] "GET /m205036786 HTTP/1.1" 200 6296 "https://iasolution.farm/sitemap510.xml" "Mozilla/5.0 (Linux; Android 7.0;) AppleWebKit/537.36 (KHTML, like Gecko) Mobile Safari/537.36 (compatible; PetalBot;+https://webmaster.petalsearch.com/site/petalbot)"
114.119.142.126 - - [30/Nov/2025:07:43:32 -0500] "GET /m205036726 HTTP/1.1" 200 6296 "https://iasolution.farm/sitemap706.xml" "Mozilla/5.0 (Linux; Android 7.0;) AppleWebKit/537.36 (KHTML, like Gecko) Mobile Safari/537.36 (compatible; PetalBot;+https://webmaster.petalsearch.com/site/petalbot)"
114.119.130.27 - - [30/Nov/2025:07:44:52 -0500] "GET /m205033420 HTTP/1.1" 200 6296 "https://iasolution.farm/sitemap706.xml" "Mozilla/5.0 (Linux; Android 7.0;) AppleWebKit/537.36 (KHTML, like Gecko) Mobile Safari/537.36 (compatible; PetalBot;+https://webmaster.petalsearch.com/site/petalbot)"
114.119.130.167 - - [30/Nov/2025:07:46:15 -0500] "GET /m205030124 HTTP/1.1" 200 6296 "https://iasolution.farm/sitemap543.xml" "Mozilla/5.0 (Linux; Android 7.0;) AppleWebKit/537.36 (KHTML, like Gecko) Mobile Safari/537.36 (compatible; PetalBot;+https://webmaster.petalsearch.com/site/petalbot)"
114.119.142.186 - - [30/Nov/2025:07:47:40 -0500] "GET /m205026660 HTTP/1.1" 200 6296 "https://iasolution.farm/sitemap580.xml" "Mozilla/5.0 (Linux; Android 7.0;) AppleWebKit/537.36 (KHTML, like Gecko) Mobile Safari/537.36 (compatible; PetalBot;+https://webmaster.petalsearch.com/site/petalbot)"
114.119.135.195 - - [30/Nov/2025:07:49:07 -0500] "GET /m205026528 HTTP/1.1" 200 6296 "https://iasolution.farm/sitemap706.xml" "Mozilla/5.0 (Linux; Android 7.0;) AppleWebKit/537.36 (KHTML, like Gecko) Mobile Safari/537.36 (compatible; PetalBot;+https://webmaster.petalsearch.com/site/petalbot)"
114.119.142.186 - - [30/Nov/2025:07:50:26 -0500] "GET /m205024892 HTTP/1.1" 200 6296 "https://iasolution.farm/sitemap580.xml" "Mozilla/5.0 (Linux; Android 7.0;) AppleWebKit/537.36 (KHTML, like Gecko) Mobile Safari/537.36 (compatible; PetalBot;+https://webmaster.petalsearch.com/site/petalbot)"
114.119.130.167 - - [30/Nov/2025:07:51:55 -0500] "GET /m205020566 HTTP/1.1" 200 6296 "https://iasolution.farm/sitemap580.xml" "Mozilla/5.0 (Linux; Android 7.0;) AppleWebKit/537.36 (KHTML, like Gecko) Mobile Safari/537.36 (compatible; PetalBot;+https://webmaster.petalsearch.com/site/petalbot)"
114.119.132.76 - - [30/Nov/2025:07:53:14 -0500] "GET /m205017596 HTTP/1.1" 200 6296 "https://iasolution.farm/sitemap580.xml" "Mozilla/5.0 (Linux; Android 7.0;) AppleWebKit/537.36 (KHTML, like Gecko) Mobile Safari/537.36 (compatible; PetalBot;+https://webmaster.petalsearch.com/site/petalbot)"
114.119.153.93 - - [30/Nov/2025:07:54:36 -0500] "GET /m205011334 HTTP/1.1" 200 6296 "https://iasolution.farm/sitemap543.xml" "Mozilla/5.0 (Linux; Android 7.0;) AppleWebKit/537.36 (KHTML, like Gecko) Mobile Safari/537.36 (compatible; PetalBot;+https://webmaster.petalsearch.com/site/petalbot)"
114.119.130.167 - - [30/Nov/2025:07:56:01 -0500] "GET /m205011152 HTTP/1.1" 200 6296 "https://iasolution.farm/sitemap706.xml" "Mozilla/5.0 (Linux; Android 7.0;) AppleWebKit/537.36 (KHTML, like Gecko) Mobile Safari/537.36 (compatible; PetalBot;+https://webmaster.petalsearch.com/site/petalbot)"
114.119.130.167 - - [30/Nov/2025:07:57:29 -0500] "GET /m205005642 HTTP/1.1" 200 6296 "https://iasolution.farm/sitemap580.xml" "Mozilla/5.0 (Linux; Android 7.0;) AppleWebKit/537.36 (KHTML, like Gecko) Mobile Safari/537.36 (compatible; PetalBot;+https://webmaster.petalsearch.com/site/petalbot)"
114.119.130.27 - - [30/Nov/2025:07:58:52 -0500] "GET /m205005108 HTTP/1.1" 200 6302 "https://iasolution.farm/sitemap543.xml" "Mozilla/5.0 (Linux; Android 7.0;) AppleWebKit/537.36 (KHTML, like Gecko) Mobile Safari/537.36 (compatible; PetalBot;+https://webmaster.petalsearch.com/site/petalbot)"
114.119.135.195 - - [30/Nov/2025:08:00:14 -0500] "GET /m205003398 HTTP/1.1" 200 6296 "https://iasolution.farm/sitemap706.xml" "Mozilla/5.0 (Linux; Android 7.0;) AppleWebKit/537.36 (KHTML, like Gecko) Mobile Safari/537.36 (compatible; PetalBot;+https://webmaster.petalsearch.com/site/petalbot)"
114.119.142.126 - - [30/Nov/2025:08:01:37 -0500] "GET /m205003128 HTTP/1.1" 200 6302 "https://iasolution.farm/sitemap706.xml" "Mozilla/5.0 (Linux; Android 7.0;) AppleWebKit/537.36 (KHTML, like Gecko) Mobile Safari/537.36 (compatible; PetalBot;+https://webmaster.petalsearch.com/site/petalbot)"
114.119.133.190 - - [30/Nov/2025:08:03:00 -0500] "GET /m205000134 HTTP/1.1" 200 6302 "https://iasolution.farm/sitemap543.xml" "Mozilla/5.0 (Linux; Android 7.0;) AppleWebKit/537.36 (KHTML, like Gecko) Mobile Safari/537.36 (compatible; PetalBot;+https://webmaster.petalsearch.com/site/petalbot)"
114.119.153.93 - - [30/Nov/2025:08:04:22 -0500] "GET /m204049081 HTTP/1.1" 200 6296 "https://iasolution.farm/sitemap580.xml" "Mozilla/5.0 (Linux; Android 7.0;) AppleWebKit/537.36 (KHTML, like Gecko) Mobile Safari/537.36 (compatible; PetalBot;+https://webmaster.petalsearch.com/site/petalbot)"
114.119.153.93 - - [30/Nov/2025:08:05:49 -0500] "GET /m204047881 HTTP/1.1" 200 6296 "https://iasolution.farm/sitemap543.xml" "Mozilla/5.0 (Linux; Android 7.0;) AppleWebKit/537.36 (KHTML, like Gecko) Mobile Safari/537.36 (compatible; PetalBot;+https://webmaster.petalsearch.com/site/petalbot)"
114.119.132.76 - - [30/Nov/2025:08:07:10 -0500] "GET /m204046605 HTTP/1.1" 200 6302 "https://iasolution.farm/sitemap510.xml" "Mozilla/5.0 (Linux; Android 7.0;) AppleWebKit/537.36 (KHTML, like Gecko) Mobile Safari/537.36 (compatible; PetalBot;+https://webmaster.petalsearch.com/site/petalbot)"
66.249.70.65 - - [30/Nov/2025:08:07:14 -0500] "GET /detail1631602296?kg=1629453382 HTTP/1.1" 200 19399 "-" "Mozilla/5.0 (compatible; Googlebot/2.1; +http://www.google.com/bot.html)"
114.119.142.186 - - [30/Nov/2025:08:08:33 -0500] "GET /m204045033 HTTP/1.1" 200 6296 "https://iasolution.farm/sitemap706.xml" "Mozilla/5.0 (Linux; Android 7.0;) AppleWebKit/537.36 (KHTML, like Gecko) Mobile Safari/537.36 (compatible; PetalBot;+https://webmaster.petalsearch.com/site/petalbot)"
52.167.144.202 - - [30/Nov/2025:08:09:02 -0500] "GET / HTTP/1.1" 200 17 "-" "Mozilla/5.0 AppleWebKit/537.36 (KHTML, like Gecko; compatible; bingbot/2.0; +http://www.bing.com/bingbot.htm) Chrome/116.0.1938.76 Safari/537.36"
114.119.130.27 - - [30/Nov/2025:08:09:56 -0500] "GET /m204044097 HTTP/1.1" 200 6302 "https://iasolution.farm/sitemap580.xml" "Mozilla/5.0 (Linux; Android 7.0;) AppleWebKit/537.36 (KHTML, like Gecko) Mobile Safari/537.36 (compatible; PetalBot;+https://webmaster.petalsearch.com/site/petalbot)"
114.119.135.195 - - [30/Nov/2025:08:11:20 -0500] "GET /m204042159 HTTP/1.1" 200 6296 "https://iasolution.farm/sitemap543.xml" "Mozilla/5.0 (Linux; Android 7.0;) AppleWebKit/537.36 (KHTML, like Gecko) Mobile Safari/537.36 (compatible; PetalBot;+https://webmaster.petalsearch.com/site/petalbot)"
114.119.153.93 - - [30/Nov/2025:08:12:45 -0500] "GET /m204038137 HTTP/1.1" 200 6296 "https://iasolution.farm/sitemap543.xml" "Mozilla/5.0 (Linux; Android 7.0;) AppleWebKit/537.36 (KHTML, like Gecko) Mobile Safari/537.36 (compatible; PetalBot;+https://webmaster.petalsearch.com/site/petalbot)"
114.119.153.93 - - [30/Nov/2025:08:14:08 -0500] "GET /m204034819 HTTP/1.1" 200 6296 "https://iasolution.farm/sitemap706.xml" "Mozilla/5.0 (Linux; Android 7.0;) AppleWebKit/537.36 (KHTML, like Gecko) Mobile Safari/537.36 (compatible; PetalBot;+https://webmaster.petalsearch.com/site/petalbot)"
114.119.130.167 - - [30/Nov/2025:08:15:32 -0500] "GET /m204033705 HTTP/1.1" 200 6296 "https://iasolution.farm/sitemap706.xml" "Mozilla/5.0 (Linux; Android 7.0;) AppleWebKit/537.36 (KHTML, like Gecko) Mobile Safari/537.36 (compatible; PetalBot;+https://webmaster.petalsearch.com/site/petalbot)"
114.119.132.76 - - [30/Nov/2025:08:16:56 -0500] "GET /m204032107 HTTP/1.1" 200 6302 "https://iasolution.farm/sitemap580.xml" "Mozilla/5.0 (Linux; Android 7.0;) AppleWebKit/537.36 (KHTML, like Gecko) Mobile Safari/537.36 (compatible; PetalBot;+https://webmaster.petalsearch.com/site/petalbot)"
114.119.135.195 - - [30/Nov/2025:08:18:20 -0500] "GET /m204024417 HTTP/1.1" 200 6296 "https://iasolution.farm/sitemap510.xml" "Mozilla/5.0 (Linux; Android 7.0;) AppleWebKit/537.36 (KHTML, like Gecko) Mobile Safari/537.36 (compatible; PetalBot;+https://webmaster.petalsearch.com/site/petalbot)"
114.119.142.126 - - [30/Nov/2025:08:19:42 -0500] "GET /m204024101 HTTP/1.1" 200 6296 "https://iasolution.farm/sitemap580.xml" "Mozilla/5.0 (Linux; Android 7.0;) AppleWebKit/537.36 (KHTML, like Gecko) Mobile Safari/537.36 (compatible; PetalBot;+https://webmaster.petalsearch.com/site/petalbot)"
114.119.132.76 - - [30/Nov/2025:08:21:05 -0500] "GET /m204015317 HTTP/1.1" 200 6296 "https://iasolution.farm/sitemap706.xml" "Mozilla/5.0 (Linux; Android 7.0;) AppleWebKit/537.36 (KHTML, like Gecko) Mobile Safari/537.36 (compatible; PetalBot;+https://webmaster.petalsearch.com/site/petalbot)"
114.119.130.27 - - [30/Nov/2025:08:22:28 -0500] "GET /m204015239 HTTP/1.1" 200 6296 "https://iasolution.farm/sitemap543.xml" "Mozilla/5.0 (Linux; Android 7.0;) AppleWebKit/537.36 (KHTML, like Gecko) Mobile Safari/537.36 (compatible; PetalBot;+https://webmaster.petalsearch.com/site/petalbot)"
114.119.130.27 - - [30/Nov/2025:08:23:52 -0500] "GET /m204014375 HTTP/1.1" 200 6302 "https://iasolution.farm/sitemap543.xml" "Mozilla/5.0 (Linux; Android 7.0;) AppleWebKit/537.36 (KHTML, like Gecko) Mobile Safari/537.36 (compatible; PetalBot;+https://webmaster.petalsearch.com/site/petalbot)"
114.119.142.126 - - [30/Nov/2025:08:25:22 -0500] "GET /m204012657 HTTP/1.1" 200 6296 "https://iasolution.farm/sitemap706.xml" "Mozilla/5.0 (Linux; Android 7.0;) AppleWebKit/537.36 (KHTML, like Gecko) Mobile Safari/537.36 (compatible; PetalBot;+https://webmaster.petalsearch.com/site/petalbot)"
114.119.142.186 - - [30/Nov/2025:08:26:41 -0500] "GET /m204012319 HTTP/1.1" 200 6296 "https://iasolution.farm/sitemap706.xml" "Mozilla/5.0 (Linux; Android 7.0;) AppleWebKit/537.36 (KHTML, like Gecko) Mobile Safari/537.36 (compatible; PetalBot;+https://webmaster.petalsearch.com/site/petalbot)"
114.119.130.167 - - [30/Nov/2025:08:28:04 -0500] "GET /m204012087 HTTP/1.1" 200 6296 "https://iasolution.farm/sitemap510.xml" "Mozilla/5.0 (Linux; Android 7.0;) AppleWebKit/537.36 (KHTML, like Gecko) Mobile Safari/537.36 (compatible; PetalBot;+https://webmaster.petalsearch.com/site/petalbot)"
114.119.133.190 - - [30/Nov/2025:08:29:26 -0500] "GET /m204008025 HTTP/1.1" 200 6296 "https://iasolution.farm/sitemap510.xml" "Mozilla/5.0 (Linux; Android 7.0;) AppleWebKit/537.36 (KHTML, like Gecko) Mobile Safari/537.36 (compatible; PetalBot;+https://webmaster.petalsearch.com/site/petalbot)"
114.119.135.195 - - [30/Nov/2025:08:30:51 -0500] "GET /m204002715 HTTP/1.1" 200 6296 "https://iasolution.farm/sitemap580.xml" "Mozilla/5.0 (Linux; Android 7.0;) AppleWebKit/537.36 (KHTML, like Gecko) Mobile Safari/537.36 (compatible; PetalBot;+https://webmaster.petalsearch.com/site/petalbot)"
114.119.142.126 - - [30/Nov/2025:08:32:13 -0500] "GET /m204002297 HTTP/1.1" 200 6296 "https://iasolution.farm/sitemap706.xml" "Mozilla/5.0 (Linux; Android 7.0;) AppleWebKit/537.36 (KHTML, like Gecko) Mobile Safari/537.36 (compatible; PetalBot;+https://webmaster.petalsearch.com/site/petalbot)"
114.119.142.126 - - [30/Nov/2025:08:33:37 -0500] "GET /m204001553 HTTP/1.1" 200 6296 "https://iasolution.farm/sitemap580.xml" "Mozilla/5.0 (Linux; Android 7.0;) AppleWebKit/537.36 (KHTML, like Gecko) Mobile Safari/537.36 (compatible; PetalBot;+https://webmaster.petalsearch.com/site/petalbot)"
114.119.142.186 - - [30/Nov/2025:08:35:00 -0500] "GET /m204001215 HTTP/1.1" 200 6296 "https://iasolution.farm/sitemap543.xml" "Mozilla/5.0 (Linux; Android 7.0;) AppleWebKit/537.36 (KHTML, like Gecko) Mobile Safari/537.36 (compatible; PetalBot;+https://webmaster.petalsearch.com/site/petalbot)"
114.119.130.27 - - [30/Nov/2025:08:36:24 -0500] "GET /m203049340 HTTP/1.1" 200 6296 "https://iasolution.farm/sitemap510.xml" "Mozilla/5.0 (Linux; Android 7.0;) AppleWebKit/537.36 (KHTML, like Gecko) Mobile Safari/537.36 (compatible; PetalBot;+https://webmaster.petalsearch.com/site/petalbot)"
114.119.153.93 - - [30/Nov/2025:08:37:48 -0500] "GET /m203045032 HTTP/1.1" 200 6296 "https://iasolution.farm/sitemap706.xml" "Mozilla/5.0 (Linux; Android 7.0;) AppleWebKit/537.36 (KHTML, like Gecko) Mobile Safari/537.36 (compatible; PetalBot;+https://webmaster.petalsearch.com/site/petalbot)"
114.119.130.167 - - [30/Nov/2025:08:39:14 -0500] "GET /m203042760 HTTP/1.1" 200 6296 "https://iasolution.farm/sitemap706.xml" "Mozilla/5.0 (Linux; Android 7.0;) AppleWebKit/537.36 (KHTML, like Gecko) Mobile Safari/537.36 (compatible; PetalBot;+https://webmaster.petalsearch.com/site/petalbot)"
114.119.153.93 - - [30/Nov/2025:08:40:36 -0500] "GET /m203039824 HTTP/1.1" 200 6296 "https://iasolution.farm/sitemap510.xml" "Mozilla/5.0 (Linux; Android 7.0;) AppleWebKit/537.36 (KHTML, like Gecko) Mobile Safari/537.36 (compatible; PetalBot;+https://webmaster.petalsearch.com/site/petalbot)"
114.119.135.195 - - [30/Nov/2025:08:41:59 -0500] "GET /m203039126 HTTP/1.1" 200 6296 "https://iasolution.farm/sitemap706.xml" "Mozilla/5.0 (Linux; Android 7.0;) AppleWebKit/537.36 (KHTML, like Gecko) Mobile Safari/537.36 (compatible; PetalBot;+https://webmaster.petalsearch.com/site/petalbot)"
114.119.142.126 - - [30/Nov/2025:08:43:28 -0500] "GET /m203037736 HTTP/1.1" 200 6296 "https://iasolution.farm/sitemap543.xml" "Mozilla/5.0 (Linux; Android 7.0;) AppleWebKit/537.36 (KHTML, like Gecko) Mobile Safari/537.36 (compatible; PetalBot;+https://webmaster.petalsearch.com/site/petalbot)"
114.119.133.190 - - [30/Nov/2025:08:44:46 -0500] "GET /m203037510 HTTP/1.1" 200 6296 "https://iasolution.farm/sitemap580.xml" "Mozilla/5.0 (Linux; Android 7.0;) AppleWebKit/537.36 (KHTML, like Gecko) Mobile Safari/537.36 (compatible; PetalBot;+https://webmaster.petalsearch.com/site/petalbot)"
114.119.135.195 - - [30/Nov/2025:08:46:09 -0500] "GET /m203033986 HTTP/1.1" 200 6296 "https://iasolution.farm/sitemap543.xml" "Mozilla/5.0 (Linux; Android 7.0;) AppleWebKit/537.36 (KHTML, like Gecko) Mobile Safari/537.36 (compatible; PetalBot;+https://webmaster.petalsearch.com/site/petalbot)"
114.119.142.126 - - [30/Nov/2025:08:47:34 -0500] "GET /m203031354 HTTP/1.1" 200 6302 "https://iasolution.farm/sitemap510.xml" "Mozilla/5.0 (Linux; Android 7.0;) AppleWebKit/537.36 (KHTML, like Gecko) Mobile Safari/537.36 (compatible; PetalBot;+https://webmaster.petalsearch.com/site/petalbot)"
114.119.133.190 - - [30/Nov/2025:08:49:21 -0500] "GET /m203027216 HTTP/1.1" 200 6296 "https://iasolution.farm/sitemap580.xml" "Mozilla/5.0 (Linux; Android 7.0;) AppleWebKit/537.36 (KHTML, like Gecko) Mobile Safari/537.36 (compatible; PetalBot;+https://webmaster.petalsearch.com/site/petalbot)"
114.119.132.76 - - [30/Nov/2025:08:50:23 -0500] "GET /m203026300 HTTP/1.1" 200 6296 "https://iasolution.farm/sitemap580.xml" "Mozilla/5.0 (Linux; Android 7.0;) AppleWebKit/537.36 (KHTML, like Gecko) Mobile Safari/537.36 (compatible; PetalBot;+https://webmaster.petalsearch.com/site/petalbot)"
66.249.70.67 - - [30/Nov/2025:08:51:20 -0500] "GET /detail883869999?kg=0882706238 HTTP/1.1" 200 19987 "-" "Mozilla/5.0 (Linux; Android 6.0.1; Nexus 5X Build/MMB29P) AppleWebKit/537.36 (KHTML, like Gecko) Chrome/141.0.7390.122 Mobile Safari/537.36 (compatible; Googlebot/2.1; +http://www.google.com/bot.html)"
114.119.130.167 - - [30/Nov/2025:08:51:44 -0500] "GET /m203024048 HTTP/1.1" 200 6302 "https://iasolution.farm/sitemap543.xml" "Mozilla/5.0 (Linux; Android 7.0;) AppleWebKit/537.36 (KHTML, like Gecko) Mobile Safari/537.36 (compatible; PetalBot;+https://webmaster.petalsearch.com/site/petalbot)"
114.119.130.27 - - [30/Nov/2025:08:53:08 -0500] "GET /m203022378 HTTP/1.1" 200 6296 "https://iasolution.farm/sitemap706.xml" "Mozilla/5.0 (Linux; Android 7.0;) AppleWebKit/537.36 (KHTML, like Gecko) Mobile Safari/537.36 (compatible; PetalBot;+https://webmaster.petalsearch.com/site/petalbot)"
114.119.135.195 - - [30/Nov/2025:08:54:31 -0500] "GET /m203018652 HTTP/1.1" 200 6296 "https://iasolution.farm/sitemap580.xml" "Mozilla/5.0 (Linux; Android 7.0;) AppleWebKit/537.36 (KHTML, like Gecko) Mobile Safari/537.36 (compatible; PetalBot;+https://webmaster.petalsearch.com/site/petalbot)"
66.249.70.66 - - [30/Nov/2025:08:54:37 -0500] "GET /detail1631525867?kg=1629377054 HTTP/1.1" 200 18988 "-" "Mozilla/5.0 (compatible; Googlebot/2.1; +http://www.google.com/bot.html)"
114.119.133.190 - - [30/Nov/2025:08:55:57 -0500] "GET /m203015646 HTTP/1.1" 200 6296 "https://iasolution.farm/sitemap543.xml" "Mozilla/5.0 (Linux; Android 7.0;) AppleWebKit/537.36 (KHTML, like Gecko) Mobile Safari/537.36 (compatible; PetalBot;+https://webmaster.petalsearch.com/site/petalbot)"
114.119.153.93 - - [30/Nov/2025:08:57:20 -0500] "GET /m203008934 HTTP/1.1" 200 6296 "https://iasolution.farm/sitemap580.xml" "Mozilla/5.0 (Linux; Android 7.0;) AppleWebKit/537.36 (KHTML, like Gecko) Mobile Safari/537.36 (compatible; PetalBot;+https://webmaster.petalsearch.com/site/petalbot)"
114.119.135.195 - - [30/Nov/2025:08:58:41 -0500] "GET /m203008396 HTTP/1.1" 200 6296 "https://iasolution.farm/sitemap510.xml" "Mozilla/5.0 (Linux; Android 7.0;) AppleWebKit/537.36 (KHTML, like Gecko) Mobile Safari/537.36 (compatible; PetalBot;+https://webmaster.petalsearch.com/site/petalbot)"
114.119.153.93 - - [30/Nov/2025:09:00:05 -0500] "GET /m203008360 HTTP/1.1" 200 6296 "https://iasolution.farm/sitemap510.xml" "Mozilla/5.0 (Linux; Android 7.0;) AppleWebKit/537.36 (KHTML, like Gecko) Mobile Safari/537.36 (compatible; PetalBot;+https://webmaster.petalsearch.com/site/petalbot)"
114.119.133.190 - - [30/Nov/2025:09:01:28 -0500] "GET /m203006548 HTTP/1.1" 200 6296 "https://iasolution.farm/sitemap543.xml" "Mozilla/5.0 (Linux; Android 7.0;) AppleWebKit/537.36 (KHTML, like Gecko) Mobile Safari/537.36 (compatible; PetalBot;+https://webmaster.petalsearch.com/site/petalbot)"
114.119.135.195 - - [30/Nov/2025:09:02:56 -0500] "GET /m203005296 HTTP/1.1" 200 6296 "https://iasolution.farm/sitemap543.xml" "Mozilla/5.0 (Linux; Android 7.0;) AppleWebKit/537.36 (KHTML, like Gecko) Mobile Safari/537.36 (compatible; PetalBot;+https://webmaster.petalsearch.com/site/petalbot)"
114.119.133.190 - - [30/Nov/2025:09:04:15 -0500] "GET /m203003350 HTTP/1.1" 200 6302 "https://iasolution.farm/sitemap543.xml" "Mozilla/5.0 (Linux; Android 7.0;) AppleWebKit/537.36 (KHTML, like Gecko) Mobile Safari/537.36 (compatible; PetalBot;+https://webmaster.petalsearch.com/site/petalbot)"
114.119.142.186 - - [30/Nov/2025:09:05:39 -0500] "GET /m203000810 HTTP/1.1" 200 6296 "https://iasolution.farm/sitemap510.xml" "Mozilla/5.0 (Linux; Android 7.0;) AppleWebKit/537.36 (KHTML, like Gecko) Mobile Safari/537.36 (compatible; PetalBot;+https://webmaster.petalsearch.com/site/petalbot)"
114.119.130.27 - - [30/Nov/2025:09:07:02 -0500] "GET /m202048565 HTTP/1.1" 200 6296 "https://iasolution.farm/sitemap580.xml" "Mozilla/5.0 (Linux; Android 7.0;) AppleWebKit/537.36 (KHTML, like Gecko) Mobile Safari/537.36 (compatible; PetalBot;+https://webmaster.petalsearch.com/site/petalbot)"
114.119.153.93 - - [30/Nov/2025:09:08:26 -0500] "GET /m202045391 HTTP/1.1" 200 6296 "https://iasolution.farm/sitemap543.xml" "Mozilla/5.0 (Linux; Android 7.0;) AppleWebKit/537.36 (KHTML, like Gecko) Mobile Safari/537.36 (compatible; PetalBot;+https://webmaster.petalsearch.com/site/petalbot)"
52.167.144.174 - - [30/Nov/2025:09:08:30 -0500] "GET /assets/partners/grainpro.png HTTP/1.1" 200 25644 "-" "Mozilla/5.0 AppleWebKit/537.36 (KHTML, like Gecko; compatible; bingbot/2.0; +http://www.bing.com/bingbot.htm) Chrome/116.0.1938.76 Safari/537.36"
114.119.130.167 - - [30/Nov/2025:09:09:49 -0500] "GET /m202044429 HTTP/1.1" 200 6296 "https://iasolution.farm/sitemap543.xml" "Mozilla/5.0 (Linux; Android 7.0;) AppleWebKit/537.36 (KHTML, like Gecko) Mobile Safari/537.36 (compatible; PetalBot;+https://webmaster.petalsearch.com/site/petalbot)"
114.119.135.195 - - [30/Nov/2025:09:11:13 -0500] "GET /m202043545 HTTP/1.1" 200 6296 "https://iasolution.farm/sitemap510.xml" "Mozilla/5.0 (Linux; Android 7.0;) AppleWebKit/537.36 (KHTML, like Gecko) Mobile Safari/537.36 (compatible; PetalBot;+https://webmaster.petalsearch.com/site/petalbot)"
114.119.153.93 - - [30/Nov/2025:09:12:36 -0500] "GET /m202042281 HTTP/1.1" 200 6296 "https://iasolution.farm/sitemap706.xml" "Mozilla/5.0 (Linux; Android 7.0;) AppleWebKit/537.36 (KHTML, like Gecko) Mobile Safari/537.36 (compatible; PetalBot;+https://webmaster.petalsearch.com/site/petalbot)"
114.119.142.186 - - [30/Nov/2025:09:14:01 -0500] "GET /m202039293 HTTP/1.1" 200 6302 "https://iasolution.farm/sitemap580.xml" "Mozilla/5.0 (Linux; Android 7.0;) AppleWebKit/537.36 (KHTML, like Gecko) Mobile Safari/537.36 (compatible; PetalBot;+https://webmaster.petalsearch.com/site/petalbot)"
114.119.130.167 - - [30/Nov/2025:09:15:23 -0500] "GET /m202038857 HTTP/1.1" 200 6296 "https://iasolution.farm/sitemap580.xml" "Mozilla/5.0 (Linux; Android 7.0;) AppleWebKit/537.36 (KHTML, like Gecko) Mobile Safari/537.36 (compatible; PetalBot;+https://webmaster.petalsearch.com/site/petalbot)"
114.119.133.190 - - [30/Nov/2025:09:16:47 -0500] "GET /m202037921 HTTP/1.1" 200 6296 "https://iasolution.farm/sitemap706.xml" "Mozilla/5.0 (Linux; Android 7.0;) AppleWebKit/537.36 (KHTML, like Gecko) Mobile Safari/537.36 (compatible; PetalBot;+https://webmaster.petalsearch.com/site/petalbot)"
114.119.142.186 - - [30/Nov/2025:09:18:12 -0500] "GET /m202033857 HTTP/1.1" 200 6302 "https://iasolution.farm/sitemap510.xml" "Mozilla/5.0 (Linux; Android 7.0;) AppleWebKit/537.36 (KHTML, like Gecko) Mobile Safari/537.36 (compatible; PetalBot;+https://webmaster.petalsearch.com/site/petalbot)"
114.119.133.190 - - [30/Nov/2025:09:19:33 -0500] "GET /m202033763 HTTP/1.1" 200 6302 "https://iasolution.farm/sitemap543.xml" "Mozilla/5.0 (Linux; Android 7.0;) AppleWebKit/537.36 (KHTML, like Gecko) Mobile Safari/537.36 (compatible; PetalBot;+https://webmaster.petalsearch.com/site/petalbot)"
114.119.133.190 - - [30/Nov/2025:09:20:57 -0500] "GET /m202031223 HTTP/1.1" 200 6296 "https://iasolution.farm/sitemap580.xml" "Mozilla/5.0 (Linux; Android 7.0;) AppleWebKit/537.36 (KHTML, like Gecko) Mobile Safari/537.36 (compatible; PetalBot;+https://webmaster.petalsearch.com/site/petalbot)"
114.119.130.27 - - [30/Nov/2025:09:22:21 -0500] "GET /m202029271 HTTP/1.1" 200 6296 "https://iasolution.farm/sitemap510.xml" "Mozilla/5.0 (Linux; Android 7.0;) AppleWebKit/537.36 (KHTML, like Gecko) Mobile Safari/537.36 (compatible; PetalBot;+https://webmaster.petalsearch.com/site/petalbot)"
114.119.130.167 - - [30/Nov/2025:09:23:44 -0500] "GET /m202027351 HTTP/1.1" 200 6296 "https://iasolution.farm/sitemap543.xml" "Mozilla/5.0 (Linux; Android 7.0;) AppleWebKit/537.36 (KHTML, like Gecko) Mobile Safari/537.36 (compatible; PetalBot;+https://webmaster.petalsearch.com/site/petalbot)"
124.198.132.195 - - [30/Nov/2025:09:24:46 -0500] "POST / HTTP/1.1" 200 27587 "-" "Mozilla/5.0 (Windows NT 10.0; Win64; x64; rv:58.0) Gecko/20100101 Firefox/58.0"
114.119.132.76 - - [30/Nov/2025:09:25:08 -0500] "GET /m202021453 HTTP/1.1" 200 6296 "https://iasolution.farm/sitemap580.xml" "Mozilla/5.0 (Linux; Android 7.0;) AppleWebKit/537.36 (KHTML, like Gecko) Mobile Safari/537.36 (compatible; PetalBot;+https://webmaster.petalsearch.com/site/petalbot)"
114.119.130.27 - - [30/Nov/2025:09:26:31 -0500] "GET /m202021179 HTTP/1.1" 200 6302 "https://iasolution.farm/sitemap580.xml" "Mozilla/5.0 (Linux; Android 7.0;) AppleWebKit/537.36 (KHTML, like Gecko) Mobile Safari/537.36 (compatible; PetalBot;+https://webmaster.petalsearch.com/site/petalbot)"
114.119.132.76 - - [30/Nov/2025:09:27:56 -0500] "GET /m202019089 HTTP/1.1" 200 6296 "https://iasolution.farm/sitemap510.xml" "Mozilla/5.0 (Linux; Android 7.0;) AppleWebKit/537.36 (KHTML, like Gecko) Mobile Safari/537.36 (compatible; PetalBot;+https://webmaster.petalsearch.com/site/petalbot)"
114.119.133.190 - - [30/Nov/2025:09:29:18 -0500] "GET /m202018091 HTTP/1.1" 200 6302 "https://iasolution.farm/sitemap706.xml" "Mozilla/5.0 (Linux; Android 7.0;) AppleWebKit/537.36 (KHTML, like Gecko) Mobile Safari/537.36 (compatible; PetalBot;+https://webmaster.petalsearch.com/site/petalbot)"
114.119.142.186 - - [30/Nov/2025:09:30:42 -0500] "GET /m202014317 HTTP/1.1" 200 6296 "https://iasolution.farm/sitemap580.xml" "Mozilla/5.0 (Linux; Android 7.0;) AppleWebKit/537.36 (KHTML, like Gecko) Mobile Safari/537.36 (compatible; PetalBot;+https://webmaster.petalsearch.com/site/petalbot)"
66.249.70.66 - - [30/Nov/2025:09:31:07 -0500] "GET /m240029783?srsltid=AfmBOoMJUzmSkGadpE5n6q_NLlEtdd8rm_g8VijjwQ-I-t4IImZsaM HTTP/1.1" 200 19108 "-" "Mozilla/5.0 (compatible; Googlebot/2.1; +http://www.google.com/bot.html)"
114.119.142.126 - - [30/Nov/2025:09:32:06 -0500] "GET /m202013819 HTTP/1.1" 200 6296 "https://iasolution.farm/sitemap510.xml" "Mozilla/5.0 (Linux; Android 7.0;) AppleWebKit/537.36 (KHTML, like Gecko) Mobile Safari/537.36 (compatible; PetalBot;+https://webmaster.petalsearch.com/site/petalbot)"
114.119.135.195 - - [30/Nov/2025:09:33:29 -0500] "GET /m202013497 HTTP/1.1" 200 6296 "https://iasolution.farm/sitemap510.xml" "Mozilla/5.0 (Linux; Android 7.0;) AppleWebKit/537.36 (KHTML, like Gecko) Mobile Safari/537.36 (compatible; PetalBot;+https://webmaster.petalsearch.com/site/petalbot)"
66.249.70.66 - - [30/Nov/2025:09:33:59 -0500] "GET /detail883841728?kg=0882678006 HTTP/1.1" 200 18958 "-" "Mozilla/5.0 (Linux; Android 6.0.1; Nexus 5X Build/MMB29P) AppleWebKit/537.36 (KHTML, like Gecko) Chrome/141.0.7390.122 Mobile Safari/537.36 (compatible; Googlebot/2.1; +http://www.google.com/bot.html)"
114.119.132.76 - - [30/Nov/2025:09:34:53 -0500] "GET /m202013007 HTTP/1.1" 200 6296 "https://iasolution.farm/sitemap580.xml" "Mozilla/5.0 (Linux; Android 7.0;) AppleWebKit/537.36 (KHTML, like Gecko) Mobile Safari/537.36 (compatible; PetalBot;+https://webmaster.petalsearch.com/site/petalbot)"
114.119.142.126 - - [30/Nov/2025:09:36:16 -0500] "GET /m202010067 HTTP/1.1" 200 6296 "https://iasolution.farm/sitemap706.xml" "Mozilla/5.0 (Linux; Android 7.0;) AppleWebKit/537.36 (KHTML, like Gecko) Mobile Safari/537.36 (compatible; PetalBot;+https://webmaster.petalsearch.com/site/petalbot)"
114.119.130.27 - - [30/Nov/2025:09:37:40 -0500] "GET /m202009319 HTTP/1.1" 200 6296 "https://iasolution.farm/sitemap580.xml" "Mozilla/5.0 (Linux; Android 7.0;) AppleWebKit/537.36 (KHTML, like Gecko) Mobile Safari/537.36 (compatible; PetalBot;+https://webmaster.petalsearch.com/site/petalbot)"
114.119.135.195 - - [30/Nov/2025:09:39:03 -0500] "GET /m202008735 HTTP/1.1" 200 6296 "https://iasolution.farm/sitemap706.xml" "Mozilla/5.0 (Linux; Android 7.0;) AppleWebKit/537.36 (KHTML, like Gecko) Mobile Safari/537.36 (compatible; PetalBot;+https://webmaster.petalsearch.com/site/petalbot)"
114.119.130.167 - - [30/Nov/2025:09:40:29 -0500] "GET /m202008429 HTTP/1.1" 200 6296 "https://iasolution.farm/sitemap510.xml" "Mozilla/5.0 (Linux; Android 7.0;) AppleWebKit/537.36 (KHTML, like Gecko) Mobile Safari/537.36 (compatible; PetalBot;+https://webmaster.petalsearch.com/site/petalbot)"
114.119.142.126 - - [30/Nov/2025:09:41:55 -0500] "GET /m202007577 HTTP/1.1" 200 6296 "https://iasolution.farm/sitemap706.xml" "Mozilla/5.0 (Linux; Android 7.0;) AppleWebKit/537.36 (KHTML, like Gecko) Mobile Safari/537.36 (compatible; PetalBot;+https://webmaster.petalsearch.com/site/petalbot)"
114.119.130.27 - - [30/Nov/2025:09:43:16 -0500] "GET /m202003549 HTTP/1.1" 200 6296 "https://iasolution.farm/sitemap706.xml" "Mozilla/5.0 (Linux; Android 7.0;) AppleWebKit/537.36 (KHTML, like Gecko) Mobile Safari/537.36 (compatible; PetalBot;+https://webmaster.petalsearch.com/site/petalbot)"
114.119.142.126 - - [30/Nov/2025:09:44:38 -0500] "GET /m202001411 HTTP/1.1" 200 6296 "https://iasolution.farm/sitemap543.xml" "Mozilla/5.0 (Linux; Android 7.0;) AppleWebKit/537.36 (KHTML, like Gecko) Mobile Safari/537.36 (compatible; PetalBot;+https://webmaster.petalsearch.com/site/petalbot)"
114.119.142.126 - - [30/Nov/2025:09:46:03 -0500] "GET /m202000603 HTTP/1.1" 200 6296 "https://iasolution.farm/sitemap543.xml" "Mozilla/5.0 (Linux; Android 7.0;) AppleWebKit/537.36 (KHTML, like Gecko) Mobile Safari/537.36 (compatible; PetalBot;+https://webmaster.petalsearch.com/site/petalbot)"
114.119.142.126 - - [30/Nov/2025:09:47:25 -0500] "GET /m201046516 HTTP/1.1" 200 6296 "https://iasolution.farm/sitemap510.xml" "Mozilla/5.0 (Linux; Android 7.0;) AppleWebKit/537.36 (KHTML, like Gecko) Mobile Safari/537.36 (compatible; PetalBot;+https://webmaster.petalsearch.com/site/petalbot)"
114.119.130.27 - - [30/Nov/2025:09:48:49 -0500] "GET /m201043486 HTTP/1.1" 200 6296 "https://iasolution.farm/sitemap543.xml" "Mozilla/5.0 (Linux; Android 7.0;) AppleWebKit/537.36 (KHTML, like Gecko) Mobile Safari/537.36 (compatible; PetalBot;+https://webmaster.petalsearch.com/site/petalbot)"
114.119.135.195 - - [30/Nov/2025:09:50:18 -0500] "GET /m201037300 HTTP/1.1" 200 6296 "https://iasolution.farm/sitemap580.xml" "Mozilla/5.0 (Linux; Android 7.0;) AppleWebKit/537.36 (KHTML, like Gecko) Mobile Safari/537.36 (compatible; PetalBot;+https://webmaster.petalsearch.com/site/petalbot)"
114.119.135.195 - - [30/Nov/2025:09:51:38 -0500] "GET /m201032476 HTTP/1.1" 200 6296 "https://iasolution.farm/sitemap706.xml" "Mozilla/5.0 (Linux; Android 7.0;) AppleWebKit/537.36 (KHTML, like Gecko) Mobile Safari/537.36 (compatible; PetalBot;+https://webmaster.petalsearch.com/site/petalbot)"
114.119.130.167 - - [30/Nov/2025:09:53:00 -0500] "GET /m201030526 HTTP/1.1" 200 6302 "https://iasolution.farm/sitemap706.xml" "Mozilla/5.0 (Linux; Android 7.0;) AppleWebKit/537.36 (KHTML, like Gecko) Mobile Safari/537.36 (compatible; PetalBot;+https://webmaster.petalsearch.com/site/petalbot)"
114.119.130.27 - - [30/Nov/2025:09:54:24 -0500] "GET /m201029650 HTTP/1.1" 200 6296 "https://iasolution.farm/sitemap510.xml" "Mozilla/5.0 (Linux; Android 7.0;) AppleWebKit/537.36 (KHTML, like Gecko) Mobile Safari/537.36 (compatible; PetalBot;+https://webmaster.petalsearch.com/site/petalbot)"
