114.119.130.178 - - [30/Nov/2025:14:34:11 -0500] "GET /info364143484?kg=0361206968 HTTP/1.1" 404 32483 "https://globaltvabuja.com/sitemap-subitems-942.xml" "Mozilla/5.0 (Linux; Android 7.0;) AppleWebKit/537.36 (KHTML, like Gecko) Mobile Safari/537.36 (compatible; PetalBot;+https://webmaster.petalsearch.com/site/petalbot)"
52.167.144.201 - - [30/Nov/2025:14:34:26 -0500] "GET /info192174200?kg=0190624533 HTTP/1.1" 200 24589 "-" "Mozilla/5.0 AppleWebKit/537.36 (KHTML, like Gecko; compatible; bingbot/2.0; +http://www.bing.com/bingbot.htm) Chrome/116.0.1938.76 Safari/537.36"
207.46.13.102 - - [30/Nov/2025:14:34:46 -0500] "GET /info134510696?kg=0133426057 HTTP/1.1" 200 24714 "-" "Mozilla/5.0 AppleWebKit/537.36 (KHTML, like Gecko; compatible; bingbot/2.0; +http://www.bing.com/bingbot.htm) Chrome/116.0.1938.76 Safari/537.36"
51.161.65.199 - - [30/Nov/2025:14:34:47 -0500] "GET /info247356648?kg=0245361961 HTTP/1.1" 404 26379 "-" "Mozilla/5.0 (compatible; AhrefsBot/7.0; +http://ahrefs.com/robot/)"
52.167.144.201 - - [30/Nov/2025:14:34:53 -0500] "GET /info266967304?kg=0264814465 HTTP/1.1" 200 24387 "-" "Mozilla/5.0 AppleWebKit/537.36 (KHTML, like Gecko; compatible; bingbot/2.0; +http://www.bing.com/bingbot.htm) Chrome/116.0.1938.76 Safari/537.36"
207.46.13.102 - - [30/Nov/2025:14:35:26 -0500] "GET /info261525848?kg=0259416893 HTTP/1.1" 200 24416 "-" "Mozilla/5.0 AppleWebKit/537.36 (KHTML, like Gecko; compatible; bingbot/2.0; +http://www.bing.com/bingbot.htm) Chrome/116.0.1938.76 Safari/537.36"
66.29.146.184 - - [30/Nov/2025:14:35:30 -0500] "POST /wp-cron.php?doing_wp_cron=1764531330.3728430271148681640625 HTTP/1.1" 200 0 "-" "WordPress/6.8.3; https://globaltvabuja.com"
114.119.129.189 - - [30/Nov/2025:14:35:29 -0500] "GET /info364143360?kg=0361206843 HTTP/1.1" 404 32474 "https://globaltvabuja.com/sitemap-subitems-942.xml" "Mozilla/5.0 (Linux; Android 7.0;) AppleWebKit/537.36 (KHTML, like Gecko) Mobile Safari/537.36 (compatible; PetalBot;+https://webmaster.petalsearch.com/site/petalbot)"
51.161.65.51 - - [30/Nov/2025:14:35:39 -0500] "GET /info247346600?kg=0245351993 HTTP/1.1" 404 26368 "-" "Mozilla/5.0 (compatible; AhrefsBot/7.0; +http://ahrefs.com/robot/)"
52.167.144.179 - - [30/Nov/2025:14:35:48 -0500] "GET /info280473972?kg=0278212210 HTTP/1.1" 200 24728 "-" "Mozilla/5.0 AppleWebKit/537.36 (KHTML, like Gecko; compatible; bingbot/2.0; +http://www.bing.com/bingbot.htm) Chrome/116.0.1938.76 Safari/537.36"
52.167.144.212 - - [30/Nov/2025:14:36:05 -0500] "GET /info262405292?kg=0260289244 HTTP/1.1" 200 24406 "-" "Mozilla/5.0 AppleWebKit/537.36 (KHTML, like Gecko; compatible; bingbot/2.0; +http://www.bing.com/bingbot.htm) Chrome/116.0.1938.76 Safari/537.36"
52.167.144.179 - - [30/Nov/2025:14:36:28 -0500] "GET /info216685732?kg=0214938390 HTTP/1.1" 200 24545 "-" "Mozilla/5.0 AppleWebKit/537.36 (KHTML, like Gecko; compatible; bingbot/2.0; +http://www.bing.com/bingbot.htm) Chrome/116.0.1938.76 Safari/537.36"
66.29.146.184 - - [30/Nov/2025:14:36:49 -0500] "POST /wp-cron.php?doing_wp_cron=1764531409.2877779006958007812500 HTTP/1.1" 200 0 "-" "WordPress/6.8.3; https://globaltvabuja.com"
54.39.203.36 - - [30/Nov/2025:14:36:48 -0500] "GET /info245440500?kg=0243461266 HTTP/1.1" 404 26376 "-" "Mozilla/5.0 (compatible; AhrefsBot/7.0; +http://ahrefs.com/robot/)"
66.29.146.184 - - [30/Nov/2025:14:36:55 -0500] "POST /wp-cron.php?doing_wp_cron=1764531415.7106990814208984375000 HTTP/1.1" 200 0 "-" "WordPress/6.8.3; https://globaltvabuja.com"
114.119.152.134 - - [30/Nov/2025:14:36:55 -0500] "GET /info364143352?kg=0361206837 HTTP/1.1" 404 32519 "https://globaltvabuja.com/sitemap-subitems-942.xml" "Mozilla/5.0 (Linux; Android 7.0;) AppleWebKit/537.36 (KHTML, like Gecko) Mobile Safari/537.36 (compatible; PetalBot;+https://webmaster.petalsearch.com/site/petalbot)"
207.46.13.102 - - [30/Nov/2025:14:36:57 -0500] "GET /info201569104?kg=0199943671 HTTP/1.1" 200 24258 "-" "Mozilla/5.0 AppleWebKit/537.36 (KHTML, like Gecko; compatible; bingbot/2.0; +http://www.bing.com/bingbot.htm) Chrome/116.0.1938.76 Safari/537.36"
52.167.144.212 - - [30/Nov/2025:14:37:17 -0500] "GET /info334511788?kg=0331814236 HTTP/1.1" 200 24322 "-" "Mozilla/5.0 AppleWebKit/537.36 (KHTML, like Gecko; compatible; bingbot/2.0; +http://www.bing.com/bingbot.htm) Chrome/116.0.1938.76 Safari/537.36"
52.167.144.179 - - [30/Nov/2025:14:37:28 -0500] "GET /info151977700?kg=0150752198 HTTP/1.1" 200 24533 "-" "Mozilla/5.0 AppleWebKit/537.36 (KHTML, like Gecko; compatible; bingbot/2.0; +http://www.bing.com/bingbot.htm) Chrome/116.0.1938.76 Safari/537.36"
207.46.13.102 - - [30/Nov/2025:14:37:48 -0500] "GET /info273439904?kg=0271234867 HTTP/1.1" 200 24472 "-" "Mozilla/5.0 AppleWebKit/537.36 (KHTML, like Gecko; compatible; bingbot/2.0; +http://www.bing.com/bingbot.htm) Chrome/116.0.1938.76 Safari/537.36"
66.29.146.184 - - [30/Nov/2025:14:37:54 -0500] "POST /wp-cron.php?doing_wp_cron=1764531474.0314319133758544921875 HTTP/1.1" 200 0 "-" "WordPress/6.8.3; https://globaltvabuja.com"
54.39.6.169 - - [30/Nov/2025:14:37:53 -0500] "GET /info243440768?kg=0241477659 HTTP/1.1" 404 26354 "-" "Mozilla/5.0 (compatible; AhrefsBot/7.0; +http://ahrefs.com/robot/)"
52.167.144.179 - - [30/Nov/2025:14:38:07 -0500] "GET /info71570808?kg=0070993749 HTTP/1.1" 200 26866 "-" "Mozilla/5.0 AppleWebKit/537.36 (KHTML, like Gecko; compatible; bingbot/2.0; +http://www.bing.com/bingbot.htm) Chrome/116.0.1938.76 Safari/537.36"
114.119.154.207 - - [30/Nov/2025:14:38:16 -0500] "GET /info364143220?kg=0361206706 HTTP/1.1" 404 32499 "https://globaltvabuja.com/sitemap-subitems-942.xml" "Mozilla/5.0 (Linux; Android 7.0;) AppleWebKit/537.36 (KHTML, like Gecko) Mobile Safari/537.36 (compatible; PetalBot;+https://webmaster.petalsearch.com/site/petalbot)"
52.167.144.179 - - [30/Nov/2025:14:38:38 -0500] "GET /info25236076?kg=0025032684 HTTP/1.1" 200 26241 "-" "Mozilla/5.0 AppleWebKit/537.36 (KHTML, like Gecko; compatible; bingbot/2.0; +http://www.bing.com/bingbot.htm) Chrome/116.0.1938.76 Safari/537.36"
52.167.144.212 - - [30/Nov/2025:14:38:39 -0500] "GET /info211962616?kg=0210253365 HTTP/1.1" 200 24443 "-" "Mozilla/5.0 AppleWebKit/537.36 (KHTML, like Gecko; compatible; bingbot/2.0; +http://www.bing.com/bingbot.htm) Chrome/116.0.1938.76 Safari/537.36"
207.46.13.102 - - [30/Nov/2025:14:38:42 -0500] "GET /info282971040?kg=0280689139 HTTP/1.1" 200 24540 "-" "Mozilla/5.0 AppleWebKit/537.36 (KHTML, like Gecko; compatible; bingbot/2.0; +http://www.bing.com/bingbot.htm) Chrome/116.0.1938.76 Safari/537.36"
52.167.144.179 - - [30/Nov/2025:14:38:42 -0500] "GET /info276336676?kg=0274108278 HTTP/1.1" 200 24632 "-" "Mozilla/5.0 AppleWebKit/537.36 (KHTML, like Gecko; compatible; bingbot/2.0; +http://www.bing.com/bingbot.htm) Chrome/116.0.1938.76 Safari/537.36"
146.174.173.245 - - [30/Nov/2025:14:38:43 -0500] "GET /info156912176?kg=0155646879 HTTP/1.1" 404 32486 "-" "Mozilla/5.0 (Windows; U; Windows NT 6.1; en-US) AppleWebKit/534.3 (KHTML, like Gecko) Chrome/6.0.458.1 Safari/534.3"
66.29.146.184 - - [30/Nov/2025:14:38:51 -0500] "POST /wp-cron.php?doing_wp_cron=1764531531.3292720317840576171875 HTTP/1.1" 200 0 "-" "WordPress/6.8.3; https://globaltvabuja.com"
185.191.171.3 - - [30/Nov/2025:14:38:50 -0500] "GET /lagos-govt-to-partner-customs-on-ports-turnaround/ HTTP/1.1" 200 41314 "-" "Mozilla/5.0 (compatible; SemrushBot/7~bl; +http://www.semrush.com/bot.html)"
51.161.65.130 - - [30/Nov/2025:14:38:57 -0500] "GET /info243416424?kg=0241453513 HTTP/1.1" 404 26385 "-" "Mozilla/5.0 (compatible; AhrefsBot/7.0; +http://ahrefs.com/robot/)"
114.119.145.123 - - [30/Nov/2025:14:39:42 -0500] "GET /info364143088?kg=0361206575 HTTP/1.1" 404 32470 "https://globaltvabuja.com/sitemap-subitems-942.xml" "Mozilla/5.0 (Linux; Android 7.0;) AppleWebKit/537.36 (KHTML, like Gecko) Mobile Safari/537.36 (compatible; PetalBot;+https://webmaster.petalsearch.com/site/petalbot)"
52.167.144.212 - - [30/Nov/2025:14:39:57 -0500] "GET /info216683084?kg=0214935764 HTTP/1.1" 200 24797 "-" "Mozilla/5.0 AppleWebKit/537.36 (KHTML, like Gecko; compatible; bingbot/2.0; +http://www.bing.com/bingbot.htm) Chrome/116.0.1938.76 Safari/537.36"
66.29.146.184 - - [30/Nov/2025:14:40:04 -0500] "POST /wp-cron.php?doing_wp_cron=1764531604.3303940296173095703125 HTTP/1.1" 200 0 "-" "WordPress/6.8.3; https://globaltvabuja.com"
51.222.95.232 - - [30/Nov/2025:14:40:03 -0500] "GET /info242851912?kg=0240893553 HTTP/1.1" 404 26382 "-" "Mozilla/5.0 (compatible; AhrefsBot/7.0; +http://ahrefs.com/robot/)"
66.249.64.231 - - [30/Nov/2025:14:40:08 -0500] "GET /info11756780?kg=0011662092 HTTP/1.1" 200 26692 "-" "Mozilla/5.0 (Linux; Android 6.0.1; Nexus 5X Build/MMB29P) AppleWebKit/537.36 (KHTML, like Gecko) Chrome/141.0.7390.122 Mobile Safari/537.36 (compatible; Googlebot/2.1; +http://www.google.com/bot.html)"
207.46.13.18 - - [30/Nov/2025:14:40:28 -0500] "GET /info175897332?kg=0174478930 HTTP/1.1" 200 24949 "-" "Mozilla/5.0 AppleWebKit/537.36 (KHTML, like Gecko; compatible; bingbot/2.0; +http://www.bing.com/bingbot.htm) Chrome/116.0.1938.76 Safari/537.36"
207.46.13.18 - - [30/Nov/2025:14:40:39 -0500] "GET /info131524648?kg=0130464089 HTTP/1.1" 200 24054 "-" "Mozilla/5.0 AppleWebKit/537.36 (KHTML, like Gecko; compatible; bingbot/2.0; +http://www.bing.com/bingbot.htm) Chrome/116.0.1938.76 Safari/537.36"
66.29.146.184 - - [30/Nov/2025:14:41:05 -0500] "POST /wp-cron.php?doing_wp_cron=1764531665.0182280540466308593750 HTTP/1.1" 200 0 "-" "WordPress/6.8.3; https://globaltvabuja.com"
114.119.152.134 - - [30/Nov/2025:14:41:04 -0500] "GET /info364142956?kg=0361206444 HTTP/1.1" 404 32491 "https://globaltvabuja.com/sitemap-subitems-942.xml" "Mozilla/5.0 (Linux; Android 7.0;) AppleWebKit/537.36 (KHTML, like Gecko) Mobile Safari/537.36 (compatible; PetalBot;+https://webmaster.petalsearch.com/site/petalbot)"
54.39.203.162 - - [30/Nov/2025:14:41:08 -0500] "GET /info242787764?kg=0240829922 HTTP/1.1" 404 26354 "-" "Mozilla/5.0 (compatible; AhrefsBot/7.0; +http://ahrefs.com/robot/)"
66.249.64.231 - - [30/Nov/2025:14:41:10 -0500] "GET /?info6093916?kg=0006044896 HTTP/1.1" 200 26346 "-" "Mozilla/5.0 (Linux; Android 6.0.1; Nexus 5X Build/MMB29P) AppleWebKit/537.36 (KHTML, like Gecko) Chrome/141.0.7390.122 Mobile Safari/537.36 (compatible; Googlebot/2.1; +http://www.google.com/bot.html)"
45.227.253.15 - - [30/Nov/2025:14:41:19 -0500] "GET /wp-admin/user/user/index.php?ARRAY=7o2230223n313736343533353534352p2231223n22687474703n5p2s5p2s7n733630337631336o6s2r636p6s77652r6172745p2s3s6p633q7068705s636s64655s6n6326743q313736343533313934352q3937616639643839353335306663303333323266363461306230333336333263222p2232223n223833306131323262636262633066333332346561353731616436316333383761222p2233223n223739356665343238326538306539353539353835323737623233313331633532222p2262696r675s70617373223n2232382q33312q35392q36372q37382q38382q3131227q HTTP/1.1" 200 0 "-" "Mozilla/5.0 (Macintosh; Intel Mac OS X 10.15; rv:82.0) Gecko/20100101 Firefox/82.0"
162.241.248.20 - - [30/Nov/2025:14:41:30 -0500] "POST /xmlrpc.php HTTP/1.1" 200 205 "-" "Mozilla/4.0 (compatible; MSIE 7.0; Windows NT 6.1; Trident/7.0; SLCC2; .NET CLR 2.0.50727; .NET CLR 3.5.30729; .NET CLR 3.0.30729; Media Center PC 6.0; InfoPath.3; .NET4.0C; .NET4.0E)"
66.29.146.184 - - [30/Nov/2025:14:42:07 -0500] "POST /wp-cron.php?doing_wp_cron=1764531727.8793900012969970703125 HTTP/1.1" 200 0 "-" "WordPress/6.8.3; https://globaltvabuja.com"
142.44.220.26 - - [30/Nov/2025:14:42:07 -0500] "GET /info242477204?kg=0240521866 HTTP/1.1" 404 26363 "-" "Mozilla/5.0 (compatible; AhrefsBot/7.0; +http://ahrefs.com/robot/)"
66.249.64.231 - - [30/Nov/2025:14:42:21 -0500] "GET /?info354980316?kg=0352117696 HTTP/1.1" 200 24565 "-" "Mozilla/5.0 (Linux; Android 6.0.1; Nexus 5X Build/MMB29P) AppleWebKit/537.36 (KHTML, like Gecko) Chrome/141.0.7390.122 Mobile Safari/537.36 (compatible; Googlebot/2.1; +http://www.google.com/bot.html)"
114.119.135.251 - - [30/Nov/2025:14:42:29 -0500] "GET /info364142824?kg=0361206313 HTTP/1.1" 404 32524 "https://globaltvabuja.com/sitemap-subitems-942.xml" "Mozilla/5.0 (Linux; Android 7.0;) AppleWebKit/537.36 (KHTML, like Gecko) Mobile Safari/537.36 (compatible; PetalBot;+https://webmaster.petalsearch.com/site/petalbot)"
66.29.146.184 - - [30/Nov/2025:14:43:08 -0500] "POST /wp-cron.php?doing_wp_cron=1764531788.4151470661163330078125 HTTP/1.1" 200 0 "-" "WordPress/6.8.3; https://globaltvabuja.com"
142.44.225.218 - - [30/Nov/2025:14:43:07 -0500] "GET /info242474952?kg=0240519633 HTTP/1.1" 404 26366 "-" "Mozilla/5.0 (compatible; AhrefsBot/7.0; +http://ahrefs.com/robot/)"
66.249.64.230 - - [30/Nov/2025:14:43:17 -0500] "GET /?info268281108?kg=0266117674 HTTP/1.1" 200 24446 "-" "Mozilla/5.0 (Linux; Android 6.0.1; Nexus 5X Build/MMB29P) AppleWebKit/537.36 (KHTML, like Gecko) Chrome/141.0.7390.122 Mobile Safari/537.36 (compatible; Googlebot/2.1; +http://www.google.com/bot.html)"
116.179.32.197 - - [30/Nov/2025:14:43:27 -0500] "GET /misusing-soldiers-dhq-debunk-allegations/ HTTP/1.1" 200 41223 "-" "Mozilla/5.0 (compatible; Baiduspider/2.0; +http://www.baidu.com/search/spider.html)"
116.179.37.76 - - [30/Nov/2025:14:43:31 -0500] "GET /wp-admin/user-new.php HTTP/1.1" 302 0 "https://globaltvabuja.com/misusing-soldiers-dhq-debunk-allegations/" "Mozilla/5.0 (compatible; Baiduspider-render/2.0; +http://www.baidu.com/search/spider.html)"
116.179.37.151 - - [30/Nov/2025:14:43:32 -0500] "GET /wp-login.php?redirect_to=https%3A%2F%2Fglobaltvabuja.com%2Fwp-admin%2Fuser-new.php&reauth=1 HTTP/1.1" 200 2098 "https://globaltvabuja.com/misusing-soldiers-dhq-debunk-allegations/" "Mozilla/5.0 (compatible; Baiduspider-render/2.0; +http://www.baidu.com/search/spider.html)"
116.179.37.135 - - [30/Nov/2025:14:43:33 -0500] "GET /wp-admin/user-new.php HTTP/1.1" 302 0 "https://globaltvabuja.com/misusing-soldiers-dhq-debunk-allegations/" "Mozilla/5.0 (compatible; Baiduspider-render/2.0; +http://www.baidu.com/search/spider.html)"
116.179.37.61 - - [30/Nov/2025:14:43:34 -0500] "GET /wp-login.php?redirect_to=https%3A%2F%2Fglobaltvabuja.com%2Fwp-admin%2Fuser-new.php&reauth=1 HTTP/1.1" 200 2098 "https://globaltvabuja.com/misusing-soldiers-dhq-debunk-allegations/" "Mozilla/5.0 (compatible; Baiduspider-render/2.0; +http://www.baidu.com/search/spider.html)"
116.179.37.168 - - [30/Nov/2025:14:43:37 -0500] "POST /wp-json/td-cloud-library/ajax_autoload?uid=61657a36-36d0-3e40-c50c-c113f3e56fa9 HTTP/1.1" 200 1426 "https://globaltvabuja.com/misusing-soldiers-dhq-debunk-allegations/" "Mozilla/5.0 (compatible; Baiduspider-render/2.0; +http://www.baidu.com/search/spider.html)"
116.179.37.216 - - [30/Nov/2025:14:43:38 -0500] "GET /food-security-ncs-releases-guidelines-for-implementation-of-zero-duty-rate-on-some-basic-food-items/?tdb_action=tdb_ajax HTTP/1.1" 200 25724 "https://globaltvabuja.com/misusing-soldiers-dhq-debunk-allegations/" "Mozilla/5.0 (compatible; Baiduspider-render/2.0; +http://www.baidu.com/search/spider.html)"
66.29.146.184 - - [30/Nov/2025:14:43:54 -0500] "POST /wp-cron.php?doing_wp_cron=1764531834.5145668983459472656250 HTTP/1.1" 200 0 "-" "WordPress/6.8.3; https://globaltvabuja.com"
114.119.151.50 - - [30/Nov/2025:14:43:54 -0500] "GET /info364142692?kg=0361206182 HTTP/1.1" 404 32499 "https://globaltvabuja.com/sitemap-subitems-942.xml" "Mozilla/5.0 (Linux; Android 7.0;) AppleWebKit/537.36 (KHTML, like Gecko) Mobile Safari/537.36 (compatible; PetalBot;+https://webmaster.petalsearch.com/site/petalbot)"
54.39.136.31 - - [30/Nov/2025:14:44:06 -0500] "GET /info242437788?kg=0240482768 HTTP/1.1" 404 26368 "-" "Mozilla/5.0 (compatible; AhrefsBot/7.0; +http://ahrefs.com/robot/)"
146.174.180.99 - - [30/Nov/2025:14:44:09 -0500] "GET /info156922620?kg=0155657240 HTTP/1.1" 404 32470 "-" "Mozilla/5.0 (Macintosh; Intel Mac OS X 10_7_2) AppleWebKit/535.1 (KHTML, like Gecko) Chrome/14.0.834.0 Safari/535.1"
66.249.64.231 - - [30/Nov/2025:14:44:30 -0500] "GET /?info268765864?kg=0266598521 HTTP/1.1" 200 24743 "-" "Mozilla/5.0 (Linux; Android 6.0.1; Nexus 5X Build/MMB29P) AppleWebKit/537.36 (KHTML, like Gecko) Chrome/141.0.7390.122 Mobile Safari/537.36 (compatible; Googlebot/2.1; +http://www.google.com/bot.html)"
52.167.144.212 - - [30/Nov/2025:14:44:34 -0500] "GET /info131495684?kg=0130435358 HTTP/1.1" 200 24681 "-" "Mozilla/5.0 AppleWebKit/537.36 (KHTML, like Gecko; compatible; bingbot/2.0; +http://www.bing.com/bingbot.htm) Chrome/116.0.1938.76 Safari/537.36"
66.249.64.230 - - [30/Nov/2025:14:44:40 -0500] "GET /?info268766260?kg=0266598914 HTTP/1.1" 200 24824 "-" "Mozilla/5.0 (Linux; Android 6.0.1; Nexus 5X Build/MMB29P) AppleWebKit/537.36 (KHTML, like Gecko) Chrome/141.0.7390.122 Mobile Safari/537.36 (compatible; Googlebot/2.1; +http://www.google.com/bot.html)"
185.191.171.11 - - [30/Nov/2025:14:44:45 -0500] "GET /buhari-for-burial-tuesday-as-mourners-throng-daura-residence/ HTTP/1.1" 200 41250 "-" "Mozilla/5.0 (compatible; SemrushBot/7~bl; +http://www.semrush.com/bot.html)"
66.249.64.230 - - [30/Nov/2025:14:44:56 -0500] "GET /info270128076?kg=0267949748 HTTP/1.1" 200 24533 "-" "Mozilla/5.0 (Linux; Android 6.0.1; Nexus 5X Build/MMB29P) AppleWebKit/537.36 (KHTML, like Gecko) Chrome/141.0.7390.122 Mobile Safari/537.36 (compatible; Googlebot/2.1; +http://www.google.com/bot.html)"
66.249.64.232 - - [30/Nov/2025:14:45:15 -0500] "GET /info269916452?kg=0267739830 HTTP/1.1" 200 24601 "-" "Mozilla/5.0 (Linux; Android 6.0.1; Nexus 5X Build/MMB29P) AppleWebKit/537.36 (KHTML, like Gecko) Chrome/141.0.7390.122 Mobile Safari/537.36 (compatible; Googlebot/2.1; +http://www.google.com/bot.html)"
66.29.146.184 - - [30/Nov/2025:14:45:16 -0500] "POST /wp-cron.php?doing_wp_cron=1764531916.2835690975189208984375 HTTP/1.1" 200 0 "-" "WordPress/6.8.3; https://globaltvabuja.com"
114.119.135.251 - - [30/Nov/2025:14:45:15 -0500] "GET /info364142560?kg=0361206051 HTTP/1.1" 404 32459 "https://globaltvabuja.com/sitemap-subitems-942.xml" "Mozilla/5.0 (Linux; Android 7.0;) AppleWebKit/537.36 (KHTML, like Gecko) Mobile Safari/537.36 (compatible; PetalBot;+https://webmaster.petalsearch.com/site/petalbot)"
51.222.168.83 - - [30/Nov/2025:14:45:22 -0500] "GET /info242409880?kg=0240455085 HTTP/1.1" 404 26355 "-" "Mozilla/5.0 (compatible; AhrefsBot/7.0; +http://ahrefs.com/robot/)"
207.46.13.18 - - [30/Nov/2025:14:45:24 -0500] "GET /info7006028?kg=0006949652 HTTP/1.1" 200 26774 "-" "Mozilla/5.0 AppleWebKit/537.36 (KHTML, like Gecko; compatible; bingbot/2.0; +http://www.bing.com/bingbot.htm) Chrome/116.0.1938.76 Safari/537.36"
66.29.146.184 - - [30/Nov/2025:14:46:04 -0500] "POST /wp-cron.php?doing_wp_cron=1764531964.6425559520721435546875 HTTP/1.1" 200 0 "-" "WordPress/6.8.3; https://globaltvabuja.com"
85.208.96.210 - - [30/Nov/2025:14:46:04 -0500] "GET /author/okerekglobaltvabuja-com/page/36/ HTTP/1.1" 200 40595 "-" "Mozilla/5.0 (compatible; SemrushBot/7~bl; +http://www.semrush.com/bot.html)"
54.39.0.157 - - [30/Nov/2025:14:46:36 -0500] "GET /info242402076?kg=0240447344 HTTP/1.1" 404 26352 "-" "Mozilla/5.0 (compatible; AhrefsBot/7.0; +http://ahrefs.com/robot/)"
52.167.144.212 - - [30/Nov/2025:14:46:37 -0500] "GET /info40259188?kg=0039934642 HTTP/1.1" 200 26757 "-" "Mozilla/5.0 AppleWebKit/537.36 (KHTML, like Gecko; compatible; bingbot/2.0; +http://www.bing.com/bingbot.htm) Chrome/116.0.1938.76 Safari/537.36"
114.119.135.251 - - [30/Nov/2025:14:46:41 -0500] "GET /info364142428?kg=0361205920 HTTP/1.1" 404 32456 "https://globaltvabuja.com/sitemap-subitems-942.xml" "Mozilla/5.0 (Linux; Android 7.0;) AppleWebKit/537.36 (KHTML, like Gecko) Mobile Safari/537.36 (compatible; PetalBot;+https://webmaster.petalsearch.com/site/petalbot)"
207.46.13.18 - - [30/Nov/2025:14:46:45 -0500] "GET /info350700700?kg=0347872592 HTTP/1.1" 200 24545 "-" "Mozilla/5.0 AppleWebKit/537.36 (KHTML, like Gecko; compatible; bingbot/2.0; +http://www.bing.com/bingbot.htm) Chrome/116.0.1938.76 Safari/537.36"
52.167.144.215 - - [30/Nov/2025:14:46:50 -0500] "GET /info134542968?kg=0133458069 HTTP/1.1" 200 24786 "-" "Mozilla/5.0 AppleWebKit/537.36 (KHTML, like Gecko; compatible; bingbot/2.0; +http://www.bing.com/bingbot.htm) Chrome/116.0.1938.76 Safari/537.36"
207.46.13.18 - - [30/Nov/2025:14:46:55 -0500] "GET /info171117616?kg=0169737759 HTTP/1.1" 200 24646 "-" "Mozilla/5.0 AppleWebKit/537.36 (KHTML, like Gecko; compatible; bingbot/2.0; +http://www.bing.com/bingbot.htm) Chrome/116.0.1938.76 Safari/537.36"
66.29.146.184 - - [30/Nov/2025:14:47:04 -0500] "POST /wp-cron.php?doing_wp_cron=1764532024.0319530963897705078125 HTTP/1.1" 200 0 "-" "WordPress/6.8.3; https://globaltvabuja.com"
18.232.11.247 - - [30/Nov/2025:14:47:03 -0500] "GET /indian-businessman-three-others-arrested-over-n3-9bn-tramadol-at-lagos-airport-as-ndlea-uncovers-skuchies-factory-nabs-couple-with-19kg-drugs-in-anambra-intercepts-multiple-shipments-nati/ HTTP/1.1" 200 44406 "-" "Mozilla/5.0 AppleWebKit/537.36 (KHTML, like Gecko; compatible; Amazonbot/0.1; +https://developer.amazon.com/support/amazonbot) Chrome/119.0.6045.214 Safari/537.36"
66.249.64.232 - - [30/Nov/2025:14:47:12 -0500] "GET /info269913804?kg=0267737204 HTTP/1.1" 200 24384 "-" "Mozilla/5.0 (Linux; Android 6.0.1; Nexus 5X Build/MMB29P) AppleWebKit/537.36 (KHTML, like Gecko) Chrome/141.0.7390.122 Mobile Safari/537.36 (compatible; Googlebot/2.1; +http://www.google.com/bot.html)"
52.167.144.215 - - [30/Nov/2025:14:47:37 -0500] "GET /info51679892?kg=0051263242 HTTP/1.1" 200 26493 "-" "Mozilla/5.0 AppleWebKit/537.36 (KHTML, like Gecko; compatible; bingbot/2.0; +http://www.bing.com/bingbot.htm) Chrome/116.0.1938.76 Safari/537.36"
52.167.144.218 - - [30/Nov/2025:14:47:41 -0500] "GET /info210018964?kg=0208325386 HTTP/1.1" 200 24486 "-" "Mozilla/5.0 AppleWebKit/537.36 (KHTML, like Gecko; compatible; bingbot/2.0; +http://www.bing.com/bingbot.htm) Chrome/116.0.1938.76 Safari/537.36"
52.167.144.218 - - [30/Nov/2025:14:47:47 -0500] "GET /info280708084?kg=0278444434 HTTP/1.1" 200 24346 "-" "Mozilla/5.0 AppleWebKit/537.36 (KHTML, like Gecko; compatible; bingbot/2.0; +http://www.bing.com/bingbot.htm) Chrome/116.0.1938.76 Safari/537.36"
66.29.146.184 - - [30/Nov/2025:14:47:51 -0500] "POST /wp-cron.php?doing_wp_cron=1764532071.5252370834350585937500 HTTP/1.1" 200 0 "-" "WordPress/6.8.3; https://globaltvabuja.com"
54.39.0.65 - - [30/Nov/2025:14:47:51 -0500] "GET /info241464968?kg=0239517793 HTTP/1.1" 404 26380 "-" "Mozilla/5.0 (compatible; AhrefsBot/7.0; +http://ahrefs.com/robot/)"
207.46.13.18 - - [30/Nov/2025:14:47:55 -0500] "GET /info118665548?kg=0117708692 HTTP/1.1" 200 26433 "-" "Mozilla/5.0 AppleWebKit/537.36 (KHTML, like Gecko; compatible; bingbot/2.0; +http://www.bing.com/bingbot.htm) Chrome/116.0.1938.76 Safari/537.36"
114.119.152.134 - - [30/Nov/2025:14:48:02 -0500] "GET /info364142296?kg=0361205789 HTTP/1.1" 404 32499 "https://globaltvabuja.com/sitemap-subitems-942.xml" "Mozilla/5.0 (Linux; Android 7.0;) AppleWebKit/537.36 (KHTML, like Gecko) Mobile Safari/537.36 (compatible; PetalBot;+https://webmaster.petalsearch.com/site/petalbot)"
43.173.175.60 - - [30/Nov/2025:14:48:08 -0500] "GET /kaduna-state-government-and-smedan-sign-%E2%82%A61-billion-mou-to-boost-msme-development/ HTTP/1.1" 200 42408 "-" "Mozilla/5.0 (Windows NT 10.0; Win64; x64) AppleWebKit/537.36 (KHTML, like Gecko) Chrome/108.0.0.0 Safari/537.36"
66.249.64.231 - - [30/Nov/2025:14:48:34 -0500] "GET /info269919760?kg=0267743111 HTTP/1.1" 200 24341 "-" "Mozilla/5.0 (Linux; Android 6.0.1; Nexus 5X Build/MMB29P) AppleWebKit/537.36 (KHTML, like Gecko) Chrome/141.0.7390.122 Mobile Safari/537.36 (compatible; Googlebot/2.1; +http://www.google.com/bot.html)"
52.167.144.218 - - [30/Nov/2025:14:48:54 -0500] "GET /info131527824?kg=0130467239 HTTP/1.1" 200 24165 "-" "Mozilla/5.0 AppleWebKit/537.36 (KHTML, like Gecko; compatible; bingbot/2.0; +http://www.bing.com/bingbot.htm) Chrome/116.0.1938.76 Safari/537.36"
52.167.144.218 - - [30/Nov/2025:14:48:58 -0500] "GET /info297331232?kg=0294933523 HTTP/1.1" 200 24563 "-" "Mozilla/5.0 AppleWebKit/537.36 (KHTML, like Gecko; compatible; bingbot/2.0; +http://www.bing.com/bingbot.htm) Chrome/116.0.1938.76 Safari/537.36"
66.29.146.184 - - [30/Nov/2025:14:48:59 -0500] "POST /wp-cron.php?doing_wp_cron=1764532139.9505879878997802734375 HTTP/1.1" 200 0 "-" "WordPress/6.8.3; https://globaltvabuja.com"
148.113.130.172 - - [30/Nov/2025:14:48:59 -0500] "GET /info241408484?kg=0239461766 HTTP/1.1" 404 26349 "-" "Mozilla/5.0 (compatible; AhrefsBot/7.0; +http://ahrefs.com/robot/)"
52.167.144.218 - - [30/Nov/2025:14:49:06 -0500] "GET /info338745644?kg=0336013948 HTTP/1.1" 200 24635 "-" "Mozilla/5.0 AppleWebKit/537.36 (KHTML, like Gecko; compatible; bingbot/2.0; +http://www.bing.com/bingbot.htm) Chrome/116.0.1938.76 Safari/537.36"
66.249.64.230 - - [30/Nov/2025:14:49:06 -0500] "GET /info269922532?kg=0267745862 HTTP/1.1" 200 24296 "-" "Mozilla/5.0 (Linux; Android 6.0.1; Nexus 5X Build/MMB29P) AppleWebKit/537.36 (KHTML, like Gecko) Chrome/141.0.7390.122 Mobile Safari/537.36 (compatible; Googlebot/2.1; +http://www.google.com/bot.html)"
66.249.64.230 - - [30/Nov/2025:14:49:14 -0500] "GET /?info6813180?kg=0006758360 HTTP/1.1" 200 26675 "-" "Mozilla/5.0 (Linux; Android 6.0.1; Nexus 5X Build/MMB29P) AppleWebKit/537.36 (KHTML, like Gecko) Chrome/141.0.7390.122 Mobile Safari/537.36 (compatible; Googlebot/2.1; +http://www.google.com/bot.html)"
66.249.64.231 - - [30/Nov/2025:14:49:17 -0500] "GET /info269921608?kg=0267744945 HTTP/1.1" 200 24563 "-" "Mozilla/5.0 (Linux; Android 6.0.1; Nexus 5X Build/MMB29P) AppleWebKit/537.36 (KHTML, like Gecko) Chrome/141.0.7390.122 Mobile Safari/537.36 (compatible; Googlebot/2.1; +http://www.google.com/bot.html)"
207.46.13.18 - - [30/Nov/2025:14:49:18 -0500] "GET /?info191998156?kg=0190449908 HTTP/1.1" 200 24609 "-" "Mozilla/5.0 AppleWebKit/537.36 (KHTML, like Gecko; compatible; bingbot/2.0; +http://www.bing.com/bingbot.htm) Chrome/116.0.1938.76 Safari/537.36"
52.167.144.218 - - [30/Nov/2025:14:49:27 -0500] "GET /info119320532?kg=0118358394 HTTP/1.1" 200 26338 "-" "Mozilla/5.0 AppleWebKit/537.36 (KHTML, like Gecko; compatible; bingbot/2.0; +http://www.bing.com/bingbot.htm) Chrome/116.0.1938.76 Safari/537.36"
114.119.130.178 - - [30/Nov/2025:14:49:28 -0500] "GET /info364142164?kg=0361205658 HTTP/1.1" 404 32458 "https://globaltvabuja.com/sitemap-subitems-942.xml" "Mozilla/5.0 (Linux; Android 7.0;) AppleWebKit/537.36 (KHTML, like Gecko) Mobile Safari/537.36 (compatible; PetalBot;+https://webmaster.petalsearch.com/site/petalbot)"
202.76.169.77 - - [30/Nov/2025:14:49:37 -0500] "GET /info156945900?kg=0155680332 HTTP/1.1" 404 32470 "-" "Mozilla/5.0 (Windows NT 6.1; rv:2.0b10) Gecko/20110126 Firefox/4.0b10"
52.167.144.218 - - [30/Nov/2025:14:50:17 -0500] "GET /info269812756?kg=0267636970 HTTP/1.1" 200 24402 "-" "Mozilla/5.0 AppleWebKit/537.36 (KHTML, like Gecko; compatible; bingbot/2.0; +http://www.bing.com/bingbot.htm) Chrome/116.0.1938.76 Safari/537.36"
66.29.146.184 - - [30/Nov/2025:14:50:18 -0500] "POST /wp-cron.php?doing_wp_cron=1764532218.3515949249267578125000 HTTP/1.1" 200 0 "-" "WordPress/6.8.3; https://globaltvabuja.com"
54.39.6.178 - - [30/Nov/2025:14:50:17 -0500] "GET /info238260804?kg=0236339470 HTTP/1.1" 404 26368 "-" "Mozilla/5.0 (compatible; AhrefsBot/7.0; +http://ahrefs.com/robot/)"
52.167.144.218 - - [30/Nov/2025:14:50:37 -0500] "GET /info48614344?kg=0048222417 HTTP/1.1" 200 26717 "-" "Mozilla/5.0 AppleWebKit/537.36 (KHTML, like Gecko; compatible; bingbot/2.0; +http://www.bing.com/bingbot.htm) Chrome/116.0.1938.76 Safari/537.36"
66.249.64.230 - - [30/Nov/2025:14:50:47 -0500] "GET /info269904284?kg=0267727760 HTTP/1.1" 200 24404 "-" "Mozilla/5.0 (Linux; Android 6.0.1; Nexus 5X Build/MMB29P) AppleWebKit/537.36 (KHTML, like Gecko) Chrome/141.0.7390.122 Mobile Safari/537.36 (compatible; Googlebot/2.1; +http://www.google.com/bot.html)"
66.29.146.184 - - [30/Nov/2025:14:50:51 -0500] "POST /wp-cron.php?doing_wp_cron=1764532251.6256680488586425781250 HTTP/1.1" 200 0 "-" "WordPress/6.8.3; https://globaltvabuja.com"
114.119.130.178 - - [30/Nov/2025:14:50:51 -0500] "GET /info364142032?kg=0361205527 HTTP/1.1" 404 32477 "https://globaltvabuja.com/sitemap-subitems-942.xml" "Mozilla/5.0 (Linux; Android 7.0;) AppleWebKit/537.36 (KHTML, like Gecko) Mobile Safari/537.36 (compatible; PetalBot;+https://webmaster.petalsearch.com/site/petalbot)"
66.249.64.230 - - [30/Nov/2025:14:50:57 -0500] "GET /info269922664?kg=0267745993 HTTP/1.1" 200 24782 "-" "Mozilla/5.0 (Linux; Android 6.0.1; Nexus 5X Build/MMB29P) AppleWebKit/537.36 (KHTML, like Gecko) Chrome/141.0.7390.122 Mobile Safari/537.36 (compatible; Googlebot/2.1; +http://www.google.com/bot.html)"
52.167.144.218 - - [30/Nov/2025:14:50:57 -0500] "GET /info15740784?kg=0015613967 HTTP/1.1" 200 26545 "-" "Mozilla/5.0 AppleWebKit/537.36 (KHTML, like Gecko; compatible; bingbot/2.0; +http://www.bing.com/bingbot.htm) Chrome/116.0.1938.76 Safari/537.36"
15.235.96.16 - - [30/Nov/2025:14:51:15 -0500] "GET /info238238844?kg=0236317688 HTTP/1.1" 404 26372 "-" "Mozilla/5.0 (compatible; AhrefsBot/7.0; +http://ahrefs.com/robot/)"
66.249.64.230 - - [30/Nov/2025:14:51:20 -0500] "GET /info269910760?kg=0267734185 HTTP/1.1" 200 24228 "-" "Mozilla/5.0 (Linux; Android 6.0.1; Nexus 5X Build/MMB29P) AppleWebKit/537.36 (KHTML, like Gecko) Chrome/141.0.7390.122 Mobile Safari/537.36 (compatible; Googlebot/2.1; +http://www.google.com/bot.html)"
66.249.64.231 - - [30/Nov/2025:14:51:31 -0500] "GET /info269912484?kg=0267735894 HTTP/1.1" 200 24410 "-" "Mozilla/5.0 (Linux; Android 6.0.1; Nexus 5X Build/MMB29P) AppleWebKit/537.36 (KHTML, like Gecko) Chrome/141.0.7390.122 Mobile Safari/537.36 (compatible; Googlebot/2.1; +http://www.google.com/bot.html)"
66.249.64.230 - - [30/Nov/2025:14:51:42 -0500] "GET /info269917904?kg=0267741271 HTTP/1.1" 200 24439 "-" "Mozilla/5.0 (Linux; Android 6.0.1; Nexus 5X Build/MMB29P) AppleWebKit/537.36 (KHTML, like Gecko) Chrome/141.0.7390.122 Mobile Safari/537.36 (compatible; Googlebot/2.1; +http://www.google.com/bot.html)"
52.167.144.215 - - [30/Nov/2025:14:51:47 -0500] "GET /info244939740?kg=0242964544 HTTP/1.1" 200 24606 "-" "Mozilla/5.0 AppleWebKit/537.36 (KHTML, like Gecko; compatible; bingbot/2.0; +http://www.bing.com/bingbot.htm) Chrome/116.0.1938.76 Safari/537.36"
52.167.144.215 - - [30/Nov/2025:14:51:58 -0500] "GET /?info211475352?kg=0209770029 HTTP/1.1" 200 24692 "-" "Mozilla/5.0 AppleWebKit/537.36 (KHTML, like Gecko; compatible; bingbot/2.0; +http://www.bing.com/bingbot.htm) Chrome/116.0.1938.76 Safari/537.36"
52.167.144.215 - - [30/Nov/2025:14:52:01 -0500] "GET /info118729432?kg=0117772061 HTTP/1.1" 200 26579 "-" "Mozilla/5.0 AppleWebKit/537.36 (KHTML, like Gecko; compatible; bingbot/2.0; +http://www.bing.com/bingbot.htm) Chrome/116.0.1938.76 Safari/537.36"
66.29.146.184 - - [30/Nov/2025:14:52:16 -0500] "POST /wp-cron.php?doing_wp_cron=1764532336.4397630691528320312500 HTTP/1.1" 200 0 "-" "WordPress/6.8.3; https://globaltvabuja.com"
114.119.145.123 - - [30/Nov/2025:14:52:16 -0500] "GET /info364141900?kg=0361205396 HTTP/1.1" 404 32491 "https://globaltvabuja.com/sitemap-subitems-942.xml" "Mozilla/5.0 (Linux; Android 7.0;) AppleWebKit/537.36 (KHTML, like Gecko) Mobile Safari/537.36 (compatible; PetalBot;+https://webmaster.petalsearch.com/site/petalbot)"
51.222.168.155 - - [30/Nov/2025:14:52:17 -0500] "GET /info238226544?kg=0236305487 HTTP/1.1" 404 26360 "-" "Mozilla/5.0 (compatible; AhrefsBot/7.0; +http://ahrefs.com/robot/)"
52.167.144.215 - - [30/Nov/2025:14:52:19 -0500] "GET /info137792760?kg=0136681653 HTTP/1.1" 200 24672 "-" "Mozilla/5.0 AppleWebKit/537.36 (KHTML, like Gecko; compatible; bingbot/2.0; +http://www.bing.com/bingbot.htm) Chrome/116.0.1938.76 Safari/537.36"
207.46.13.18 - - [30/Nov/2025:14:52:50 -0500] "GET /?info210033508?kg=0208339814 HTTP/1.1" 200 24741 "-" "Mozilla/5.0 AppleWebKit/537.36 (KHTML, like Gecko; compatible; bingbot/2.0; +http://www.bing.com/bingbot.htm) Chrome/116.0.1938.76 Safari/537.36"
207.46.13.18 - - [30/Nov/2025:14:53:00 -0500] "GET /info292138836?kg=0289783002 HTTP/1.1" 200 24614 "-" "Mozilla/5.0 AppleWebKit/537.36 (KHTML, like Gecko; compatible; bingbot/2.0; +http://www.bing.com/bingbot.htm) Chrome/116.0.1938.76 Safari/537.36"
66.249.64.232 - - [30/Nov/2025:14:53:08 -0500] "GET /info269231836?kg=0267060736 HTTP/1.1" 200 24390 "-" "Mozilla/5.0 (Linux; Android 6.0.1; Nexus 5X Build/MMB29P) AppleWebKit/537.36 (KHTML, like Gecko) Chrome/141.0.7390.122 Mobile Safari/537.36 (compatible; Googlebot/2.1; +http://www.google.com/bot.html)"
207.46.13.18 - - [30/Nov/2025:14:53:10 -0500] "GET /info211482496?kg=0209777115 HTTP/1.1" 200 24147 "-" "Mozilla/5.0 AppleWebKit/537.36 (KHTML, like Gecko; compatible; bingbot/2.0; +http://www.bing.com/bingbot.htm) Chrome/116.0.1938.76 Safari/537.36"
66.29.146.184 - - [30/Nov/2025:14:53:13 -0500] "POST /wp-cron.php?doing_wp_cron=1764532393.6602580547332763671875 HTTP/1.1" 200 0 "-" "WordPress/6.8.3; https://globaltvabuja.com"
142.44.225.235 - - [30/Nov/2025:14:53:13 -0500] "GET /info238221520?kg=0236300503 HTTP/1.1" 404 26363 "-" "Mozilla/5.0 (compatible; AhrefsBot/7.0; +http://ahrefs.com/robot/)"
66.249.64.230 - - [30/Nov/2025:14:53:15 -0500] "GET /info269233560?kg=0267062445 HTTP/1.1" 200 24690 "-" "Mozilla/5.0 (Linux; Android 6.0.1; Nexus 5X Build/MMB29P) AppleWebKit/537.36 (KHTML, like Gecko) Chrome/141.0.7390.122 Mobile Safari/537.36 (compatible; Googlebot/2.1; +http://www.google.com/bot.html)"
66.249.64.230 - - [30/Nov/2025:14:53:24 -0500] "GET /info269230384?kg=0267059295 HTTP/1.1" 200 24362 "-" "Mozilla/5.0 (Linux; Android 6.0.1; Nexus 5X Build/MMB29P) AppleWebKit/537.36 (KHTML, like Gecko) Chrome/141.0.7390.122 Mobile Safari/537.36 (compatible; Googlebot/2.1; +http://www.google.com/bot.html)"
207.46.13.18 - - [30/Nov/2025:14:53:30 -0500] "GET /?info284647252?kg=0282351834 HTTP/1.1" 200 23956 "-" "Mozilla/5.0 AppleWebKit/537.36 (KHTML, like Gecko; compatible; bingbot/2.0; +http://www.bing.com/bingbot.htm) Chrome/116.0.1938.76 Safari/537.36"
66.249.64.230 - - [30/Nov/2025:14:53:31 -0500] "GET /info269233692?kg=0267062576 HTTP/1.1" 200 24313 "-" "Mozilla/5.0 (Linux; Android 6.0.1; Nexus 5X Build/MMB29P) AppleWebKit/537.36 (KHTML, like Gecko) Chrome/141.0.7390.122 Mobile Safari/537.36 (compatible; Googlebot/2.1; +http://www.google.com/bot.html)"
66.249.64.230 - - [30/Nov/2025:14:53:42 -0500] "GET /info268914264?kg=0266745725 HTTP/1.1" 200 24585 "-" "Mozilla/5.0 (Linux; Android 6.0.1; Nexus 5X Build/MMB29P) AppleWebKit/537.36 (KHTML, like Gecko) Chrome/141.0.7390.122 Mobile Safari/537.36 (compatible; Googlebot/2.1; +http://www.google.com/bot.html)"
114.119.130.178 - - [30/Nov/2025:14:53:47 -0500] "GET /info364141768?kg=0361205265 HTTP/1.1" 404 32496 "https://globaltvabuja.com/sitemap-subitems-942.xml" "Mozilla/5.0 (Linux; Android 7.0;) AppleWebKit/537.36 (KHTML, like Gecko) Mobile Safari/537.36 (compatible; PetalBot;+https://webmaster.petalsearch.com/site/petalbot)"
107.189.13.175 - - [30/Nov/2025:14:53:49 -0500] "GET /?author=1 HTTP/1.1" 301 0 "http://www.google.com.hk" "Mozilla/5.0 (Windows NT 6.1; WOW64) AppleWebKit/537.36 (KHTML, like Gecko) Chrome/42.0.2311.90 Safari/537.36"
66.249.64.230 - - [30/Nov/2025:14:53:49 -0500] "GET /info270173184?kg=0267994491 HTTP/1.1" 200 24736 "-" "Mozilla/5.0 (Linux; Android 6.0.1; Nexus 5X Build/MMB29P) AppleWebKit/537.36 (KHTML, like Gecko) Chrome/141.0.7390.122 Mobile Safari/537.36 (compatible; Googlebot/2.1; +http://www.google.com/bot.html)"
66.29.146.184 - - [30/Nov/2025:14:53:51 -0500] "POST /wp-cron.php?doing_wp_cron=1764532431.2827179431915283203125 HTTP/1.1" 200 0 "-" "WordPress/6.8.3; https://globaltvabuja.com"
107.189.13.175 - - [30/Nov/2025:14:53:50 -0500] "GET /author/bappi/ HTTP/1.1" 200 40016 "http://www.google.com.hk" "Mozilla/5.0 (Windows NT 6.1; WOW64) AppleWebKit/537.36 (KHTML, like Gecko) Chrome/42.0.2311.90 Safari/537.36"
66.249.64.230 - - [30/Nov/2025:14:53:52 -0500] "GET /info268914528?kg=0266745987 HTTP/1.1" 200 24317 "-" "Mozilla/5.0 (Linux; Android 6.0.1; Nexus 5X Build/MMB29P) AppleWebKit/537.36 (KHTML, like Gecko) Chrome/141.0.7390.122 Mobile Safari/537.36 (compatible; Googlebot/2.1; +http://www.google.com/bot.html)"
66.249.64.231 - - [30/Nov/2025:14:54:01 -0500] "GET /info268913076?kg=0266744546 HTTP/1.1" 200 24447 "-" "Mozilla/5.0 (Linux; Android 6.0.1; Nexus 5X Build/MMB29P) AppleWebKit/537.36 (KHTML, like Gecko) Chrome/141.0.7390.122 Mobile Safari/537.36 (compatible; Googlebot/2.1; +http://www.google.com/bot.html)"
142.44.233.111 - - [30/Nov/2025:14:54:07 -0500] "GET /info238215440?kg=0236294471 HTTP/1.1" 404 26371 "-" "Mozilla/5.0 (compatible; AhrefsBot/7.0; +http://ahrefs.com/robot/)"
66.249.64.230 - - [30/Nov/2025:14:54:14 -0500] "GET /info268913208?kg=0266744677 HTTP/1.1" 200 24895 "-" "Mozilla/5.0 (Linux; Android 6.0.1; Nexus 5X Build/MMB29P) AppleWebKit/537.36 (KHTML, like Gecko) Chrome/141.0.7390.122 Mobile Safari/537.36 (compatible; Googlebot/2.1; +http://www.google.com/bot.html)"
66.249.64.230 - - [30/Nov/2025:14:54:23 -0500] "GET /info269226152?kg=0267055097 HTTP/1.1" 200 24676 "-" "Mozilla/5.0 (Linux; Android 6.0.1; Nexus 5X Build/MMB29P) AppleWebKit/537.36 (KHTML, like Gecko) Chrome/141.0.7390.122 Mobile Safari/537.36 (compatible; Googlebot/2.1; +http://www.google.com/bot.html)"
66.249.64.230 - - [30/Nov/2025:14:54:29 -0500] "GET /info269224296?kg=0267053257 HTTP/1.1" 200 24199 "-" "Mozilla/5.0 (Linux; Android 6.0.1; Nexus 5X Build/MMB29P) AppleWebKit/537.36 (KHTML, like Gecko) Chrome/141.0.7390.122 Mobile Safari/537.36 (compatible; Googlebot/2.1; +http://www.google.com/bot.html)"
52.167.144.215 - - [30/Nov/2025:14:54:37 -0500] "GET /info266983836?kg=0264830864 HTTP/1.1" 200 24375 "-" "Mozilla/5.0 AppleWebKit/537.36 (KHTML, like Gecko; compatible; bingbot/2.0; +http://www.bing.com/bingbot.htm) Chrome/116.0.1938.76 Safari/537.36"
207.46.13.18 - - [30/Nov/2025:14:54:41 -0500] "GET /cas-applauds-joint-effort-as-nafs-8-month-offensive-deals-crushing-blow-to-terrorists-in-borno-state/ HTTP/1.1" 200 26623 "-" "Mozilla/5.0 AppleWebKit/537.36 (KHTML, like Gecko; compatible; bingbot/2.0; +http://www.bing.com/bingbot.htm) Chrome/116.0.1938.76 Safari/537.36"
52.167.144.218 - - [30/Nov/2025:14:54:41 -0500] "GET /info318212432?kg=0315646327 HTTP/1.1" 200 24688 "-" "Mozilla/5.0 AppleWebKit/537.36 (KHTML, like Gecko; compatible; bingbot/2.0; +http://www.bing.com/bingbot.htm) Chrome/116.0.1938.76 Safari/537.36"
66.249.64.230 - - [30/Nov/2025:14:54:43 -0500] "GET /info269856272?kg=0267680135 HTTP/1.1" 200 24561 "-" "Mozilla/5.0 (Linux; Android 6.0.1; Nexus 5X Build/MMB29P) AppleWebKit/537.36 (KHTML, like Gecko) Chrome/141.0.7390.122 Mobile Safari/537.36 (compatible; Googlebot/2.1; +http://www.google.com/bot.html)"
52.167.144.215 - - [30/Nov/2025:14:54:48 -0500] "GET /?info147345460?kg=0146157314 HTTP/1.1" 200 24971 "-" "Mozilla/5.0 AppleWebKit/537.36 (KHTML, like Gecko; compatible; bingbot/2.0; +http://www.bing.com/bingbot.htm) Chrome/116.0.1938.76 Safari/537.36"
66.29.146.184 - - [30/Nov/2025:14:54:55 -0500] "POST /wp-cron.php?doing_wp_cron=1764532495.5009980201721191406250 HTTP/1.1" 200 0 "-" "WordPress/6.8.3; https://globaltvabuja.com"
107.189.13.175 - - [30/Nov/2025:14:54:55 -0500] "GET ///wp-login.php?wp_lang=e HTTP/1.1" 200 2081 "-" "Mozilla/5.0 (Windows NT 6.1; WOW64) AppleWebKit/537.36 (KHTML, like Gecko) Chrome/36.0.1985.125 Safari/537.36"
107.189.13.175 - - [30/Nov/2025:14:54:55 -0500] "POST ///wp-login.php?wp_lang=e HTTP/1.1" 200 2185 "-" "Mozilla/5.0 (Windows NT 6.1; WOW64) AppleWebKit/537.36 (KHTML, like Gecko) Chrome/36.0.1985.125 Safari/537.36"
66.249.64.232 - - [30/Nov/2025:14:55:01 -0500] "GET /info8632380?kg=0008562888 HTTP/1.1" 200 26121 "-" "Mozilla/5.0 (Linux; Android 6.0.1; Nexus 5X Build/MMB29P) AppleWebKit/537.36 (KHTML, like Gecko) Chrome/141.0.7390.122 Mobile Safari/537.36 (compatible; Googlebot/2.1; +http://www.google.com/bot.html)"
66.249.64.231 - - [30/Nov/2025:14:55:02 -0500] "GET /info269840796?kg=0267664784 HTTP/1.1" 200 24458 "-" "Mozilla/5.0 (Linux; Android 6.0.1; Nexus 5X Build/MMB29P) AppleWebKit/537.36 (KHTML, like Gecko) Chrome/141.0.7390.122 Mobile Safari/537.36 (compatible; Googlebot/2.1; +http://www.google.com/bot.html)"
202.76.191.74 - - [30/Nov/2025:14:55:03 -0500] "GET /info156957936?kg=0155692271 HTTP/1.1" 404 32472 "-" "Mozilla/5.0 (X11; CrOS i686 12.433.216) AppleWebKit/534.30 (KHTML, like Gecko) Chrome/12.0.742.105 Safari/534.30"
148.113.130.71 - - [30/Nov/2025:14:55:06 -0500] "GET /info238210804?kg=0236289874 HTTP/1.1" 404 26367 "-" "Mozilla/5.0 (compatible; AhrefsBot/7.0; +http://ahrefs.com/robot/)"
66.249.64.230 - - [30/Nov/2025:14:55:10 -0500] "GET /info270324232?kg=0268144321 HTTP/1.1" 200 24530 "-" "Mozilla/5.0 (Linux; Android 6.0.1; Nexus 5X Build/MMB29P) AppleWebKit/537.36 (KHTML, like Gecko) Chrome/141.0.7390.122 Mobile Safari/537.36 (compatible; Googlebot/2.1; +http://www.google.com/bot.html)"
114.119.130.178 - - [30/Nov/2025:14:55:11 -0500] "GET /info364157772?kg=0361221140 HTTP/1.1" 404 32493 "https://globaltvabuja.com/sitemap-subitems-942.xml" "Mozilla/5.0 (Linux; Android 7.0;) AppleWebKit/537.36 (KHTML, like Gecko) Mobile Safari/537.36 (compatible; PetalBot;+https://webmaster.petalsearch.com/site/petalbot)"
52.167.144.218 - - [30/Nov/2025:14:55:17 -0500] "GET /info262650780?kg=0260532752 HTTP/1.1" 200 24188 "-" "Mozilla/5.0 AppleWebKit/537.36 (KHTML, like Gecko; compatible; bingbot/2.0; +http://www.bing.com/bingbot.htm) Chrome/116.0.1938.76 Safari/537.36"
52.167.144.215 - - [30/Nov/2025:14:55:19 -0500] "GET /info163991484?kg=0162669096 HTTP/1.1" 200 24159 "-" "Mozilla/5.0 AppleWebKit/537.36 (KHTML, like Gecko; compatible; bingbot/2.0; +http://www.bing.com/bingbot.htm) Chrome/116.0.1938.76 Safari/537.36"
66.249.64.230 - - [30/Nov/2025:14:55:20 -0500] "GET /info270325816?kg=0268145893 HTTP/1.1" 200 24380 "-" "Mozilla/5.0 (Linux; Android 6.0.1; Nexus 5X Build/MMB29P) AppleWebKit/537.36 (KHTML, like Gecko) Chrome/141.0.7390.122 Mobile Safari/537.36 (compatible; Googlebot/2.1; +http://www.google.com/bot.html)"
52.167.144.218 - - [30/Nov/2025:14:55:22 -0500] "GET /info129234716?kg=0128192624 HTTP/1.1" 200 24787 "-" "Mozilla/5.0 AppleWebKit/537.36 (KHTML, like Gecko; compatible; bingbot/2.0; +http://www.bing.com/bingbot.htm) Chrome/116.0.1938.76 Safari/537.36"
52.167.144.215 - - [30/Nov/2025:14:55:29 -0500] "GET /info248674552?kg=0246669237 HTTP/1.1" 200 24490 "-" "Mozilla/5.0 AppleWebKit/537.36 (KHTML, like Gecko; compatible; bingbot/2.0; +http://www.bing.com/bingbot.htm) Chrome/116.0.1938.76 Safari/537.36"
66.249.64.230 - - [30/Nov/2025:14:55:44 -0500] "GET /info268759380?kg=0266592090 HTTP/1.1" 200 24226 "-" "Mozilla/5.0 (Linux; Android 6.0.1; Nexus 5X Build/MMB29P) AppleWebKit/537.36 (KHTML, like Gecko) Chrome/141.0.7390.122 Mobile Safari/537.36 (compatible; Googlebot/2.1; +http://www.google.com/bot.html)"
52.167.144.218 - - [30/Nov/2025:14:55:48 -0500] "GET /info129409968?kg=0128366463 HTTP/1.1" 200 24561 "-" "Mozilla/5.0 AppleWebKit/537.36 (KHTML, like Gecko; compatible; bingbot/2.0; +http://www.bing.com/bingbot.htm) Chrome/116.0.1938.76 Safari/537.36"
66.249.64.230 - - [30/Nov/2025:14:55:53 -0500] "GET /info1491828?kg=0001479922 HTTP/1.1" 200 26787 "-" "Mozilla/5.0 (Linux; Android 6.0.1; Nexus 5X Build/MMB29P) AppleWebKit/537.36 (KHTML, like Gecko) Chrome/141.0.7390.122 Mobile Safari/537.36 (compatible; Googlebot/2.1; +http://www.google.com/bot.html)"
52.167.144.218 - - [30/Nov/2025:14:55:54 -0500] "GET /?s=2026 HTTP/1.1" 200 26254 "-" "Mozilla/5.0 AppleWebKit/537.36 (KHTML, like Gecko; compatible; bingbot/2.0; +http://www.bing.com/bingbot.htm) Chrome/116.0.1938.76 Safari/537.36"
66.249.64.230 - - [30/Nov/2025:14:55:55 -0500] "GET /info268756204?kg=0266588940 HTTP/1.1" 200 24546 "-" "Mozilla/5.0 (Linux; Android 6.0.1; Nexus 5X Build/MMB29P) AppleWebKit/537.36 (KHTML, like Gecko) Chrome/141.0.7390.122 Mobile Safari/537.36 (compatible; Googlebot/2.1; +http://www.google.com/bot.html)"
66.249.64.232 - - [30/Nov/2025:14:56:00 -0500] "GET /info268757664?kg=0266590387 HTTP/1.1" 200 24442 "-" "Mozilla/5.0 (Linux; Android 6.0.1; Nexus 5X Build/MMB29P) AppleWebKit/537.36 (KHTML, like Gecko) Chrome/141.0.7390.122 Mobile Safari/537.36 (compatible; Googlebot/2.1; +http://www.google.com/bot.html)"
66.29.146.184 - - [30/Nov/2025:14:56:11 -0500] "POST /wp-cron.php?doing_wp_cron=1764532571.0223269462585449218750 HTTP/1.1" 200 0 "-" "WordPress/6.8.3; https://globaltvabuja.com"
148.113.128.154 - - [30/Nov/2025:14:56:10 -0500] "GET /info237730412?kg=0235813356 HTTP/1.1" 404 26367 "-" "Mozilla/5.0 (compatible; AhrefsBot/7.0; +http://ahrefs.com/robot/)"
114.119.130.178 - - [30/Nov/2025:14:56:36 -0500] "GET /info364141636?kg=0361205134 HTTP/1.1" 404 32488 "https://globaltvabuja.com/sitemap-subitems-942.xml" "Mozilla/5.0 (Linux; Android 7.0;) AppleWebKit/537.36 (KHTML, like Gecko) Mobile Safari/537.36 (compatible; PetalBot;+https://webmaster.petalsearch.com/site/petalbot)"
40.77.167.46 - - [30/Nov/2025:14:56:48 -0500] "GET /info20062868?kg=0019901194 HTTP/1.1" 200 26503 "-" "Mozilla/5.0 AppleWebKit/537.36 (KHTML, like Gecko; compatible; bingbot/2.0; +http://www.bing.com/bingbot.htm) Chrome/116.0.1938.76 Safari/537.36"
52.167.144.218 - - [30/Nov/2025:14:56:58 -0500] "GET /info188465976?kg=0186946213 HTTP/1.1" 200 24646 "-" "Mozilla/5.0 AppleWebKit/537.36 (KHTML, like Gecko; compatible; bingbot/2.0; +http://www.bing.com/bingbot.htm) Chrome/116.0.1938.76 Safari/537.36"
40.77.167.46 - - [30/Nov/2025:14:57:02 -0500] "GET /info174797536?kg=0173388003 HTTP/1.1" 200 24782 "-" "Mozilla/5.0 AppleWebKit/537.36 (KHTML, like Gecko; compatible; bingbot/2.0; +http://www.bing.com/bingbot.htm) Chrome/116.0.1938.76 Safari/537.36"
66.29.146.184 - - [30/Nov/2025:14:57:05 -0500] "POST /wp-cron.php?doing_wp_cron=1764532625.2748050689697265625000 HTTP/1.1" 200 0 "-" "WordPress/6.8.3; https://globaltvabuja.com"
54.39.136.31 - - [30/Nov/2025:14:57:04 -0500] "GET /info237723936?kg=0235806931 HTTP/1.1" 404 26368 "-" "Mozilla/5.0 (compatible; AhrefsBot/7.0; +http://ahrefs.com/robot/)"
52.167.144.218 - - [30/Nov/2025:14:57:07 -0500] "GET /info332888084?kg=0330203626 HTTP/1.1" 200 24406 "-" "Mozilla/5.0 AppleWebKit/537.36 (KHTML, like Gecko; compatible; bingbot/2.0; +http://www.bing.com/bingbot.htm) Chrome/116.0.1938.76 Safari/537.36"
52.167.144.218 - - [30/Nov/2025:14:57:37 -0500] "GET /info54069552?kg=0053633631 HTTP/1.1" 200 26636 "-" "Mozilla/5.0 AppleWebKit/537.36 (KHTML, like Gecko; compatible; bingbot/2.0; +http://www.bing.com/bingbot.htm) Chrome/116.0.1938.76 Safari/537.36"
40.77.167.46 - - [30/Nov/2025:14:57:41 -0500] "GET /info344239468?kg=0341463468 HTTP/1.1" 200 24362 "-" "Mozilla/5.0 AppleWebKit/537.36 (KHTML, like Gecko; compatible; bingbot/2.0; +http://www.bing.com/bingbot.htm) Chrome/116.0.1938.76 Safari/537.36"
114.119.151.50 - - [30/Nov/2025:14:57:48 -0500] "GET /info364141504?kg=0361205003 HTTP/1.1" 404 32467 "https://globaltvabuja.com/sitemap-subitems-942.xml" "Mozilla/5.0 (Linux; Android 7.0;) AppleWebKit/537.36 (KHTML, like Gecko) Mobile Safari/537.36 (compatible; PetalBot;+https://webmaster.petalsearch.com/site/petalbot)"
66.29.146.184 - - [30/Nov/2025:14:58:06 -0500] "POST /wp-cron.php?doing_wp_cron=1764532686.8735699653625488281250 HTTP/1.1" 200 0 "-" "WordPress/6.8.3; https://globaltvabuja.com"
54.39.203.225 - - [30/Nov/2025:14:58:06 -0500] "GET /info237690072?kg=0235773341 HTTP/1.1" 404 26369 "-" "Mozilla/5.0 (compatible; AhrefsBot/7.0; +http://ahrefs.com/robot/)"
207.46.13.18 - - [30/Nov/2025:14:58:13 -0500] "GET /info131463008?kg=0130402947 HTTP/1.1" 200 24837 "-" "Mozilla/5.0 AppleWebKit/537.36 (KHTML, like Gecko; compatible; bingbot/2.0; +http://www.bing.com/bingbot.htm) Chrome/116.0.1938.76 Safari/537.36"
110.249.201.246 - - [30/Nov/2025:14:58:13 -0500] "GET /robots.txt HTTP/1.1" 200 82 "-" "Mozilla/5.0 (Linux; Android 5.0) AppleWebKit/537.36 (KHTML, like Gecko) Mobile Safari/537.36 (compatible; Bytespider; https://zhanzhang.toutiao.com/)"
66.29.146.184 - - [30/Nov/2025:14:59:09 -0500] "POST /wp-cron.php?doing_wp_cron=1764532749.5587570667266845703125 HTTP/1.1" 200 0 "-" "WordPress/6.8.3; https://globaltvabuja.com"
51.222.95.110 - - [30/Nov/2025:14:59:09 -0500] "GET /info236267548?kg=0234362288 HTTP/1.1" 404 26374 "-" "Mozilla/5.0 (compatible; AhrefsBot/7.0; +http://ahrefs.com/robot/)"
114.119.145.123 - - [30/Nov/2025:14:59:17 -0500] "GET /info364141372?kg=0361204872 HTTP/1.1" 404 32448 "https://globaltvabuja.com/sitemap-subitems-942.xml" "Mozilla/5.0 (Linux; Android 7.0;) AppleWebKit/537.36 (KHTML, like Gecko) Mobile Safari/537.36 (compatible; PetalBot;+https://webmaster.petalsearch.com/site/petalbot)"
66.249.64.232 - - [30/Nov/2025:14:59:23 -0500] "GET /info76150416?kg=0075536423 HTTP/1.1" 200 26423 "-" "Mozilla/5.0 (Linux; Android 6.0.1; Nexus 5X Build/MMB29P) AppleWebKit/537.36 (KHTML, like Gecko) Chrome/141.0.7390.122 Mobile Safari/537.36 (compatible; Googlebot/2.1; +http://www.google.com/bot.html)"
192.185.81.213 - - [30/Nov/2025:14:59:25 -0500] "POST /xmlrpc.php HTTP/1.1" 200 205 "-" "Mozilla/5.0 (Windows NT 6.1; WOW64; Trident/7.0; EIE10;ENGBWOL; rv:11.0) like Gecko"
40.77.167.46 - - [30/Nov/2025:14:59:31 -0500] "GET /info360465024?kg=0357558171 HTTP/1.1" 200 24545 "-" "Mozilla/5.0 AppleWebKit/537.36 (KHTML, like Gecko; compatible; bingbot/2.0; +http://www.bing.com/bingbot.htm) Chrome/116.0.1938.76 Safari/537.36"
52.167.144.156 - - [30/Nov/2025:14:59:35 -0500] "GET /info218430992?kg=0216669575 HTTP/1.1" 200 24321 "-" "Mozilla/5.0 AppleWebKit/537.36 (KHTML, like Gecko; compatible; bingbot/2.0; +http://www.bing.com/bingbot.htm) Chrome/116.0.1938.76 Safari/537.36"
52.167.144.156 - - [30/Nov/2025:14:59:45 -0500] "GET /info131523724?kg=0130463172 HTTP/1.1" 200 24473 "-" "Mozilla/5.0 AppleWebKit/537.36 (KHTML, like Gecko; compatible; bingbot/2.0; +http://www.bing.com/bingbot.htm) Chrome/116.0.1938.76 Safari/537.36"
66.29.146.184 - - [30/Nov/2025:15:00:01 -0500] "POST /wp-cron.php?doing_wp_cron=1764532801.1510429382324218750000 HTTP/1.1" 200 0 "-" "WordPress/6.8.3; https://globaltvabuja.com"
