66.249.64.230 - - [30/Nov/2025:10:03:26 -0500] "GET /info5388404?kg=0005345074 HTTP/1.1" 200 26542 "-" "Mozilla/5.0 (Linux; Android 6.0.1; Nexus 5X Build/MMB29P) AppleWebKit/537.36 (KHTML, like Gecko) Chrome/141.0.7390.122 Mobile Safari/537.36 (compatible; Googlebot/2.1; +http://www.google.com/bot.html)"
66.249.64.230 - - [30/Nov/2025:10:03:27 -0500] "GET /info353054648?kg=0350207557 HTTP/1.1" 200 24439 "-" "Mozilla/5.0 (Linux; Android 6.0.1; Nexus 5X Build/MMB29P) AppleWebKit/537.36 (KHTML, like Gecko) Chrome/141.0.7390.122 Mobile Safari/537.36 (compatible; Googlebot/2.1; +http://www.google.com/bot.html)"
66.29.146.184 - - [30/Nov/2025:10:03:28 -0500] "POST /wp-cron.php?doing_wp_cron=1764515008.5258629322052001953125 HTTP/1.1" 200 0 "-" "WordPress/6.8.3; https://globaltvabuja.com"
114.119.135.251 - - [30/Nov/2025:10:03:28 -0500] "GET /info364167432?kg=0361230721 HTTP/1.1" 404 32478 "https://globaltvabuja.com/sitemap-subitems-942.xml" "Mozilla/5.0 (Linux; Android 7.0;) AppleWebKit/537.36 (KHTML, like Gecko) Mobile Safari/537.36 (compatible; PetalBot;+https://webmaster.petalsearch.com/site/petalbot)"
66.249.64.230 - - [30/Nov/2025:10:03:28 -0500] "GET /info263378244?kg=0261254350 HTTP/1.1" 200 24515 "-" "Mozilla/5.0 (Linux; Android 6.0.1; Nexus 5X Build/MMB29P) AppleWebKit/537.36 (KHTML, like Gecko) Chrome/141.0.7390.122 Mobile Safari/537.36 (compatible; Googlebot/2.1; +http://www.google.com/bot.html)"
66.249.64.230 - - [30/Nov/2025:10:03:29 -0500] "GET /info5410100?kg=0005366594 HTTP/1.1" 200 26180 "-" "Mozilla/5.0 (Linux; Android 6.0.1; Nexus 5X Build/MMB29P) AppleWebKit/537.36 (KHTML, like Gecko) Chrome/141.0.7390.122 Mobile Safari/537.36 (compatible; Googlebot/2.1; +http://www.google.com/bot.html)"
66.249.64.232 - - [30/Nov/2025:10:03:31 -0500] "GET /info353441128?kg=0350590921 HTTP/1.1" 200 24381 "-" "Mozilla/5.0 (Linux; Android 6.0.1; Nexus 5X Build/MMB29P) AppleWebKit/537.36 (KHTML, like Gecko) Chrome/141.0.7390.122 Mobile Safari/537.36 (compatible; Googlebot/2.1; +http://www.google.com/bot.html)"
54.39.89.151 - - [30/Nov/2025:10:03:33 -0500] "GET /naf-neutralises-over-35-terrorists-in-north-east-operation/ HTTP/1.1" 200 33498 "-" "Mozilla/5.0 (compatible; AhrefsBot/7.0; +http://ahrefs.com/robot/)"
66.249.64.231 - - [30/Nov/2025:10:03:34 -0500] "GET /info353450920?kg=0350600633 HTTP/1.1" 200 24696 "-" "Mozilla/5.0 (Linux; Android 6.0.1; Nexus 5X Build/MMB29P) AppleWebKit/537.36 (KHTML, like Gecko) Chrome/141.0.7390.122 Mobile Safari/537.36 (compatible; Googlebot/2.1; +http://www.google.com/bot.html)"
66.249.64.230 - - [30/Nov/2025:10:03:36 -0500] "GET /info267158032?kg=0265003655 HTTP/1.1" 200 24359 "-" "Mozilla/5.0 (Linux; Android 6.0.1; Nexus 5X Build/MMB29P) AppleWebKit/537.36 (KHTML, like Gecko) Chrome/141.0.7390.122 Mobile Safari/537.36 (compatible; Googlebot/2.1; +http://www.google.com/bot.html)"
66.249.64.230 - - [30/Nov/2025:10:03:36 -0500] "GET /?info6102116?kg=0006053030 HTTP/1.1" 200 26272 "-" "Mozilla/5.0 (Linux; Android 6.0.1; Nexus 5X Build/MMB29P) AppleWebKit/537.36 (KHTML, like Gecko) Chrome/141.0.7390.122 Mobile Safari/537.36 (compatible; Googlebot/2.1; +http://www.google.com/bot.html)"
66.249.64.231 - - [30/Nov/2025:10:03:37 -0500] "GET /info348507056?kg=0345696639 HTTP/1.1" 200 24490 "-" "Mozilla/5.0 (Linux; Android 6.0.1; Nexus 5X Build/MMB29P) AppleWebKit/537.36 (KHTML, like Gecko) Chrome/141.0.7390.122 Mobile Safari/537.36 (compatible; Googlebot/2.1; +http://www.google.com/bot.html)"
66.249.64.232 - - [30/Nov/2025:10:03:44 -0500] "GET /info356199152?kg=0353326703 HTTP/1.1" 200 24491 "-" "Mozilla/5.0 (Linux; Android 6.0.1; Nexus 5X Build/MMB29P) AppleWebKit/537.36 (KHTML, like Gecko) Chrome/141.0.7390.122 Mobile Safari/537.36 (compatible; Googlebot/2.1; +http://www.google.com/bot.html)"
66.249.64.230 - - [30/Nov/2025:10:03:45 -0500] "GET /info5106412?kg=0005065356 HTTP/1.1" 200 26156 "-" "Mozilla/5.0 (Linux; Android 6.0.1; Nexus 5X Build/MMB29P) AppleWebKit/537.36 (KHTML, like Gecko) Chrome/141.0.7390.122 Mobile Safari/537.36 (compatible; Googlebot/2.1; +http://www.google.com/bot.html)"
66.29.146.184 - - [30/Nov/2025:10:03:51 -0500] "POST /wp-cron.php?doing_wp_cron=1764515031.6192240715026855468750 HTTP/1.1" 200 0 "-" "WordPress/6.8.3; https://globaltvabuja.com"
220.181.108.166 - - [30/Nov/2025:10:03:51 -0500] "GET /sample-page-2/ HTTP/1.1" 200 27577 "-" "Mozilla/5.0 (compatible; Baiduspider/2.0; +http://www.baidu.com/search/spider.html)"
66.249.64.233 - - [30/Nov/2025:10:03:51 -0500] "GET /?info6102116?kg=0006053030 HTTP/1.1" 200 26272 "-" "Mozilla/5.0 (Linux; Android 6.0.1; Nexus 5X Build/MMB29P) AppleWebKit/537.36 (KHTML, like Gecko) Chrome/141.0.7390.122 Mobile Safari/537.36 (compatible; Googlebot/2.1; +http://www.google.com/bot.html)"
66.249.64.233 - - [30/Nov/2025:10:03:52 -0500] "GET /info264113380?kg=0261983558 HTTP/1.1" 200 24568 "-" "Mozilla/5.0 (Linux; Android 6.0.1; Nexus 5X Build/MMB29P) AppleWebKit/537.36 (KHTML, like Gecko) Chrome/141.0.7390.122 Mobile Safari/537.36 (compatible; Googlebot/2.1; +http://www.google.com/bot.html)"
116.179.37.224 - - [30/Nov/2025:10:03:54 -0500] "GET /wp-admin/user-new.php HTTP/1.1" 302 0 "https://globaltvabuja.com/sample-page-2/" "Mozilla/5.0 (compatible; Baiduspider-render/2.0; +http://www.baidu.com/search/spider.html)"
40.77.167.144 - - [30/Nov/2025:10:03:54 -0500] "GET /info115850784?kg=0114916627 HTTP/1.1" 200 26715 "-" "Mozilla/5.0 AppleWebKit/537.36 (KHTML, like Gecko; compatible; bingbot/2.0; +http://www.bing.com/bingbot.htm) Chrome/116.0.1938.76 Safari/537.36"
66.249.64.232 - - [30/Nov/2025:10:03:56 -0500] "GET /info19156308?kg=0019001946 HTTP/1.1" 200 26292 "-" "Mozilla/5.0 (Linux; Android 6.0.1; Nexus 5X Build/MMB29P) AppleWebKit/537.36 (KHTML, like Gecko) Chrome/141.0.7390.122 Mobile Safari/537.36 (compatible; Googlebot/2.1; +http://www.google.com/bot.html)"
66.249.64.232 - - [30/Nov/2025:10:03:57 -0500] "GET /?info6102116?kg=0006053030 HTTP/1.1" 200 26272 "-" "Mozilla/5.0 (Linux; Android 6.0.1; Nexus 5X Build/MMB29P) AppleWebKit/537.36 (KHTML, like Gecko) Chrome/141.0.7390.122 Mobile Safari/537.36 (compatible; Googlebot/2.1; +http://www.google.com/bot.html)"
116.179.37.238 - - [30/Nov/2025:10:03:59 -0500] "GET /wp-login.php?redirect_to=https%3A%2F%2Fglobaltvabuja.com%2Fwp-admin%2Fuser-new.php&reauth=1 HTTP/1.1" 200 2098 "https://globaltvabuja.com/sample-page-2/" "Mozilla/5.0 (compatible; Baiduspider-render/2.0; +http://www.baidu.com/search/spider.html)"
66.249.64.231 - - [30/Nov/2025:10:03:59 -0500] "GET /info267577840?kg=0265420079 HTTP/1.1" 200 24364 "-" "Mozilla/5.0 (Linux; Android 6.0.1; Nexus 5X Build/MMB29P) AppleWebKit/537.36 (KHTML, like Gecko) Chrome/141.0.7390.122 Mobile Safari/537.36 (compatible; Googlebot/2.1; +http://www.google.com/bot.html)"
66.249.64.230 - - [30/Nov/2025:10:04:02 -0500] "GET /info76256884?kg=0075642034 HTTP/1.1" 200 26907 "-" "Mozilla/5.0 (Linux; Android 6.0.1; Nexus 5X Build/MMB29P) AppleWebKit/537.36 (KHTML, like Gecko) Chrome/141.0.7390.122 Mobile Safari/537.36 (compatible; Googlebot/2.1; +http://www.google.com/bot.html)"
116.179.37.115 - - [30/Nov/2025:10:04:02 -0500] "GET /wp-admin/user-new.php HTTP/1.1" 302 0 "https://globaltvabuja.com/sample-page-2/" "Mozilla/5.0 (compatible; Baiduspider-render/2.0; +http://www.baidu.com/search/spider.html)"
116.179.37.227 - - [30/Nov/2025:10:04:03 -0500] "GET /wp-login.php?redirect_to=https%3A%2F%2Fglobaltvabuja.com%2Fwp-admin%2Fuser-new.php&reauth=1 HTTP/1.1" 200 2098 "https://globaltvabuja.com/sample-page-2/" "Mozilla/5.0 (compatible; Baiduspider-render/2.0; +http://www.baidu.com/search/spider.html)"
66.249.64.232 - - [30/Nov/2025:10:04:04 -0500] "GET /info484888?kg=0000481101 HTTP/1.1" 200 27164 "-" "Mozilla/5.0 (Linux; Android 6.0.1; Nexus 5X Build/MMB29P) AppleWebKit/537.36 (KHTML, like Gecko) Chrome/141.0.7390.122 Mobile Safari/537.36 (compatible; Googlebot/2.1; +http://www.google.com/bot.html)"
40.77.167.144 - - [30/Nov/2025:10:04:06 -0500] "GET /info6445352?kg=0006393497 HTTP/1.1" 200 26686 "-" "Mozilla/5.0 AppleWebKit/537.36 (KHTML, like Gecko; compatible; bingbot/2.0; +http://www.bing.com/bingbot.htm) Chrome/116.0.1938.76 Safari/537.36"
66.249.64.230 - - [30/Nov/2025:10:04:06 -0500] "GET /?info7011984?kg=0006955559 HTTP/1.1" 200 26437 "-" "Mozilla/5.0 (Linux; Android 6.0.1; Nexus 5X Build/MMB29P) AppleWebKit/537.36 (KHTML, like Gecko) Chrome/141.0.7390.122 Mobile Safari/537.36 (compatible; Googlebot/2.1; +http://www.google.com/bot.html)"
66.249.64.230 - - [30/Nov/2025:10:04:08 -0500] "GET /?info3941676?kg=0003910012 HTTP/1.1" 200 26406 "-" "Mozilla/5.0 (Linux; Android 6.0.1; Nexus 5X Build/MMB29P) AppleWebKit/537.36 (KHTML, like Gecko) Chrome/141.0.7390.122 Mobile Safari/537.36 (compatible; Googlebot/2.1; +http://www.google.com/bot.html)"
66.249.64.231 - - [30/Nov/2025:10:04:10 -0500] "GET /?info8174080?kg=0008108283 HTTP/1.1" 200 26413 "-" "Mozilla/5.0 (Linux; Android 6.0.1; Nexus 5X Build/MMB29P) AppleWebKit/537.36 (KHTML, like Gecko) Chrome/141.0.7390.122 Mobile Safari/537.36 (compatible; Googlebot/2.1; +http://www.google.com/bot.html)"
66.249.64.230 - - [30/Nov/2025:10:04:10 -0500] "GET /info264854868?kg=0262719066 HTTP/1.1" 200 24281 "-" "Mozilla/5.0 (Linux; Android 6.0.1; Nexus 5X Build/MMB29P) AppleWebKit/537.36 (KHTML, like Gecko) Chrome/141.0.7390.122 Mobile Safari/537.36 (compatible; Googlebot/2.1; +http://www.google.com/bot.html)"
66.249.64.230 - - [30/Nov/2025:10:04:11 -0500] "GET /info9165940?kg=0009092146 HTTP/1.1" 200 26512 "-" "Mozilla/5.0 (Linux; Android 6.0.1; Nexus 5X Build/MMB29P) AppleWebKit/537.36 (KHTML, like Gecko) Chrome/141.0.7390.122 Mobile Safari/537.36 (compatible; Googlebot/2.1; +http://www.google.com/bot.html)"
66.249.64.230 - - [30/Nov/2025:10:04:13 -0500] "GET /info5778464?kg=0005731987 HTTP/1.1" 200 26783 "-" "Mozilla/5.0 (Linux; Android 6.0.1; Nexus 5X Build/MMB29P) AppleWebKit/537.36 (KHTML, like Gecko) Chrome/141.0.7390.122 Mobile Safari/537.36 (compatible; Googlebot/2.1; +http://www.google.com/bot.html)"
66.249.64.231 - - [30/Nov/2025:10:04:15 -0500] "GET /info17499804?kg=0017358800 HTTP/1.1" 200 26338 "-" "Mozilla/5.0 (Linux; Android 6.0.1; Nexus 5X Build/MMB29P) AppleWebKit/537.36 (KHTML, like Gecko) Chrome/141.0.7390.122 Mobile Safari/537.36 (compatible; Googlebot/2.1; +http://www.google.com/bot.html)"
40.77.167.55 - - [30/Nov/2025:10:04:19 -0500] "GET /info131455996?kg=0130395992 HTTP/1.1" 200 24337 "-" "Mozilla/5.0 AppleWebKit/537.36 (KHTML, like Gecko; compatible; bingbot/2.0; +http://www.bing.com/bingbot.htm) Chrome/116.0.1938.76 Safari/537.36"
66.249.64.230 - - [30/Nov/2025:10:04:20 -0500] "GET /info9632052?kg=0009554498 HTTP/1.1" 200 26715 "-" "Mozilla/5.0 (Linux; Android 6.0.1; Nexus 5X Build/MMB29P) AppleWebKit/537.36 (KHTML, like Gecko) Chrome/141.0.7390.122 Mobile Safari/537.36 (compatible; Googlebot/2.1; +http://www.google.com/bot.html)"
66.249.64.231 - - [30/Nov/2025:10:04:22 -0500] "GET /info5744336?kg=0005698135 HTTP/1.1" 200 26588 "-" "Mozilla/5.0 (Linux; Android 6.0.1; Nexus 5X Build/MMB29P) AppleWebKit/537.36 (KHTML, like Gecko) Chrome/141.0.7390.122 Mobile Safari/537.36 (compatible; Googlebot/2.1; +http://www.google.com/bot.html)"
40.77.167.55 - - [30/Nov/2025:10:04:24 -0500] "GET /info24149380?kg=0023954750 HTTP/1.1" 200 26560 "-" "Mozilla/5.0 AppleWebKit/537.36 (KHTML, like Gecko; compatible; bingbot/2.0; +http://www.bing.com/bingbot.htm) Chrome/116.0.1938.76 Safari/537.36"
66.249.64.230 - - [30/Nov/2025:10:04:26 -0500] "GET /info263259996?kg=0261137056 HTTP/1.1" 200 24650 "-" "Mozilla/5.0 (Linux; Android 6.0.1; Nexus 5X Build/MMB29P) AppleWebKit/537.36 (KHTML, like Gecko) Chrome/141.0.7390.122 Mobile Safari/537.36 (compatible; Googlebot/2.1; +http://www.google.com/bot.html)"
66.249.64.231 - - [30/Nov/2025:10:04:27 -0500] "GET /info17352724?kg=0017212906 HTTP/1.1" 200 26716 "-" "Mozilla/5.0 (Linux; Android 6.0.1; Nexus 5X Build/MMB29P) AppleWebKit/537.36 (KHTML, like Gecko) Chrome/141.0.7390.122 Mobile Safari/537.36 (compatible; Googlebot/2.1; +http://www.google.com/bot.html)"
66.249.64.231 - - [30/Nov/2025:10:04:33 -0500] "GET /info17349812?kg=0017210018 HTTP/1.1" 200 26659 "-" "Mozilla/5.0 (Linux; Android 6.0.1; Nexus 5X Build/MMB29P) AppleWebKit/537.36 (KHTML, like Gecko) Chrome/141.0.7390.122 Mobile Safari/537.36 (compatible; Googlebot/2.1; +http://www.google.com/bot.html)"
66.249.64.230 - - [30/Nov/2025:10:04:36 -0500] "GET /info15070192?kg=0014948783 HTTP/1.1" 200 26460 "-" "Mozilla/5.0 (Linux; Android 6.0.1; Nexus 5X Build/MMB29P) AppleWebKit/537.36 (KHTML, like Gecko) Chrome/141.0.7390.122 Mobile Safari/537.36 (compatible; Googlebot/2.1; +http://www.google.com/bot.html)"
66.249.64.230 - - [30/Nov/2025:10:04:36 -0500] "GET /info12022372?kg=0011925542 HTTP/1.1" 200 26425 "-" "Mozilla/5.0 (Linux; Android 6.0.1; Nexus 5X Build/MMB29P) AppleWebKit/537.36 (KHTML, like Gecko) Chrome/141.0.7390.122 Mobile Safari/537.36 (compatible; Googlebot/2.1; +http://www.google.com/bot.html)"
66.249.64.230 - - [30/Nov/2025:10:04:47 -0500] "GET /info4021432?kg=0003989125 HTTP/1.1" 200 27161 "-" "Mozilla/5.0 (Linux; Android 6.0.1; Nexus 5X Build/MMB29P) AppleWebKit/537.36 (KHTML, like Gecko) Chrome/141.0.7390.122 Mobile Safari/537.36 (compatible; Googlebot/2.1; +http://www.google.com/bot.html)"
66.249.64.230 - - [30/Nov/2025:10:04:49 -0500] "GET /info15071520?kg=0014950099 HTTP/1.1" 200 26263 "-" "Mozilla/5.0 (Linux; Android 6.0.1; Nexus 5X Build/MMB29P) AppleWebKit/537.36 (KHTML, like Gecko) Chrome/141.0.7390.122 Mobile Safari/537.36 (compatible; Googlebot/2.1; +http://www.google.com/bot.html)"
66.29.146.184 - - [30/Nov/2025:10:04:54 -0500] "POST /wp-cron.php?doing_wp_cron=1764515094.2096209526062011718750 HTTP/1.1" 200 0 "-" "WordPress/6.8.3; https://globaltvabuja.com"
114.119.139.202 - - [30/Nov/2025:10:04:53 -0500] "GET /info364167300?kg=0361230590 HTTP/1.1" 404 32510 "https://globaltvabuja.com/sitemap-subitems-942.xml" "Mozilla/5.0 (Linux; Android 7.0;) AppleWebKit/537.36 (KHTML, like Gecko) Mobile Safari/537.36 (compatible; PetalBot;+https://webmaster.petalsearch.com/site/petalbot)"
3.83.76.234 - - [30/Nov/2025:10:04:57 -0500] "GET /nigeria-to-strengthen-defence-bilateral-relations-with-niger/ HTTP/1.1" 200 204861 "-" "TerraCotta https://github.com/CeramicTeam/CeramicTerracotta"
47.128.122.120 - - [30/Nov/2025:10:05:04 -0500] "GET /category/lifestyle/ HTTP/1.1" 200 28150 "-" "Mozilla/5.0 (Linux; Android 5.0) AppleWebKit/537.36 (KHTML, like Gecko) Mobile Safari/537.36 (compatible; TikTokSpider; ttspider-feedback@tiktok.com)"
146.174.189.167 - - [30/Nov/2025:10:05:06 -0500] "GET /info127696452?kg=0126666766 HTTP/1.1" 404 32459 "-" "Mozilla/5.0 (Windows; U; Windows NT 6.0; en-US; rv:1.9.2.4) Gecko/20100513 Firefox/3.6.4 (.NET CLR 3.5.30729)"
47.128.122.120 - - [30/Nov/2025:10:05:13 -0500] "GET /wp-content/uploads/2023/11/mobile-bg.jpg HTTP/1.1" 200 0 "https://globaltvabuja.com/category/lifestyle/" "Mozilla/5.0 (Linux; Android 5.0) AppleWebKit/537.36 (KHTML, like Gecko) Mobile Safari/537.36 (compatible; TikTokSpider; ttspider-feedback@tiktok.com)"
47.128.122.120 - - [30/Nov/2025:10:05:13 -0500] "GET /wp-content/uploads/2023/11/footer_bg.jpg HTTP/1.1" 200 0 "https://globaltvabuja.com/category/lifestyle/" "Mozilla/5.0 (Linux; Android 5.0) AppleWebKit/537.36 (KHTML, like Gecko) Mobile Safari/537.36 (compatible; TikTokSpider; ttspider-feedback@tiktok.com)"
66.249.64.230 - - [30/Nov/2025:10:05:32 -0500] "GET /info352528884?kg=0349686034 HTTP/1.1" 200 24880 "-" "Mozilla/5.0 (Linux; Android 6.0.1; Nexus 5X Build/MMB29P) AppleWebKit/537.36 (KHTML, like Gecko) Chrome/141.0.7390.122 Mobile Safari/537.36 (compatible; Googlebot/2.1; +http://www.google.com/bot.html)"
157.55.39.9 - - [30/Nov/2025:10:05:32 -0500] "GET /info134352908?kg=0133269540 HTTP/1.1" 200 24328 "-" "Mozilla/5.0 AppleWebKit/537.36 (KHTML, like Gecko; compatible; bingbot/2.0; +http://www.bing.com/bingbot.htm) Chrome/116.0.1938.76 Safari/537.36"
51.161.65.188 - - [30/Nov/2025:10:05:35 -0500] "GET /info247311680?kg=0245317355 HTTP/1.1" 404 26367 "-" "Mozilla/5.0 (compatible; AhrefsBot/7.0; +http://ahrefs.com/robot/)"
66.249.68.32 - - [30/Nov/2025:10:05:38 -0500] "GET /info13066220?kg=0012960972 HTTP/1.1" 200 26419 "-" "Mozilla/5.0 (Linux; Android 6.0.1; Nexus 5X Build/MMB29P) AppleWebKit/537.36 (KHTML, like Gecko) Chrome/141.0.7390.122 Mobile Safari/537.36 (compatible; Googlebot/2.1; +http://www.google.com/bot.html)"
66.249.64.230 - - [30/Nov/2025:10:05:39 -0500] "GET /info352534312?kg=0349691417 HTTP/1.1" 200 24341 "-" "Mozilla/5.0 (Linux; Android 6.0.1; Nexus 5X Build/MMB29P) AppleWebKit/537.36 (KHTML, like Gecko) Chrome/141.0.7390.122 Mobile Safari/537.36 (compatible; Googlebot/2.1; +http://www.google.com/bot.html)"
157.55.39.9 - - [30/Nov/2025:10:05:42 -0500] "GET /info233049104?kg=0231169799 HTTP/1.1" 200 24753 "-" "Mozilla/5.0 AppleWebKit/537.36 (KHTML, like Gecko; compatible; bingbot/2.0; +http://www.bing.com/bingbot.htm) Chrome/116.0.1938.76 Safari/537.36"
40.77.167.144 - - [30/Nov/2025:10:05:48 -0500] "GET /info266957908?kg=0264805146 HTTP/1.1" 200 24440 "-" "Mozilla/5.0 AppleWebKit/537.36 (KHTML, like Gecko; compatible; bingbot/2.0; +http://www.bing.com/bingbot.htm) Chrome/116.0.1938.76 Safari/537.36"
40.77.167.55 - - [30/Nov/2025:10:05:52 -0500] "GET /info354443316?kg=0351585026 HTTP/1.1" 200 24760 "-" "Mozilla/5.0 AppleWebKit/537.36 (KHTML, like Gecko; compatible; bingbot/2.0; +http://www.bing.com/bingbot.htm) Chrome/116.0.1938.76 Safari/537.36"
157.55.39.9 - - [30/Nov/2025:10:06:01 -0500] "GET /info362617924?kg=0359693710 HTTP/1.1" 200 24513 "-" "Mozilla/5.0 AppleWebKit/537.36 (KHTML, like Gecko; compatible; bingbot/2.0; +http://www.bing.com/bingbot.htm) Chrome/116.0.1938.76 Safari/537.36"
66.249.64.232 - - [30/Nov/2025:10:06:02 -0500] "GET /info354024820?kg=0351169906 HTTP/1.1" 200 24437 "-" "Mozilla/5.0 (Linux; Android 6.0.1; Nexus 5X Build/MMB29P) AppleWebKit/537.36 (KHTML, like Gecko) Chrome/141.0.7390.122 Mobile Safari/537.36 (compatible; Googlebot/2.1; +http://www.google.com/bot.html)"
66.249.64.231 - - [30/Nov/2025:10:06:06 -0500] "GET /info354031040?kg=0351176075 HTTP/1.1" 200 24365 "-" "Mozilla/5.0 (Linux; Android 6.0.1; Nexus 5X Build/MMB29P) AppleWebKit/537.36 (KHTML, like Gecko) Chrome/141.0.7390.122 Mobile Safari/537.36 (compatible; Googlebot/2.1; +http://www.google.com/bot.html)"
66.249.64.230 - - [30/Nov/2025:10:06:11 -0500] "GET /info350430348?kg=0347604420 HTTP/1.1" 200 24556 "-" "Mozilla/5.0 (Linux; Android 6.0.1; Nexus 5X Build/MMB29P) AppleWebKit/537.36 (KHTML, like Gecko) Chrome/141.0.7390.122 Mobile Safari/537.36 (compatible; Googlebot/2.1; +http://www.google.com/bot.html)"
66.29.146.184 - - [30/Nov/2025:10:06:15 -0500] "POST /wp-cron.php?doing_wp_cron=1764515175.7893819808959960937500 HTTP/1.1" 200 0 "-" "WordPress/6.8.3; https://globaltvabuja.com"
114.119.139.202 - - [30/Nov/2025:10:06:15 -0500] "GET /info364167292?kg=0361230584 HTTP/1.1" 404 32512 "https://globaltvabuja.com/sitemap-subitems-942.xml" "Mozilla/5.0 (Linux; Android 7.0;) AppleWebKit/537.36 (KHTML, like Gecko) Mobile Safari/537.36 (compatible; PetalBot;+https://webmaster.petalsearch.com/site/petalbot)"
66.249.64.230 - - [30/Nov/2025:10:06:18 -0500] "GET /info263598332?kg=0261472664 HTTP/1.1" 200 24472 "-" "Mozilla/5.0 (Linux; Android 6.0.1; Nexus 5X Build/MMB29P) AppleWebKit/537.36 (KHTML, like Gecko) Chrome/141.0.7390.122 Mobile Safari/537.36 (compatible; Googlebot/2.1; +http://www.google.com/bot.html)"
66.249.64.230 - - [30/Nov/2025:10:06:19 -0500] "GET /info264274352?kg=0262143231 HTTP/1.1" 200 24274 "-" "Mozilla/5.0 (Linux; Android 6.0.1; Nexus 5X Build/MMB29P) AppleWebKit/537.36 (KHTML, like Gecko) Chrome/141.0.7390.122 Mobile Safari/537.36 (compatible; Googlebot/2.1; +http://www.google.com/bot.html)"
40.77.167.55 - - [30/Nov/2025:10:06:21 -0500] "GET /info9980312?kg=0009899949 HTTP/1.1" 200 26347 "-" "Mozilla/5.0 AppleWebKit/537.36 (KHTML, like Gecko; compatible; bingbot/2.0; +http://www.bing.com/bingbot.htm) Chrome/116.0.1938.76 Safari/537.36"
40.77.167.55 - - [30/Nov/2025:10:06:25 -0500] "GET /info316028712?kg=0313480217 HTTP/1.1" 200 24447 "-" "Mozilla/5.0 AppleWebKit/537.36 (KHTML, like Gecko; compatible; bingbot/2.0; +http://www.bing.com/bingbot.htm) Chrome/116.0.1938.76 Safari/537.36"
66.249.64.230 - - [30/Nov/2025:10:06:28 -0500] "GET /info4875344?kg=0004836151 HTTP/1.1" 200 26829 "-" "Mozilla/5.0 (Linux; Android 6.0.1; Nexus 5X Build/MMB29P) AppleWebKit/537.36 (KHTML, like Gecko) Chrome/141.0.7390.122 Mobile Safari/537.36 (compatible; Googlebot/2.1; +http://www.google.com/bot.html)"
66.249.64.230 - - [30/Nov/2025:10:06:30 -0500] "GET /?info76369976?kg=0075754213 HTTP/1.1" 200 26152 "-" "Mozilla/5.0 (Linux; Android 6.0.1; Nexus 5X Build/MMB29P) AppleWebKit/537.36 (KHTML, like Gecko) Chrome/141.0.7390.122 Mobile Safari/537.36 (compatible; Googlebot/2.1; +http://www.google.com/bot.html)"
66.249.64.230 - - [30/Nov/2025:10:06:34 -0500] "GET /info17558796?kg=0017417316 HTTP/1.1" 200 26557 "-" "Mozilla/5.0 (Linux; Android 6.0.1; Nexus 5X Build/MMB29P) AppleWebKit/537.36 (KHTML, like Gecko) Chrome/141.0.7390.122 Mobile Safari/537.36 (compatible; Googlebot/2.1; +http://www.google.com/bot.html)"
66.249.64.230 - - [30/Nov/2025:10:06:37 -0500] "GET /info263891700?kg=0261763666 HTTP/1.1" 200 24195 "-" "Mozilla/5.0 (Linux; Android 6.0.1; Nexus 5X Build/MMB29P) AppleWebKit/537.36 (KHTML, like Gecko) Chrome/141.0.7390.122 Mobile Safari/537.36 (compatible; Googlebot/2.1; +http://www.google.com/bot.html)"
66.249.64.230 - - [30/Nov/2025:10:06:41 -0500] "GET /info4027644?kg=0003995288 HTTP/1.1" 200 26547 "-" "Mozilla/5.0 (Linux; Android 6.0.1; Nexus 5X Build/MMB29P) AppleWebKit/537.36 (KHTML, like Gecko) Chrome/141.0.7390.122 Mobile Safari/537.36 (compatible; Googlebot/2.1; +http://www.google.com/bot.html)"
66.249.64.230 - - [30/Nov/2025:10:06:43 -0500] "GET /info354290544?kg=0351433487 HTTP/1.1" 200 24479 "-" "Mozilla/5.0 (Linux; Android 6.0.1; Nexus 5X Build/MMB29P) AppleWebKit/537.36 (KHTML, like Gecko) Chrome/141.0.7390.122 Mobile Safari/537.36 (compatible; Googlebot/2.1; +http://www.google.com/bot.html)"
66.249.64.231 - - [30/Nov/2025:10:06:47 -0500] "GET /info269911420?kg=0267734840 HTTP/1.1" 200 24261 "-" "Mozilla/5.0 (Linux; Android 6.0.1; Nexus 5X Build/MMB29P) AppleWebKit/537.36 (KHTML, like Gecko) Chrome/141.0.7390.122 Mobile Safari/537.36 (compatible; Googlebot/2.1; +http://www.google.com/bot.html)"
66.249.64.231 - - [30/Nov/2025:10:06:48 -0500] "GET /?info966600?kg=0000958929 HTTP/1.1" 200 26547 "-" "Mozilla/5.0 (Linux; Android 6.0.1; Nexus 5X Build/MMB29P) AppleWebKit/537.36 (KHTML, like Gecko) Chrome/141.0.7390.122 Mobile Safari/537.36 (compatible; Googlebot/2.1; +http://www.google.com/bot.html)"
66.249.64.231 - - [30/Nov/2025:10:06:49 -0500] "GET /info75594896?kg=0074985383 HTTP/1.1" 200 26378 "-" "Mozilla/5.0 (Linux; Android 6.0.1; Nexus 5X Build/MMB29P) AppleWebKit/537.36 (KHTML, like Gecko) Chrome/141.0.7390.122 Mobile Safari/537.36 (compatible; Googlebot/2.1; +http://www.google.com/bot.html)"
66.249.64.230 - - [30/Nov/2025:10:06:52 -0500] "GET /info18567460?kg=0018417846 HTTP/1.1" 200 26293 "-" "Mozilla/5.0 (Linux; Android 6.0.1; Nexus 5X Build/MMB29P) AppleWebKit/537.36 (KHTML, like Gecko) Chrome/141.0.7390.122 Mobile Safari/537.36 (compatible; Googlebot/2.1; +http://www.google.com/bot.html)"
66.249.64.231 - - [30/Nov/2025:10:06:53 -0500] "GET /info15574928?kg=0015449447 HTTP/1.1" 200 26522 "-" "Mozilla/5.0 (Linux; Android 6.0.1; Nexus 5X Build/MMB29P) AppleWebKit/537.36 (KHTML, like Gecko) Chrome/141.0.7390.122 Mobile Safari/537.36 (compatible; Googlebot/2.1; +http://www.google.com/bot.html)"
40.77.167.55 - - [30/Nov/2025:10:07:02 -0500] "GET /info318543632?kg=0315974855 HTTP/1.1" 200 24122 "-" "Mozilla/5.0 AppleWebKit/537.36 (KHTML, like Gecko; compatible; bingbot/2.0; +http://www.bing.com/bingbot.htm) Chrome/116.0.1938.76 Safari/537.36"
66.249.64.232 - - [30/Nov/2025:10:07:08 -0500] "GET /info12885548?kg=0012781756 HTTP/1.1" 200 26609 "-" "Mozilla/5.0 (Linux; Android 6.0.1; Nexus 5X Build/MMB29P) AppleWebKit/537.36 (KHTML, like Gecko) Chrome/141.0.7390.122 Mobile Safari/537.36 (compatible; Googlebot/2.1; +http://www.google.com/bot.html)"
66.249.64.230 - - [30/Nov/2025:10:07:14 -0500] "GET /info12894012?kg=0012790152 HTTP/1.1" 200 26605 "-" "Mozilla/5.0 (Linux; Android 6.0.1; Nexus 5X Build/MMB29P) AppleWebKit/537.36 (KHTML, like Gecko) Chrome/141.0.7390.122 Mobile Safari/537.36 (compatible; Googlebot/2.1; +http://www.google.com/bot.html)"
66.29.146.184 - - [30/Nov/2025:10:07:16 -0500] "POST /wp-cron.php?doing_wp_cron=1764515236.8059599399566650390625 HTTP/1.1" 200 0 "-" "WordPress/6.8.3; https://globaltvabuja.com"
15.235.98.4 - - [30/Nov/2025:10:07:16 -0500] "GET /info245447776?kg=0243468483 HTTP/1.1" 404 26370 "-" "Mozilla/5.0 (compatible; AhrefsBot/7.0; +http://ahrefs.com/robot/)"
66.249.64.231 - - [30/Nov/2025:10:07:17 -0500] "GET /info12887132?kg=0012783328 HTTP/1.1" 200 26390 "-" "Mozilla/5.0 (Linux; Android 6.0.1; Nexus 5X Build/MMB29P) AppleWebKit/537.36 (KHTML, like Gecko) Chrome/141.0.7390.122 Mobile Safari/537.36 (compatible; Googlebot/2.1; +http://www.google.com/bot.html)"
40.77.167.55 - - [30/Nov/2025:10:07:22 -0500] "GET /info226945256?kg=0225115177 HTTP/1.1" 200 24657 "-" "Mozilla/5.0 AppleWebKit/537.36 (KHTML, like Gecko; compatible; bingbot/2.0; +http://www.bing.com/bingbot.htm) Chrome/116.0.1938.76 Safari/537.36"
66.249.64.230 - - [30/Nov/2025:10:07:22 -0500] "GET /info12874700?kg=0012770996 HTTP/1.1" 200 26682 "-" "Mozilla/5.0 (Linux; Android 6.0.1; Nexus 5X Build/MMB29P) AppleWebKit/537.36 (KHTML, like Gecko) Chrome/141.0.7390.122 Mobile Safari/537.36 (compatible; Googlebot/2.1; +http://www.google.com/bot.html)"
66.249.64.230 - - [30/Nov/2025:10:07:25 -0500] "GET /info77742112?kg=0077115283 HTTP/1.1" 200 26205 "-" "Mozilla/5.0 (Linux; Android 6.0.1; Nexus 5X Build/MMB29P) AppleWebKit/537.36 (KHTML, like Gecko) Chrome/141.0.7390.122 Mobile Safari/537.36 (compatible; Googlebot/2.1; +http://www.google.com/bot.html)"
66.249.64.230 - - [30/Nov/2025:10:07:26 -0500] "GET /info18940980?kg=0018788354 HTTP/1.1" 200 26225 "-" "Mozilla/5.0 (Linux; Android 6.0.1; Nexus 5X Build/MMB29P) AppleWebKit/537.36 (KHTML, like Gecko) Chrome/141.0.7390.122 Mobile Safari/537.36 (compatible; Googlebot/2.1; +http://www.google.com/bot.html)"
66.249.64.230 - - [30/Nov/2025:10:07:28 -0500] "GET /info12898244?kg=0012794350 HTTP/1.1" 200 26292 "-" "Mozilla/5.0 (Linux; Android 6.0.1; Nexus 5X Build/MMB29P) AppleWebKit/537.36 (KHTML, like Gecko) Chrome/141.0.7390.122 Mobile Safari/537.36 (compatible; Googlebot/2.1; +http://www.google.com/bot.html)"
40.77.167.144 - - [30/Nov/2025:10:07:32 -0500] "GET /info341653792?kg=0338898643 HTTP/1.1" 200 24370 "-" "Mozilla/5.0 AppleWebKit/537.36 (KHTML, like Gecko; compatible; bingbot/2.0; +http://www.bing.com/bingbot.htm) Chrome/116.0.1938.76 Safari/537.36"
114.119.129.189 - - [30/Nov/2025:10:07:38 -0500] "GET /info364167168?kg=0361230459 HTTP/1.1" 404 32483 "https://globaltvabuja.com/sitemap-subitems-942.xml" "Mozilla/5.0 (Linux; Android 7.0;) AppleWebKit/537.36 (KHTML, like Gecko) Mobile Safari/537.36 (compatible; PetalBot;+https://webmaster.petalsearch.com/site/petalbot)"
40.77.167.144 - - [30/Nov/2025:10:07:40 -0500] "GET /info344773036?kg=0341992732 HTTP/1.1" 200 24298 "-" "Mozilla/5.0 AppleWebKit/537.36 (KHTML, like Gecko; compatible; bingbot/2.0; +http://www.bing.com/bingbot.htm) Chrome/116.0.1938.76 Safari/537.36"
40.77.167.144 - - [30/Nov/2025:10:07:43 -0500] "GET /info344799352?kg=0342018837 HTTP/1.1" 200 24489 "-" "Mozilla/5.0 AppleWebKit/537.36 (KHTML, like Gecko; compatible; bingbot/2.0; +http://www.bing.com/bingbot.htm) Chrome/116.0.1938.76 Safari/537.36"
66.249.64.230 - - [30/Nov/2025:10:07:52 -0500] "GET /info7624376?kg=0007563013 HTTP/1.1" 200 26557 "-" "Mozilla/5.0 (Linux; Android 6.0.1; Nexus 5X Build/MMB29P) AppleWebKit/537.36 (KHTML, like Gecko) Chrome/141.0.7390.122 Mobile Safari/537.36 (compatible; Googlebot/2.1; +http://www.google.com/bot.html)"
157.55.39.9 - - [30/Nov/2025:10:07:52 -0500] "GET /info7266200?kg=0007207725 HTTP/1.1" 200 26449 "-" "Mozilla/5.0 AppleWebKit/537.36 (KHTML, like Gecko; compatible; bingbot/2.0; +http://www.bing.com/bingbot.htm) Chrome/116.0.1938.76 Safari/537.36"
66.249.64.232 - - [30/Nov/2025:10:08:18 -0500] "GET /?info7259188?kg=0007200770 HTTP/1.1" 200 26796 "-" "Mozilla/5.0 (Linux; Android 6.0.1; Nexus 5X Build/MMB29P) AppleWebKit/537.36 (KHTML, like Gecko) Chrome/141.0.7390.122 Mobile Safari/537.36 (compatible; Googlebot/2.1; +http://www.google.com/bot.html)"
66.249.64.230 - - [30/Nov/2025:10:08:23 -0500] "GET /info18781336?kg=0018629997 HTTP/1.1" 200 26632 "-" "Mozilla/5.0 (Linux; Android 6.0.1; Nexus 5X Build/MMB29P) AppleWebKit/537.36 (KHTML, like Gecko) Chrome/141.0.7390.122 Mobile Safari/537.36 (compatible; Googlebot/2.1; +http://www.google.com/bot.html)"
66.29.146.184 - - [30/Nov/2025:10:08:27 -0500] "POST /wp-cron.php?doing_wp_cron=1764515307.0373239517211914062500 HTTP/1.1" 200 0 "-" "WordPress/6.8.3; https://globaltvabuja.com"
146.174.166.144 - - [30/Nov/2025:10:08:26 -0500] "GET /info127703332?kg=0126673590 HTTP/1.1" 404 32479 "-" "Mozilla/5.0 (Windows; U; Windows NT 6.1; en-US) AppleWebKit/532.2 (KHTML, like Gecko) Chrome/4.0.223.1 Safari/532.2"
40.77.167.144 - - [30/Nov/2025:10:08:28 -0500] "GET /info266949048?kg=0264796357 HTTP/1.1" 200 24242 "-" "Mozilla/5.0 AppleWebKit/537.36 (KHTML, like Gecko; compatible; bingbot/2.0; +http://www.bing.com/bingbot.htm) Chrome/116.0.1938.76 Safari/537.36"
51.161.37.178 - - [30/Nov/2025:10:08:35 -0500] "GET /info243440768?kg=0241477659 HTTP/1.1" 404 26384 "-" "Mozilla/5.0 (compatible; AhrefsBot/7.0; +http://ahrefs.com/robot/)"
66.249.64.230 - - [30/Nov/2025:10:08:43 -0500] "GET /?info11796996?kg=0011701982 HTTP/1.1" 200 26385 "-" "Mozilla/5.0 (Linux; Android 6.0.1; Nexus 5X Build/MMB29P) AppleWebKit/537.36 (KHTML, like Gecko) Chrome/141.0.7390.122 Mobile Safari/537.36 (compatible; Googlebot/2.1; +http://www.google.com/bot.html)"
40.77.167.55 - - [30/Nov/2025:10:08:51 -0500] "GET /info256302640?kg=0254235807 HTTP/1.1" 200 24277 "-" "Mozilla/5.0 AppleWebKit/537.36 (KHTML, like Gecko; compatible; bingbot/2.0; +http://www.bing.com/bingbot.htm) Chrome/116.0.1938.76 Safari/537.36"
66.249.64.230 - - [30/Nov/2025:10:08:53 -0500] "GET /?info5757296?kg=0005710991 HTTP/1.1" 200 26389 "-" "Mozilla/5.0 (Linux; Android 6.0.1; Nexus 5X Build/MMB29P) AppleWebKit/537.36 (KHTML, like Gecko) Chrome/141.0.7390.122 Mobile Safari/537.36 (compatible; Googlebot/2.1; +http://www.google.com/bot.html)"
66.29.146.184 - - [30/Nov/2025:10:09:02 -0500] "POST /wp-cron.php?doing_wp_cron=1764515342.5979290008544921875000 HTTP/1.1" 200 0 "-" "WordPress/6.8.3; https://globaltvabuja.com"
114.119.135.251 - - [30/Nov/2025:10:09:02 -0500] "GET /info364167160?kg=0361230453 HTTP/1.1" 404 32485 "https://globaltvabuja.com/sitemap-subitems-942.xml" "Mozilla/5.0 (Linux; Android 7.0;) AppleWebKit/537.36 (KHTML, like Gecko) Mobile Safari/537.36 (compatible; PetalBot;+https://webmaster.petalsearch.com/site/petalbot)"
157.55.39.9 - - [30/Nov/2025:10:09:03 -0500] "GET /info318539128?kg=0315970389 HTTP/1.1" 200 24215 "-" "Mozilla/5.0 AppleWebKit/537.36 (KHTML, like Gecko; compatible; bingbot/2.0; +http://www.bing.com/bingbot.htm) Chrome/116.0.1938.76 Safari/537.36"
66.249.64.230 - - [30/Nov/2025:10:09:05 -0500] "GET /?info357281228?kg=0354400052 HTTP/1.1" 200 24581 "-" "Mozilla/5.0 (Linux; Android 6.0.1; Nexus 5X Build/MMB29P) AppleWebKit/537.36 (KHTML, like Gecko) Chrome/141.0.7390.122 Mobile Safari/537.36 (compatible; Googlebot/2.1; +http://www.google.com/bot.html)"
66.249.64.230 - - [30/Nov/2025:10:09:10 -0500] "GET /?info7536948?kg=0007476290 HTTP/1.1" 200 26800 "-" "Mozilla/5.0 (Linux; Android 6.0.1; Nexus 5X Build/MMB29P) AppleWebKit/537.36 (KHTML, like Gecko) Chrome/141.0.7390.122 Mobile Safari/537.36 (compatible; Googlebot/2.1; +http://www.google.com/bot.html)"
40.77.167.144 - - [30/Nov/2025:10:09:11 -0500] "GET /info328775908?kg=0326124614 HTTP/1.1" 200 24408 "-" "Mozilla/5.0 AppleWebKit/537.36 (KHTML, like Gecko; compatible; bingbot/2.0; +http://www.bing.com/bingbot.htm) Chrome/116.0.1938.76 Safari/537.36"
66.249.64.230 - - [30/Nov/2025:10:09:21 -0500] "GET /?info8082676?kg=0008017618 HTTP/1.1" 200 26931 "-" "Mozilla/5.0 (Linux; Android 6.0.1; Nexus 5X Build/MMB29P) AppleWebKit/537.36 (KHTML, like Gecko) Chrome/141.0.7390.122 Mobile Safari/537.36 (compatible; Googlebot/2.1; +http://www.google.com/bot.html)"
157.55.39.9 - - [30/Nov/2025:10:09:23 -0500] "GET /info62866212?kg=0062359350 HTTP/1.1" 200 26690 "-" "Mozilla/5.0 AppleWebKit/537.36 (KHTML, like Gecko; compatible; bingbot/2.0; +http://www.bing.com/bingbot.htm) Chrome/116.0.1938.76 Safari/537.36"
66.249.64.230 - - [30/Nov/2025:10:09:25 -0500] "GET /?info9468704?kg=0009392467 HTTP/1.1" 200 26780 "-" "Mozilla/5.0 (Linux; Android 6.0.1; Nexus 5X Build/MMB29P) AppleWebKit/537.36 (KHTML, like Gecko) Chrome/141.0.7390.122 Mobile Safari/537.36 (compatible; Googlebot/2.1; +http://www.google.com/bot.html)"
66.249.64.230 - - [30/Nov/2025:10:09:29 -0500] "GET /?info7641568?kg=0007580067 HTTP/1.1" 200 26592 "-" "Mozilla/5.0 (Linux; Android 6.0.1; Nexus 5X Build/MMB29P) AppleWebKit/537.36 (KHTML, like Gecko) Chrome/141.0.7390.122 Mobile Safari/537.36 (compatible; Googlebot/2.1; +http://www.google.com/bot.html)"
66.249.64.230 - - [30/Nov/2025:10:09:31 -0500] "GET /?info1440244?kg=0001428754 HTTP/1.1" 200 26374 "-" "Mozilla/5.0 (Linux; Android 6.0.1; Nexus 5X Build/MMB29P) AppleWebKit/537.36 (KHTML, like Gecko) Chrome/141.0.7390.122 Mobile Safari/537.36 (compatible; Googlebot/2.1; +http://www.google.com/bot.html)"
40.77.167.144 - - [30/Nov/2025:10:09:31 -0500] "GET /info194179236?kg=0192613398 HTTP/1.1" 200 24612 "-" "Mozilla/5.0 AppleWebKit/537.36 (KHTML, like Gecko; compatible; bingbot/2.0; +http://www.bing.com/bingbot.htm) Chrome/116.0.1938.76 Safari/537.36"
157.55.39.9 - - [30/Nov/2025:10:09:54 -0500] "GET /info325323088?kg=0322699639 HTTP/1.1" 200 24797 "-" "Mozilla/5.0 AppleWebKit/537.36 (KHTML, like Gecko; compatible; bingbot/2.0; +http://www.bing.com/bingbot.htm) Chrome/116.0.1938.76 Safari/537.36"
66.249.64.230 - - [30/Nov/2025:10:09:58 -0500] "GET /?info2228028?kg=0002210184 HTTP/1.1" 200 26601 "-" "Mozilla/5.0 (Linux; Android 6.0.1; Nexus 5X Build/MMB29P) AppleWebKit/537.36 (KHTML, like Gecko) Chrome/141.0.7390.122 Mobile Safari/537.36 (compatible; Googlebot/2.1; +http://www.google.com/bot.html)"
66.29.146.184 - - [30/Nov/2025:10:10:12 -0500] "POST /wp-cron.php?doing_wp_cron=1764515412.2918539047241210937500 HTTP/1.1" 200 0 "-" "WordPress/6.8.3; https://globaltvabuja.com"
66.249.64.232 - - [30/Nov/2025:10:10:12 -0500] "GET /?info5317252?kg=0005274494 HTTP/1.1" 200 26936 "-" "Mozilla/5.0 (Linux; Android 6.0.1; Nexus 5X Build/MMB29P) AppleWebKit/537.36 (KHTML, like Gecko) Chrome/141.0.7390.122 Mobile Safari/537.36 (compatible; Googlebot/2.1; +http://www.google.com/bot.html)"
54.39.0.241 - - [30/Nov/2025:10:10:11 -0500] "GET /info243440760?kg=0241477653 HTTP/1.1" 404 26358 "-" "Mozilla/5.0 (compatible; AhrefsBot/7.0; +http://ahrefs.com/robot/)"
66.249.64.232 - - [30/Nov/2025:10:10:12 -0500] "GET /?info2216652?kg=0002198900 HTTP/1.1" 200 26438 "-" "Mozilla/5.0 (Linux; Android 6.0.1; Nexus 5X Build/MMB29P) AppleWebKit/537.36 (KHTML, like Gecko) Chrome/141.0.7390.122 Mobile Safari/537.36 (compatible; Googlebot/2.1; +http://www.google.com/bot.html)"
114.119.130.178 - - [30/Nov/2025:10:10:26 -0500] "GET /info364167028?kg=0361230322 HTTP/1.1" 404 32502 "https://globaltvabuja.com/sitemap-subitems-942.xml" "Mozilla/5.0 (Linux; Android 7.0;) AppleWebKit/537.36 (KHTML, like Gecko) Mobile Safari/537.36 (compatible; PetalBot;+https://webmaster.petalsearch.com/site/petalbot)"
40.77.167.144 - - [30/Nov/2025:10:10:31 -0500] "GET /info122843192?kg=0121852645 HTTP/1.1" 200 26783 "-" "Mozilla/5.0 AppleWebKit/537.36 (KHTML, like Gecko; compatible; bingbot/2.0; +http://www.bing.com/bingbot.htm) Chrome/116.0.1938.76 Safari/537.36"
40.77.167.144 - - [30/Nov/2025:10:10:59 -0500] "GET /?s= HTTP/1.1" 200 26703 "-" "Mozilla/5.0 AppleWebKit/537.36 (KHTML, like Gecko; compatible; bingbot/2.0; +http://www.bing.com/bingbot.htm) Chrome/116.0.1938.76 Safari/537.36"
66.249.64.232 - - [30/Nov/2025:10:11:10 -0500] "GET /?info241512?kg=0000239689 HTTP/1.1" 200 26550 "-" "Mozilla/5.0 (Linux; Android 6.0.1; Nexus 5X Build/MMB29P) AppleWebKit/537.36 (KHTML, like Gecko) Chrome/141.0.7390.122 Mobile Safari/537.36 (compatible; Googlebot/2.1; +http://www.google.com/bot.html)"
66.249.64.232 - - [30/Nov/2025:10:11:13 -0500] "GET /?info10175140?kg=0010093206 HTTP/1.1" 200 26782 "-" "Mozilla/5.0 (Linux; Android 6.0.1; Nexus 5X Build/MMB29P) AppleWebKit/537.36 (KHTML, like Gecko) Chrome/141.0.7390.122 Mobile Safari/537.36 (compatible; Googlebot/2.1; +http://www.google.com/bot.html)"
157.55.39.9 - - [30/Nov/2025:10:11:14 -0500] "GET /info239881200?kg=0237946799 HTTP/1.1" 200 24979 "-" "Mozilla/5.0 AppleWebKit/537.36 (KHTML, like Gecko; compatible; bingbot/2.0; +http://www.bing.com/bingbot.htm) Chrome/116.0.1938.76 Safari/537.36"
66.249.64.230 - - [30/Nov/2025:10:11:15 -0500] "GET /?info347991348?kg=0345185090 HTTP/1.1" 200 24404 "-" "Mozilla/5.0 (Linux; Android 6.0.1; Nexus 5X Build/MMB29P) AppleWebKit/537.36 (KHTML, like Gecko) Chrome/141.0.7390.122 Mobile Safari/537.36 (compatible; Googlebot/2.1; +http://www.google.com/bot.html)"
66.29.146.184 - - [30/Nov/2025:10:11:38 -0500] "POST /wp-cron.php?doing_wp_cron=1764515498.7650530338287353515625 HTTP/1.1" 200 0 "-" "WordPress/6.8.3; https://globaltvabuja.com"
51.222.95.242 - - [30/Nov/2025:10:11:38 -0500] "GET /info243432560?kg=0241469519 HTTP/1.1" 404 26354 "-" "Mozilla/5.0 (compatible; AhrefsBot/7.0; +http://ahrefs.com/robot/)"
146.174.160.246 - - [30/Nov/2025:10:11:46 -0500] "GET /info127719996?kg=0126690120 HTTP/1.1" 404 32489 "-" "Mozilla/5.0 (Windows; U; Windows NT 5.1; fr; rv:1.9.2b4) Gecko/20091124 Firefox/3.6b4 (.NET CLR 3.5.30729)"
66.29.146.184 - - [30/Nov/2025:10:11:50 -0500] "POST /wp-cron.php?doing_wp_cron=1764515510.5678000450134277343750 HTTP/1.1" 200 0 "-" "WordPress/6.8.3; https://globaltvabuja.com"
114.119.145.123 - - [30/Nov/2025:10:11:50 -0500] "GET /info364166896?kg=0361230191 HTTP/1.1" 404 32470 "https://globaltvabuja.com/sitemap-subitems-942.xml" "Mozilla/5.0 (Linux; Android 7.0;) AppleWebKit/537.36 (KHTML, like Gecko) Mobile Safari/537.36 (compatible; PetalBot;+https://webmaster.petalsearch.com/site/petalbot)"
40.77.167.144 - - [30/Nov/2025:10:11:51 -0500] "GET /info52553908?kg=0052130210 HTTP/1.1" 200 26388 "-" "Mozilla/5.0 AppleWebKit/537.36 (KHTML, like Gecko; compatible; bingbot/2.0; +http://www.bing.com/bingbot.htm) Chrome/116.0.1938.76 Safari/537.36"
40.77.167.247 - - [30/Nov/2025:10:11:56 -0500] "GET /info6886592?kg=0006831179 HTTP/1.1" 200 26545 "-" "Mozilla/5.0 AppleWebKit/537.36 (KHTML, like Gecko; compatible; bingbot/2.0; +http://www.bing.com/bingbot.htm) Chrome/116.0.1938.76 Safari/537.36"
66.249.64.230 - - [30/Nov/2025:10:11:57 -0500] "GET /?info348862988?kg=0346049700 HTTP/1.1" 200 24529 "-" "Mozilla/5.0 (Linux; Android 6.0.1; Nexus 5X Build/MMB29P) AppleWebKit/537.36 (KHTML, like Gecko) Chrome/141.0.7390.122 Mobile Safari/537.36 (compatible; Googlebot/2.1; +http://www.google.com/bot.html)"
66.249.64.230 - - [30/Nov/2025:10:12:06 -0500] "GET /?info1632960?kg=0001619915 HTTP/1.1" 200 26437 "-" "Mozilla/5.0 (Linux; Android 6.0.1; Nexus 5X Build/MMB29P) AppleWebKit/537.36 (KHTML, like Gecko) Chrome/141.0.7390.122 Mobile Safari/537.36 (compatible; Googlebot/2.1; +http://www.google.com/bot.html)"
66.249.64.232 - - [30/Nov/2025:10:12:08 -0500] "GET /?info349828268?kg=0347007196 HTTP/1.1" 200 24781 "-" "Mozilla/5.0 (Linux; Android 6.0.1; Nexus 5X Build/MMB29P) AppleWebKit/537.36 (KHTML, like Gecko) Chrome/141.0.7390.122 Mobile Safari/537.36 (compatible; Googlebot/2.1; +http://www.google.com/bot.html)"
66.249.64.231 - - [30/Nov/2025:10:12:13 -0500] "GET /?info349095376?kg=0346280215 HTTP/1.1" 200 24447 "-" "Mozilla/5.0 (Linux; Android 6.0.1; Nexus 5X Build/MMB29P) AppleWebKit/537.36 (KHTML, like Gecko) Chrome/141.0.7390.122 Mobile Safari/537.36 (compatible; Googlebot/2.1; +http://www.google.com/bot.html)"
54.39.136.177 - - [30/Nov/2025:10:12:45 -0500] "GET /info243403596?kg=0241440788 HTTP/1.1" 404 26354 "-" "Mozilla/5.0 (compatible; AhrefsBot/7.0; +http://ahrefs.com/robot/)"
52.167.144.23 - - [30/Nov/2025:10:12:52 -0500] "GET /info364484072?kg=0361544809 HTTP/1.1" 200 24553 "-" "Mozilla/5.0 AppleWebKit/537.36 (KHTML, like Gecko; compatible; bingbot/2.0; +http://www.bing.com/bingbot.htm) Chrome/116.0.1938.76 Safari/537.36"
157.55.39.9 - - [30/Nov/2025:10:12:57 -0500] "GET /info48885356?kg=0048491244 HTTP/1.1" 200 26888 "-" "Mozilla/5.0 AppleWebKit/537.36 (KHTML, like Gecko; compatible; bingbot/2.0; +http://www.bing.com/bingbot.htm) Chrome/116.0.1938.76 Safari/537.36"
66.29.146.184 - - [30/Nov/2025:10:13:07 -0500] "POST /wp-cron.php?doing_wp_cron=1764515587.6103661060333251953125 HTTP/1.1" 200 0 "-" "WordPress/6.8.3; https://globaltvabuja.com"
185.191.171.6 - - [30/Nov/2025:10:13:07 -0500] "GET /tag/ag-customs-cg-pledges-improved-community-relations-to-enhance-national-security/ HTTP/1.1" 200 34124 "-" "Mozilla/5.0 (compatible; SemrushBot/7~bl; +http://www.semrush.com/bot.html)"
40.77.167.247 - - [30/Nov/2025:10:13:31 -0500] "GET /wp-content/uploads/2024/04/IMG-20240423-WA0013-1068x712.jpg HTTP/1.1" 200 72660 "-" "Mozilla/5.0 AppleWebKit/537.36 (KHTML, like Gecko; compatible; bingbot/2.0; +http://www.bing.com/bingbot.htm) Chrome/116.0.1938.76 Safari/537.36"
114.119.139.202 - - [30/Nov/2025:10:13:31 -0500] "GET /info364166764?kg=0361230060 HTTP/1.1" 404 32474 "https://globaltvabuja.com/sitemap-subitems-942.xml" "Mozilla/5.0 (Linux; Android 7.0;) AppleWebKit/537.36 (KHTML, like Gecko) Mobile Safari/537.36 (compatible; PetalBot;+https://webmaster.petalsearch.com/site/petalbot)"
66.29.146.184 - - [30/Nov/2025:10:14:06 -0500] "POST /wp-cron.php?doing_wp_cron=1764515646.8369660377502441406250 HTTP/1.1" 200 0 "-" "WordPress/6.8.3; https://globaltvabuja.com"
142.44.228.49 - - [30/Nov/2025:10:14:06 -0500] "GET /info243379788?kg=0241417172 HTTP/1.1" 404 26358 "-" "Mozilla/5.0 (compatible; AhrefsBot/7.0; +http://ahrefs.com/robot/)"
66.249.64.232 - - [30/Nov/2025:10:14:08 -0500] "GET /?info9962188?kg=0009881972 HTTP/1.1" 200 26252 "-" "Mozilla/5.0 (Linux; Android 6.0.1; Nexus 5X Build/MMB29P) AppleWebKit/537.36 (KHTML, like Gecko) Chrome/141.0.7390.122 Mobile Safari/537.36 (compatible; Googlebot/2.1; +http://www.google.com/bot.html)"
66.249.64.231 - - [30/Nov/2025:10:14:12 -0500] "GET /info6386228?kg=0006334850 HTTP/1.1" 200 26265 "-" "Mozilla/5.0 (Linux; Android 6.0.1; Nexus 5X Build/MMB29P) AppleWebKit/537.36 (KHTML, like Gecko) Chrome/141.0.7390.122 Mobile Safari/537.36 (compatible; Googlebot/2.1; +http://www.google.com/bot.html)"
157.55.39.9 - - [30/Nov/2025:10:14:15 -0500] "GET /info131423064?kg=0130363325 HTTP/1.1" 200 24625 "-" "Mozilla/5.0 AppleWebKit/537.36 (KHTML, like Gecko; compatible; bingbot/2.0; +http://www.bing.com/bingbot.htm) Chrome/116.0.1938.76 Safari/537.36"
66.249.64.230 - - [30/Nov/2025:10:14:15 -0500] "GET /?info11105236?kg=0011015802 HTTP/1.1" 200 26044 "-" "Mozilla/5.0 (Linux; Android 6.0.1; Nexus 5X Build/MMB29P) AppleWebKit/537.36 (KHTML, like Gecko) Chrome/141.0.7390.122 Mobile Safari/537.36 (compatible; Googlebot/2.1; +http://www.google.com/bot.html)"
52.167.144.23 - - [30/Nov/2025:10:14:20 -0500] "GET /info334543136?kg=0331845331 HTTP/1.1" 200 24570 "-" "Mozilla/5.0 AppleWebKit/537.36 (KHTML, like Gecko; compatible; bingbot/2.0; +http://www.bing.com/bingbot.htm) Chrome/116.0.1938.76 Safari/537.36"
114.119.152.134 - - [30/Nov/2025:10:14:37 -0500] "GET /info364166632?kg=0361229929 HTTP/1.1" 404 32467 "https://globaltvabuja.com/sitemap-subitems-942.xml" "Mozilla/5.0 (Linux; Android 7.0;) AppleWebKit/537.36 (KHTML, like Gecko) Mobile Safari/537.36 (compatible; PetalBot;+https://webmaster.petalsearch.com/site/petalbot)"
66.249.64.230 - - [30/Nov/2025:10:14:40 -0500] "GET /?info348007616?kg=0345201227 HTTP/1.1" 200 24424 "-" "Mozilla/5.0 (Linux; Android 6.0.1; Nexus 5X Build/MMB29P) AppleWebKit/537.36 (KHTML, like Gecko) Chrome/141.0.7390.122 Mobile Safari/537.36 (compatible; Googlebot/2.1; +http://www.google.com/bot.html)"
66.249.64.230 - - [30/Nov/2025:10:14:41 -0500] "GET /info9229700?kg=0009155390 HTTP/1.1" 200 26427 "-" "Mozilla/5.0 (Linux; Android 6.0.1; Nexus 5X Build/MMB29P) AppleWebKit/537.36 (KHTML, like Gecko) Chrome/141.0.7390.122 Mobile Safari/537.36 (compatible; Googlebot/2.1; +http://www.google.com/bot.html)"
40.77.167.247 - - [30/Nov/2025:10:14:42 -0500] "GET /info357832780?kg=0354947156 HTTP/1.1" 200 24326 "-" "Mozilla/5.0 AppleWebKit/537.36 (KHTML, like Gecko; compatible; bingbot/2.0; +http://www.bing.com/bingbot.htm) Chrome/116.0.1938.76 Safari/537.36"
66.249.64.230 - - [30/Nov/2025:10:14:46 -0500] "GET /?info347758424?kg=0344954045 HTTP/1.1" 200 24387 "-" "Mozilla/5.0 (Linux; Android 6.0.1; Nexus 5X Build/MMB29P) AppleWebKit/537.36 (KHTML, like Gecko) Chrome/141.0.7390.122 Mobile Safari/537.36 (compatible; Googlebot/2.1; +http://www.google.com/bot.html)"
40.77.167.247 - - [30/Nov/2025:10:14:47 -0500] "GET /info259317660?kg=0257226512 HTTP/1.1" 200 24422 "-" "Mozilla/5.0 AppleWebKit/537.36 (KHTML, like Gecko; compatible; bingbot/2.0; +http://www.bing.com/bingbot.htm) Chrome/116.0.1938.76 Safari/537.36"
66.249.64.230 - - [30/Nov/2025:10:14:49 -0500] "GET /info8830516?kg=0008759426 HTTP/1.1" 200 26775 "-" "Mozilla/5.0 (Linux; Android 6.0.1; Nexus 5X Build/MMB29P) AppleWebKit/537.36 (KHTML, like Gecko) Chrome/141.0.7390.122 Mobile Safari/537.36 (compatible; Googlebot/2.1; +http://www.google.com/bot.html)"
66.249.64.230 - - [30/Nov/2025:10:14:58 -0500] "GET /info8648516?kg=0008578894 HTTP/1.1" 200 26410 "-" "Mozilla/5.0 (Linux; Android 6.0.1; Nexus 5X Build/MMB29P) AppleWebKit/537.36 (KHTML, like Gecko) Chrome/141.0.7390.122 Mobile Safari/537.36 (compatible; Googlebot/2.1; +http://www.google.com/bot.html)"
66.249.64.230 - - [30/Nov/2025:10:14:59 -0500] "GET /info262284660?kg=0260169586 HTTP/1.1" 200 24480 "-" "Mozilla/5.0 (Linux; Android 6.0.1; Nexus 5X Build/MMB29P) AppleWebKit/537.36 (KHTML, like Gecko) Chrome/141.0.7390.122 Mobile Safari/537.36 (compatible; Googlebot/2.1; +http://www.google.com/bot.html)"
66.249.64.230 - - [30/Nov/2025:10:15:01 -0500] "GET /info9240936?kg=0009166537 HTTP/1.1" 200 26591 "-" "Mozilla/5.0 (Linux; Android 6.0.1; Nexus 5X Build/MMB29P) AppleWebKit/537.36 (KHTML, like Gecko) Chrome/141.0.7390.122 Mobile Safari/537.36 (compatible; Googlebot/2.1; +http://www.google.com/bot.html)"
40.77.167.247 - - [30/Nov/2025:10:15:03 -0500] "GET /info241683076?kg=0239734142 HTTP/1.1" 200 24471 "-" "Mozilla/5.0 AppleWebKit/537.36 (KHTML, like Gecko; compatible; bingbot/2.0; +http://www.bing.com/bingbot.htm) Chrome/116.0.1938.76 Safari/537.36"
66.29.146.184 - - [30/Nov/2025:10:15:07 -0500] "POST /wp-cron.php?doing_wp_cron=1764515706.9811139106750488281250 HTTP/1.1" 200 0 "-" "WordPress/6.8.3; https://globaltvabuja.com"
146.174.172.155 - - [30/Nov/2025:10:15:06 -0500] "GET /info127731900?kg=0126701928 HTTP/1.1" 404 32495 "-" "Mozilla/5.0 (Windows; U; Windows NT 6.1) AppleWebKit/526.3 (KHTML, like Gecko) Chrome/14.0.564.21 Safari/526.3"
66.249.64.230 - - [30/Nov/2025:10:15:10 -0500] "GET /?info13906248?kg=0013794225 HTTP/1.1" 200 26340 "-" "Mozilla/5.0 (Linux; Android 6.0.1; Nexus 5X Build/MMB29P) AppleWebKit/537.36 (KHTML, like Gecko) Chrome/141.0.7390.122 Mobile Safari/537.36 (compatible; Googlebot/2.1; +http://www.google.com/bot.html)"
66.249.64.230 - - [30/Nov/2025:10:15:12 -0500] "GET /?info974536?kg=0000966801 HTTP/1.1" 200 26056 "-" "Mozilla/5.0 (Linux; Android 6.0.1; Nexus 5X Build/MMB29P) AppleWebKit/537.36 (KHTML, like Gecko) Chrome/141.0.7390.122 Mobile Safari/537.36 (compatible; Googlebot/2.1; +http://www.google.com/bot.html)"
66.249.64.230 - - [30/Nov/2025:10:15:15 -0500] "GET /?info12261112?kg=0012162357 HTTP/1.1" 200 26290 "-" "Mozilla/5.0 (Linux; Android 6.0.1; Nexus 5X Build/MMB29P) AppleWebKit/537.36 (KHTML, like Gecko) Chrome/141.0.7390.122 Mobile Safari/537.36 (compatible; Googlebot/2.1; +http://www.google.com/bot.html)"
66.249.64.230 - - [30/Nov/2025:10:15:16 -0500] "GET /?info5858088?kg=0005810969 HTTP/1.1" 200 26360 "-" "Mozilla/5.0 (Linux; Android 6.0.1; Nexus 5X Build/MMB29P) AppleWebKit/537.36 (KHTML, like Gecko) Chrome/141.0.7390.122 Mobile Safari/537.36 (compatible; Googlebot/2.1; +http://www.google.com/bot.html)"
66.249.64.230 - - [30/Nov/2025:10:15:18 -0500] "GET /info75114636?kg=0074508996 HTTP/1.1" 200 26635 "-" "Mozilla/5.0 (Linux; Android 6.0.1; Nexus 5X Build/MMB29P) AppleWebKit/537.36 (KHTML, like Gecko) Chrome/141.0.7390.122 Mobile Safari/537.36 (compatible; Googlebot/2.1; +http://www.google.com/bot.html)"
66.249.64.230 - - [30/Nov/2025:10:15:26 -0500] "GET /?info354817364?kg=0351956058 HTTP/1.1" 200 24450 "-" "Mozilla/5.0 (Linux; Android 6.0.1; Nexus 5X Build/MMB29P) AppleWebKit/537.36 (KHTML, like Gecko) Chrome/141.0.7390.122 Mobile Safari/537.36 (compatible; Googlebot/2.1; +http://www.google.com/bot.html)"
51.222.168.156 - - [30/Nov/2025:10:15:27 -0500] "GET /info243358496?kg=0241396051 HTTP/1.1" 404 26379 "-" "Mozilla/5.0 (compatible; AhrefsBot/7.0; +http://ahrefs.com/robot/)"
66.249.64.230 - - [30/Nov/2025:10:15:28 -0500] "GET /info7885736?kg=0007822265 HTTP/1.1" 200 26557 "-" "Mozilla/5.0 (Linux; Android 6.0.1; Nexus 5X Build/MMB29P) AppleWebKit/537.36 (KHTML, like Gecko) Chrome/141.0.7390.122 Mobile Safari/537.36 (compatible; Googlebot/2.1; +http://www.google.com/bot.html)"
85.208.96.204 - - [30/Nov/2025:10:15:28 -0500] "GET /sweet-revolution-chinese-investors-laud-sugar-master-plan-to-invest-1bn-in-nigeria/ HTTP/1.1" 200 43538 "-" "Mozilla/5.0 (compatible; SemrushBot/7~bl; +http://www.semrush.com/bot.html)"
