114.119.129.189 - - [30/Nov/2025:14:11:56 -0500] "GET /info364145472?kg=0361208939 HTTP/1.1" 404 32465 "https://globaltvabuja.com/sitemap-subitems-942.xml" "Mozilla/5.0 (Linux; Android 7.0;) AppleWebKit/537.36 (KHTML, like Gecko) Mobile Safari/537.36 (compatible; PetalBot;+https://webmaster.petalsearch.com/site/petalbot)"
207.46.13.170 - - [30/Nov/2025:14:11:58 -0500] "GET /info155398512?kg=0154145423 HTTP/1.1" 200 24795 "-" "Mozilla/5.0 AppleWebKit/537.36 (KHTML, like Gecko; compatible; bingbot/2.0; +http://www.bing.com/bingbot.htm) Chrome/116.0.1938.76 Safari/537.36"
207.46.13.170 - - [30/Nov/2025:14:12:06 -0500] "GET /info173574600?kg=0172174929 HTTP/1.1" 200 24820 "-" "Mozilla/5.0 AppleWebKit/537.36 (KHTML, like Gecko; compatible; bingbot/2.0; +http://www.bing.com/bingbot.htm) Chrome/116.0.1938.76 Safari/537.36"
52.167.144.157 - - [30/Nov/2025:14:12:25 -0500] "GET /info6170100?kg=0006120466 HTTP/1.1" 200 26245 "-" "Mozilla/5.0 AppleWebKit/537.36 (KHTML, like Gecko; compatible; bingbot/2.0; +http://www.bing.com/bingbot.htm) Chrome/116.0.1938.76 Safari/537.36"
207.46.13.170 - - [30/Nov/2025:14:12:29 -0500] "GET /info226733764?kg=0224905390 HTTP/1.1" 200 24053 "-" "Mozilla/5.0 AppleWebKit/537.36 (KHTML, like Gecko; compatible; bingbot/2.0; +http://www.bing.com/bingbot.htm) Chrome/116.0.1938.76 Safari/537.36"
40.77.167.75 - - [30/Nov/2025:14:12:41 -0500] "GET /info131490916?kg=0130430630 HTTP/1.1" 200 24501 "-" "Mozilla/5.0 AppleWebKit/537.36 (KHTML, like Gecko; compatible; bingbot/2.0; +http://www.bing.com/bingbot.htm) Chrome/116.0.1938.76 Safari/537.36"
15.235.27.157 - - [30/Nov/2025:14:12:44 -0500] "GET /info250797968?kg=0248775527 HTTP/1.1" 404 26362 "-" "Mozilla/5.0 (compatible; AhrefsBot/7.0; +http://ahrefs.com/robot/)"
220.181.108.145 - - [30/Nov/2025:14:12:47 -0500] "GET /tag/nnpc-ltd/ HTTP/1.1" 200 34028 "-" "Mozilla/5.0 (compatible; Baiduspider/2.0; +http://www.baidu.com/search/spider.html)"
66.29.146.184 - - [30/Nov/2025:14:12:51 -0500] "POST /wp-cron.php?doing_wp_cron=1764529971.0809359550476074218750 HTTP/1.1" 200 0 "-" "WordPress/6.8.3; https://globaltvabuja.com"
116.179.37.169 - - [30/Nov/2025:14:12:50 -0500] "GET /wp-admin/user-new.php HTTP/1.1" 302 0 "https://globaltvabuja.com/tag/nnpc-ltd/" "Mozilla/5.0 (compatible; Baiduspider-render/2.0; +http://www.baidu.com/search/spider.html)"
116.179.37.112 - - [30/Nov/2025:14:12:51 -0500] "GET /wp-login.php?redirect_to=https%3A%2F%2Fglobaltvabuja.com%2Fwp-admin%2Fuser-new.php&reauth=1 HTTP/1.1" 200 2098 "https://globaltvabuja.com/tag/nnpc-ltd/" "Mozilla/5.0 (compatible; Baiduspider-render/2.0; +http://www.baidu.com/search/spider.html)"
116.179.37.182 - - [30/Nov/2025:14:12:52 -0500] "GET /wp-admin/user-new.php HTTP/1.1" 302 0 "https://globaltvabuja.com/tag/nnpc-ltd/" "Mozilla/5.0 (compatible; Baiduspider-render/2.0; +http://www.baidu.com/search/spider.html)"
116.179.37.38 - - [30/Nov/2025:14:12:53 -0500] "GET /wp-login.php?redirect_to=https%3A%2F%2Fglobaltvabuja.com%2Fwp-admin%2Fuser-new.php&reauth=1 HTTP/1.1" 200 2098 "https://globaltvabuja.com/tag/nnpc-ltd/" "Mozilla/5.0 (compatible; Baiduspider-render/2.0; +http://www.baidu.com/search/spider.html)"
207.46.13.170 - - [30/Nov/2025:14:13:06 -0500] "GET /info101507388?kg=0100688904 HTTP/1.1" 200 26867 "-" "Mozilla/5.0 AppleWebKit/537.36 (KHTML, like Gecko; compatible; bingbot/2.0; +http://www.bing.com/bingbot.htm) Chrome/116.0.1938.76 Safari/537.36"
207.46.13.170 - - [30/Nov/2025:14:13:10 -0500] "GET /info113607668?kg=0112691602 HTTP/1.1" 200 26468 "-" "Mozilla/5.0 AppleWebKit/537.36 (KHTML, like Gecko; compatible; bingbot/2.0; +http://www.bing.com/bingbot.htm) Chrome/116.0.1938.76 Safari/537.36"
66.29.146.184 - - [30/Nov/2025:14:13:12 -0500] "POST /wp-cron.php?doing_wp_cron=1764529992.3082289695739746093750 HTTP/1.1" 200 0 "-" "WordPress/6.8.3; https://globaltvabuja.com"
114.119.130.178 - - [30/Nov/2025:14:13:11 -0500] "GET /info364145340?kg=0361208808 HTTP/1.1" 404 32514 "https://globaltvabuja.com/sitemap-subitems-942.xml" "Mozilla/5.0 (Linux; Android 7.0;) AppleWebKit/537.36 (KHTML, like Gecko) Mobile Safari/537.36 (compatible; PetalBot;+https://webmaster.petalsearch.com/site/petalbot)"
43.173.179.119 - - [30/Nov/2025:14:13:31 -0500] "GET /crude-oil-theft-nigerian-navy-arrests-motor-tanker-vinnalaris-1-lagos-for-crude-oil-theft/ HTTP/1.1" 200 42180 "-" "Mozilla/5.0 (Windows NT 10.0; Win64; x64) AppleWebKit/537.36 (KHTML, like Gecko) Chrome/116.0.0.0 Safari/537.36"
185.191.171.3 - - [30/Nov/2025:14:13:44 -0500] "GET /robots.txt HTTP/1.1" 200 82 "-" "Mozilla/5.0 (compatible; SemrushBot/7~bl; +http://www.semrush.com/bot.html)"
85.208.96.193 - - [30/Nov/2025:14:13:45 -0500] "GET /military-intensifies-efforts-to-counter-terrorism-in-the-country/ HTTP/1.1" 200 41440 "-" "Mozilla/5.0 (compatible; SemrushBot/7~bl; +http://www.semrush.com/bot.html)"
40.77.167.75 - - [30/Nov/2025:14:13:53 -0500] "GET /info40275324?kg=0039950648 HTTP/1.1" 200 26882 "-" "Mozilla/5.0 AppleWebKit/537.36 (KHTML, like Gecko; compatible; bingbot/2.0; +http://www.bing.com/bingbot.htm) Chrome/116.0.1938.76 Safari/537.36"
66.29.146.184 - - [30/Nov/2025:14:14:22 -0500] "POST /wp-cron.php?doing_wp_cron=1764530062.3367021083831787109375 HTTP/1.1" 200 0 "-" "WordPress/6.8.3; https://globaltvabuja.com"
15.235.27.74 - - [30/Nov/2025:14:14:21 -0500] "GET /info250793596?kg=0248771192 HTTP/1.1" 404 26361 "-" "Mozilla/5.0 (compatible; AhrefsBot/7.0; +http://ahrefs.com/robot/)"
52.167.144.157 - - [30/Nov/2025:14:14:23 -0500] "GET /info266959764?kg=0264806986 HTTP/1.1" 200 24405 "-" "Mozilla/5.0 AppleWebKit/537.36 (KHTML, like Gecko; compatible; bingbot/2.0; +http://www.bing.com/bingbot.htm) Chrome/116.0.1938.76 Safari/537.36"
114.119.152.134 - - [30/Nov/2025:14:14:35 -0500] "GET /info364145208?kg=0361208677 HTTP/1.1" 404 32523 "https://globaltvabuja.com/sitemap-subitems-942.xml" "Mozilla/5.0 (Linux; Android 7.0;) AppleWebKit/537.36 (KHTML, like Gecko) Mobile Safari/537.36 (compatible; PetalBot;+https://webmaster.petalsearch.com/site/petalbot)"
40.77.167.20 - - [30/Nov/2025:14:14:51 -0500] "GET /info266984100?kg=0264831126 HTTP/1.1" 200 24725 "-" "Mozilla/5.0 AppleWebKit/537.36 (KHTML, like Gecko; compatible; bingbot/2.0; +http://www.bing.com/bingbot.htm) Chrome/116.0.1938.76 Safari/537.36"
40.77.167.20 - - [30/Nov/2025:14:14:55 -0500] "GET /info6985264?kg=0006929055 HTTP/1.1" 200 26437 "-" "Mozilla/5.0 AppleWebKit/537.36 (KHTML, like Gecko; compatible; bingbot/2.0; +http://www.bing.com/bingbot.htm) Chrome/116.0.1938.76 Safari/537.36"
52.167.144.157 - - [30/Nov/2025:14:15:06 -0500] "GET /info50823992?kg=0050414245 HTTP/1.1" 200 25982 "-" "Mozilla/5.0 AppleWebKit/537.36 (KHTML, like Gecko; compatible; bingbot/2.0; +http://www.bing.com/bingbot.htm) Chrome/116.0.1938.76 Safari/537.36"
66.29.146.184 - - [30/Nov/2025:14:15:20 -0500] "POST /wp-cron.php?doing_wp_cron=1764530120.4934198856353759765625 HTTP/1.1" 200 0 "-" "WordPress/6.8.3; https://globaltvabuja.com"
51.161.65.33 - - [30/Nov/2025:14:15:19 -0500] "GET /info250777064?kg=0248754793 HTTP/1.1" 404 26376 "-" "Mozilla/5.0 (compatible; AhrefsBot/7.0; +http://ahrefs.com/robot/)"
52.167.144.157 - - [30/Nov/2025:14:15:23 -0500] "GET /info131491848?kg=0130431553 HTTP/1.1" 200 24863 "-" "Mozilla/5.0 AppleWebKit/537.36 (KHTML, like Gecko; compatible; bingbot/2.0; +http://www.bing.com/bingbot.htm) Chrome/116.0.1938.76 Safari/537.36"
40.77.167.20 - - [30/Nov/2025:14:15:35 -0500] "GET /info83049572?kg=0082379942 HTTP/1.1" 200 26089 "-" "Mozilla/5.0 AppleWebKit/537.36 (KHTML, like Gecko; compatible; bingbot/2.0; +http://www.bing.com/bingbot.htm) Chrome/116.0.1938.76 Safari/537.36"
43.173.182.37 - - [30/Nov/2025:14:15:46 -0500] "GET /staff-welfare-acting-cgc-marks-official-groundbreaking-of-customs-service-zone-b-headquarters-in-mando-kaduna/ HTTP/1.1" 200 42069 "-" "Mozilla/5.0 (Windows NT 10.0; Win64; x64) AppleWebKit/537.36 (KHTML, like Gecko) Chrome/133.0.0.0 Safari/537.36"
40.77.167.20 - - [30/Nov/2025:14:15:57 -0500] "GET /info14825372?kg=0014705936 HTTP/1.1" 200 26053 "-" "Mozilla/5.0 AppleWebKit/537.36 (KHTML, like Gecko; compatible; bingbot/2.0; +http://www.bing.com/bingbot.htm) Chrome/116.0.1938.76 Safari/537.36"
66.29.146.184 - - [30/Nov/2025:14:16:01 -0500] "POST /wp-cron.php?doing_wp_cron=1764530161.4654650688171386718750 HTTP/1.1" 200 0 "-" "WordPress/6.8.3; https://globaltvabuja.com"
114.119.152.134 - - [30/Nov/2025:14:16:00 -0500] "GET /info364145076?kg=0361208546 HTTP/1.1" 404 32517 "https://globaltvabuja.com/sitemap-subitems-942.xml" "Mozilla/5.0 (Linux; Android 7.0;) AppleWebKit/537.36 (KHTML, like Gecko) Mobile Safari/537.36 (compatible; PetalBot;+https://webmaster.petalsearch.com/site/petalbot)"
40.77.167.20 - - [30/Nov/2025:14:16:05 -0500] "GET /info276372256?kg=0274143571 HTTP/1.1" 200 24663 "-" "Mozilla/5.0 AppleWebKit/537.36 (KHTML, like Gecko; compatible; bingbot/2.0; +http://www.bing.com/bingbot.htm) Chrome/116.0.1938.76 Safari/537.36"
40.77.167.20 - - [30/Nov/2025:14:16:15 -0500] "GET /info279822692?kg=0277566182 HTTP/1.1" 200 24069 "-" "Mozilla/5.0 AppleWebKit/537.36 (KHTML, like Gecko; compatible; bingbot/2.0; +http://www.bing.com/bingbot.htm) Chrome/116.0.1938.76 Safari/537.36"
142.44.225.102 - - [30/Nov/2025:14:16:16 -0500] "GET /info250730248?kg=0248708353 HTTP/1.1" 404 26350 "-" "Mozilla/5.0 (compatible; AhrefsBot/7.0; +http://ahrefs.com/robot/)"
207.46.13.170 - - [30/Nov/2025:14:16:20 -0500] "GET /info131510624?kg=0130450179 HTTP/1.1" 200 24464 "-" "Mozilla/5.0 AppleWebKit/537.36 (KHTML, like Gecko; compatible; bingbot/2.0; +http://www.bing.com/bingbot.htm) Chrome/116.0.1938.76 Safari/537.36"
40.77.167.20 - - [30/Nov/2025:14:16:25 -0500] "GET /info171091292?kg=0169711648 HTTP/1.1" 200 24499 "-" "Mozilla/5.0 AppleWebKit/537.36 (KHTML, like Gecko; compatible; bingbot/2.0; +http://www.bing.com/bingbot.htm) Chrome/116.0.1938.76 Safari/537.36"
66.29.146.184 - - [30/Nov/2025:14:16:55 -0500] "POST /wp-cron.php?doing_wp_cron=1764530215.0195980072021484375000 HTTP/1.1" 200 0 "-" "WordPress/6.8.3; https://globaltvabuja.com"
146.174.180.5 - - [30/Nov/2025:14:16:54 -0500] "GET /info135951880?kg=0134855617 HTTP/1.1" 404 32512 "-" "Mozilla/5.0 (Windows NT 5.1; rv:11.0) Gecko Firefox/11.0"
40.77.167.20 - - [30/Nov/2025:14:17:15 -0500] "GET /info299138388?kg=0296726106 HTTP/1.1" 200 24293 "-" "Mozilla/5.0 AppleWebKit/537.36 (KHTML, like Gecko; compatible; bingbot/2.0; +http://www.bing.com/bingbot.htm) Chrome/116.0.1938.76 Safari/537.36"
114.119.151.50 - - [30/Nov/2025:14:17:22 -0500] "GET /info364144944?kg=0361208415 HTTP/1.1" 404 32504 "https://globaltvabuja.com/sitemap-subitems-942.xml" "Mozilla/5.0 (Linux; Android 7.0;) AppleWebKit/537.36 (KHTML, like Gecko) Mobile Safari/537.36 (compatible; PetalBot;+https://webmaster.petalsearch.com/site/petalbot)"
157.55.39.55 - - [30/Nov/2025:14:17:41 -0500] "GET /info261330624?kg=0259223243 HTTP/1.1" 200 24572 "-" "Mozilla/5.0 AppleWebKit/537.36 (KHTML, like Gecko; compatible; bingbot/2.0; +http://www.bing.com/bingbot.htm) Chrome/116.0.1938.76 Safari/537.36"
66.249.64.230 - - [30/Nov/2025:14:17:43 -0500] "GET /?info348695400?kg=0345883465 HTTP/1.1" 200 24486 "-" "Mozilla/5.0 (Linux; Android 6.0.1; Nexus 5X Build/MMB29P) AppleWebKit/537.36 (KHTML, like Gecko) Chrome/141.0.7390.122 Mobile Safari/537.36 (compatible; Googlebot/2.1; +http://www.google.com/bot.html)"
40.77.167.20 - - [30/Nov/2025:14:17:46 -0500] "GET /info8121564?kg=0008056192 HTTP/1.1" 200 26609 "-" "Mozilla/5.0 AppleWebKit/537.36 (KHTML, like Gecko; compatible; bingbot/2.0; +http://www.bing.com/bingbot.htm) Chrome/116.0.1938.76 Safari/537.36"
148.113.130.200 - - [30/Nov/2025:14:17:46 -0500] "GET /info250726544?kg=0248704679 HTTP/1.1" 404 26367 "-" "Mozilla/5.0 (compatible; AhrefsBot/7.0; +http://ahrefs.com/robot/)"
40.77.167.20 - - [30/Nov/2025:14:17:53 -0500] "GET /info360495308?kg=0357588212 HTTP/1.1" 200 24412 "-" "Mozilla/5.0 AppleWebKit/537.36 (KHTML, like Gecko; compatible; bingbot/2.0; +http://www.bing.com/bingbot.htm) Chrome/116.0.1938.76 Safari/537.36"
66.249.64.230 - - [30/Nov/2025:14:17:57 -0500] "GET /?info918192?kg=0000910911 HTTP/1.1" 200 26321 "-" "Mozilla/5.0 (Linux; Android 6.0.1; Nexus 5X Build/MMB29P) AppleWebKit/537.36 (KHTML, like Gecko) Chrome/141.0.7390.122 Mobile Safari/537.36 (compatible; Googlebot/2.1; +http://www.google.com/bot.html)"
66.249.64.232 - - [30/Nov/2025:14:18:01 -0500] "GET /?info19201152?kg=0019046427 HTTP/1.1" 200 26755 "-" "Mozilla/5.0 (Linux; Android 6.0.1; Nexus 5X Build/MMB29P) AppleWebKit/537.36 (KHTML, like Gecko) Chrome/141.0.7390.122 Mobile Safari/537.36 (compatible; Googlebot/2.1; +http://www.google.com/bot.html)"
66.249.64.230 - - [30/Nov/2025:14:18:03 -0500] "GET /info6639784?kg=0006586361 HTTP/1.1" 200 26718 "-" "Mozilla/5.0 (Linux; Android 6.0.1; Nexus 5X Build/MMB29P) AppleWebKit/537.36 (KHTML, like Gecko) Chrome/141.0.7390.122 Mobile Safari/537.36 (compatible; Googlebot/2.1; +http://www.google.com/bot.html)"
52.167.144.157 - - [30/Nov/2025:14:18:05 -0500] "GET /info130144312?kg=0129094885 HTTP/1.1" 200 24830 "-" "Mozilla/5.0 AppleWebKit/537.36 (KHTML, like Gecko; compatible; bingbot/2.0; +http://www.bing.com/bingbot.htm) Chrome/116.0.1938.76 Safari/537.36"
66.249.64.230 - - [30/Nov/2025:14:18:11 -0500] "GET /?info351590192?kg=0348754911 HTTP/1.1" 200 24645 "-" "Mozilla/5.0 (Linux; Android 6.0.1; Nexus 5X Build/MMB29P) AppleWebKit/537.36 (KHTML, like Gecko) Chrome/141.0.7390.122 Mobile Safari/537.36 (compatible; Googlebot/2.1; +http://www.google.com/bot.html)"
66.249.64.230 - - [30/Nov/2025:14:18:17 -0500] "GET /info76332812?kg=0075717348 HTTP/1.1" 200 26694 "-" "Mozilla/5.0 (compatible; Googlebot/2.1; +http://www.google.com/bot.html)"
66.29.146.184 - - [30/Nov/2025:14:18:18 -0500] "POST /wp-cron.php?doing_wp_cron=1764530298.2111649513244628906250 HTTP/1.1" 200 0 "-" "WordPress/6.8.3; https://globaltvabuja.com"
66.249.64.230 - - [30/Nov/2025:14:18:18 -0500] "GET /?info268507152?kg=0266341895 HTTP/1.1" 200 24266 "-" "Mozilla/5.0 (Linux; Android 6.0.1; Nexus 5X Build/MMB29P) AppleWebKit/537.36 (KHTML, like Gecko) Chrome/141.0.7390.122 Mobile Safari/537.36 (compatible; Googlebot/2.1; +http://www.google.com/bot.html)"
102.91.93.51 - - [30/Nov/2025:14:18:17 -0500] "GET /wp-json/wp/v2/categories?per_page=100&parent=0&orderby=count&order=desc HTTP/1.1" 200 116604 "-" "Dart/3.5 (dart:io)"
102.91.93.51 - - [30/Nov/2025:14:18:17 -0500] "GET /wp-json/wp/v2/posts?_embed=wp:featuredmedia,wp:term&page=1&per_page=10 HTTP/1.1" 200 299480 "-" "Dart/3.5 (dart:io)"
102.91.93.51 - - [30/Nov/2025:14:18:17 -0500] "GET /wp-json/wp/v2/posts?_embed=wp:featuredmedia,wp:term&per_page=10 HTTP/1.1" 200 299480 "-" "Dart/3.5 (dart:io)"
102.91.93.51 - - [30/Nov/2025:14:18:20 -0500] "GET /wp-json/wp/v2/posts?categories=-1&per_page=15&_embed=true HTTP/1.1" 200 1840628 "-" "Dart/3.5 (dart:io)"
66.249.64.230 - - [30/Nov/2025:14:18:21 -0500] "GET /?info265868828?kg=0263724848 HTTP/1.1" 200 24788 "-" "Mozilla/5.0 (Linux; Android 6.0.1; Nexus 5X Build/MMB29P) AppleWebKit/537.36 (KHTML, like Gecko) Chrome/141.0.7390.122 Mobile Safari/537.36 (compatible; Googlebot/2.1; +http://www.google.com/bot.html)"
66.249.64.230 - - [30/Nov/2025:14:18:21 -0500] "GET /info353811348?kg=0350958154 HTTP/1.1" 200 24510 "-" "Mozilla/5.0 (Linux; Android 6.0.1; Nexus 5X Build/MMB29P) AppleWebKit/537.36 (KHTML, like Gecko) Chrome/141.0.7390.122 Mobile Safari/537.36 (compatible; Googlebot/2.1; +http://www.google.com/bot.html)"
157.55.39.55 - - [30/Nov/2025:14:18:32 -0500] "GET /info371208908?kg=0368215412 HTTP/1.1" 200 24394 "-" "Mozilla/5.0 AppleWebKit/537.36 (KHTML, like Gecko; compatible; bingbot/2.0; +http://www.bing.com/bingbot.htm) Chrome/116.0.1938.76 Safari/537.36"
114.119.139.202 - - [30/Nov/2025:14:18:45 -0500] "GET /info364144812?kg=0361208284 HTTP/1.1" 404 32509 "https://globaltvabuja.com/sitemap-subitems-942.xml" "Mozilla/5.0 (Linux; Android 7.0;) AppleWebKit/537.36 (KHTML, like Gecko) Mobile Safari/537.36 (compatible; PetalBot;+https://webmaster.petalsearch.com/site/petalbot)"
40.77.167.20 - - [30/Nov/2025:14:19:02 -0500] "GET /info131527156?kg=0130466578 HTTP/1.1" 200 24446 "-" "Mozilla/5.0 AppleWebKit/537.36 (KHTML, like Gecko; compatible; bingbot/2.0; +http://www.bing.com/bingbot.htm) Chrome/116.0.1938.76 Safari/537.36"
52.167.144.157 - - [30/Nov/2025:14:19:07 -0500] "GET /info266988200?kg=0264835193 HTTP/1.1" 200 24546 "-" "Mozilla/5.0 AppleWebKit/537.36 (KHTML, like Gecko; compatible; bingbot/2.0; +http://www.bing.com/bingbot.htm) Chrome/116.0.1938.76 Safari/537.36"
66.29.146.184 - - [30/Nov/2025:14:19:09 -0500] "POST /wp-cron.php?doing_wp_cron=1764530349.6755321025848388671875 HTTP/1.1" 200 0 "-" "WordPress/6.8.3; https://globaltvabuja.com"
54.39.210.175 - - [30/Nov/2025:14:19:09 -0500] "GET /info250372328?kg=0248353321 HTTP/1.1" 404 26377 "-" "Mozilla/5.0 (compatible; AhrefsBot/7.0; +http://ahrefs.com/robot/)"
40.77.167.20 - - [30/Nov/2025:14:19:15 -0500] "GET /info201522412?kg=0199897356 HTTP/1.1" 200 24234 "-" "Mozilla/5.0 AppleWebKit/537.36 (KHTML, like Gecko; compatible; bingbot/2.0; +http://www.bing.com/bingbot.htm) Chrome/116.0.1938.76 Safari/537.36"
52.167.144.157 - - [30/Nov/2025:14:19:20 -0500] "GET /info311301768?kg=0308791393 HTTP/1.1" 200 24165 "-" "Mozilla/5.0 AppleWebKit/537.36 (KHTML, like Gecko; compatible; bingbot/2.0; +http://www.bing.com/bingbot.htm) Chrome/116.0.1938.76 Safari/537.36"
40.77.167.20 - - [30/Nov/2025:14:19:43 -0500] "GET /info6985924?kg=0006929710 HTTP/1.1" 200 26404 "-" "Mozilla/5.0 AppleWebKit/537.36 (KHTML, like Gecko; compatible; bingbot/2.0; +http://www.bing.com/bingbot.htm) Chrome/116.0.1938.76 Safari/537.36"
66.249.64.230 - - [30/Nov/2025:14:19:54 -0500] "GET /?info268298168?kg=0266134597 HTTP/1.1" 200 24607 "-" "Mozilla/5.0 (Linux; Android 6.0.1; Nexus 5X Build/MMB29P) AppleWebKit/537.36 (KHTML, like Gecko) Chrome/141.0.7390.122 Mobile Safari/537.36 (compatible; Googlebot/2.1; +http://www.google.com/bot.html)"
40.77.167.20 - - [30/Nov/2025:14:20:03 -0500] "GET /info315750556?kg=0313204304 HTTP/1.1" 200 24542 "-" "Mozilla/5.0 AppleWebKit/537.36 (KHTML, like Gecko; compatible; bingbot/2.0; +http://www.bing.com/bingbot.htm) Chrome/116.0.1938.76 Safari/537.36"
66.249.64.231 - - [30/Nov/2025:14:20:05 -0500] "GET /?info268500932?kg=0266335726 HTTP/1.1" 200 24577 "-" "Mozilla/5.0 (Linux; Android 6.0.1; Nexus 5X Build/MMB29P) AppleWebKit/537.36 (KHTML, like Gecko) Chrome/141.0.7390.122 Mobile Safari/537.36 (compatible; Googlebot/2.1; +http://www.google.com/bot.html)"
157.55.39.55 - - [30/Nov/2025:14:20:13 -0500] "GET /info190433048?kg=0188897421 HTTP/1.1" 200 24419 "-" "Mozilla/5.0 AppleWebKit/537.36 (KHTML, like Gecko; compatible; bingbot/2.0; +http://www.bing.com/bingbot.htm) Chrome/116.0.1938.76 Safari/537.36"
66.29.146.184 - - [30/Nov/2025:14:20:18 -0500] "POST /wp-cron.php?doing_wp_cron=1764530418.7775990962982177734375 HTTP/1.1" 200 0 "-" "WordPress/6.8.3; https://globaltvabuja.com"
142.44.225.55 - - [30/Nov/2025:14:20:18 -0500] "GET /info250338868?kg=0248320130 HTTP/1.1" 404 26365 "-" "Mozilla/5.0 (compatible; AhrefsBot/7.0; +http://ahrefs.com/robot/)"
3.83.76.234 - - [30/Nov/2025:14:20:20 -0500] "GET /fg-to-launch-sugar-master-plan-phase-ii-as-industry-requires-3-5bn-investments/ HTTP/1.1" 200 209193 "-" "TerraCotta https://github.com/CeramicTeam/CeramicTerracotta"
66.249.64.231 - - [30/Nov/2025:14:20:25 -0500] "GET /?info269437380?kg=0267264622 HTTP/1.1" 200 24418 "-" "Mozilla/5.0 (Linux; Android 6.0.1; Nexus 5X Build/MMB29P) AppleWebKit/537.36 (KHTML, like Gecko) Chrome/141.0.7390.122 Mobile Safari/537.36 (compatible; Googlebot/2.1; +http://www.google.com/bot.html)"
114.119.154.207 - - [30/Nov/2025:14:20:27 -0500] "GET /info364144680?kg=0361208153 HTTP/1.1" 404 32496 "https://globaltvabuja.com/sitemap-subitems-942.xml" "Mozilla/5.0 (Linux; Android 7.0;) AppleWebKit/537.36 (KHTML, like Gecko) Mobile Safari/537.36 (compatible; PetalBot;+https://webmaster.petalsearch.com/site/petalbot)"
66.249.64.230 - - [30/Nov/2025:14:20:32 -0500] "GET /?info268767052?kg=0266599700 HTTP/1.1" 200 24724 "-" "Mozilla/5.0 (Linux; Android 6.0.1; Nexus 5X Build/MMB29P) AppleWebKit/537.36 (KHTML, like Gecko) Chrome/141.0.7390.122 Mobile Safari/537.36 (compatible; Googlebot/2.1; +http://www.google.com/bot.html)"
157.55.39.55 - - [30/Nov/2025:14:20:33 -0500] "GET /info96594344?kg=0095815481 HTTP/1.1" 200 26829 "-" "Mozilla/5.0 AppleWebKit/537.36 (KHTML, like Gecko; compatible; bingbot/2.0; +http://www.bing.com/bingbot.htm) Chrome/116.0.1938.76 Safari/537.36"
52.167.144.157 - - [30/Nov/2025:14:20:55 -0500] "GET /info304836568?kg=0302378333 HTTP/1.1" 200 24473 "-" "Mozilla/5.0 AppleWebKit/537.36 (KHTML, like Gecko; compatible; bingbot/2.0; +http://www.bing.com/bingbot.htm) Chrome/116.0.1938.76 Safari/537.36"
66.249.64.230 - - [30/Nov/2025:14:20:56 -0500] "GET /?info1410752?kg=0001399499 HTTP/1.1" 200 26466 "-" "Mozilla/5.0 (Linux; Android 6.0.1; Nexus 5X Build/MMB29P) AppleWebKit/537.36 (KHTML, like Gecko) Chrome/141.0.7390.122 Mobile Safari/537.36 (compatible; Googlebot/2.1; +http://www.google.com/bot.html)"
40.77.167.20 - - [30/Nov/2025:14:21:01 -0500] "GET /info131531528?kg=0130470913 HTTP/1.1" 200 24579 "-" "Mozilla/5.0 AppleWebKit/537.36 (KHTML, like Gecko; compatible; bingbot/2.0; +http://www.bing.com/bingbot.htm) Chrome/116.0.1938.76 Safari/537.36"
66.249.64.232 - - [30/Nov/2025:14:21:06 -0500] "GET /info75801100?kg=0075189924 HTTP/1.1" 200 26616 "-" "Mozilla/5.0 (Linux; Android 6.0.1; Nexus 5X Build/MMB29P) AppleWebKit/537.36 (KHTML, like Gecko) Chrome/141.0.7390.122 Mobile Safari/537.36 (compatible; Googlebot/2.1; +http://www.google.com/bot.html)"
66.249.64.230 - - [30/Nov/2025:14:21:19 -0500] "GET /?info3762060?kg=0003731844 HTTP/1.1" 200 26255 "-" "Mozilla/5.0 (Linux; Android 6.0.1; Nexus 5X Build/MMB29P) AppleWebKit/537.36 (KHTML, like Gecko) Chrome/141.0.7390.122 Mobile Safari/537.36 (compatible; Googlebot/2.1; +http://www.google.com/bot.html)"
157.55.39.55 - - [30/Nov/2025:14:21:24 -0500] "GET /info233059284?kg=0231179898 HTTP/1.1" 200 24837 "-" "Mozilla/5.0 AppleWebKit/537.36 (KHTML, like Gecko; compatible; bingbot/2.0; +http://www.bing.com/bingbot.htm) Chrome/116.0.1938.76 Safari/537.36"
66.29.146.184 - - [30/Nov/2025:14:21:27 -0500] "POST /wp-cron.php?doing_wp_cron=1764530487.3543159961700439453125 HTTP/1.1" 200 0 "-" "WordPress/6.8.3; https://globaltvabuja.com"
167.114.139.160 - - [30/Nov/2025:14:21:26 -0500] "GET /info250318896?kg=0248300319 HTTP/1.1" 404 26376 "-" "Mozilla/5.0 (compatible; AhrefsBot/7.0; +http://ahrefs.com/robot/)"
40.77.167.20 - - [30/Nov/2025:14:21:28 -0500] "GET /info62808144?kg=0062301751 HTTP/1.1" 200 26455 "-" "Mozilla/5.0 AppleWebKit/537.36 (KHTML, like Gecko; compatible; bingbot/2.0; +http://www.bing.com/bingbot.htm) Chrome/116.0.1938.76 Safari/537.36"
114.119.154.207 - - [30/Nov/2025:14:21:33 -0500] "GET /info364144548?kg=0361208022 HTTP/1.1" 404 32484 "https://globaltvabuja.com/sitemap-subitems-942.xml" "Mozilla/5.0 (Linux; Android 7.0;) AppleWebKit/537.36 (KHTML, like Gecko) Mobile Safari/537.36 (compatible; PetalBot;+https://webmaster.petalsearch.com/site/petalbot)"
157.55.39.55 - - [30/Nov/2025:14:21:34 -0500] "GET /info85195600?kg=0084508663 HTTP/1.1" 200 26479 "-" "Mozilla/5.0 AppleWebKit/537.36 (KHTML, like Gecko; compatible; bingbot/2.0; +http://www.bing.com/bingbot.htm) Chrome/116.0.1938.76 Safari/537.36"
66.249.64.230 - - [30/Nov/2025:14:21:35 -0500] "GET /info354787476?kg=0351926410 HTTP/1.1" 200 24477 "-" "Mozilla/5.0 (Linux; Android 6.0.1; Nexus 5X Build/MMB29P) AppleWebKit/537.36 (KHTML, like Gecko) Chrome/141.0.7390.122 Mobile Safari/537.36 (compatible; Googlebot/2.1; +http://www.google.com/bot.html)"
52.167.144.157 - - [30/Nov/2025:14:21:39 -0500] "GET /info40193984?kg=0039869963 HTTP/1.1" 200 25992 "-" "Mozilla/5.0 AppleWebKit/537.36 (KHTML, like Gecko; compatible; bingbot/2.0; +http://www.bing.com/bingbot.htm) Chrome/116.0.1938.76 Safari/537.36"
40.77.167.20 - - [30/Nov/2025:14:21:44 -0500] "GET /info69834680?kg=0069271621 HTTP/1.1" 200 26315 "-" "Mozilla/5.0 AppleWebKit/537.36 (KHTML, like Gecko; compatible; bingbot/2.0; +http://www.bing.com/bingbot.htm) Chrome/116.0.1938.76 Safari/537.36"
66.249.64.230 - - [30/Nov/2025:14:21:47 -0500] "GET /info354552836?kg=0351693662 HTTP/1.1" 200 24501 "-" "Mozilla/5.0 (Linux; Android 6.0.1; Nexus 5X Build/MMB29P) AppleWebKit/537.36 (KHTML, like Gecko) Chrome/141.0.7390.122 Mobile Safari/537.36 (compatible; Googlebot/2.1; +http://www.google.com/bot.html)"
40.77.167.20 - - [30/Nov/2025:14:21:53 -0500] "GET /info152125580?kg=0150898884 HTTP/1.1" 200 24863 "-" "Mozilla/5.0 AppleWebKit/537.36 (KHTML, like Gecko; compatible; bingbot/2.0; +http://www.bing.com/bingbot.htm) Chrome/116.0.1938.76 Safari/537.36"
66.249.64.231 - - [30/Nov/2025:14:22:01 -0500] "GET /?info13640788?kg=0013530906 HTTP/1.1" 200 26172 "-" "Mozilla/5.0 (Linux; Android 6.0.1; Nexus 5X Build/MMB29P) AppleWebKit/537.36 (KHTML, like Gecko) Chrome/141.0.7390.122 Mobile Safari/537.36 (compatible; Googlebot/2.1; +http://www.google.com/bot.html)"
157.55.39.55 - - [30/Nov/2025:14:22:14 -0500] "GET /info131447928?kg=0130387989 HTTP/1.1" 200 24335 "-" "Mozilla/5.0 AppleWebKit/537.36 (KHTML, like Gecko; compatible; bingbot/2.0; +http://www.bing.com/bingbot.htm) Chrome/116.0.1938.76 Safari/537.36"
66.29.146.184 - - [30/Nov/2025:14:22:22 -0500] "POST /wp-cron.php?doing_wp_cron=1764530542.3780789375305175781250 HTTP/1.1" 200 0 "-" "WordPress/6.8.3; https://globaltvabuja.com"
202.76.161.121 - - [30/Nov/2025:14:22:21 -0500] "GET /info135956904?kg=0134860601 HTTP/1.1" 404 32486 "-" "Mozilla/5.0 (Windows NT 5.2) AppleWebKit/535.1 (KHTML, like Gecko) Chrome/14.0.794.0 Safari/535.1"
66.249.64.231 - - [30/Nov/2025:14:22:22 -0500] "GET /info270173176?kg=0267994485 HTTP/1.1" 200 24701 "-" "Mozilla/5.0 (Linux; Android 6.0.1; Nexus 5X Build/MMB29P) AppleWebKit/537.36 (KHTML, like Gecko) Chrome/141.0.7390.122 Mobile Safari/537.36 (compatible; Googlebot/2.1; +http://www.google.com/bot.html)"
66.249.64.230 - - [30/Nov/2025:14:22:29 -0500] "GET /info270170932?kg=0267992258 HTTP/1.1" 200 24253 "-" "Mozilla/5.0 (Linux; Android 6.0.1; Nexus 5X Build/MMB29P) AppleWebKit/537.36 (KHTML, like Gecko) Chrome/141.0.7390.122 Mobile Safari/537.36 (compatible; Googlebot/2.1; +http://www.google.com/bot.html)"
51.161.65.242 - - [30/Nov/2025:14:22:42 -0500] "GET /info250285296?kg=0248266991 HTTP/1.1" 404 26357 "-" "Mozilla/5.0 (compatible; AhrefsBot/7.0; +http://ahrefs.com/robot/)"
52.167.144.157 - - [30/Nov/2025:14:22:44 -0500] "GET /info266988992?kg=0264835979 HTTP/1.1" 200 24490 "-" "Mozilla/5.0 AppleWebKit/537.36 (KHTML, like Gecko; compatible; bingbot/2.0; +http://www.bing.com/bingbot.htm) Chrome/116.0.1938.76 Safari/537.36"
52.167.144.157 - - [30/Nov/2025:14:22:48 -0500] "GET /info6824556?kg=0006769644 HTTP/1.1" 200 26770 "-" "Mozilla/5.0 AppleWebKit/537.36 (KHTML, like Gecko; compatible; bingbot/2.0; +http://www.bing.com/bingbot.htm) Chrome/116.0.1938.76 Safari/537.36"
66.29.146.184 - - [30/Nov/2025:14:23:09 -0500] "POST /wp-cron.php?doing_wp_cron=1764530589.6245369911193847656250 HTTP/1.1" 200 0 "-" "WordPress/6.8.3; https://globaltvabuja.com"
114.119.139.202 - - [30/Nov/2025:14:23:09 -0500] "GET /info364144416?kg=0361207891 HTTP/1.1" 404 32454 "https://globaltvabuja.com/sitemap-subitems-942.xml" "Mozilla/5.0 (Linux; Android 7.0;) AppleWebKit/537.36 (KHTML, like Gecko) Mobile Safari/537.36 (compatible; PetalBot;+https://webmaster.petalsearch.com/site/petalbot)"
52.167.144.173 - - [30/Nov/2025:14:23:16 -0500] "GET /info12634640?kg=0012532871 HTTP/1.1" 200 26224 "-" "Mozilla/5.0 AppleWebKit/537.36 (KHTML, like Gecko; compatible; bingbot/2.0; +http://www.bing.com/bingbot.htm) Chrome/116.0.1938.76 Safari/537.36"
66.249.64.230 - - [30/Nov/2025:14:23:25 -0500] "GET /info8538600?kg=0008469865 HTTP/1.1" 200 26130 "-" "Mozilla/5.0 (Linux; Android 6.0.1; Nexus 5X Build/MMB29P) AppleWebKit/537.36 (KHTML, like Gecko) Chrome/141.0.7390.122 Mobile Safari/537.36 (compatible; Googlebot/2.1; +http://www.google.com/bot.html)"
66.249.64.230 - - [30/Nov/2025:14:23:33 -0500] "GET /info270170404?kg=0267991734 HTTP/1.1" 200 24539 "-" "Mozilla/5.0 (Linux; Android 6.0.1; Nexus 5X Build/MMB29P) AppleWebKit/537.36 (KHTML, like Gecko) Chrome/141.0.7390.122 Mobile Safari/537.36 (compatible; Googlebot/2.1; +http://www.google.com/bot.html)"
66.249.64.230 - - [30/Nov/2025:14:23:35 -0500] "GET /contents/event/kansyasai/ HTTP/1.1" 200 26729 "-" "Mozilla/5.0 (Linux; Android 6.0.1; Nexus 5X Build/MMB29P) AppleWebKit/537.36 (KHTML, like Gecko) Chrome/141.0.7390.122 Mobile Safari/537.36 (compatible; Googlebot/2.1; +http://www.google.com/bot.html)"
185.191.171.6 - - [30/Nov/2025:14:23:43 -0500] "GET /job-creation-smedan-targets-revenue-for-msmes-with-grow-nigerian-initiative/ HTTP/1.1" 200 42394 "-" "Mozilla/5.0 (compatible; SemrushBot/7~bl; +http://www.semrush.com/bot.html)"
66.249.64.230 - - [30/Nov/2025:14:23:46 -0500] "GET /info270168284?kg=0267989632 HTTP/1.1" 200 24503 "-" "Mozilla/5.0 (Linux; Android 6.0.1; Nexus 5X Build/MMB29P) AppleWebKit/537.36 (KHTML, like Gecko) Chrome/141.0.7390.122 Mobile Safari/537.36 (compatible; Googlebot/2.1; +http://www.google.com/bot.html)"
157.55.39.55 - - [30/Nov/2025:14:23:47 -0500] "GET /info353849964?kg=0350996460 HTTP/1.1" 200 24363 "-" "Mozilla/5.0 AppleWebKit/537.36 (KHTML, like Gecko; compatible; bingbot/2.0; +http://www.bing.com/bingbot.htm) Chrome/116.0.1938.76 Safari/537.36"
66.29.146.184 - - [30/Nov/2025:14:23:54 -0500] "POST /wp-cron.php?doing_wp_cron=1764530634.9760820865631103515625 HTTP/1.1" 200 0 "-" "WordPress/6.8.3; https://globaltvabuja.com"
54.39.89.239 - - [30/Nov/2025:14:23:54 -0500] "GET /info248275376?kg=0246273279 HTTP/1.1" 404 26395 "-" "Mozilla/5.0 (compatible; AhrefsBot/7.0; +http://ahrefs.com/robot/)"
66.249.64.231 - - [30/Nov/2025:14:24:05 -0500] "GET /info270169216?kg=0267990555 HTTP/1.1" 200 24332 "-" "Mozilla/5.0 (Linux; Android 6.0.1; Nexus 5X Build/MMB29P) AppleWebKit/537.36 (KHTML, like Gecko) Chrome/141.0.7390.122 Mobile Safari/537.36 (compatible; Googlebot/2.1; +http://www.google.com/bot.html)"
66.249.64.230 - - [30/Nov/2025:14:24:10 -0500] "GET /info1001784?kg=0000993829 HTTP/1.1" 200 26469 "-" "Mozilla/5.0 (Linux; Android 6.0.1; Nexus 5X Build/MMB29P) AppleWebKit/537.36 (KHTML, like Gecko) Chrome/141.0.7390.122 Mobile Safari/537.36 (compatible; Googlebot/2.1; +http://www.google.com/bot.html)"
85.208.96.196 - - [30/Nov/2025:14:24:16 -0500] "GET /matawalle-you-are-tested-trusted-and-reliable-gov-aliyu-sokoto/ HTTP/1.1" 200 42119 "-" "Mozilla/5.0 (compatible; SemrushBot/7~bl; +http://www.semrush.com/bot.html)"
66.249.64.230 - - [30/Nov/2025:14:24:17 -0500] "GET /info269924652?kg=0267747964 HTTP/1.1" 200 24303 "-" "Mozilla/5.0 (Linux; Android 6.0.1; Nexus 5X Build/MMB29P) AppleWebKit/537.36 (KHTML, like Gecko) Chrome/141.0.7390.122 Mobile Safari/537.36 (compatible; Googlebot/2.1; +http://www.google.com/bot.html)"
114.119.130.178 - - [30/Nov/2025:14:24:21 -0500] "GET /info364144284?kg=0361207760 HTTP/1.1" 404 32504 "https://globaltvabuja.com/sitemap-subitems-942.xml" "Mozilla/5.0 (Linux; Android 7.0;) AppleWebKit/537.36 (KHTML, like Gecko) Mobile Safari/537.36 (compatible; PetalBot;+https://webmaster.petalsearch.com/site/petalbot)"
202.76.161.122 - - [30/Nov/2025:14:24:27 -0500] "GET /sitemap.xml HTTP/1.1" 200 7541 "-" "Mozilla/5.0 (Windows NT 6.1; Win64; x64; rv:23.0) Gecko/20131011 Firefox/23.0"
66.249.64.230 - - [30/Nov/2025:14:24:34 -0500] "GET /info269907452?kg=0267730904 HTTP/1.1" 200 24341 "-" "Mozilla/5.0 (Linux; Android 6.0.1; Nexus 5X Build/MMB29P) AppleWebKit/537.36 (KHTML, like Gecko) Chrome/141.0.7390.122 Mobile Safari/537.36 (compatible; Googlebot/2.1; +http://www.google.com/bot.html)"
66.249.64.230 - - [30/Nov/2025:14:24:36 -0500] "GET /info269911428?kg=0267734846 HTTP/1.1" 200 24857 "-" "Mozilla/5.0 (Linux; Android 6.0.1; Nexus 5X Build/MMB29P) AppleWebKit/537.36 (KHTML, like Gecko) Chrome/141.0.7390.122 Mobile Safari/537.36 (compatible; Googlebot/2.1; +http://www.google.com/bot.html)"
66.249.64.230 - - [30/Nov/2025:14:24:43 -0500] "GET /info269914860?kg=0267738252 HTTP/1.1" 200 24485 "-" "Mozilla/5.0 (Linux; Android 6.0.1; Nexus 5X Build/MMB29P) AppleWebKit/537.36 (KHTML, like Gecko) Chrome/141.0.7390.122 Mobile Safari/537.36 (compatible; Googlebot/2.1; +http://www.google.com/bot.html)"
40.77.167.20 - - [30/Nov/2025:14:24:54 -0500] "GET /info200177128?kg=0198562921 HTTP/1.1" 200 24656 "-" "Mozilla/5.0 AppleWebKit/537.36 (KHTML, like Gecko; compatible; bingbot/2.0; +http://www.bing.com/bingbot.htm) Chrome/116.0.1938.76 Safari/537.36"
66.29.146.184 - - [30/Nov/2025:14:25:00 -0500] "POST /wp-cron.php?doing_wp_cron=1764530700.9033920764923095703125 HTTP/1.1" 200 0 "-" "WordPress/6.8.3; https://globaltvabuja.com"
54.39.210.15 - - [30/Nov/2025:14:25:00 -0500] "GET /info247685596?kg=0245688256 HTTP/1.1" 404 26359 "-" "Mozilla/5.0 (compatible; AhrefsBot/7.0; +http://ahrefs.com/robot/)"
66.249.64.232 - - [30/Nov/2025:14:25:09 -0500] "GET /info269906792?kg=0267730249 HTTP/1.1" 200 24511 "-" "Mozilla/5.0 (Linux; Android 6.0.1; Nexus 5X Build/MMB29P) AppleWebKit/537.36 (KHTML, like Gecko) Chrome/141.0.7390.122 Mobile Safari/537.36 (compatible; Googlebot/2.1; +http://www.google.com/bot.html)"
52.167.144.173 - - [30/Nov/2025:14:25:16 -0500] "GET /info85205788?kg=0084518768 HTTP/1.1" 200 26442 "-" "Mozilla/5.0 AppleWebKit/537.36 (KHTML, like Gecko; compatible; bingbot/2.0; +http://www.bing.com/bingbot.htm) Chrome/116.0.1938.76 Safari/537.36"
52.167.144.173 - - [30/Nov/2025:14:25:26 -0500] "GET /info363327932?kg=0360397992 HTTP/1.1" 200 24462 "-" "Mozilla/5.0 AppleWebKit/537.36 (KHTML, like Gecko; compatible; bingbot/2.0; +http://www.bing.com/bingbot.htm) Chrome/116.0.1938.76 Safari/537.36"
52.167.144.173 - - [30/Nov/2025:14:25:36 -0500] "GET /info202509652?kg=0200876634 HTTP/1.1" 200 24779 "-" "Mozilla/5.0 AppleWebKit/537.36 (KHTML, like Gecko; compatible; bingbot/2.0; +http://www.bing.com/bingbot.htm) Chrome/116.0.1938.76 Safari/537.36"
66.249.64.230 - - [30/Nov/2025:14:25:37 -0500] "GET /info269915388?kg=0267738776 HTTP/1.1" 200 24427 "-" "Mozilla/5.0 (Linux; Android 6.0.1; Nexus 5X Build/MMB29P) AppleWebKit/537.36 (KHTML, like Gecko) Chrome/141.0.7390.122 Mobile Safari/537.36 (compatible; Googlebot/2.1; +http://www.google.com/bot.html)"
114.119.139.202 - - [30/Nov/2025:14:25:47 -0500] "GET /info364144152?kg=0361207629 HTTP/1.1" 404 32473 "https://globaltvabuja.com/sitemap-subitems-942.xml" "Mozilla/5.0 (Linux; Android 7.0;) AppleWebKit/537.36 (KHTML, like Gecko) Mobile Safari/537.36 (compatible; PetalBot;+https://webmaster.petalsearch.com/site/petalbot)"
52.167.144.173 - - [30/Nov/2025:14:25:56 -0500] "GET /info173498416?kg=0172099359 HTTP/1.1" 200 24528 "-" "Mozilla/5.0 AppleWebKit/537.36 (KHTML, like Gecko; compatible; bingbot/2.0; +http://www.bing.com/bingbot.htm) Chrome/116.0.1938.76 Safari/537.36"
157.55.39.55 - - [30/Nov/2025:14:25:57 -0500] "GET /info131441188?kg=0130381302 HTTP/1.1" 200 24348 "-" "Mozilla/5.0 AppleWebKit/537.36 (KHTML, like Gecko; compatible; bingbot/2.0; +http://www.bing.com/bingbot.htm) Chrome/116.0.1938.76 Safari/537.36"
66.29.146.184 - - [30/Nov/2025:14:25:59 -0500] "POST /wp-cron.php?doing_wp_cron=1764530759.8900270462036132812500 HTTP/1.1" 200 0 "-" "WordPress/6.8.3; https://globaltvabuja.com"
148.113.128.228 - - [30/Nov/2025:14:25:59 -0500] "GET /info247684276?kg=0245686946 HTTP/1.1" 404 26373 "-" "Mozilla/5.0 (compatible; AhrefsBot/7.0; +http://ahrefs.com/robot/)"
52.167.144.173 - - [30/Nov/2025:14:26:00 -0500] "GET /info280438392?kg=0278176917 HTTP/1.1" 200 24399 "-" "Mozilla/5.0 AppleWebKit/537.36 (KHTML, like Gecko; compatible; bingbot/2.0; +http://www.bing.com/bingbot.htm) Chrome/116.0.1938.76 Safari/537.36"
66.249.64.230 - - [30/Nov/2025:14:26:21 -0500] "GET /info269908912?kg=0267732351 HTTP/1.1" 200 24409 "-" "Mozilla/5.0 (Linux; Android 6.0.1; Nexus 5X Build/MMB29P) AppleWebKit/537.36 (KHTML, like Gecko) Chrome/141.0.7390.122 Mobile Safari/537.36 (compatible; Googlebot/2.1; +http://www.google.com/bot.html)"
52.167.144.173 - - [30/Nov/2025:14:26:36 -0500] "GET /info285921376?kg=0283615683 HTTP/1.1" 200 24612 "-" "Mozilla/5.0 AppleWebKit/537.36 (KHTML, like Gecko; compatible; bingbot/2.0; +http://www.bing.com/bingbot.htm) Chrome/116.0.1938.76 Safari/537.36"
66.29.146.184 - - [30/Nov/2025:14:26:53 -0500] "POST /wp-cron.php?doing_wp_cron=1764530813.5502870082855224609375 HTTP/1.1" 200 0 "-" "WordPress/6.8.3; https://globaltvabuja.com"
185.102.115.93 - - [30/Nov/2025:14:26:53 -0500] "GET /wpc.php HTTP/1.1" 404 26367 "-" "Mozilla/4.0 (compatible; MSIE 6.0; Windows NT 5.1; SV1)"
157.55.39.55 - - [30/Nov/2025:14:26:59 -0500] "GET /info226954124?kg=0225123972 HTTP/1.1" 200 24637 "-" "Mozilla/5.0 AppleWebKit/537.36 (KHTML, like Gecko; compatible; bingbot/2.0; +http://www.bing.com/bingbot.htm) Chrome/116.0.1938.76 Safari/537.36"
52.167.144.201 - - [30/Nov/2025:14:27:06 -0500] "GET /?info183963484?kg=0182480032 HTTP/1.1" 200 24462 "-" "Mozilla/5.0 AppleWebKit/537.36 (KHTML, like Gecko; compatible; bingbot/2.0; +http://www.bing.com/bingbot.htm) Chrome/116.0.1938.76 Safari/537.36"
51.222.168.43 - - [30/Nov/2025:14:27:06 -0500] "GET /info247674748?kg=0245677496 HTTP/1.1" 404 26381 "-" "Mozilla/5.0 (compatible; AhrefsBot/7.0; +http://ahrefs.com/robot/)"
114.119.130.178 - - [30/Nov/2025:14:27:12 -0500] "GET /info364144020?kg=0361207498 HTTP/1.1" 404 32466 "https://globaltvabuja.com/sitemap-subitems-942.xml" "Mozilla/5.0 (Linux; Android 7.0;) AppleWebKit/537.36 (KHTML, like Gecko) Mobile Safari/537.36 (compatible; PetalBot;+https://webmaster.petalsearch.com/site/petalbot)"
66.249.64.230 - - [30/Nov/2025:14:27:15 -0500] "GET /info269906396?kg=0267729856 HTTP/1.1" 200 24617 "-" "Mozilla/5.0 (Linux; Android 6.0.1; Nexus 5X Build/MMB29P) AppleWebKit/537.36 (KHTML, like Gecko) Chrome/141.0.7390.122 Mobile Safari/537.36 (compatible; Googlebot/2.1; +http://www.google.com/bot.html)"
66.249.64.231 - - [30/Nov/2025:14:27:38 -0500] "GET /info269905208?kg=0267728677 HTTP/1.1" 200 24395 "-" "Mozilla/5.0 (Linux; Android 6.0.1; Nexus 5X Build/MMB29P) AppleWebKit/537.36 (KHTML, like Gecko) Chrome/141.0.7390.122 Mobile Safari/537.36 (compatible; Googlebot/2.1; +http://www.google.com/bot.html)"
52.167.144.173 - - [30/Nov/2025:14:27:46 -0500] "GET /shop/goods/search.aspx?search=x&keyword= HTTP/1.1" 200 26497 "-" "Mozilla/5.0 AppleWebKit/537.36 (KHTML, like Gecko; compatible; bingbot/2.0; +http://www.bing.com/bingbot.htm) Chrome/116.0.1938.76 Safari/537.36"
146.174.177.44 - - [30/Nov/2025:14:27:47 -0500] "GET /info135960476?kg=0134864144 HTTP/1.1" 404 32499 "-" "Mozilla/5.0 (X11; U; Linux x86_64; en-US) AppleWebKit/535.1 (KHTML, like Gecko) Chrome/13.0.782.20 Safari/535.1"
207.46.13.102 - - [30/Nov/2025:14:27:53 -0500] "GET /info249937176?kg=0247921677 HTTP/1.1" 200 24646 "-" "Mozilla/5.0 AppleWebKit/537.36 (KHTML, like Gecko; compatible; bingbot/2.0; +http://www.bing.com/bingbot.htm) Chrome/116.0.1938.76 Safari/537.36"
52.167.144.173 - - [30/Nov/2025:14:27:57 -0500] "GET /info194152912?kg=0192587287 HTTP/1.1" 200 25075 "-" "Mozilla/5.0 AppleWebKit/537.36 (KHTML, like Gecko; compatible; bingbot/2.0; +http://www.bing.com/bingbot.htm) Chrome/116.0.1938.76 Safari/537.36"
207.46.13.102 - - [30/Nov/2025:14:28:02 -0500] "GET /info122607364?kg=0121618718 HTTP/1.1" 200 26453 "-" "Mozilla/5.0 AppleWebKit/537.36 (KHTML, like Gecko; compatible; bingbot/2.0; +http://www.bing.com/bingbot.htm) Chrome/116.0.1938.76 Safari/537.36"
52.167.144.173 - - [30/Nov/2025:14:28:06 -0500] "GET /info201500856?kg=0199875973 HTTP/1.1" 200 24280 "-" "Mozilla/5.0 AppleWebKit/537.36 (KHTML, like Gecko; compatible; bingbot/2.0; +http://www.bing.com/bingbot.htm) Chrome/116.0.1938.76 Safari/537.36"
207.46.13.102 - - [30/Nov/2025:14:28:12 -0500] "GET /info353567708?kg=0350716480 HTTP/1.1" 200 24793 "-" "Mozilla/5.0 AppleWebKit/537.36 (KHTML, like Gecko; compatible; bingbot/2.0; +http://www.bing.com/bingbot.htm) Chrome/116.0.1938.76 Safari/537.36"
66.29.146.184 - - [30/Nov/2025:14:28:15 -0500] "POST /wp-cron.php?doing_wp_cron=1764530895.4697430133819580078125 HTTP/1.1" 200 0 "-" "WordPress/6.8.3; https://globaltvabuja.com"
51.161.65.159 - - [30/Nov/2025:14:28:15 -0500] "GET /info247671712?kg=0245674483 HTTP/1.1" 404 26384 "-" "Mozilla/5.0 (compatible; AhrefsBot/7.0; +http://ahrefs.com/robot/)"
52.167.144.201 - - [30/Nov/2025:14:28:24 -0500] "GET /info110266612?kg=0109377490 HTTP/1.1" 200 27184 "-" "Mozilla/5.0 AppleWebKit/537.36 (KHTML, like Gecko; compatible; bingbot/2.0; +http://www.bing.com/bingbot.htm) Chrome/116.0.1938.76 Safari/537.36"
52.167.144.173 - - [30/Nov/2025:14:28:29 -0500] "GET /info130361232?kg=0129310055 HTTP/1.1" 200 24660 "-" "Mozilla/5.0 AppleWebKit/537.36 (KHTML, like Gecko; compatible; bingbot/2.0; +http://www.bing.com/bingbot.htm) Chrome/116.0.1938.76 Safari/537.36"
114.119.152.134 - - [30/Nov/2025:14:28:32 -0500] "GET /info364143888?kg=0361207367 HTTP/1.1" 404 32493 "https://globaltvabuja.com/sitemap-subitems-942.xml" "Mozilla/5.0 (Linux; Android 7.0;) AppleWebKit/537.36 (KHTML, like Gecko) Mobile Safari/537.36 (compatible; PetalBot;+https://webmaster.petalsearch.com/site/petalbot)"
52.167.144.201 - - [30/Nov/2025:14:28:34 -0500] "GET /info36990752?kg=0036692563 HTTP/1.1" 200 26449 "-" "Mozilla/5.0 AppleWebKit/537.36 (KHTML, like Gecko; compatible; bingbot/2.0; +http://www.bing.com/bingbot.htm) Chrome/116.0.1938.76 Safari/537.36"
207.46.13.102 - - [30/Nov/2025:14:28:52 -0500] "GET /info97339536?kg=0096554663 HTTP/1.1" 200 26581 "-" "Mozilla/5.0 AppleWebKit/537.36 (KHTML, like Gecko; compatible; bingbot/2.0; +http://www.bing.com/bingbot.htm) Chrome/116.0.1938.76 Safari/537.36"
207.46.13.102 - - [30/Nov/2025:14:29:11 -0500] "GET /info212197132?kg=0210485988 HTTP/1.1" 200 24522 "-" "Mozilla/5.0 AppleWebKit/537.36 (KHTML, like Gecko; compatible; bingbot/2.0; +http://www.bing.com/bingbot.htm) Chrome/116.0.1938.76 Safari/537.36"
207.46.13.102 - - [30/Nov/2025:14:29:21 -0500] "GET /info194055304?kg=0192490465 HTTP/1.1" 200 24463 "-" "Mozilla/5.0 AppleWebKit/537.36 (KHTML, like Gecko; compatible; bingbot/2.0; +http://www.bing.com/bingbot.htm) Chrome/116.0.1938.76 Safari/537.36"
66.29.146.184 - - [30/Nov/2025:14:29:29 -0500] "POST /wp-cron.php?doing_wp_cron=1764530969.2857561111450195312500 HTTP/1.1" 200 0 "-" "WordPress/6.8.3; https://globaltvabuja.com"
51.222.168.168 - - [30/Nov/2025:14:29:28 -0500] "GET /info247670384?kg=0245673167 HTTP/1.1" 404 26375 "-" "Mozilla/5.0 (compatible; AhrefsBot/7.0; +http://ahrefs.com/robot/)"
207.46.13.102 - - [30/Nov/2025:14:29:30 -0500] "GET /info134570876?kg=0133485752 HTTP/1.1" 200 24336 "-" "Mozilla/5.0 AppleWebKit/537.36 (KHTML, like Gecko; compatible; bingbot/2.0; +http://www.bing.com/bingbot.htm) Chrome/116.0.1938.76 Safari/537.36"
66.29.146.184 - - [30/Nov/2025:14:29:54 -0500] "POST /wp-cron.php?doing_wp_cron=1764530994.0494899749755859375000 HTTP/1.1" 200 0 "-" "WordPress/6.8.3; https://globaltvabuja.com"
85.208.96.201 - - [30/Nov/2025:14:29:53 -0500] "GET /nigeria-customs-recommends-collaboration-with-maritime-industry-to-unlock-afcfta-potential/ HTTP/1.1" 200 41155 "-" "Mozilla/5.0 (compatible; SemrushBot/7~bl; +http://www.semrush.com/bot.html)"
207.46.13.102 - - [30/Nov/2025:14:30:01 -0500] "GET /info131508380?kg=0130447952 HTTP/1.1" 200 24937 "-" "Mozilla/5.0 AppleWebKit/537.36 (KHTML, like Gecko; compatible; bingbot/2.0; +http://www.bing.com/bingbot.htm) Chrome/116.0.1938.76 Safari/537.36"
114.119.139.202 - - [30/Nov/2025:14:30:03 -0500] "GET /info364143756?kg=0361207236 HTTP/1.1" 404 32489 "https://globaltvabuja.com/sitemap-subitems-942.xml" "Mozilla/5.0 (Linux; Android 7.0;) AppleWebKit/537.36 (KHTML, like Gecko) Mobile Safari/537.36 (compatible; PetalBot;+https://webmaster.petalsearch.com/site/petalbot)"
52.167.144.201 - - [30/Nov/2025:14:30:26 -0500] "GET /info86016976?kg=0085323415 HTTP/1.1" 200 26226 "-" "Mozilla/5.0 AppleWebKit/537.36 (KHTML, like Gecko; compatible; bingbot/2.0; +http://www.bing.com/bingbot.htm) Chrome/116.0.1938.76 Safari/537.36"
142.44.233.172 - - [30/Nov/2025:14:30:33 -0500] "GET /info247631636?kg=0245634730 HTTP/1.1" 404 26375 "-" "Mozilla/5.0 (compatible; AhrefsBot/7.0; +http://ahrefs.com/robot/)"
207.46.13.102 - - [30/Nov/2025:14:30:42 -0500] "GET /info25207244?kg=0025004084 HTTP/1.1" 200 26866 "-" "Mozilla/5.0 AppleWebKit/537.36 (KHTML, like Gecko; compatible; bingbot/2.0; +http://www.bing.com/bingbot.htm) Chrome/116.0.1938.76 Safari/537.36"
52.167.144.173 - - [30/Nov/2025:14:30:46 -0500] "GET /info285920452?kg=0283614766 HTTP/1.1" 200 24272 "-" "Mozilla/5.0 AppleWebKit/537.36 (KHTML, like Gecko; compatible; bingbot/2.0; +http://www.bing.com/bingbot.htm) Chrome/116.0.1938.76 Safari/537.36"
207.46.13.102 - - [30/Nov/2025:14:31:02 -0500] "GET /info266901696?kg=0264749387 HTTP/1.1" 200 24321 "-" "Mozilla/5.0 AppleWebKit/537.36 (KHTML, like Gecko; compatible; bingbot/2.0; +http://www.bing.com/bingbot.htm) Chrome/116.0.1938.76 Safari/537.36"
207.46.13.102 - - [30/Nov/2025:14:31:13 -0500] "GET /info173547748?kg=0172148294 HTTP/1.1" 200 24861 "-" "Mozilla/5.0 AppleWebKit/537.36 (KHTML, like Gecko; compatible; bingbot/2.0; +http://www.bing.com/bingbot.htm) Chrome/116.0.1938.76 Safari/537.36"
66.29.146.184 - - [30/Nov/2025:14:31:19 -0500] "POST /wp-cron.php?doing_wp_cron=1764531079.0915989875793457031250 HTTP/1.1" 200 0 "-" "WordPress/6.8.3; https://globaltvabuja.com"
114.119.135.251 - - [30/Nov/2025:14:31:18 -0500] "GET /info364143624?kg=0361207105 HTTP/1.1" 404 32488 "https://globaltvabuja.com/sitemap-subitems-942.xml" "Mozilla/5.0 (Linux; Android 7.0;) AppleWebKit/537.36 (KHTML, like Gecko) Mobile Safari/537.36 (compatible; PetalBot;+https://webmaster.petalsearch.com/site/petalbot)"
54.39.89.80 - - [30/Nov/2025:14:31:41 -0500] "GET /info247621844?kg=0245625018 HTTP/1.1" 404 26364 "-" "Mozilla/5.0 (compatible; AhrefsBot/7.0; +http://ahrefs.com/robot/)"
52.167.144.173 - - [30/Nov/2025:14:32:27 -0500] "GET /info315559960?kg=0313015245 HTTP/1.1" 200 24643 "-" "Mozilla/5.0 AppleWebKit/537.36 (KHTML, like Gecko; compatible; bingbot/2.0; +http://www.bing.com/bingbot.htm) Chrome/116.0.1938.76 Safari/537.36"
52.167.144.173 - - [30/Nov/2025:14:32:30 -0500] "GET /info61044636?kg=0060552464 HTTP/1.1" 200 26593 "-" "Mozilla/5.0 AppleWebKit/537.36 (KHTML, like Gecko; compatible; bingbot/2.0; +http://www.bing.com/bingbot.htm) Chrome/116.0.1938.76 Safari/537.36"
66.29.146.184 - - [30/Nov/2025:14:32:45 -0500] "POST /wp-cron.php?doing_wp_cron=1764531165.8157188892364501953125 HTTP/1.1" 200 0 "-" "WordPress/6.8.3; https://globaltvabuja.com"
15.235.96.162 - - [30/Nov/2025:14:32:45 -0500] "GET /info247617480?kg=0245620689 HTTP/1.1" 404 26372 "-" "Mozilla/5.0 (compatible; AhrefsBot/7.0; +http://ahrefs.com/robot/)"
52.167.144.201 - - [30/Nov/2025:14:32:47 -0500] "GET /info348740772?kg=0345928470 HTTP/1.1" 200 24472 "-" "Mozilla/5.0 AppleWebKit/537.36 (KHTML, like Gecko; compatible; bingbot/2.0; +http://www.bing.com/bingbot.htm) Chrome/116.0.1938.76 Safari/537.36"
66.29.146.184 - - [30/Nov/2025:14:32:50 -0500] "POST /wp-cron.php?doing_wp_cron=1764531170.2512660026550292968750 HTTP/1.1" 200 0 "-" "WordPress/6.8.3; https://globaltvabuja.com"
114.119.129.189 - - [30/Nov/2025:14:32:49 -0500] "GET /info364143492?kg=0361206974 HTTP/1.1" 404 32498 "https://globaltvabuja.com/sitemap-subitems-942.xml" "Mozilla/5.0 (Linux; Android 7.0;) AppleWebKit/537.36 (KHTML, like Gecko) Mobile Safari/537.36 (compatible; PetalBot;+https://webmaster.petalsearch.com/site/petalbot)"
52.167.144.201 - - [30/Nov/2025:14:33:06 -0500] "GET /info36304816?kg=0036012159 HTTP/1.1" 200 26577 "-" "Mozilla/5.0 AppleWebKit/537.36 (KHTML, like Gecko; compatible; bingbot/2.0; +http://www.bing.com/bingbot.htm) Chrome/116.0.1938.76 Safari/537.36"
202.76.175.173 - - [30/Nov/2025:14:33:16 -0500] "GET /info156869716?kg=0155604762 HTTP/1.1" 404 32502 "-" "Mozilla/5.0 (Macintosh; Intel Mac OS X 10_6_4) AppleWebKit/535.11 (KHTML, like Gecko) Chrome/17.0.963.65 Safari/535.11"
52.167.144.173 - - [30/Nov/2025:14:33:16 -0500] "GET /info26341960?kg=0026129649 HTTP/1.1" 200 26514 "-" "Mozilla/5.0 AppleWebKit/537.36 (KHTML, like Gecko; compatible; bingbot/2.0; +http://www.bing.com/bingbot.htm) Chrome/116.0.1938.76 Safari/537.36"
23.23.214.190 - - [30/Nov/2025:14:33:17 -0500] "GET /tag/nbs-affirms-commitment-to-build-a-well-coordinated-statistical-data-systems/ HTTP/1.1" 200 34034 "-" "Mozilla/5.0 AppleWebKit/537.36 (KHTML, like Gecko; compatible; Amazonbot/0.1; +https://developer.amazon.com/support/amazonbot) Chrome/119.0.6045.214 Safari/537.36"
52.167.144.173 - - [30/Nov/2025:14:33:45 -0500] "GET /info266949840?kg=0264797143 HTTP/1.1" 200 24631 "-" "Mozilla/5.0 AppleWebKit/537.36 (KHTML, like Gecko; compatible; bingbot/2.0; +http://www.bing.com/bingbot.htm) Chrome/116.0.1938.76 Safari/537.36"
51.68.247.211 - - [30/Nov/2025:14:33:46 -0500] "GET /robots.txt HTTP/1.1" 200 82 "-" "Mozilla/5.0 (compatible; AhrefsBot/7.0; +http://ahrefs.com/robot/)"
52.167.144.173 - - [30/Nov/2025:14:33:49 -0500] "GET /info81828492?kg=0081168708 HTTP/1.1" 200 26396 "-" "Mozilla/5.0 AppleWebKit/537.36 (KHTML, like Gecko; compatible; bingbot/2.0; +http://www.bing.com/bingbot.htm) Chrome/116.0.1938.76 Safari/537.36"
52.167.144.201 - - [30/Nov/2025:14:33:54 -0500] "GET /info266902752?kg=0264750435 HTTP/1.1" 200 24407 "-" "Mozilla/5.0 AppleWebKit/537.36 (KHTML, like Gecko; compatible; bingbot/2.0; +http://www.bing.com/bingbot.htm) Chrome/116.0.1938.76 Safari/537.36"
66.29.146.184 - - [30/Nov/2025:14:33:55 -0500] "POST /wp-cron.php?doing_wp_cron=1764531235.8304069042205810546875 HTTP/1.1" 200 0 "-" "WordPress/6.8.3; https://globaltvabuja.com"
142.44.233.86 - - [30/Nov/2025:14:33:55 -0500] "GET /info247377016?kg=0245382165 HTTP/1.1" 404 26369 "-" "Mozilla/5.0 (compatible; AhrefsBot/7.0; +http://ahrefs.com/robot/)"
