207.46.13.6 - - [30/Nov/2025:08:20:22 -0500] "GET /info101055828?kg=0100240986 HTTP/1.1" 200 26735 "-" "Mozilla/5.0 AppleWebKit/537.36 (KHTML, like Gecko; compatible; bingbot/2.0; +http://www.bing.com/bingbot.htm) Chrome/116.0.1938.76 Safari/537.36"
114.119.145.123 - - [30/Nov/2025:08:20:30 -0500] "GET /info364176688?kg=0361239903 HTTP/1.1" 404 32484 "https://globaltvabuja.com/sitemap-subitems-942.xml" "Mozilla/5.0 (Linux; Android 7.0;) AppleWebKit/537.36 (KHTML, like Gecko) Mobile Safari/537.36 (compatible; PetalBot;+https://webmaster.petalsearch.com/site/petalbot)"
40.77.167.235 - - [30/Nov/2025:08:20:32 -0500] "GET /info129527416?kg=0128482965 HTTP/1.1" 200 24859 "-" "Mozilla/5.0 AppleWebKit/537.36 (KHTML, like Gecko; compatible; bingbot/2.0; +http://www.bing.com/bingbot.htm) Chrome/116.0.1938.76 Safari/537.36"
40.77.167.235 - - [30/Nov/2025:08:20:36 -0500] "GET /info364421252?kg=0361482494 HTTP/1.1" 200 24642 "-" "Mozilla/5.0 AppleWebKit/537.36 (KHTML, like Gecko; compatible; bingbot/2.0; +http://www.bing.com/bingbot.htm) Chrome/116.0.1938.76 Safari/537.36"
40.77.167.235 - - [30/Nov/2025:08:20:39 -0500] "GET /info243813224?kg=0241847113 HTTP/1.1" 200 24403 "-" "Mozilla/5.0 AppleWebKit/537.36 (KHTML, like Gecko; compatible; bingbot/2.0; +http://www.bing.com/bingbot.htm) Chrome/116.0.1938.76 Safari/537.36"
40.77.167.235 - - [30/Nov/2025:08:20:42 -0500] "GET /info157767276?kg=0156495084 HTTP/1.1" 200 24403 "-" "Mozilla/5.0 AppleWebKit/537.36 (KHTML, like Gecko; compatible; bingbot/2.0; +http://www.bing.com/bingbot.htm) Chrome/116.0.1938.76 Safari/537.36"
207.46.13.6 - - [30/Nov/2025:08:20:52 -0500] "GET /info309070952?kg=0306578569 HTTP/1.1" 200 24715 "-" "Mozilla/5.0 AppleWebKit/537.36 (KHTML, like Gecko; compatible; bingbot/2.0; +http://www.bing.com/bingbot.htm) Chrome/116.0.1938.76 Safari/537.36"
66.249.64.230 - - [30/Nov/2025:08:20:57 -0500] "GET /?info2616100?kg=0002595126 HTTP/1.1" 200 26090 "-" "Mozilla/5.0 (Linux; Android 6.0.1; Nexus 5X Build/MMB29P) AppleWebKit/537.36 (KHTML, like Gecko) Chrome/141.0.7390.122 Mobile Safari/537.36 (compatible; Googlebot/2.1; +http://www.google.com/bot.html)"
66.249.64.230 - - [30/Nov/2025:08:21:00 -0500] "GET /?info15342796?kg=0015219188 HTTP/1.1" 200 26368 "-" "Mozilla/5.0 (Linux; Android 6.0.1; Nexus 5X Build/MMB29P) AppleWebKit/537.36 (KHTML, like Gecko) Chrome/141.0.7390.122 Mobile Safari/537.36 (compatible; Googlebot/2.1; +http://www.google.com/bot.html)"
207.46.13.6 - - [30/Nov/2025:08:21:03 -0500] "GET /info52037936?kg=0051618399 HTTP/1.1" 200 26368 "-" "Mozilla/5.0 AppleWebKit/537.36 (KHTML, like Gecko; compatible; bingbot/2.0; +http://www.bing.com/bingbot.htm) Chrome/116.0.1938.76 Safari/537.36"
66.249.64.230 - - [30/Nov/2025:08:21:16 -0500] "GET /info348960728?kg=0346146653 HTTP/1.1" 200 24560 "-" "Mozilla/5.0 (Linux; Android 6.0.1; Nexus 5X Build/MMB29P) AppleWebKit/537.36 (KHTML, like Gecko) Chrome/141.0.7390.122 Mobile Safari/537.36 (compatible; Googlebot/2.1; +http://www.google.com/bot.html)"
66.249.64.230 - - [30/Nov/2025:08:21:19 -0500] "GET /info348961924?kg=0346147838 HTTP/1.1" 200 24650 "-" "Mozilla/5.0 (Linux; Android 6.0.1; Nexus 5X Build/MMB29P) AppleWebKit/537.36 (KHTML, like Gecko) Chrome/141.0.7390.122 Mobile Safari/537.36 (compatible; Googlebot/2.1; +http://www.google.com/bot.html)"
66.249.64.230 - - [30/Nov/2025:08:21:22 -0500] "GET /info10034008?kg=0009953213 HTTP/1.1" 200 26851 "-" "Mozilla/5.0 (Linux; Android 6.0.1; Nexus 5X Build/MMB29P) AppleWebKit/537.36 (KHTML, like Gecko) Chrome/141.0.7390.122 Mobile Safari/537.36 (compatible; Googlebot/2.1; +http://www.google.com/bot.html)"
52.167.144.159 - - [30/Nov/2025:08:21:23 -0500] "GET /info303646036?kg=0301197402 HTTP/1.1" 200 24348 "-" "Mozilla/5.0 AppleWebKit/537.36 (KHTML, like Gecko; compatible; bingbot/2.0; +http://www.bing.com/bingbot.htm) Chrome/116.0.1938.76 Safari/537.36"
66.249.64.230 - - [30/Nov/2025:08:21:27 -0500] "GET /info16702236?kg=0016567664 HTTP/1.1" 200 26218 "-" "Mozilla/5.0 (Linux; Android 6.0.1; Nexus 5X Build/MMB29P) AppleWebKit/537.36 (KHTML, like Gecko) Chrome/141.0.7390.122 Mobile Safari/537.36 (compatible; Googlebot/2.1; +http://www.google.com/bot.html)"
66.249.64.230 - - [30/Nov/2025:08:21:32 -0500] "GET /info12255956?kg=0012157242 HTTP/1.1" 200 26537 "-" "Mozilla/5.0 (Linux; Android 6.0.1; Nexus 5X Build/MMB29P) AppleWebKit/537.36 (KHTML, like Gecko) Chrome/141.0.7390.122 Mobile Safari/537.36 (compatible; Googlebot/2.1; +http://www.google.com/bot.html)"
52.167.144.159 - - [30/Nov/2025:08:21:35 -0500] "GET /info280700412?kg=0278436824 HTTP/1.1" 200 24692 "-" "Mozilla/5.0 AppleWebKit/537.36 (KHTML, like Gecko; compatible; bingbot/2.0; +http://www.bing.com/bingbot.htm) Chrome/116.0.1938.76 Safari/537.36"
66.29.146.184 - - [30/Nov/2025:08:21:35 -0500] "POST /wp-cron.php?doing_wp_cron=1764508895.7968571186065673828125 HTTP/1.1" 200 0 "-" "WordPress/6.8.3; https://globaltvabuja.com"
142.44.228.158 - - [30/Nov/2025:08:21:35 -0500] "GET /info242762636?kg=0240804996 HTTP/1.1" 404 26353 "-" "Mozilla/5.0 (compatible; AhrefsBot/7.0; +http://ahrefs.com/robot/)"
66.249.64.230 - - [30/Nov/2025:08:21:37 -0500] "GET /info264076612?kg=0261947086 HTTP/1.1" 200 24486 "-" "Mozilla/5.0 (Linux; Android 6.0.1; Nexus 5X Build/MMB29P) AppleWebKit/537.36 (KHTML, like Gecko) Chrome/141.0.7390.122 Mobile Safari/537.36 (compatible; Googlebot/2.1; +http://www.google.com/bot.html)"
66.249.64.230 - - [30/Nov/2025:08:21:40 -0500] "GET /info14869416?kg=0014749625 HTTP/1.1" 200 26534 "-" "Mozilla/5.0 (Linux; Android 6.0.1; Nexus 5X Build/MMB29P) AppleWebKit/537.36 (KHTML, like Gecko) Chrome/141.0.7390.122 Mobile Safari/537.36 (compatible; Googlebot/2.1; +http://www.google.com/bot.html)"
66.249.64.230 - - [30/Nov/2025:08:21:46 -0500] "GET /info1337216?kg=0001326555 HTTP/1.1" 200 26948 "-" "Mozilla/5.0 (Linux; Android 6.0.1; Nexus 5X Build/MMB29P) AppleWebKit/537.36 (KHTML, like Gecko) Chrome/141.0.7390.122 Mobile Safari/537.36 (compatible; Googlebot/2.1; +http://www.google.com/bot.html)"
66.249.64.230 - - [30/Nov/2025:08:21:49 -0500] "GET /info17265956?kg=0017126838 HTTP/1.1" 200 26398 "-" "Mozilla/5.0 (Linux; Android 6.0.1; Nexus 5X Build/MMB29P) AppleWebKit/537.36 (KHTML, like Gecko) Chrome/141.0.7390.122 Mobile Safari/537.36 (compatible; Googlebot/2.1; +http://www.google.com/bot.html)"
66.29.146.184 - - [30/Nov/2025:08:21:50 -0500] "POST /wp-cron.php?doing_wp_cron=1764508910.2593710422515869140625 HTTP/1.1" 200 0 "-" "WordPress/6.8.3; https://globaltvabuja.com"
114.119.152.134 - - [30/Nov/2025:08:21:49 -0500] "GET /info364176556?kg=0361239772 HTTP/1.1" 404 32483 "https://globaltvabuja.com/sitemap-subitems-942.xml" "Mozilla/5.0 (Linux; Android 7.0;) AppleWebKit/537.36 (KHTML, like Gecko) Mobile Safari/537.36 (compatible; PetalBot;+https://webmaster.petalsearch.com/site/petalbot)"
207.46.13.6 - - [30/Nov/2025:08:21:52 -0500] "GET /?info216270016?kg=0214526027 HTTP/1.1" 200 24454 "-" "Mozilla/5.0 AppleWebKit/537.36 (KHTML, like Gecko; compatible; bingbot/2.0; +http://www.bing.com/bingbot.htm) Chrome/116.0.1938.76 Safari/537.36"
66.249.64.231 - - [30/Nov/2025:08:21:52 -0500] "GET /info17263836?kg=0017124736 HTTP/1.1" 200 26098 "-" "Mozilla/5.0 (Linux; Android 6.0.1; Nexus 5X Build/MMB29P) AppleWebKit/537.36 (KHTML, like Gecko) Chrome/141.0.7390.122 Mobile Safari/537.36 (compatible; Googlebot/2.1; +http://www.google.com/bot.html)"
66.249.64.230 - - [30/Nov/2025:08:21:56 -0500] "GET /info6024216?kg=0005975757 HTTP/1.1" 200 26657 "-" "Mozilla/5.0 (Linux; Android 6.0.1; Nexus 5X Build/MMB29P) AppleWebKit/537.36 (KHTML, like Gecko) Chrome/141.0.7390.122 Mobile Safari/537.36 (compatible; Googlebot/2.1; +http://www.google.com/bot.html)"
40.77.167.235 - - [30/Nov/2025:08:21:59 -0500] "GET /info266976032?kg=0264823123 HTTP/1.1" 200 24429 "-" "Mozilla/5.0 AppleWebKit/537.36 (KHTML, like Gecko; compatible; bingbot/2.0; +http://www.bing.com/bingbot.htm) Chrome/116.0.1938.76 Safari/537.36"
66.249.64.230 - - [30/Nov/2025:08:22:03 -0500] "GET /info6032812?kg=0005984284 HTTP/1.1" 200 26358 "-" "Mozilla/5.0 (Linux; Android 6.0.1; Nexus 5X Build/MMB29P) AppleWebKit/537.36 (KHTML, like Gecko) Chrome/141.0.7390.122 Mobile Safari/537.36 (compatible; Googlebot/2.1; +http://www.google.com/bot.html)"
66.249.64.230 - - [30/Nov/2025:08:22:07 -0500] "GET /info6011520?kg=0005963163 HTTP/1.1" 200 26180 "-" "Mozilla/5.0 (Linux; Android 6.0.1; Nexus 5X Build/MMB29P) AppleWebKit/537.36 (KHTML, like Gecko) Chrome/141.0.7390.122 Mobile Safari/537.36 (compatible; Googlebot/2.1; +http://www.google.com/bot.html)"
66.249.64.230 - - [30/Nov/2025:08:22:13 -0500] "GET /info6278960?kg=0006228447 HTTP/1.1" 200 26313 "-" "Mozilla/5.0 (Linux; Android 6.0.1; Nexus 5X Build/MMB29P) AppleWebKit/537.36 (KHTML, like Gecko) Chrome/141.0.7390.122 Mobile Safari/537.36 (compatible; Googlebot/2.1; +http://www.google.com/bot.html)"
207.46.13.6 - - [30/Nov/2025:08:22:13 -0500] "GET /info241550276?kg=0239602414 HTTP/1.1" 200 24797 "-" "Mozilla/5.0 AppleWebKit/537.36 (KHTML, like Gecko; compatible; bingbot/2.0; +http://www.bing.com/bingbot.htm) Chrome/116.0.1938.76 Safari/537.36"
207.46.13.6 - - [30/Nov/2025:08:22:15 -0500] "GET /info245068044?kg=0243091812 HTTP/1.1" 200 24063 "-" "Mozilla/5.0 AppleWebKit/537.36 (KHTML, like Gecko; compatible; bingbot/2.0; +http://www.bing.com/bingbot.htm) Chrome/116.0.1938.76 Safari/537.36"
40.77.167.131 - - [30/Nov/2025:08:22:18 -0500] "GET /info43079380?kg=0042732090 HTTP/1.1" 200 27164 "-" "Mozilla/5.0 AppleWebKit/537.36 (KHTML, like Gecko; compatible; bingbot/2.0; +http://www.bing.com/bingbot.htm) Chrome/116.0.1938.76 Safari/537.36"
66.249.64.230 - - [30/Nov/2025:08:22:18 -0500] "GET /info6292448?kg=0006241827 HTTP/1.1" 200 26577 "-" "Mozilla/5.0 (Linux; Android 6.0.1; Nexus 5X Build/MMB29P) AppleWebKit/537.36 (KHTML, like Gecko) Chrome/141.0.7390.122 Mobile Safari/537.36 (compatible; Googlebot/2.1; +http://www.google.com/bot.html)"
85.208.96.207 - - [30/Nov/2025:08:22:19 -0500] "GET /2777-2/ HTTP/1.1" 200 41201 "-" "Mozilla/5.0 (compatible; SemrushBot/7~bl; +http://www.semrush.com/bot.html)"
66.249.64.230 - - [30/Nov/2025:08:22:23 -0500] "GET /info18938728?kg=0018786121 HTTP/1.1" 200 26674 "-" "Mozilla/5.0 (Linux; Android 6.0.1; Nexus 5X Build/MMB29P) AppleWebKit/537.36 (KHTML, like Gecko) Chrome/141.0.7390.122 Mobile Safari/537.36 (compatible; Googlebot/2.1; +http://www.google.com/bot.html)"
202.76.170.49 - - [30/Nov/2025:08:22:25 -0500] "GET /info127730316?kg=0126700356 HTTP/1.1" 404 32521 "-" "Mozilla/5.0 (Windows NT 6.2) AppleWebKit/536.6 (KHTML, like Gecko) Chrome/20.0.1090.0 Safari/536.6"
66.249.64.230 - - [30/Nov/2025:08:22:28 -0500] "GET /info76142076?kg=0075528152 HTTP/1.1" 200 26261 "-" "Mozilla/5.0 (Linux; Android 6.0.1; Nexus 5X Build/MMB29P) AppleWebKit/537.36 (KHTML, like Gecko) Chrome/141.0.7390.122 Mobile Safari/537.36 (compatible; Googlebot/2.1; +http://www.google.com/bot.html)"
66.249.64.230 - - [30/Nov/2025:08:22:33 -0500] "GET /info18692580?kg=0018541958 HTTP/1.1" 200 26863 "-" "Mozilla/5.0 (Linux; Android 6.0.1; Nexus 5X Build/MMB29P) AppleWebKit/537.36 (KHTML, like Gecko) Chrome/141.0.7390.122 Mobile Safari/537.36 (compatible; Googlebot/2.1; +http://www.google.com/bot.html)"
66.249.64.230 - - [30/Nov/2025:08:22:37 -0500] "GET /info18695360?kg=0018544715 HTTP/1.1" 200 26151 "-" "Mozilla/5.0 (Linux; Android 6.0.1; Nexus 5X Build/MMB29P) AppleWebKit/537.36 (KHTML, like Gecko) Chrome/141.0.7390.122 Mobile Safari/537.36 (compatible; Googlebot/2.1; +http://www.google.com/bot.html)"
54.39.136.69 - - [30/Nov/2025:08:22:37 -0500] "GET /info242501012?kg=0240545482 HTTP/1.1" 404 26343 "-" "Mozilla/5.0 (compatible; AhrefsBot/7.0; +http://ahrefs.com/robot/)"
40.77.167.235 - - [30/Nov/2025:08:22:53 -0500] "GET /info164224144?kg=0162899879 HTTP/1.1" 200 24375 "-" "Mozilla/5.0 AppleWebKit/537.36 (KHTML, like Gecko; compatible; bingbot/2.0; +http://www.bing.com/bingbot.htm) Chrome/116.0.1938.76 Safari/537.36"
40.77.167.235 - - [30/Nov/2025:08:23:02 -0500] "GET /info110260268?kg=0109371196 HTTP/1.1" 200 26117 "-" "Mozilla/5.0 AppleWebKit/537.36 (KHTML, like Gecko; compatible; bingbot/2.0; +http://www.bing.com/bingbot.htm) Chrome/116.0.1938.76 Safari/537.36"
66.249.64.231 - - [30/Nov/2025:08:23:04 -0500] "GET /info18697612?kg=0018546948 HTTP/1.1" 200 26453 "-" "Mozilla/5.0 (Linux; Android 6.0.1; Nexus 5X Build/MMB29P) AppleWebKit/537.36 (KHTML, like Gecko) Chrome/141.0.7390.122 Mobile Safari/537.36 (compatible; Googlebot/2.1; +http://www.google.com/bot.html)"
66.249.64.231 - - [30/Nov/2025:08:23:12 -0500] "GET /info352296232?kg=0349455257 HTTP/1.1" 200 24876 "-" "Mozilla/5.0 (Linux; Android 6.0.1; Nexus 5X Build/MMB29P) AppleWebKit/537.36 (KHTML, like Gecko) Chrome/141.0.7390.122 Mobile Safari/537.36 (compatible; Googlebot/2.1; +http://www.google.com/bot.html)"
66.29.146.184 - - [30/Nov/2025:08:23:14 -0500] "POST /wp-cron.php?doing_wp_cron=1764508994.2401549816131591796875 HTTP/1.1" 200 0 "-" "WordPress/6.8.3; https://globaltvabuja.com"
40.77.167.131 - - [30/Nov/2025:08:23:13 -0500] "GET /info276633088?kg=0274402299 HTTP/1.1" 200 24497 "-" "Mozilla/5.0 AppleWebKit/537.36 (KHTML, like Gecko; compatible; bingbot/2.0; +http://www.bing.com/bingbot.htm) Chrome/116.0.1938.76 Safari/537.36"
114.119.152.134 - - [30/Nov/2025:08:23:13 -0500] "GET /info364176424?kg=0361239641 HTTP/1.1" 404 32498 "https://globaltvabuja.com/sitemap-subitems-942.xml" "Mozilla/5.0 (Linux; Android 7.0;) AppleWebKit/537.36 (KHTML, like Gecko) Mobile Safari/537.36 (compatible; PetalBot;+https://webmaster.petalsearch.com/site/petalbot)"
85.208.96.197 - - [30/Nov/2025:08:23:14 -0500] "GET /category/national/page/5/ HTTP/1.1" 200 41252 "-" "Mozilla/5.0 (compatible; SemrushBot/7~bl; +http://www.semrush.com/bot.html)"
185.191.171.12 - - [30/Nov/2025:08:23:19 -0500] "GET /author/okerekglobaltvabuja-com/page/63/ HTTP/1.1" 200 40267 "-" "Mozilla/5.0 (compatible; SemrushBot/7~bl; +http://www.semrush.com/bot.html)"
66.249.64.230 - - [30/Nov/2025:08:23:20 -0500] "GET /info352298608?kg=0349457615 HTTP/1.1" 200 24500 "-" "Mozilla/5.0 (Linux; Android 6.0.1; Nexus 5X Build/MMB29P) AppleWebKit/537.36 (KHTML, like Gecko) Chrome/141.0.7390.122 Mobile Safari/537.36 (compatible; Googlebot/2.1; +http://www.google.com/bot.html)"
66.249.64.230 - - [30/Nov/2025:08:23:40 -0500] "GET /info15836016?kg=0015708431 HTTP/1.1" 200 26396 "-" "Mozilla/5.0 (Linux; Android 6.0.1; Nexus 5X Build/MMB29P) AppleWebKit/537.36 (KHTML, like Gecko) Chrome/141.0.7390.122 Mobile Safari/537.36 (compatible; Googlebot/2.1; +http://www.google.com/bot.html)"
40.77.167.235 - - [30/Nov/2025:08:23:43 -0500] "GET /info363872736?kg=0360938403 HTTP/1.1" 200 24691 "-" "Mozilla/5.0 AppleWebKit/537.36 (KHTML, like Gecko; compatible; bingbot/2.0; +http://www.bing.com/bingbot.htm) Chrome/116.0.1938.76 Safari/537.36"
54.39.203.67 - - [30/Nov/2025:08:23:45 -0500] "GET /info242486592?kg=0240531179 HTTP/1.1" 404 26367 "-" "Mozilla/5.0 (compatible; AhrefsBot/7.0; +http://ahrefs.com/robot/)"
40.77.167.131 - - [30/Nov/2025:08:23:47 -0500] "GET /info318223676?kg=0315657480 HTTP/1.1" 200 24210 "-" "Mozilla/5.0 AppleWebKit/537.36 (KHTML, like Gecko; compatible; bingbot/2.0; +http://www.bing.com/bingbot.htm) Chrome/116.0.1938.76 Safari/537.36"
66.249.64.230 - - [30/Nov/2025:08:23:49 -0500] "GET /info352289880?kg=0349448957 HTTP/1.1" 200 24481 "-" "Mozilla/5.0 (Linux; Android 6.0.1; Nexus 5X Build/MMB29P) AppleWebKit/537.36 (KHTML, like Gecko) Chrome/141.0.7390.122 Mobile Safari/537.36 (compatible; Googlebot/2.1; +http://www.google.com/bot.html)"
40.77.167.235 - - [30/Nov/2025:08:23:53 -0500] "GET /info155399972?kg=0154146870 HTTP/1.1" 200 24845 "-" "Mozilla/5.0 AppleWebKit/537.36 (KHTML, like Gecko; compatible; bingbot/2.0; +http://www.bing.com/bingbot.htm) Chrome/116.0.1938.76 Safari/537.36"
66.249.64.230 - - [30/Nov/2025:08:23:59 -0500] "GET /info352292000?kg=0349451059 HTTP/1.1" 200 24132 "-" "Mozilla/5.0 (Linux; Android 6.0.1; Nexus 5X Build/MMB29P) AppleWebKit/537.36 (KHTML, like Gecko) Chrome/141.0.7390.122 Mobile Safari/537.36 (compatible; Googlebot/2.1; +http://www.google.com/bot.html)"
40.77.167.235 - - [30/Nov/2025:08:24:02 -0500] "GET /info109538356?kg=0108655106 HTTP/1.1" 200 26181 "-" "Mozilla/5.0 AppleWebKit/537.36 (KHTML, like Gecko; compatible; bingbot/2.0; +http://www.bing.com/bingbot.htm) Chrome/116.0.1938.76 Safari/537.36"
207.46.13.6 - - [30/Nov/2025:08:24:07 -0500] "GET /info353586228?kg=0350734850 HTTP/1.1" 200 24429 "-" "Mozilla/5.0 AppleWebKit/537.36 (KHTML, like Gecko; compatible; bingbot/2.0; +http://www.bing.com/bingbot.htm) Chrome/116.0.1938.76 Safari/537.36"
66.29.146.184 - - [30/Nov/2025:08:24:08 -0500] "POST /wp-cron.php?doing_wp_cron=1764509047.9997289180755615234375 HTTP/1.1" 200 0 "-" "WordPress/6.8.3; https://globaltvabuja.com"
185.191.171.18 - - [30/Nov/2025:08:24:07 -0500] "GET /fiba-u19-world-cup-junior-dtigress-stun-china-in-opener-nsc-hails-victory/ HTTP/1.1" 200 42093 "-" "Mozilla/5.0 (compatible; SemrushBot/7~bl; +http://www.semrush.com/bot.html)"
66.249.64.230 - - [30/Nov/2025:08:24:08 -0500] "GET /info15808908?kg=0015681540 HTTP/1.1" 200 26112 "-" "Mozilla/5.0 (Linux; Android 6.0.1; Nexus 5X Build/MMB29P) AppleWebKit/537.36 (KHTML, like Gecko) Chrome/141.0.7390.122 Mobile Safari/537.36 (compatible; Googlebot/2.1; +http://www.google.com/bot.html)"
40.77.167.131 - - [30/Nov/2025:08:24:12 -0500] "GET /info315815364?kg=0313268590 HTTP/1.1" 200 24603 "-" "Mozilla/5.0 AppleWebKit/537.36 (KHTML, like Gecko; compatible; bingbot/2.0; +http://www.bing.com/bingbot.htm) Chrome/116.0.1938.76 Safari/537.36"
66.249.64.230 - - [30/Nov/2025:08:24:14 -0500] "GET /info15821472?kg=0015694003 HTTP/1.1" 200 26058 "-" "Mozilla/5.0 (Linux; Android 6.0.1; Nexus 5X Build/MMB29P) AppleWebKit/537.36 (KHTML, like Gecko) Chrome/141.0.7390.122 Mobile Safari/537.36 (compatible; Googlebot/2.1; +http://www.google.com/bot.html)"
66.249.64.230 - - [30/Nov/2025:08:24:20 -0500] "GET /info17040308?kg=0016903010 HTTP/1.1" 200 26501 "-" "Mozilla/5.0 (Linux; Android 6.0.1; Nexus 5X Build/MMB29P) AppleWebKit/537.36 (KHTML, like Gecko) Chrome/141.0.7390.122 Mobile Safari/537.36 (compatible; Googlebot/2.1; +http://www.google.com/bot.html)"
40.77.167.235 - - [30/Nov/2025:08:24:22 -0500] "GET /info261522408?kg=0259413481 HTTP/1.1" 200 24224 "-" "Mozilla/5.0 AppleWebKit/537.36 (KHTML, like Gecko; compatible; bingbot/2.0; +http://www.bing.com/bingbot.htm) Chrome/116.0.1938.76 Safari/537.36"
66.249.64.230 - - [30/Nov/2025:08:24:24 -0500] "GET /?info269396644?kg=0267224214 HTTP/1.1" 200 24421 "-" "Mozilla/5.0 (Linux; Android 6.0.1; Nexus 5X Build/MMB29P) AppleWebKit/537.36 (KHTML, like Gecko) Chrome/141.0.7390.122 Mobile Safari/537.36 (compatible; Googlebot/2.1; +http://www.google.com/bot.html)"
207.46.13.6 - - [30/Nov/2025:08:24:27 -0500] "GET /info70704068?kg=0070133998 HTTP/1.1" 200 26768 "-" "Mozilla/5.0 AppleWebKit/537.36 (KHTML, like Gecko; compatible; bingbot/2.0; +http://www.bing.com/bingbot.htm) Chrome/116.0.1938.76 Safari/537.36"
66.249.64.230 - - [30/Nov/2025:08:24:28 -0500] "GET /info3941676?kg=0003910012 HTTP/1.1" 200 26406 "-" "Mozilla/5.0 (Linux; Android 6.0.1; Nexus 5X Build/MMB29P) AppleWebKit/537.36 (KHTML, like Gecko) Chrome/141.0.7390.122 Mobile Safari/537.36 (compatible; Googlebot/2.1; +http://www.google.com/bot.html)"
66.249.64.230 - - [30/Nov/2025:08:24:34 -0500] "GET /info3941412?kg=0003909750 HTTP/1.1" 200 26488 "-" "Mozilla/5.0 (Linux; Android 6.0.1; Nexus 5X Build/MMB29P) AppleWebKit/537.36 (KHTML, like Gecko) Chrome/141.0.7390.122 Mobile Safari/537.36 (compatible; Googlebot/2.1; +http://www.google.com/bot.html)"
114.119.129.189 - - [30/Nov/2025:08:24:39 -0500] "GET /info364176292?kg=0361239510 HTTP/1.1" 404 32504 "https://globaltvabuja.com/sitemap-subitems-942.xml" "Mozilla/5.0 (Linux; Android 7.0;) AppleWebKit/537.36 (KHTML, like Gecko) Mobile Safari/537.36 (compatible; PetalBot;+https://webmaster.petalsearch.com/site/petalbot)"
54.39.6.53 - - [30/Nov/2025:08:24:49 -0500] "GET /info242406044?kg=0240451280 HTTP/1.1" 404 26364 "-" "Mozilla/5.0 (compatible; AhrefsBot/7.0; +http://ahrefs.com/robot/)"
40.77.167.235 - - [30/Nov/2025:08:24:52 -0500] "GET /info294491596?kg=0292116788 HTTP/1.1" 200 24510 "-" "Mozilla/5.0 AppleWebKit/537.36 (KHTML, like Gecko; compatible; bingbot/2.0; +http://www.bing.com/bingbot.htm) Chrome/116.0.1938.76 Safari/537.36"
40.77.167.131 - - [30/Nov/2025:08:24:57 -0500] "GET /info212139460?kg=0210428782 HTTP/1.1" 200 25273 "-" "Mozilla/5.0 AppleWebKit/537.36 (KHTML, like Gecko; compatible; bingbot/2.0; +http://www.bing.com/bingbot.htm) Chrome/116.0.1938.76 Safari/537.36"
66.29.146.184 - - [30/Nov/2025:08:25:12 -0500] "POST /wp-cron.php?doing_wp_cron=1764509112.7834990024566650390625 HTTP/1.1" 200 0 "-" "WordPress/6.8.3; https://globaltvabuja.com"
3.83.76.234 - - [30/Nov/2025:08:25:12 -0500] "GET /tag/drug-trafficking-ndlea/ HTTP/1.1" 200 167275 "-" "TerraCotta https://github.com/CeramicTeam/CeramicTerracotta"
207.46.13.52 - - [30/Nov/2025:08:25:18 -0500] "GET /info52696624?kg=0052271775 HTTP/1.1" 200 26755 "-" "Mozilla/5.0 AppleWebKit/537.36 (KHTML, like Gecko; compatible; bingbot/2.0; +http://www.bing.com/bingbot.htm) Chrome/116.0.1938.76 Safari/537.36"
66.29.146.184 - - [30/Nov/2025:08:25:52 -0500] "POST /wp-cron.php?doing_wp_cron=1764509152.6254088878631591796875 HTTP/1.1" 200 0 "-" "WordPress/6.8.3; https://globaltvabuja.com"
167.114.139.195 - - [30/Nov/2025:08:25:52 -0500] "GET /info241506496?kg=0239558987 HTTP/1.1" 404 26359 "-" "Mozilla/5.0 (compatible; AhrefsBot/7.0; +http://ahrefs.com/robot/)"
40.77.167.131 - - [30/Nov/2025:08:25:53 -0500] "GET /info294417788?kg=0292043576 HTTP/1.1" 200 24640 "-" "Mozilla/5.0 AppleWebKit/537.36 (KHTML, like Gecko; compatible; bingbot/2.0; +http://www.bing.com/bingbot.htm) Chrome/116.0.1938.76 Safari/537.36"
114.119.145.123 - - [30/Nov/2025:08:26:00 -0500] "GET /info364176160?kg=0361239379 HTTP/1.1" 404 32508 "https://globaltvabuja.com/sitemap-subitems-942.xml" "Mozilla/5.0 (Linux; Android 7.0;) AppleWebKit/537.36 (KHTML, like Gecko) Mobile Safari/537.36 (compatible; PetalBot;+https://webmaster.petalsearch.com/site/petalbot)"
40.77.167.235 - - [30/Nov/2025:08:26:12 -0500] "GET /info62932208?kg=0062424815 HTTP/1.1" 200 26690 "-" "Mozilla/5.0 AppleWebKit/537.36 (KHTML, like Gecko; compatible; bingbot/2.0; +http://www.bing.com/bingbot.htm) Chrome/116.0.1938.76 Safari/537.36"
185.191.171.7 - - [30/Nov/2025:08:26:21 -0500] "GET /fccpc-fines-british-american-tobacco-nigeria-ltd-affiliate-companies-110m-for-infringement/ HTTP/1.1" 200 42905 "-" "Mozilla/5.0 (compatible; SemrushBot/7~bl; +http://www.semrush.com/bot.html)"
40.77.167.235 - - [30/Nov/2025:08:26:34 -0500] "GET /info328697480?kg=0326046817 HTTP/1.1" 200 24411 "-" "Mozilla/5.0 AppleWebKit/537.36 (KHTML, like Gecko; compatible; bingbot/2.0; +http://www.bing.com/bingbot.htm) Chrome/116.0.1938.76 Safari/537.36"
146.174.176.40 - - [30/Nov/2025:08:26:43 -0500] "GET /info127737584?kg=0126707567 HTTP/1.1" 404 32479 "-" "Mozilla/5.0 (Windows; U; Windows NT 5.1; en-US) AppleWebKit/534.13 (KHTML, like Gecko) Chrome/9.0.597.15 Safari/534.13"
148.113.130.221 - - [30/Nov/2025:08:26:49 -0500] "GET /info241477532?kg=0239530256 HTTP/1.1" 404 26371 "-" "Mozilla/5.0 (compatible; AhrefsBot/7.0; +http://ahrefs.com/robot/)"
66.29.146.184 - - [30/Nov/2025:08:26:56 -0500] "POST /wp-cron.php?doing_wp_cron=1764509216.8092589378356933593750 HTTP/1.1" 200 0 "-" "WordPress/6.8.3; https://globaltvabuja.com"
102.91.92.98 - - [30/Nov/2025:08:26:56 -0500] "GET /wp-json/wp/v2/categories?per_page=100&parent=0&orderby=count&order=desc HTTP/1.1" 200 116604 "-" "Dart/3.5 (dart:io)"
102.91.92.98 - - [30/Nov/2025:08:26:56 -0500] "GET /wp-json/wp/v2/posts?_embed=wp:featuredmedia,wp:term&page=1&per_page=10 HTTP/1.1" 200 299480 "-" "Dart/3.5 (dart:io)"
102.91.92.98 - - [30/Nov/2025:08:26:56 -0500] "GET /wp-json/wp/v2/posts?_embed=wp:featuredmedia,wp:term&per_page=10 HTTP/1.1" 200 299480 "-" "Dart/3.5 (dart:io)"
102.91.92.98 - - [30/Nov/2025:08:26:58 -0500] "GET /wp-json/wp/v2/posts?categories=-1&per_page=15&_embed=true HTTP/1.1" 200 1840628 "-" "Dart/3.5 (dart:io)"
102.91.92.98 - - [30/Nov/2025:08:27:20 -0500] "GET /wp-json/wp/v2/categories?per_page=100&parent=0&orderby=count&order=desc HTTP/1.1" 200 116604 "-" "Dart/3.5 (dart:io)"
102.91.92.98 - - [30/Nov/2025:08:27:20 -0500] "GET /wp-json/wp/v2/posts?_embed=wp:featuredmedia,wp:term&per_page=10 HTTP/1.1" 200 299480 "-" "Dart/3.5 (dart:io)"
102.91.92.98 - - [30/Nov/2025:08:27:20 -0500] "GET /wp-json/wp/v2/posts?_embed=wp:featuredmedia,wp:term&page=1&per_page=10 HTTP/1.1" 200 299480 "-" "Dart/3.5 (dart:io)"
40.77.167.131 - - [30/Nov/2025:08:27:23 -0500] "GET /info173519444?kg=0172120218 HTTP/1.1" 200 24657 "-" "Mozilla/5.0 AppleWebKit/537.36 (KHTML, like Gecko; compatible; bingbot/2.0; +http://www.bing.com/bingbot.htm) Chrome/116.0.1938.76 Safari/537.36"
102.91.92.98 - - [30/Nov/2025:08:27:22 -0500] "GET /wp-json/wp/v2/posts?categories=-1&per_page=15&_embed=true HTTP/1.1" 200 1840628 "-" "Dart/3.5 (dart:io)"
114.119.151.50 - - [30/Nov/2025:08:27:23 -0500] "GET /info364176028?kg=0361239248 HTTP/1.1" 404 32485 "https://globaltvabuja.com/sitemap-subitems-942.xml" "Mozilla/5.0 (Linux; Android 7.0;) AppleWebKit/537.36 (KHTML, like Gecko) Mobile Safari/537.36 (compatible; PetalBot;+https://webmaster.petalsearch.com/site/petalbot)"
102.91.92.98 - - [30/Nov/2025:08:27:26 -0500] "GET /wp-content/uploads/2025/11/WhatsApp-Image-2025-11-25-at-4.17.31-AM.jpeg HTTP/1.1" 200 291908 "-" "Dart/3.5 (dart:io)"
102.91.92.98 - - [30/Nov/2025:08:27:26 -0500] "GET /wp-content/uploads/2025/11/IMG-20251114-WA0004-1.jpg HTTP/1.1" 200 122462 "-" "Dart/3.5 (dart:io)"
102.91.92.98 - - [30/Nov/2025:08:27:26 -0500] "GET /wp-content/uploads/2025/11/WhatsApp-Image-2025-11-25-at-4.11.24-AM.jpeg HTTP/1.1" 200 147626 "-" "Dart/3.5 (dart:io)"
102.91.92.98 - - [30/Nov/2025:08:27:26 -0500] "GET /wp-content/uploads/2025/11/IMG-20251119-WA0011-1.jpg HTTP/1.1" 200 218308 "-" "Dart/3.5 (dart:io)"
102.91.92.98 - - [30/Nov/2025:08:27:26 -0500] "GET /wp-content/uploads/2025/11/WhatsApp-Image-2025-11-20-at-8.42.43-AM.jpeg HTTP/1.1" 200 54233 "-" "Dart/3.5 (dart:io)"
102.91.92.98 - - [30/Nov/2025:08:27:26 -0500] "GET /wp-content/uploads/2025/11/WhatsApp-Image-2025-11-24-at-4.25.58-AM.jpeg HTTP/1.1" 200 144988 "-" "Dart/3.5 (dart:io)"
102.91.92.98 - - [30/Nov/2025:08:27:26 -0500] "GET /wp-content/uploads/2025/11/IMG-20251125-WA0001.jpg HTTP/1.1" 200 92101 "-" "Dart/3.5 (dart:io)"
102.91.92.98 - - [30/Nov/2025:08:27:26 -0500] "GET /wp-content/uploads/2025/11/WhatsApp-Image-2025-11-18-at-5.28.09-AM.jpeg HTTP/1.1" 200 47168 "-" "Dart/3.5 (dart:io)"
167.114.139.104 - - [30/Nov/2025:08:27:43 -0500] "GET /info238240700?kg=0236319528 HTTP/1.1" 404 26369 "-" "Mozilla/5.0 (compatible; AhrefsBot/7.0; +http://ahrefs.com/robot/)"
207.46.13.52 - - [30/Nov/2025:08:28:16 -0500] "GET /info26276088?kg=0026064309 HTTP/1.1" 200 26508 "-" "Mozilla/5.0 AppleWebKit/537.36 (KHTML, like Gecko; compatible; bingbot/2.0; +http://www.bing.com/bingbot.htm) Chrome/116.0.1938.76 Safari/537.36"
40.77.167.235 - - [30/Nov/2025:08:28:32 -0500] "GET /info38526632?kg=0038216057 HTTP/1.1" 200 26433 "-" "Mozilla/5.0 AppleWebKit/537.36 (KHTML, like Gecko; compatible; bingbot/2.0; +http://www.bing.com/bingbot.htm) Chrome/116.0.1938.76 Safari/537.36"
207.46.13.52 - - [30/Nov/2025:08:28:37 -0500] "GET /info131448464?kg=0130388519 HTTP/1.1" 200 24689 "-" "Mozilla/5.0 AppleWebKit/537.36 (KHTML, like Gecko; compatible; bingbot/2.0; +http://www.bing.com/bingbot.htm) Chrome/116.0.1938.76 Safari/537.36"
40.77.167.131 - - [30/Nov/2025:08:28:42 -0500] "GET /info194072496?kg=0192507519 HTTP/1.1" 200 24495 "-" "Mozilla/5.0 AppleWebKit/537.36 (KHTML, like Gecko; compatible; bingbot/2.0; +http://www.bing.com/bingbot.htm) Chrome/116.0.1938.76 Safari/537.36"
66.29.146.184 - - [30/Nov/2025:08:28:47 -0500] "POST /wp-cron.php?doing_wp_cron=1764509327.3828608989715576171875 HTTP/1.1" 200 0 "-" "WordPress/6.8.3; https://globaltvabuja.com"
114.119.129.189 - - [30/Nov/2025:08:28:46 -0500] "GET /info364175896?kg=0361239117 HTTP/1.1" 404 32509 "https://globaltvabuja.com/sitemap-subitems-942.xml" "Mozilla/5.0 (Linux; Android 7.0;) AppleWebKit/537.36 (KHTML, like Gecko) Mobile Safari/537.36 (compatible; PetalBot;+https://webmaster.petalsearch.com/site/petalbot)"
40.77.167.235 - - [30/Nov/2025:08:28:47 -0500] "GET /info6950212?kg=0006894286 HTTP/1.1" 200 27041 "-" "Mozilla/5.0 AppleWebKit/537.36 (KHTML, like Gecko; compatible; bingbot/2.0; +http://www.bing.com/bingbot.htm) Chrome/116.0.1938.76 Safari/537.36"
40.77.167.235 - - [30/Nov/2025:08:28:52 -0500] "GET /info216638248?kg=0214891289 HTTP/1.1" 200 24683 "-" "Mozilla/5.0 AppleWebKit/537.36 (KHTML, like Gecko; compatible; bingbot/2.0; +http://www.bing.com/bingbot.htm) Chrome/116.0.1938.76 Safari/537.36"
66.29.146.184 - - [30/Nov/2025:08:28:57 -0500] "POST /wp-cron.php?doing_wp_cron=1764509337.1773049831390380859375 HTTP/1.1" 200 0 "-" "WordPress/6.8.3; https://globaltvabuja.com"
15.235.27.45 - - [30/Nov/2025:08:28:56 -0500] "GET /info238201020?kg=0236280168 HTTP/1.1" 404 26363 "-" "Mozilla/5.0 (compatible; AhrefsBot/7.0; +http://ahrefs.com/robot/)"
207.46.13.52 - - [30/Nov/2025:08:28:57 -0500] "GET /?info256579476?kg=0254510410 HTTP/1.1" 200 24650 "-" "Mozilla/5.0 AppleWebKit/537.36 (KHTML, like Gecko; compatible; bingbot/2.0; +http://www.bing.com/bingbot.htm) Chrome/116.0.1938.76 Safari/537.36"
3.83.76.234 - - [30/Nov/2025:08:29:16 -0500] "GET /naicom-sets-to-collaborate-with-nigeria-factoring-working-group-to-enhance-economic-growth/ HTTP/1.1" 200 207343 "-" "TerraCotta https://github.com/CeramicTeam/CeramicTerracotta"
40.77.167.235 - - [30/Nov/2025:08:29:40 -0500] "GET /info52103008?kg=0051682947 HTTP/1.1" 200 26768 "-" "Mozilla/5.0 AppleWebKit/537.36 (KHTML, like Gecko; compatible; bingbot/2.0; +http://www.bing.com/bingbot.htm) Chrome/116.0.1938.76 Safari/537.36"
66.29.146.184 - - [30/Nov/2025:08:30:07 -0500] "POST /wp-cron.php?doing_wp_cron=1764509407.0375850200653076171875 HTTP/1.1" 200 0 "-" "WordPress/6.8.3; https://globaltvabuja.com"
54.39.89.131 - - [30/Nov/2025:08:30:06 -0500] "GET /info238183696?kg=0236262983 HTTP/1.1" 404 26362 "-" "Mozilla/5.0 (compatible; AhrefsBot/7.0; +http://ahrefs.com/robot/)"
114.119.145.123 - - [30/Nov/2025:08:30:10 -0500] "GET /info364175764?kg=0361238986 HTTP/1.1" 404 32470 "https://globaltvabuja.com/sitemap-subitems-942.xml" "Mozilla/5.0 (Linux; Android 7.0;) AppleWebKit/537.36 (KHTML, like Gecko) Mobile Safari/537.36 (compatible; PetalBot;+https://webmaster.petalsearch.com/site/petalbot)"
207.46.13.52 - - [30/Nov/2025:08:30:15 -0500] "GET /info362832856?kg=0359906909 HTTP/1.1" 200 24252 "-" "Mozilla/5.0 AppleWebKit/537.36 (KHTML, like Gecko; compatible; bingbot/2.0; +http://www.bing.com/bingbot.htm) Chrome/116.0.1938.76 Safari/537.36"
40.77.167.235 - - [30/Nov/2025:08:30:42 -0500] "GET /info371214328?kg=0368220789 HTTP/1.1" 200 24402 "-" "Mozilla/5.0 AppleWebKit/537.36 (KHTML, like Gecko; compatible; bingbot/2.0; +http://www.bing.com/bingbot.htm) Chrome/116.0.1938.76 Safari/537.36"
66.29.146.184 - - [30/Nov/2025:08:31:00 -0500] "POST /wp-cron.php?doing_wp_cron=1764509460.3545989990234375000000 HTTP/1.1" 200 0 "-" "WordPress/6.8.3; https://globaltvabuja.com"
202.76.141.109 - - [30/Nov/2025:08:30:59 -0500] "GET /info127746320?kg=0126716231 HTTP/1.1" 404 32484 "-" "Mozilla/5.0 (Macintosh; U; PPC Mac OS X; fi-fi) AppleWebKit/420+ (KHTML, like Gecko) Safari/419.3"
40.77.167.235 - - [30/Nov/2025:08:31:03 -0500] "GET /info311072680?kg=0308564153 HTTP/1.1" 200 24638 "-" "Mozilla/5.0 AppleWebKit/537.36 (KHTML, like Gecko; compatible; bingbot/2.0; +http://www.bing.com/bingbot.htm) Chrome/116.0.1938.76 Safari/537.36"
54.39.0.10 - - [30/Nov/2025:08:31:06 -0500] "GET /info237771024?kg=0235853639 HTTP/1.1" 404 26362 "-" "Mozilla/5.0 (compatible; AhrefsBot/7.0; +http://ahrefs.com/robot/)"
40.77.167.131 - - [30/Nov/2025:08:31:21 -0500] "GET /info19330372?kg=0019174606 HTTP/1.1" 200 26453 "-" "Mozilla/5.0 AppleWebKit/537.36 (KHTML, like Gecko; compatible; bingbot/2.0; +http://www.bing.com/bingbot.htm) Chrome/116.0.1938.76 Safari/537.36"
40.77.167.131 - - [30/Nov/2025:08:31:25 -0500] "GET /info371412464?kg=0368417327 HTTP/1.1" 200 24492 "-" "Mozilla/5.0 AppleWebKit/537.36 (KHTML, like Gecko; compatible; bingbot/2.0; +http://www.bing.com/bingbot.htm) Chrome/116.0.1938.76 Safari/537.36"
114.119.139.202 - - [30/Nov/2025:08:31:34 -0500] "GET /info364175632?kg=0361238855 HTTP/1.1" 404 32490 "https://globaltvabuja.com/sitemap-subitems-942.xml" "Mozilla/5.0 (Linux; Android 7.0;) AppleWebKit/537.36 (KHTML, like Gecko) Mobile Safari/537.36 (compatible; PetalBot;+https://webmaster.petalsearch.com/site/petalbot)"
66.29.146.184 - - [30/Nov/2025:08:32:10 -0500] "POST /wp-cron.php?doing_wp_cron=1764509530.7315180301666259765625 HTTP/1.1" 200 0 "-" "WordPress/6.8.3; https://globaltvabuja.com"
142.44.220.8 - - [30/Nov/2025:08:32:10 -0500] "GET /info236328784?kg=0234423031 HTTP/1.1" 404 26372 "-" "Mozilla/5.0 (compatible; AhrefsBot/7.0; +http://ahrefs.com/robot/)"
40.77.167.131 - - [30/Nov/2025:08:32:31 -0500] "GET /info235921540?kg=0234019070 HTTP/1.1" 200 24733 "-" "Mozilla/5.0 AppleWebKit/537.36 (KHTML, like Gecko; compatible; bingbot/2.0; +http://www.bing.com/bingbot.htm) Chrome/116.0.1938.76 Safari/537.36"
40.77.167.46 - - [30/Nov/2025:08:32:42 -0500] "GET /info262392332?kg=0260276388 HTTP/1.1" 200 24479 "-" "Mozilla/5.0 AppleWebKit/537.36 (KHTML, like Gecko; compatible; bingbot/2.0; +http://www.bing.com/bingbot.htm) Chrome/116.0.1938.76 Safari/537.36"
40.77.167.131 - - [30/Nov/2025:08:32:51 -0500] "GET /info635276?kg=0000630276 HTTP/1.1" 200 26256 "-" "Mozilla/5.0 AppleWebKit/537.36 (KHTML, like Gecko; compatible; bingbot/2.0; +http://www.bing.com/bingbot.htm) Chrome/116.0.1938.76 Safari/537.36"
66.29.146.184 - - [30/Nov/2025:08:32:58 -0500] "POST /wp-cron.php?doing_wp_cron=1764509578.2530369758605957031250 HTTP/1.1" 200 0 "-" "WordPress/6.8.3; https://globaltvabuja.com"
114.119.154.207 - - [30/Nov/2025:08:32:57 -0500] "GET /info364175500?kg=0361238724 HTTP/1.1" 404 32529 "https://globaltvabuja.com/sitemap-subitems-942.xml" "Mozilla/5.0 (Linux; Android 7.0;) AppleWebKit/537.36 (KHTML, like Gecko) Mobile Safari/537.36 (compatible; PetalBot;+https://webmaster.petalsearch.com/site/petalbot)"
40.77.167.15 - - [30/Nov/2025:08:33:01 -0500] "GET /info349995584?kg=0347173163 HTTP/1.1" 200 24573 "-" "Mozilla/5.0 AppleWebKit/537.36 (KHTML, like Gecko; compatible; bingbot/2.0; +http://www.bing.com/bingbot.htm) Chrome/116.0.1938.76 Safari/537.36"
40.77.167.15 - - [30/Nov/2025:08:33:12 -0500] "GET /info82947996?kg=0082279184 HTTP/1.1" 200 26141 "-" "Mozilla/5.0 AppleWebKit/537.36 (KHTML, like Gecko; compatible; bingbot/2.0; +http://www.bing.com/bingbot.htm) Chrome/116.0.1938.76 Safari/537.36"
142.44.233.237 - - [30/Nov/2025:08:33:17 -0500] "GET /info236324024?kg=0234418309 HTTP/1.1" 404 26376 "-" "Mozilla/5.0 (compatible; AhrefsBot/7.0; +http://ahrefs.com/robot/)"
207.46.13.52 - - [30/Nov/2025:08:33:37 -0500] "GET /info48888796?kg=0048494656 HTTP/1.1" 200 26406 "-" "Mozilla/5.0 AppleWebKit/537.36 (KHTML, like Gecko; compatible; bingbot/2.0; +http://www.bing.com/bingbot.htm) Chrome/116.0.1938.76 Safari/537.36"
207.46.13.52 - - [30/Nov/2025:08:33:41 -0500] "GET /info104456668?kg=0103614400 HTTP/1.1" 200 26313 "-" "Mozilla/5.0 AppleWebKit/537.36 (KHTML, like Gecko; compatible; bingbot/2.0; +http://www.bing.com/bingbot.htm) Chrome/116.0.1938.76 Safari/537.36"
185.191.171.17 - - [30/Nov/2025:08:33:42 -0500] "GET /tag/senate-approves-tinubus-request-to-appoint-20-special-advisers/ HTTP/1.1" 200 34052 "-" "Mozilla/5.0 (compatible; SemrushBot/7~bl; +http://www.semrush.com/bot.html)"
40.77.167.46 - - [30/Nov/2025:08:34:13 -0500] "GET /info259580208?kg=0257486943 HTTP/1.1" 200 24377 "-" "Mozilla/5.0 AppleWebKit/537.36 (KHTML, like Gecko; compatible; bingbot/2.0; +http://www.bing.com/bingbot.htm) Chrome/116.0.1938.76 Safari/537.36"
40.77.167.15 - - [30/Nov/2025:08:34:17 -0500] "GET /info362598612?kg=0359674554 HTTP/1.1" 200 24737 "-" "Mozilla/5.0 AppleWebKit/537.36 (KHTML, like Gecko; compatible; bingbot/2.0; +http://www.bing.com/bingbot.htm) Chrome/116.0.1938.76 Safari/537.36"
40.77.167.219 - - [30/Nov/2025:08:34:20 -0500] "GET /robots.txt HTTP/1.1" 200 82 "-" "Mozilla/5.0 AppleWebKit/537.36 (KHTML, like Gecko; compatible; bingbot/2.0; +http://www.bing.com/bingbot.htm) Chrome/116.0.1938.76 Safari/537.36"
40.77.167.219 - - [30/Nov/2025:08:34:20 -0500] "GET /robots.txt HTTP/1.1" 200 82 "-" "Mozilla/5.0 AppleWebKit/537.36 (KHTML, like Gecko; compatible; bingbot/2.0; +http://www.bing.com/bingbot.htm) Chrome/116.0.1938.76 Safari/537.36"
66.29.146.184 - - [30/Nov/2025:08:34:22 -0500] "POST /wp-cron.php?doing_wp_cron=1764509662.8026471138000488281250 HTTP/1.1" 200 0 "-" "WordPress/6.8.3; https://globaltvabuja.com"
114.119.154.207 - - [30/Nov/2025:08:34:22 -0500] "GET /info364175368?kg=0361238593 HTTP/1.1" 404 32495 "https://globaltvabuja.com/sitemap-subitems-942.xml" "Mozilla/5.0 (Linux; Android 7.0;) AppleWebKit/537.36 (KHTML, like Gecko) Mobile Safari/537.36 (compatible; PetalBot;+https://webmaster.petalsearch.com/site/petalbot)"
40.77.167.46 - - [30/Nov/2025:08:34:23 -0500] "GET /info266137852?kg=0263991704 HTTP/1.1" 200 24448 "-" "Mozilla/5.0 AppleWebKit/537.36 (KHTML, like Gecko; compatible; bingbot/2.0; +http://www.bing.com/bingbot.htm) Chrome/116.0.1938.76 Safari/537.36"
40.77.167.15 - - [30/Nov/2025:08:34:32 -0500] "GET /info41333328?kg=0041000119 HTTP/1.1" 200 26142 "-" "Mozilla/5.0 AppleWebKit/537.36 (KHTML, like Gecko; compatible; bingbot/2.0; +http://www.bing.com/bingbot.htm) Chrome/116.0.1938.76 Safari/537.36"
54.39.136.247 - - [30/Nov/2025:08:34:41 -0500] "GET /info236322572?kg=0234416868 HTTP/1.1" 404 26380 "-" "Mozilla/5.0 (compatible; AhrefsBot/7.0; +http://ahrefs.com/robot/)"
66.29.146.184 - - [30/Nov/2025:08:35:16 -0500] "POST /wp-cron.php?doing_wp_cron=1764509716.8275458812713623046875 HTTP/1.1" 200 0 "-" "WordPress/6.8.3; https://globaltvabuja.com"
202.76.180.211 - - [30/Nov/2025:08:35:16 -0500] "GET /info127746980?kg=0126716886 HTTP/1.1" 404 32532 "-" "Mozilla/5.0 (Macintosh; U; PPC Mac OS X; en-us) AppleWebKit/125.5.6 (KHTML, like Gecko) Safari/125.12"
207.46.13.52 - - [30/Nov/2025:08:35:20 -0500] "GET /info315867080?kg=0313319889 HTTP/1.1" 200 24330 "-" "Mozilla/5.0 AppleWebKit/537.36 (KHTML, like Gecko; compatible; bingbot/2.0; +http://www.bing.com/bingbot.htm) Chrome/116.0.1938.76 Safari/537.36"
40.77.167.46 - - [30/Nov/2025:08:35:22 -0500] "GET /info131489860?kg=0130429582 HTTP/1.1" 200 24637 "-" "Mozilla/5.0 AppleWebKit/537.36 (KHTML, like Gecko; compatible; bingbot/2.0; +http://www.bing.com/bingbot.htm) Chrome/116.0.1938.76 Safari/537.36"
185.191.171.10 - - [30/Nov/2025:08:35:29 -0500] "GET /tag/nigeria-customs-service-revamp-e-auction-platform/ HTTP/1.1" 200 34010 "-" "Mozilla/5.0 (compatible; SemrushBot/7~bl; +http://www.semrush.com/bot.html)"
40.77.167.15 - - [30/Nov/2025:08:35:43 -0500] "GET /info152072140?kg=0150845876 HTTP/1.1" 200 24555 "-" "Mozilla/5.0 AppleWebKit/537.36 (KHTML, like Gecko; compatible; bingbot/2.0; +http://www.bing.com/bingbot.htm) Chrome/116.0.1938.76 Safari/537.36"
114.119.154.207 - - [30/Nov/2025:08:35:46 -0500] "GET /info364175236?kg=0361238462 HTTP/1.1" 404 32506 "https://globaltvabuja.com/sitemap-subitems-942.xml" "Mozilla/5.0 (Linux; Android 7.0;) AppleWebKit/537.36 (KHTML, like Gecko) Mobile Safari/537.36 (compatible; PetalBot;+https://webmaster.petalsearch.com/site/petalbot)"
66.29.146.184 - - [30/Nov/2025:08:36:01 -0500] "POST /wp-cron.php?doing_wp_cron=1764509761.9648940563201904296875 HTTP/1.1" 200 0 "-" "WordPress/6.8.3; https://globaltvabuja.com"
148.113.128.196 - - [30/Nov/2025:08:36:01 -0500] "GET /info233217212?kg=0231336552 HTTP/1.1" 404 26366 "-" "Mozilla/5.0 (compatible; AhrefsBot/7.0; +http://ahrefs.com/robot/)"
157.55.39.49 - - [30/Nov/2025:08:36:08 -0500] "GET /info350851220?kg=0348021898 HTTP/1.1" 200 24390 "-" "Mozilla/5.0 AppleWebKit/537.36 (KHTML, like Gecko; compatible; bingbot/2.0; +http://www.bing.com/bingbot.htm) Chrome/116.0.1938.76 Safari/537.36"
157.55.39.49 - - [30/Nov/2025:08:36:16 -0500] "GET /wp-content/uploads/2024/02/Screenshot_20240207-130342-300x262.jpg HTTP/1.1" 200 22315 "-" "Mozilla/5.0 AppleWebKit/537.36 (KHTML, like Gecko; compatible; bingbot/2.0; +http://www.bing.com/bingbot.htm) Chrome/116.0.1938.76 Safari/537.36"
40.77.167.46 - - [30/Nov/2025:08:36:53 -0500] "GET /info220443164?kg=0218665520 HTTP/1.1" 200 24655 "-" "Mozilla/5.0 AppleWebKit/537.36 (KHTML, like Gecko; compatible; bingbot/2.0; +http://www.bing.com/bingbot.htm) Chrome/116.0.1938.76 Safari/537.36"
66.29.146.184 - - [30/Nov/2025:08:36:57 -0500] "POST /wp-cron.php?doing_wp_cron=1764509817.9526679515838623046875 HTTP/1.1" 200 0 "-" "WordPress/6.8.3; https://globaltvabuja.com"
142.44.233.83 - - [30/Nov/2025:08:36:57 -0500] "GET /info233210596?kg=0231329990 HTTP/1.1" 404 26369 "-" "Mozilla/5.0 (compatible; AhrefsBot/7.0; +http://ahrefs.com/robot/)"
114.119.139.202 - - [30/Nov/2025:08:37:09 -0500] "GET /info364175228?kg=0361238456 HTTP/1.1" 404 32491 "https://globaltvabuja.com/sitemap-subitems-942.xml" "Mozilla/5.0 (Linux; Android 7.0;) AppleWebKit/537.36 (KHTML, like Gecko) Mobile Safari/537.36 (compatible; PetalBot;+https://webmaster.petalsearch.com/site/petalbot)"
102.91.92.98 - - [30/Nov/2025:08:37:13 -0500] "GET /wp-json/wp/v2/categories?per_page=100&parent=0&orderby=count&order=desc HTTP/1.1" 200 116604 "-" "Dart/3.5 (dart:io)"
102.91.92.98 - - [30/Nov/2025:08:37:13 -0500] "GET /wp-json/wp/v2/posts?_embed=wp:featuredmedia,wp:term&page=1&per_page=10 HTTP/1.1" 200 299480 "-" "Dart/3.5 (dart:io)"
102.91.92.98 - - [30/Nov/2025:08:37:13 -0500] "GET /wp-json/wp/v2/posts?_embed=wp:featuredmedia,wp:term&per_page=10 HTTP/1.1" 200 299480 "-" "Dart/3.5 (dart:io)"
102.91.92.98 - - [30/Nov/2025:08:37:15 -0500] "GET /wp-json/wp/v2/posts?categories=-1&per_page=15&_embed=true HTTP/1.1" 200 1840628 "-" "Dart/3.5 (dart:io)"
157.55.39.49 - - [30/Nov/2025:08:37:48 -0500] "GET /info225926412?kg=0224104548 HTTP/1.1" 200 24268 "-" "Mozilla/5.0 AppleWebKit/537.36 (KHTML, like Gecko; compatible; bingbot/2.0; +http://www.bing.com/bingbot.htm) Chrome/116.0.1938.76 Safari/537.36"
66.29.146.184 - - [30/Nov/2025:08:38:05 -0500] "POST /wp-cron.php?doing_wp_cron=1764509885.4317369461059570312500 HTTP/1.1" 200 0 "-" "WordPress/6.8.3; https://globaltvabuja.com"
54.39.136.160 - - [30/Nov/2025:08:38:04 -0500] "GET /info233163640?kg=0231283413 HTTP/1.1" 404 26361 "-" "Mozilla/5.0 (compatible; AhrefsBot/7.0; +http://ahrefs.com/robot/)"
157.55.39.49 - - [30/Nov/2025:08:38:19 -0500] "GET /info24348704?kg=0024152467 HTTP/1.1" 200 26137 "-" "Mozilla/5.0 AppleWebKit/537.36 (KHTML, like Gecko; compatible; bingbot/2.0; +http://www.bing.com/bingbot.htm) Chrome/116.0.1938.76 Safari/537.36"
40.77.167.15 - - [30/Nov/2025:08:38:31 -0500] "GET /info226830984?kg=0225001825 HTTP/1.1" 200 24156 "-" "Mozilla/5.0 AppleWebKit/537.36 (KHTML, like Gecko; compatible; bingbot/2.0; +http://www.bing.com/bingbot.htm) Chrome/116.0.1938.76 Safari/537.36"
114.119.135.251 - - [30/Nov/2025:08:38:32 -0500] "GET /info364175104?kg=0361238331 HTTP/1.1" 404 32498 "https://globaltvabuja.com/sitemap-subitems-942.xml" "Mozilla/5.0 (Linux; Android 7.0;) AppleWebKit/537.36 (KHTML, like Gecko) Mobile Safari/537.36 (compatible; PetalBot;+https://webmaster.petalsearch.com/site/petalbot)"
66.29.146.184 - - [30/Nov/2025:08:39:13 -0500] "POST /wp-cron.php?doing_wp_cron=1764509953.6056010723114013671875 HTTP/1.1" 200 0 "-" "WordPress/6.8.3; https://globaltvabuja.com"
15.235.96.226 - - [30/Nov/2025:08:39:13 -0500] "GET /info226692104?kg=0224864065 HTTP/1.1" 404 26383 "-" "Mozilla/5.0 (compatible; AhrefsBot/7.0; +http://ahrefs.com/robot/)"
146.174.172.251 - - [30/Nov/2025:08:39:34 -0500] "GET /info127747640?kg=0126717541 HTTP/1.1" 404 32467 "-" "Mozilla/5.0 (X11; U; Linux x86_64; en-US) AppleWebKit/532.2 (KHTML, like Gecko) Chrome/4.0.223.2 Safari/532.2"
40.77.167.46 - - [30/Nov/2025:08:39:43 -0500] "GET /info332910696?kg=0330226057 HTTP/1.1" 200 24436 "-" "Mozilla/5.0 AppleWebKit/537.36 (KHTML, like Gecko; compatible; bingbot/2.0; +http://www.bing.com/bingbot.htm) Chrome/116.0.1938.76 Safari/537.36"
40.77.167.46 - - [30/Nov/2025:08:39:52 -0500] "GET /info171140500?kg=0169760458 HTTP/1.1" 200 24465 "-" "Mozilla/5.0 AppleWebKit/537.36 (KHTML, like Gecko; compatible; bingbot/2.0; +http://www.bing.com/bingbot.htm) Chrome/116.0.1938.76 Safari/537.36"
66.29.146.184 - - [30/Nov/2025:08:39:56 -0500] "POST /wp-cron.php?doing_wp_cron=1764509996.2381041049957275390625 HTTP/1.1" 200 0 "-" "WordPress/6.8.3; https://globaltvabuja.com"
114.119.130.178 - - [30/Nov/2025:08:39:55 -0500] "GET /info364175096?kg=0361238325 HTTP/1.1" 404 32512 "https://globaltvabuja.com/sitemap-subitems-942.xml" "Mozilla/5.0 (Linux; Android 7.0;) AppleWebKit/537.36 (KHTML, like Gecko) Mobile Safari/537.36 (compatible; PetalBot;+https://webmaster.petalsearch.com/site/petalbot)"
54.39.89.7 - - [30/Nov/2025:08:40:16 -0500] "GET /info226690116?kg=0224862094 HTTP/1.1" 404 26353 "-" "Mozilla/5.0 (compatible; AhrefsBot/7.0; +http://ahrefs.com/robot/)"
66.249.64.232 - - [30/Nov/2025:08:40:21 -0500] "GET /info583296?kg=0000578715 HTTP/1.1" 200 26461 "-" "Mozilla/5.0 (compatible; Googlebot/2.1; +http://www.google.com/bot.html)"
85.208.96.196 - - [30/Nov/2025:08:40:24 -0500] "GET /tag/fg-incur-more-financial-liabilities-as-senate-pass-police-pension-bill/ HTTP/1.1" 200 34106 "-" "Mozilla/5.0 (compatible; SemrushBot/7~bl; +http://www.semrush.com/bot.html)"
157.55.39.49 - - [30/Nov/2025:08:40:40 -0500] "GET /info6892408?kg=0006836949 HTTP/1.1" 200 26324 "-" "Mozilla/5.0 AppleWebKit/537.36 (KHTML, like Gecko; compatible; bingbot/2.0; +http://www.bing.com/bingbot.htm) Chrome/116.0.1938.76 Safari/537.36"
40.77.167.15 - - [30/Nov/2025:08:40:44 -0500] "GET /info363347772?kg=0360417672 HTTP/1.1" 200 24463 "-" "Mozilla/5.0 AppleWebKit/537.36 (KHTML, like Gecko; compatible; bingbot/2.0; +http://www.bing.com/bingbot.htm) Chrome/116.0.1938.76 Safari/537.36"
66.249.64.231 - - [30/Nov/2025:08:40:53 -0500] "GET /info16913332?kg=0016777058 HTTP/1.1" 200 26524 "-" "Mozilla/5.0 (Linux; Android 6.0.1; Nexus 5X Build/MMB29P) AppleWebKit/537.36 (KHTML, like Gecko) Chrome/141.0.7390.122 Mobile Safari/537.36 (compatible; Googlebot/2.1; +http://www.google.com/bot.html)"
66.249.64.231 - - [30/Nov/2025:08:41:01 -0500] "GET /info16901956?kg=0016765774 HTTP/1.1" 200 26553 "-" "Mozilla/5.0 (Linux; Android 6.0.1; Nexus 5X Build/MMB29P) AppleWebKit/537.36 (KHTML, like Gecko) Chrome/141.0.7390.122 Mobile Safari/537.36 (compatible; Googlebot/2.1; +http://www.google.com/bot.html)"
66.249.64.231 - - [30/Nov/2025:08:41:06 -0500] "GET /info14217336?kg=0014102805 HTTP/1.1" 200 26515 "-" "Mozilla/5.0 (Linux; Android 6.0.1; Nexus 5X Build/MMB29P) AppleWebKit/537.36 (KHTML, like Gecko) Chrome/141.0.7390.122 Mobile Safari/537.36 (compatible; Googlebot/2.1; +http://www.google.com/bot.html)"
66.29.146.184 - - [30/Nov/2025:08:41:14 -0500] "POST /wp-cron.php?doing_wp_cron=1764510074.0170550346374511718750 HTTP/1.1" 200 0 "-" "WordPress/6.8.3; https://globaltvabuja.com"
220.181.108.158 - - [30/Nov/2025:08:41:13 -0500] "GET /minister-flags-off-construction-of-bauchi-oil-and-gas-academy-permanent-site/ HTTP/1.1" 200 42540 "-" "Mozilla/5.0 (compatible; Baiduspider/2.0; +http://www.baidu.com/search/spider.html)"
54.39.0.181 - - [30/Nov/2025:08:41:14 -0500] "GET /info226617372?kg=0224789936 HTTP/1.1" 404 26379 "-" "Mozilla/5.0 (compatible; AhrefsBot/7.0; +http://ahrefs.com/robot/)"
66.249.64.230 - - [30/Nov/2025:08:41:15 -0500] "GET /info10491516?kg=0010407032 HTTP/1.1" 200 26415 "-" "Mozilla/5.0 (Linux; Android 6.0.1; Nexus 5X Build/MMB29P) AppleWebKit/537.36 (KHTML, like Gecko) Chrome/141.0.7390.122 Mobile Safari/537.36 (compatible; Googlebot/2.1; +http://www.google.com/bot.html)"
114.119.154.207 - - [30/Nov/2025:08:41:20 -0500] "GET /info364174964?kg=0361238194 HTTP/1.1" 404 32486 "https://globaltvabuja.com/sitemap-subitems-942.xml" "Mozilla/5.0 (Linux; Android 7.0;) AppleWebKit/537.36 (KHTML, like Gecko) Mobile Safari/537.36 (compatible; PetalBot;+https://webmaster.petalsearch.com/site/petalbot)"
116.179.37.196 - - [30/Nov/2025:08:41:21 -0500] "GET /wp-admin/user-new.php HTTP/1.1" 302 0 "https://globaltvabuja.com/minister-flags-off-construction-of-bauchi-oil-and-gas-academy-permanent-site/" "Mozilla/5.0 (compatible; Baiduspider-render/2.0; +http://www.baidu.com/search/spider.html)"
116.179.37.97 - - [30/Nov/2025:08:41:24 -0500] "GET /wp-login.php?redirect_to=https%3A%2F%2Fglobaltvabuja.com%2Fwp-admin%2Fuser-new.php&reauth=1 HTTP/1.1" 200 2098 "https://globaltvabuja.com/minister-flags-off-construction-of-bauchi-oil-and-gas-academy-permanent-site/" "Mozilla/5.0 (compatible; Baiduspider-render/2.0; +http://www.baidu.com/search/spider.html)"
116.179.37.187 - - [30/Nov/2025:08:41:25 -0500] "GET /wp-admin/user-new.php HTTP/1.1" 302 0 "https://globaltvabuja.com/minister-flags-off-construction-of-bauchi-oil-and-gas-academy-permanent-site/" "Mozilla/5.0 (compatible; Baiduspider-render/2.0; +http://www.baidu.com/search/spider.html)"
116.179.37.214 - - [30/Nov/2025:08:41:26 -0500] "GET /wp-login.php?redirect_to=https%3A%2F%2Fglobaltvabuja.com%2Fwp-admin%2Fuser-new.php&reauth=1 HTTP/1.1" 200 2098 "https://globaltvabuja.com/minister-flags-off-construction-of-bauchi-oil-and-gas-academy-permanent-site/" "Mozilla/5.0 (compatible; Baiduspider-render/2.0; +http://www.baidu.com/search/spider.html)"
116.179.37.46 - - [30/Nov/2025:08:41:27 -0500] "POST /wp-json/td-cloud-library/ajax_autoload?uid=d4759c7b-0a95-cfa3-7460-92b8a0af7621 HTTP/1.1" 200 1356 "https://globaltvabuja.com/minister-flags-off-construction-of-bauchi-oil-and-gas-academy-permanent-site/" "Mozilla/5.0 (compatible; Baiduspider-render/2.0; +http://www.baidu.com/search/spider.html)"
