52.167.144.225 - - [30/Nov/2025:17:48:07 -0500] "GET /info20144340?kg=0019982010 HTTP/1.1" 200 26274 "-" "Mozilla/5.0 AppleWebKit/537.36 (KHTML, like Gecko; compatible; bingbot/2.0; +http://www.bing.com/bingbot.htm) Chrome/116.0.1938.76 Safari/537.36"
157.55.39.16 - - [30/Nov/2025:17:48:11 -0500] "GET /info44333004?kg=0043975604 HTTP/1.1" 200 26581 "-" "Mozilla/5.0 AppleWebKit/537.36 (KHTML, like Gecko; compatible; bingbot/2.0; +http://www.bing.com/bingbot.htm) Chrome/116.0.1938.76 Safari/537.36"
15.235.27.4 - - [30/Nov/2025:17:48:15 -0500] "GET /info304426808?kg=0301971877 HTTP/1.1" 404 26376 "-" "Mozilla/5.0 (compatible; AhrefsBot/7.0; +http://ahrefs.com/robot/)"
52.167.144.225 - - [30/Nov/2025:17:48:27 -0500] "GET /info349064028?kg=0346249120 HTTP/1.1" 200 24414 "-" "Mozilla/5.0 AppleWebKit/537.36 (KHTML, like Gecko; compatible; bingbot/2.0; +http://www.bing.com/bingbot.htm) Chrome/116.0.1938.76 Safari/537.36"
52.167.144.225 - - [30/Nov/2025:17:48:43 -0500] "GET /info120627324?kg=0119654648 HTTP/1.1" 200 26302 "-" "Mozilla/5.0 AppleWebKit/537.36 (KHTML, like Gecko; compatible; bingbot/2.0; +http://www.bing.com/bingbot.htm) Chrome/116.0.1938.76 Safari/537.36"
40.77.167.17 - - [30/Nov/2025:17:48:48 -0500] "GET /info236225484?kg=0234320564 HTTP/1.1" 200 24609 "-" "Mozilla/5.0 AppleWebKit/537.36 (KHTML, like Gecko; compatible; bingbot/2.0; +http://www.bing.com/bingbot.htm) Chrome/116.0.1938.76 Safari/537.36"
66.29.146.184 - - [30/Nov/2025:17:49:00 -0500] "POST /wp-cron.php?doing_wp_cron=1764542940.0631780624389648437500 HTTP/1.1" 200 0 "-" "WordPress/6.8.3; https://globaltvabuja.com"
146.174.172.44 - - [30/Nov/2025:17:48:59 -0500] "GET /info156857680?kg=0155592823 HTTP/1.1" 404 32492 "-" "Mozilla/5.0 (Windows; U; Windows NT 6.1; en-GB; rv:1.9.2.8) Gecko/20100722 Firefox/3.6.8 ( .NET CLR 3.5.30729; .NET4.0C)"
157.55.39.16 - - [30/Nov/2025:17:49:00 -0500] "GET /info267155120?kg=0265000767 HTTP/1.1" 200 24615 "-" "Mozilla/5.0 AppleWebKit/537.36 (KHTML, like Gecko; compatible; bingbot/2.0; +http://www.bing.com/bingbot.htm) Chrome/116.0.1938.76 Safari/537.36"
114.119.154.207 - - [30/Nov/2025:17:49:13 -0500] "GET /info275828112?kg=0273603815 HTTP/1.1" 404 32511 "https://globaltvabuja.com/sitemap-subitems-954.xml" "Mozilla/5.0 (Linux; Android 7.0;) AppleWebKit/537.36 (KHTML, like Gecko) Mobile Safari/537.36 (compatible; PetalBot;+https://webmaster.petalsearch.com/site/petalbot)"
15.235.27.208 - - [30/Nov/2025:17:49:14 -0500] "GET /info304382764?kg=0301928188 HTTP/1.1" 404 26363 "-" "Mozilla/5.0 (compatible; AhrefsBot/7.0; +http://ahrefs.com/robot/)"
66.29.146.184 - - [30/Nov/2025:17:50:07 -0500] "POST /wp-cron.php?doing_wp_cron=1764543007.3151090145111083984375 HTTP/1.1" 200 0 "-" "WordPress/6.8.3; https://globaltvabuja.com"
51.222.95.197 - - [30/Nov/2025:17:50:06 -0500] "GET /info299650656?kg=0297234243 HTTP/1.1" 404 26378 "-" "Mozilla/5.0 (compatible; AhrefsBot/7.0; +http://ahrefs.com/robot/)"
52.167.144.225 - - [30/Nov/2025:17:50:37 -0500] "GET /?info230353108?kg=0228495546 HTTP/1.1" 200 24742 "-" "Mozilla/5.0 AppleWebKit/537.36 (KHTML, like Gecko; compatible; bingbot/2.0; +http://www.bing.com/bingbot.htm) Chrome/116.0.1938.76 Safari/537.36"
114.119.152.134 - - [30/Nov/2025:17:50:37 -0500] "GET /info275827980?kg=0273603684 HTTP/1.1" 404 32498 "https://globaltvabuja.com/sitemap-subitems-954.xml" "Mozilla/5.0 (Linux; Android 7.0;) AppleWebKit/537.36 (KHTML, like Gecko) Mobile Safari/537.36 (compatible; PetalBot;+https://webmaster.petalsearch.com/site/petalbot)"
157.55.39.16 - - [30/Nov/2025:17:50:43 -0500] "GET /info157761064?kg=0156488921 HTTP/1.1" 200 24510 "-" "Mozilla/5.0 AppleWebKit/537.36 (KHTML, like Gecko; compatible; bingbot/2.0; +http://www.bing.com/bingbot.htm) Chrome/116.0.1938.76 Safari/537.36"
52.167.144.225 - - [30/Nov/2025:17:50:55 -0500] "GET /info7023756?kg=0006967236 HTTP/1.1" 200 27172 "-" "Mozilla/5.0 AppleWebKit/537.36 (KHTML, like Gecko; compatible; bingbot/2.0; +http://www.bing.com/bingbot.htm) Chrome/116.0.1938.76 Safari/537.36"
66.29.146.184 - - [30/Nov/2025:17:50:55 -0500] "POST /wp-cron.php?doing_wp_cron=1764543055.9120590686798095703125 HTTP/1.1" 200 0 "-" "WordPress/6.8.3; https://globaltvabuja.com"
3.83.76.234 - - [30/Nov/2025:17:50:55 -0500] "GET /nepza-cross-rivers-govt-agree-on-modality-to-revamp-tinapa-ftz/ HTTP/1.1" 200 210230 "-" "TerraCotta https://github.com/CeramicTeam/CeramicTerracotta"
54.39.136.209 - - [30/Nov/2025:17:50:59 -0500] "GET /info299621692?kg=0297205512 HTTP/1.1" 404 26357 "-" "Mozilla/5.0 (compatible; AhrefsBot/7.0; +http://ahrefs.com/robot/)"
52.167.144.225 - - [30/Nov/2025:17:51:06 -0500] "GET /info350877272?kg=0348047741 HTTP/1.1" 200 24802 "-" "Mozilla/5.0 AppleWebKit/537.36 (KHTML, like Gecko; compatible; bingbot/2.0; +http://www.bing.com/bingbot.htm) Chrome/116.0.1938.76 Safari/537.36"
40.77.167.17 - - [30/Nov/2025:17:51:15 -0500] "GET /info357846268?kg=0354960536 HTTP/1.1" 200 24517 "-" "Mozilla/5.0 AppleWebKit/537.36 (KHTML, like Gecko; compatible; bingbot/2.0; +http://www.bing.com/bingbot.htm) Chrome/116.0.1938.76 Safari/537.36"
40.77.167.17 - - [30/Nov/2025:17:51:44 -0500] "GET /info348772780?kg=0345960220 HTTP/1.1" 200 24760 "-" "Mozilla/5.0 AppleWebKit/537.36 (KHTML, like Gecko; compatible; bingbot/2.0; +http://www.bing.com/bingbot.htm) Chrome/116.0.1938.76 Safari/537.36"
40.77.167.17 - - [30/Nov/2025:17:51:49 -0500] "GET /info107841636?kg=0106972070 HTTP/1.1" 200 26144 "-" "Mozilla/5.0 AppleWebKit/537.36 (KHTML, like Gecko; compatible; bingbot/2.0; +http://www.bing.com/bingbot.htm) Chrome/116.0.1938.76 Safari/537.36"
66.29.146.184 - - [30/Nov/2025:17:51:51 -0500] "POST /wp-cron.php?doing_wp_cron=1764543110.9927399158477783203125 HTTP/1.1" 200 0 "-" "WordPress/6.8.3; https://globaltvabuja.com"
51.161.37.30 - - [30/Nov/2025:17:51:50 -0500] "GET /info299606612?kg=0297190554 HTTP/1.1" 404 26393 "-" "Mozilla/5.0 (compatible; AhrefsBot/7.0; +http://ahrefs.com/robot/)"
52.167.144.225 - - [30/Nov/2025:17:51:57 -0500] "GET /info32609552?kg=0032346695 HTTP/1.1" 200 26366 "-" "Mozilla/5.0 AppleWebKit/537.36 (KHTML, like Gecko; compatible; bingbot/2.0; +http://www.bing.com/bingbot.htm) Chrome/116.0.1938.76 Safari/537.36"
114.119.152.134 - - [30/Nov/2025:17:52:01 -0500] "GET /info275827848?kg=0273603553 HTTP/1.1" 404 32510 "https://globaltvabuja.com/sitemap-subitems-954.xml" "Mozilla/5.0 (Linux; Android 7.0;) AppleWebKit/537.36 (KHTML, like Gecko) Mobile Safari/537.36 (compatible; PetalBot;+https://webmaster.petalsearch.com/site/petalbot)"
40.77.167.17 - - [30/Nov/2025:17:52:04 -0500] "GET /info39247084?kg=0038930700 HTTP/1.1" 200 26532 "-" "Mozilla/5.0 AppleWebKit/537.36 (KHTML, like Gecko; compatible; bingbot/2.0; +http://www.bing.com/bingbot.htm) Chrome/116.0.1938.76 Safari/537.36"
52.167.144.225 - - [30/Nov/2025:17:52:14 -0500] "GET /info269799656?kg=0267623977 HTTP/1.1" 200 24365 "-" "Mozilla/5.0 AppleWebKit/537.36 (KHTML, like Gecko; compatible; bingbot/2.0; +http://www.bing.com/bingbot.htm) Chrome/116.0.1938.76 Safari/537.36"
40.77.167.17 - - [30/Nov/2025:17:52:19 -0500] "GET /info85974648?kg=0085281429 HTTP/1.1" 200 26097 "-" "Mozilla/5.0 AppleWebKit/537.36 (KHTML, like Gecko; compatible; bingbot/2.0; +http://www.bing.com/bingbot.htm) Chrome/116.0.1938.76 Safari/537.36"
202.76.170.102 - - [30/Nov/2025:17:52:30 -0500] "GET /info156859404?kg=0155594532 HTTP/1.1" 404 32498 "-" "Mozilla/5.0 (Macintosh; U; PPC Mac OS X; de-de) AppleWebKit/312.1 (KHTML, like Gecko) Safari/312"
157.55.39.16 - - [30/Nov/2025:17:52:35 -0500] "GET /info108139368?kg=0107267401 HTTP/1.1" 200 26811 "-" "Mozilla/5.0 AppleWebKit/537.36 (KHTML, like Gecko; compatible; bingbot/2.0; +http://www.bing.com/bingbot.htm) Chrome/116.0.1938.76 Safari/537.36"
40.77.167.17 - - [30/Nov/2025:17:52:45 -0500] "GET /info235946668?kg=0234043996 HTTP/1.1" 200 24967 "-" "Mozilla/5.0 AppleWebKit/537.36 (KHTML, like Gecko; compatible; bingbot/2.0; +http://www.bing.com/bingbot.htm) Chrome/116.0.1938.76 Safari/537.36"
40.77.167.132 - - [30/Nov/2025:17:52:49 -0500] "GET /info9989436?kg=0009909000 HTTP/1.1" 200 26630 "-" "Mozilla/5.0 AppleWebKit/537.36 (KHTML, like Gecko; compatible; bingbot/2.0; +http://www.bing.com/bingbot.htm) Chrome/116.0.1938.76 Safari/537.36"
40.77.167.132 - - [30/Nov/2025:17:52:57 -0500] "GET /info242180?kg=0000240350 HTTP/1.1" 200 26834 "-" "Mozilla/5.0 AppleWebKit/537.36 (KHTML, like Gecko; compatible; bingbot/2.0; +http://www.bing.com/bingbot.htm) Chrome/116.0.1938.76 Safari/537.36"
66.29.146.184 - - [30/Nov/2025:17:52:58 -0500] "POST /wp-cron.php?doing_wp_cron=1764543178.2362101078033447265625 HTTP/1.1" 200 0 "-" "WordPress/6.8.3; https://globaltvabuja.com"
51.161.37.156 - - [30/Nov/2025:17:52:57 -0500] "GET /info298047848?kg=0295644361 HTTP/1.1" 404 26358 "-" "Mozilla/5.0 (compatible; AhrefsBot/7.0; +http://ahrefs.com/robot/)"
3.83.76.234 - - [30/Nov/2025:17:53:23 -0500] "GET /telecoms-sector-contributes-n2-508tr-to-nigerias-gdp/ HTTP/1.1" 200 205405 "-" "TerraCotta https://github.com/CeramicTeam/CeramicTerracotta"
40.77.167.17 - - [30/Nov/2025:17:53:24 -0500] "GET /info363865196?kg=0360930924 HTTP/1.1" 200 24814 "-" "Mozilla/5.0 AppleWebKit/537.36 (KHTML, like Gecko; compatible; bingbot/2.0; +http://www.bing.com/bingbot.htm) Chrome/116.0.1938.76 Safari/537.36"
114.119.151.50 - - [30/Nov/2025:17:53:25 -0500] "GET /info275827716?kg=0273603422 HTTP/1.1" 404 32492 "https://globaltvabuja.com/sitemap-subitems-954.xml" "Mozilla/5.0 (Linux; Android 7.0;) AppleWebKit/537.36 (KHTML, like Gecko) Mobile Safari/537.36 (compatible; PetalBot;+https://webmaster.petalsearch.com/site/petalbot)"
40.77.167.132 - - [30/Nov/2025:17:53:29 -0500] "GET /info134294576?kg=0133211679 HTTP/1.1" 200 24616 "-" "Mozilla/5.0 AppleWebKit/537.36 (KHTML, like Gecko; compatible; bingbot/2.0; +http://www.bing.com/bingbot.htm) Chrome/116.0.1938.76 Safari/537.36"
40.77.167.17 - - [30/Nov/2025:17:53:35 -0500] "GET /info303489568?kg=0301042195 HTTP/1.1" 200 24771 "-" "Mozilla/5.0 AppleWebKit/537.36 (KHTML, like Gecko; compatible; bingbot/2.0; +http://www.bing.com/bingbot.htm) Chrome/116.0.1938.76 Safari/537.36"
157.55.39.16 - - [30/Nov/2025:17:53:39 -0500] "GET /info235434664?kg=0233536121 HTTP/1.1" 200 24353 "-" "Mozilla/5.0 AppleWebKit/537.36 (KHTML, like Gecko; compatible; bingbot/2.0; +http://www.bing.com/bingbot.htm) Chrome/116.0.1938.76 Safari/537.36"
66.249.64.230 - - [30/Nov/2025:17:53:40 -0500] "GET /?info355238104?kg=0352373405 HTTP/1.1" 200 24614 "-" "Mozilla/5.0 (Linux; Android 6.0.1; Nexus 5X Build/MMB29P) AppleWebKit/537.36 (KHTML, like Gecko) Chrome/141.0.7390.122 Mobile Safari/537.36 (compatible; Googlebot/2.1; +http://www.google.com/bot.html)"
66.249.64.230 - - [30/Nov/2025:17:53:46 -0500] "GET /info270660448?kg=0268477827 HTTP/1.1" 200 24622 "-" "Mozilla/5.0 (Linux; Android 6.0.1; Nexus 5X Build/MMB29P) AppleWebKit/537.36 (KHTML, like Gecko) Chrome/141.0.7390.122 Mobile Safari/537.36 (compatible; Googlebot/2.1; +http://www.google.com/bot.html)"
104.244.75.4 - - [30/Nov/2025:17:53:49 -0500] "GET /wp-login.php HTTP/1.1" 200 5535 "-" "Mozilla/5.0 (Windows NT 6.1; rv:30.0) Gecko/20100101 Firefox/30.0"
104.244.75.4 - - [30/Nov/2025:17:53:49 -0500] "POST /wp-login.php HTTP/1.1" 200 5791 "-" "Mozilla/5.0 (Windows NT 6.1; rv:30.0) Gecko/20100101 Firefox/30.0"
66.249.64.230 - - [30/Nov/2025:17:53:53 -0500] "GET /info270567204?kg=0268385334 HTTP/1.1" 200 24221 "-" "Mozilla/5.0 (Linux; Android 6.0.1; Nexus 5X Build/MMB29P) AppleWebKit/537.36 (KHTML, like Gecko) Chrome/141.0.7390.122 Mobile Safari/537.36 (compatible; Googlebot/2.1; +http://www.google.com/bot.html)"
66.29.146.184 - - [30/Nov/2025:17:53:55 -0500] "POST /wp-cron.php?doing_wp_cron=1764543235.3267679214477539062500 HTTP/1.1" 200 0 "-" "WordPress/6.8.3; https://globaltvabuja.com"
54.39.6.26 - - [30/Nov/2025:17:53:54 -0500] "GET /info298034756?kg=0295631374 HTTP/1.1" 404 26367 "-" "Mozilla/5.0 (compatible; AhrefsBot/7.0; +http://ahrefs.com/robot/)"
66.249.64.230 - - [30/Nov/2025:17:53:59 -0500] "GET /info270564292?kg=0268382446 HTTP/1.1" 200 24490 "-" "Mozilla/5.0 (Linux; Android 6.0.1; Nexus 5X Build/MMB29P) AppleWebKit/537.36 (KHTML, like Gecko) Chrome/141.0.7390.122 Mobile Safari/537.36 (compatible; Googlebot/2.1; +http://www.google.com/bot.html)"
66.249.64.230 - - [30/Nov/2025:17:54:13 -0500] "GET /info8728140?kg=0008657876 HTTP/1.1" 200 26847 "-" "Mozilla/5.0 (Linux; Android 6.0.1; Nexus 5X Build/MMB29P) AppleWebKit/537.36 (KHTML, like Gecko) Chrome/141.0.7390.122 Mobile Safari/537.36 (compatible; Googlebot/2.1; +http://www.google.com/bot.html)"
36.111.67.189 - - [30/Nov/2025:17:54:13 -0500] "GET / HTTP/1.1" 301 0 "http://www.globaltvabuja.com" "Mozilla/5.0 (iPhone; CPU iPhone OS 13_2_3 like Mac OS X) AppleWebKit/605.1.15 (KHTML, like Gecko) Version/13.0.3 Mobile/15E148 Safari/604.1"
66.249.64.230 - - [30/Nov/2025:17:54:14 -0500] "GET /info270660976?kg=0268478351 HTTP/1.1" 200 24927 "-" "Mozilla/5.0 (Linux; Android 6.0.1; Nexus 5X Build/MMB29P) AppleWebKit/537.36 (KHTML, like Gecko) Chrome/141.0.7390.122 Mobile Safari/537.36 (compatible; Googlebot/2.1; +http://www.google.com/bot.html)"
52.167.144.220 - - [30/Nov/2025:17:54:15 -0500] "GET /info222409040?kg=0220615543 HTTP/1.1" 200 24737 "-" "Mozilla/5.0 AppleWebKit/537.36 (KHTML, like Gecko; compatible; bingbot/2.0; +http://www.bing.com/bingbot.htm) Chrome/116.0.1938.76 Safari/537.36"
36.111.67.189 - - [30/Nov/2025:17:54:16 -0500] "GET / HTTP/1.1" 200 59940 "https://www.globaltvabuja.com/" "Mozilla/5.0 (iPhone; CPU iPhone OS 13_2_3 like Mac OS X) AppleWebKit/605.1.15 (KHTML, like Gecko) Version/13.0.3 Mobile/15E148 Safari/604.1"
66.249.64.230 - - [30/Nov/2025:17:54:19 -0500] "GET /info270570776?kg=0268388877 HTTP/1.1" 200 24438 "-" "Mozilla/5.0 (Linux; Android 6.0.1; Nexus 5X Build/MMB29P) AppleWebKit/537.36 (KHTML, like Gecko) Chrome/141.0.7390.122 Mobile Safari/537.36 (compatible; Googlebot/2.1; +http://www.google.com/bot.html)"
40.77.167.132 - - [30/Nov/2025:17:54:20 -0500] "GET /info81840660?kg=0081180778 HTTP/1.1" 200 26323 "-" "Mozilla/5.0 AppleWebKit/537.36 (KHTML, like Gecko; compatible; bingbot/2.0; +http://www.bing.com/bingbot.htm) Chrome/116.0.1938.76 Safari/537.36"
52.167.144.220 - - [30/Nov/2025:17:54:26 -0500] "GET /info368268224?kg=0365298443 HTTP/1.1" 200 24537 "-" "Mozilla/5.0 AppleWebKit/537.36 (KHTML, like Gecko; compatible; bingbot/2.0; +http://www.bing.com/bingbot.htm) Chrome/116.0.1938.76 Safari/537.36"
66.249.64.230 - - [30/Nov/2025:17:54:27 -0500] "GET /info270176616?kg=0267997897 HTTP/1.1" 200 24562 "-" "Mozilla/5.0 (Linux; Android 6.0.1; Nexus 5X Build/MMB29P) AppleWebKit/537.36 (KHTML, like Gecko) Chrome/141.0.7390.122 Mobile Safari/537.36 (compatible; Googlebot/2.1; +http://www.google.com/bot.html)"
66.249.64.230 - - [30/Nov/2025:17:54:38 -0500] "GET /info270184024?kg=0268005245 HTTP/1.1" 200 24473 "-" "Mozilla/5.0 (Linux; Android 6.0.1; Nexus 5X Build/MMB29P) AppleWebKit/537.36 (KHTML, like Gecko) Chrome/141.0.7390.122 Mobile Safari/537.36 (compatible; Googlebot/2.1; +http://www.google.com/bot.html)"
148.113.128.172 - - [30/Nov/2025:17:54:47 -0500] "GET /info298034228?kg=0295630850 HTTP/1.1" 404 26381 "-" "Mozilla/5.0 (compatible; AhrefsBot/7.0; +http://ahrefs.com/robot/)"
114.119.139.202 - - [30/Nov/2025:17:54:48 -0500] "GET /info275827708?kg=0273603416 HTTP/1.1" 404 32492 "https://globaltvabuja.com/sitemap-subitems-954.xml" "Mozilla/5.0 (Linux; Android 7.0;) AppleWebKit/537.36 (KHTML, like Gecko) Mobile Safari/537.36 (compatible; PetalBot;+https://webmaster.petalsearch.com/site/petalbot)"
66.249.64.230 - - [30/Nov/2025:17:54:55 -0500] "GET /info7524648?kg=0007464089 HTTP/1.1" 200 26568 "-" "Mozilla/5.0 (Linux; Android 6.0.1; Nexus 5X Build/MMB29P) AppleWebKit/537.36 (KHTML, like Gecko) Chrome/141.0.7390.122 Mobile Safari/537.36 (compatible; Googlebot/2.1; +http://www.google.com/bot.html)"
66.249.64.230 - - [30/Nov/2025:17:54:56 -0500] "GET /info270420520?kg=0268239833 HTTP/1.1" 200 24325 "-" "Mozilla/5.0 (Linux; Android 6.0.1; Nexus 5X Build/MMB29P) AppleWebKit/537.36 (KHTML, like Gecko) Chrome/141.0.7390.122 Mobile Safari/537.36 (compatible; Googlebot/2.1; +http://www.google.com/bot.html)"
66.249.64.232 - - [30/Nov/2025:17:55:14 -0500] "GET /info270569580?kg=0268387692 HTTP/1.1" 200 24142 "-" "Mozilla/5.0 (Linux; Android 6.0.1; Nexus 5X Build/MMB29P) AppleWebKit/537.36 (KHTML, like Gecko) Chrome/141.0.7390.122 Mobile Safari/537.36 (compatible; Googlebot/2.1; +http://www.google.com/bot.html)"
40.77.167.132 - - [30/Nov/2025:17:55:16 -0500] "GET /info291551440?kg=0289200343 HTTP/1.1" 200 24671 "-" "Mozilla/5.0 AppleWebKit/537.36 (KHTML, like Gecko; compatible; bingbot/2.0; +http://www.bing.com/bingbot.htm) Chrome/116.0.1938.76 Safari/537.36"
40.77.167.132 - - [30/Nov/2025:17:55:18 -0500] "GET /info262473672?kg=0260357073 HTTP/1.1" 200 24870 "-" "Mozilla/5.0 AppleWebKit/537.36 (KHTML, like Gecko; compatible; bingbot/2.0; +http://www.bing.com/bingbot.htm) Chrome/116.0.1938.76 Safari/537.36"
66.249.64.230 - - [30/Nov/2025:17:55:24 -0500] "GET /info270569712?kg=0268387823 HTTP/1.1" 200 24483 "-" "Mozilla/5.0 (Linux; Android 6.0.1; Nexus 5X Build/MMB29P) AppleWebKit/537.36 (KHTML, like Gecko) Chrome/141.0.7390.122 Mobile Safari/537.36 (compatible; Googlebot/2.1; +http://www.google.com/bot.html)"
52.167.144.220 - - [30/Nov/2025:17:55:33 -0500] "GET /info7530464?kg=0007469859 HTTP/1.1" 200 26276 "-" "Mozilla/5.0 AppleWebKit/537.36 (KHTML, like Gecko; compatible; bingbot/2.0; +http://www.bing.com/bingbot.htm) Chrome/116.0.1938.76 Safari/537.36"
157.55.39.16 - - [30/Nov/2025:17:55:48 -0500] "GET /info330897204?kg=0328228802 HTTP/1.1" 200 24375 "-" "Mozilla/5.0 AppleWebKit/537.36 (KHTML, like Gecko; compatible; bingbot/2.0; +http://www.bing.com/bingbot.htm) Chrome/116.0.1938.76 Safari/537.36"
66.29.146.184 - - [30/Nov/2025:17:55:52 -0500] "POST /wp-cron.php?doing_wp_cron=1764543352.2503690719604492187500 HTTP/1.1" 200 0 "-" "WordPress/6.8.3; https://globaltvabuja.com"
15.235.98.39 - - [30/Nov/2025:17:55:51 -0500] "GET /info298011740?kg=0295608544 HTTP/1.1" 404 26362 "-" "Mozilla/5.0 (compatible; AhrefsBot/7.0; +http://ahrefs.com/robot/)"
66.249.64.230 - - [30/Nov/2025:17:55:56 -0500] "GET /fccpc-moves-against-digital-lending-abuses-rolls-out-new-regulations/ HTTP/1.1" 200 26493 "-" "Mozilla/5.0 (Linux; Android 6.0.1; Nexus 5X Build/MMB29P) AppleWebKit/537.36 (KHTML, like Gecko) Chrome/141.0.7390.122 Mobile Safari/537.36 (compatible; Googlebot/2.1; +http://www.google.com/bot.html)"
202.76.170.219 - - [30/Nov/2025:17:56:01 -0500] "GET /info156860592?kg=0155595711 HTTP/1.1" 404 32467 "-" "Mozilla/5.0 (Macintosh; U; Intel Mac OS X 10.5; it; rv:1.9.2.22) Gecko/20110902 Firefox/3.6.22"
157.55.39.16 - - [30/Nov/2025:17:56:07 -0500] "GET /info26556232?kg=0026342193 HTTP/1.1" 200 26531 "-" "Mozilla/5.0 AppleWebKit/537.36 (KHTML, like Gecko; compatible; bingbot/2.0; +http://www.bing.com/bingbot.htm) Chrome/116.0.1938.76 Safari/537.36"
40.77.167.132 - - [30/Nov/2025:17:56:11 -0500] "GET /?info275970292?kg=0273744850 HTTP/1.1" 200 24512 "-" "Mozilla/5.0 AppleWebKit/537.36 (KHTML, like Gecko; compatible; bingbot/2.0; +http://www.bing.com/bingbot.htm) Chrome/116.0.1938.76 Safari/537.36"
114.119.151.50 - - [30/Nov/2025:17:56:13 -0500] "GET /info275827584?kg=0273603291 HTTP/1.1" 404 32478 "https://globaltvabuja.com/sitemap-subitems-954.xml" "Mozilla/5.0 (Linux; Android 7.0;) AppleWebKit/537.36 (KHTML, like Gecko) Mobile Safari/537.36 (compatible; PetalBot;+https://webmaster.petalsearch.com/site/petalbot)"
3.83.76.234 - - [30/Nov/2025:17:56:14 -0500] "GET /diphtheria-outbreak-i-n-imo-state/ HTTP/1.1" 200 204058 "-" "TerraCotta https://github.com/CeramicTeam/CeramicTerracotta"
43.173.181.205 - - [30/Nov/2025:17:56:16 -0500] "GET / HTTP/1.1" 200 59913 "-" "Mozilla/5.0 (Windows NT 10.0; Win64; x64) AppleWebKit/537.36 (KHTML, like Gecko) Chrome/124.0.0.0 Safari/537.36"
52.167.144.220 - - [30/Nov/2025:17:56:25 -0500] "GET /info96910728?kg=0096129313 HTTP/1.1" 200 26511 "-" "Mozilla/5.0 AppleWebKit/537.36 (KHTML, like Gecko; compatible; bingbot/2.0; +http://www.bing.com/bingbot.htm) Chrome/116.0.1938.76 Safari/537.36"
40.77.167.132 - - [30/Nov/2025:17:56:30 -0500] "GET /info109579092?kg=0108695514 HTTP/1.1" 200 26062 "-" "Mozilla/5.0 AppleWebKit/537.36 (KHTML, like Gecko; compatible; bingbot/2.0; +http://www.bing.com/bingbot.htm) Chrome/116.0.1938.76 Safari/537.36"
66.249.64.230 - - [30/Nov/2025:17:56:32 -0500] "GET /?info6381600?kg=0006330259 HTTP/1.1" 200 27008 "-" "Mozilla/5.0 (Linux; Android 6.0.1; Nexus 5X Build/MMB29P) AppleWebKit/537.36 (KHTML, like Gecko) Chrome/141.0.7390.122 Mobile Safari/537.36 (compatible; Googlebot/2.1; +http://www.google.com/bot.html)"
52.167.144.220 - - [30/Nov/2025:17:56:35 -0500] "GET /info362994620?kg=0360067368 HTTP/1.1" 200 24632 "-" "Mozilla/5.0 AppleWebKit/537.36 (KHTML, like Gecko; compatible; bingbot/2.0; +http://www.bing.com/bingbot.htm) Chrome/116.0.1938.76 Safari/537.36"
142.44.220.211 - - [30/Nov/2025:17:56:49 -0500] "GET /info297988856?kg=0295585845 HTTP/1.1" 404 26366 "-" "Mozilla/5.0 (compatible; AhrefsBot/7.0; +http://ahrefs.com/robot/)"
157.55.39.9 - - [30/Nov/2025:17:56:58 -0500] "GET /info48793432?kg=0048400061 HTTP/1.1" 200 26116 "-" "Mozilla/5.0 AppleWebKit/537.36 (KHTML, like Gecko; compatible; bingbot/2.0; +http://www.bing.com/bingbot.htm) Chrome/116.0.1938.76 Safari/537.36"
157.55.39.9 - - [30/Nov/2025:17:57:09 -0500] "GET /info7444496?kg=0007384583 HTTP/1.1" 200 26845 "-" "Mozilla/5.0 AppleWebKit/537.36 (KHTML, like Gecko; compatible; bingbot/2.0; +http://www.bing.com/bingbot.htm) Chrome/116.0.1938.76 Safari/537.36"
66.29.146.184 - - [30/Nov/2025:17:57:12 -0500] "POST /wp-cron.php?doing_wp_cron=1764543432.4519920349121093750000 HTTP/1.1" 200 0 "-" "WordPress/6.8.3; https://globaltvabuja.com"
220.181.108.167 - - [30/Nov/2025:17:57:11 -0500] "GET /tag/dg-nysc-urges-corps-members-on-peaceful-co-existence/ HTTP/1.1" 200 33999 "-" "Mozilla/5.0 (compatible; Baiduspider/2.0; +http://www.baidu.com/search/spider.html)"
116.179.37.184 - - [30/Nov/2025:17:57:17 -0500] "GET /wp-content/uploads/2023/11/IMG-20231130-WA0019-696x464.jpg HTTP/1.1" 200 67266 "https://globaltvabuja.com/tag/dg-nysc-urges-corps-members-on-peaceful-co-existence/" "Mozilla/5.0 (compatible; Baiduspider-render/2.0; +http://www.baidu.com/search/spider.html)"
116.179.37.66 - - [30/Nov/2025:17:57:17 -0500] "GET /wp-admin/user-new.php HTTP/1.1" 302 0 "https://globaltvabuja.com/tag/dg-nysc-urges-corps-members-on-peaceful-co-existence/" "Mozilla/5.0 (compatible; Baiduspider-render/2.0; +http://www.baidu.com/search/spider.html)"
116.179.37.154 - - [30/Nov/2025:17:57:18 -0500] "GET /wp-login.php?redirect_to=https%3A%2F%2Fglobaltvabuja.com%2Fwp-admin%2Fuser-new.php&reauth=1 HTTP/1.1" 200 2098 "https://globaltvabuja.com/tag/dg-nysc-urges-corps-members-on-peaceful-co-existence/" "Mozilla/5.0 (compatible; Baiduspider-render/2.0; +http://www.baidu.com/search/spider.html)"
116.179.37.161 - - [30/Nov/2025:17:57:19 -0500] "GET /wp-admin/user-new.php HTTP/1.1" 302 0 "https://globaltvabuja.com/tag/dg-nysc-urges-corps-members-on-peaceful-co-existence/" "Mozilla/5.0 (compatible; Baiduspider-render/2.0; +http://www.baidu.com/search/spider.html)"
116.179.37.109 - - [30/Nov/2025:17:57:20 -0500] "GET /wp-login.php?redirect_to=https%3A%2F%2Fglobaltvabuja.com%2Fwp-admin%2Fuser-new.php&reauth=1 HTTP/1.1" 200 2098 "https://globaltvabuja.com/tag/dg-nysc-urges-corps-members-on-peaceful-co-existence/" "Mozilla/5.0 (compatible; Baiduspider-render/2.0; +http://www.baidu.com/search/spider.html)"
66.249.64.230 - - [30/Nov/2025:17:57:27 -0500] "GET /women-in-agriculture-ssap-abba-isa-first-lady-reaffirm-commitment-to-support-pwd/ HTTP/1.1" 200 26608 "-" "Mozilla/5.0 (Linux; Android 6.0.1; Nexus 5X Build/MMB29P) AppleWebKit/537.36 (KHTML, like Gecko) Chrome/141.0.7390.122 Mobile Safari/537.36 (compatible; Googlebot/2.1; +http://www.google.com/bot.html)"
157.55.39.9 - - [30/Nov/2025:17:57:29 -0500] "GET /info131662340?kg=0130600670 HTTP/1.1" 200 24150 "-" "Mozilla/5.0 AppleWebKit/537.36 (KHTML, like Gecko; compatible; bingbot/2.0; +http://www.bing.com/bingbot.htm) Chrome/116.0.1938.76 Safari/537.36"
40.77.167.132 - - [30/Nov/2025:17:57:34 -0500] "GET /info131709684?kg=0130647634 HTTP/1.1" 200 24413 "-" "Mozilla/5.0 AppleWebKit/537.36 (KHTML, like Gecko; compatible; bingbot/2.0; +http://www.bing.com/bingbot.htm) Chrome/116.0.1938.76 Safari/537.36"
114.119.139.202 - - [30/Nov/2025:17:57:35 -0500] "GET /info275827576?kg=0273603285 HTTP/1.1" 404 32490 "https://globaltvabuja.com/sitemap-subitems-954.xml" "Mozilla/5.0 (Linux; Android 7.0;) AppleWebKit/537.36 (KHTML, like Gecko) Mobile Safari/537.36 (compatible; PetalBot;+https://webmaster.petalsearch.com/site/petalbot)"
157.55.39.9 - - [30/Nov/2025:17:57:38 -0500] "GET /info212084700?kg=0210374464 HTTP/1.1" 200 24699 "-" "Mozilla/5.0 AppleWebKit/537.36 (KHTML, like Gecko; compatible; bingbot/2.0; +http://www.bing.com/bingbot.htm) Chrome/116.0.1938.76 Safari/537.36"
157.55.39.9 - - [30/Nov/2025:17:57:43 -0500] "GET /info241146200?kg=0239201597 HTTP/1.1" 200 24534 "-" "Mozilla/5.0 AppleWebKit/537.36 (KHTML, like Gecko; compatible; bingbot/2.0; +http://www.bing.com/bingbot.htm) Chrome/116.0.1938.76 Safari/537.36"
148.113.128.239 - - [30/Nov/2025:17:57:46 -0500] "GET /info297980260?kg=0295577318 HTTP/1.1" 404 26350 "-" "Mozilla/5.0 (compatible; AhrefsBot/7.0; +http://ahrefs.com/robot/)"
52.167.144.220 - - [30/Nov/2025:17:57:49 -0500] "GET /info159792284?kg=0158503760 HTTP/1.1" 200 24135 "-" "Mozilla/5.0 AppleWebKit/537.36 (KHTML, like Gecko; compatible; bingbot/2.0; +http://www.bing.com/bingbot.htm) Chrome/116.0.1938.76 Safari/537.36"
52.167.144.220 - - [30/Nov/2025:17:57:56 -0500] "GET /info29752460?kg=0029512644 HTTP/1.1" 200 26750 "-" "Mozilla/5.0 AppleWebKit/537.36 (KHTML, like Gecko; compatible; bingbot/2.0; +http://www.bing.com/bingbot.htm) Chrome/116.0.1938.76 Safari/537.36"
157.55.39.9 - - [30/Nov/2025:17:58:00 -0500] "GET /info53893772?kg=0053459268 HTTP/1.1" 200 26474 "-" "Mozilla/5.0 AppleWebKit/537.36 (KHTML, like Gecko; compatible; bingbot/2.0; +http://www.bing.com/bingbot.htm) Chrome/116.0.1938.76 Safari/537.36"
40.77.167.132 - - [30/Nov/2025:17:58:07 -0500] "GET /info322794548?kg=0320191490 HTTP/1.1" 200 24383 "-" "Mozilla/5.0 AppleWebKit/537.36 (KHTML, like Gecko; compatible; bingbot/2.0; +http://www.bing.com/bingbot.htm) Chrome/116.0.1938.76 Safari/537.36"
157.55.39.9 - - [30/Nov/2025:17:58:24 -0500] "GET /info222286428?kg=0220493920 HTTP/1.1" 200 24666 "-" "Mozilla/5.0 AppleWebKit/537.36 (KHTML, like Gecko; compatible; bingbot/2.0; +http://www.bing.com/bingbot.htm) Chrome/116.0.1938.76 Safari/537.36"
66.29.146.184 - - [30/Nov/2025:17:58:40 -0500] "POST /wp-cron.php?doing_wp_cron=1764543520.4039959907531738281250 HTTP/1.1" 200 0 "-" "WordPress/6.8.3; https://globaltvabuja.com"
15.235.96.172 - - [30/Nov/2025:17:58:39 -0500] "GET /info297971400?kg=0295568529 HTTP/1.1" 404 26371 "-" "Mozilla/5.0 (compatible; AhrefsBot/7.0; +http://ahrefs.com/robot/)"
52.167.144.220 - - [30/Nov/2025:17:58:45 -0500] "GET /info152018048?kg=0150792219 HTTP/1.1" 200 24314 "-" "Mozilla/5.0 AppleWebKit/537.36 (KHTML, like Gecko; compatible; bingbot/2.0; +http://www.bing.com/bingbot.htm) Chrome/116.0.1938.76 Safari/537.36"
52.167.144.220 - - [30/Nov/2025:17:58:48 -0500] "GET /info26622764?kg=0026408188 HTTP/1.1" 200 26708 "-" "Mozilla/5.0 AppleWebKit/537.36 (KHTML, like Gecko; compatible; bingbot/2.0; +http://www.bing.com/bingbot.htm) Chrome/116.0.1938.76 Safari/537.36"
157.55.39.9 - - [30/Nov/2025:17:58:54 -0500] "GET /info254894264?kg=0252838789 HTTP/1.1" 200 24641 "-" "Mozilla/5.0 AppleWebKit/537.36 (KHTML, like Gecko; compatible; bingbot/2.0; +http://www.bing.com/bingbot.htm) Chrome/116.0.1938.76 Safari/537.36"
40.77.167.132 - - [30/Nov/2025:17:58:54 -0500] "GET /info131759684?kg=0130697230 HTTP/1.1" 200 24365 "-" "Mozilla/5.0 AppleWebKit/537.36 (KHTML, like Gecko; compatible; bingbot/2.0; +http://www.bing.com/bingbot.htm) Chrome/116.0.1938.76 Safari/537.36"
66.29.146.184 - - [30/Nov/2025:17:59:00 -0500] "POST /wp-cron.php?doing_wp_cron=1764543540.5018799304962158203125 HTTP/1.1" 200 0 "-" "WordPress/6.8.3; https://globaltvabuja.com"
114.119.135.251 - - [30/Nov/2025:17:59:00 -0500] "GET /info275827444?kg=0273603154 HTTP/1.1" 404 32483 "https://globaltvabuja.com/sitemap-subitems-954.xml" "Mozilla/5.0 (Linux; Android 7.0;) AppleWebKit/537.36 (KHTML, like Gecko) Mobile Safari/537.36 (compatible; PetalBot;+https://webmaster.petalsearch.com/site/petalbot)"
52.167.144.220 - - [30/Nov/2025:17:59:02 -0500] "GET /info267162000?kg=0265007591 HTTP/1.1" 200 24267 "-" "Mozilla/5.0 AppleWebKit/537.36 (KHTML, like Gecko; compatible; bingbot/2.0; +http://www.bing.com/bingbot.htm) Chrome/116.0.1938.76 Safari/537.36"
66.249.64.230 - - [30/Nov/2025:17:59:03 -0500] "GET /?info3982412?kg=0003950420 HTTP/1.1" 200 26772 "-" "Mozilla/5.0 (Linux; Android 6.0.1; Nexus 5X Build/MMB29P) AppleWebKit/537.36 (KHTML, like Gecko) Chrome/141.0.7390.122 Mobile Safari/537.36 (compatible; Googlebot/2.1; +http://www.google.com/bot.html)"
66.249.64.230 - - [30/Nov/2025:17:59:05 -0500] "GET /info740820?kg=0000734970 HTTP/1.1" 200 26907 "-" "Mozilla/5.0 (Linux; Android 6.0.1; Nexus 5X Build/MMB29P) AppleWebKit/537.36 (KHTML, like Gecko) Chrome/141.0.7390.122 Mobile Safari/537.36 (compatible; Googlebot/2.1; +http://www.google.com/bot.html)"
52.167.144.220 - - [30/Nov/2025:17:59:06 -0500] "GET /info62803252?kg=0062296898 HTTP/1.1" 200 27252 "-" "Mozilla/5.0 AppleWebKit/537.36 (KHTML, like Gecko; compatible; bingbot/2.0; +http://www.bing.com/bingbot.htm) Chrome/116.0.1938.76 Safari/537.36"
52.167.144.220 - - [30/Nov/2025:17:59:11 -0500] "GET /info226592904?kg=0224765665 HTTP/1.1" 200 24465 "-" "Mozilla/5.0 AppleWebKit/537.36 (KHTML, like Gecko; compatible; bingbot/2.0; +http://www.bing.com/bingbot.htm) Chrome/116.0.1938.76 Safari/537.36"
40.77.167.132 - - [30/Nov/2025:17:59:17 -0500] "GET /info330942172?kg=0328273408 HTTP/1.1" 200 24558 "-" "Mozilla/5.0 AppleWebKit/537.36 (KHTML, like Gecko; compatible; bingbot/2.0; +http://www.bing.com/bingbot.htm) Chrome/116.0.1938.76 Safari/537.36"
146.174.172.39 - - [30/Nov/2025:17:59:32 -0500] "GET /info156860724?kg=0155595842 HTTP/1.1" 404 32502 "-" "Mozilla/5.0 (Windows; U; Windows NT 6.1; ro; rv:1.9.2.10) Gecko/20100914 Firefox/3.6.10"
40.77.167.132 - - [30/Nov/2025:17:59:34 -0500] "GET /info131672916?kg=0130611162 HTTP/1.1" 200 24143 "-" "Mozilla/5.0 AppleWebKit/537.36 (KHTML, like Gecko; compatible; bingbot/2.0; +http://www.bing.com/bingbot.htm) Chrome/116.0.1938.76 Safari/537.36"
54.39.136.20 - - [30/Nov/2025:17:59:38 -0500] "GET /info297965056?kg=0295562235 HTTP/1.1" 404 26394 "-" "Mozilla/5.0 (compatible; AhrefsBot/7.0; +http://ahrefs.com/robot/)"
52.167.144.220 - - [30/Nov/2025:17:59:55 -0500] "GET /info109590336?kg=0108706667 HTTP/1.1" 200 26959 "-" "Mozilla/5.0 AppleWebKit/537.36 (KHTML, like Gecko; compatible; bingbot/2.0; +http://www.bing.com/bingbot.htm) Chrome/116.0.1938.76 Safari/537.36"
66.249.64.230 - - [30/Nov/2025:17:59:59 -0500] "GET /info6600632?kg=0006547525 HTTP/1.1" 200 26436 "-" "Mozilla/5.0 (Linux; Android 6.0.1; Nexus 5X Build/MMB29P) AppleWebKit/537.36 (KHTML, like Gecko) Chrome/141.0.7390.122 Mobile Safari/537.36 (compatible; Googlebot/2.1; +http://www.google.com/bot.html)"
66.249.64.230 - - [30/Nov/2025:18:00:05 -0500] "GET /?info354787476?kg=0351926410 HTTP/1.1" 200 24477 "-" "Mozilla/5.0 (Linux; Android 6.0.1; Nexus 5X Build/MMB29P) AppleWebKit/537.36 (KHTML, like Gecko) Chrome/141.0.7390.122 Mobile Safari/537.36 (compatible; Googlebot/2.1; +http://www.google.com/bot.html)"
66.249.64.230 - - [30/Nov/2025:18:00:08 -0500] "GET /?info354787476?kg=0351926410 HTTP/1.1" 200 24477 "-" "Mozilla/5.0 (Linux; Android 6.0.1; Nexus 5X Build/MMB29P) AppleWebKit/537.36 (KHTML, like Gecko) Chrome/141.0.7390.122 Mobile Safari/537.36 (compatible; Googlebot/2.1; +http://www.google.com/bot.html)"
66.249.64.230 - - [30/Nov/2025:18:00:13 -0500] "GET /info270659788?kg=0268477172 HTTP/1.1" 200 24485 "-" "Mozilla/5.0 (Linux; Android 6.0.1; Nexus 5X Build/MMB29P) AppleWebKit/537.36 (KHTML, like Gecko) Chrome/141.0.7390.122 Mobile Safari/537.36 (compatible; Googlebot/2.1; +http://www.google.com/bot.html)"
157.55.39.9 - - [30/Nov/2025:18:00:22 -0500] "GET /info216105208?kg=0214362549 HTTP/1.1" 200 24212 "-" "Mozilla/5.0 AppleWebKit/537.36 (KHTML, like Gecko; compatible; bingbot/2.0; +http://www.bing.com/bingbot.htm) Chrome/116.0.1938.76 Safari/537.36"
66.249.64.230 - - [30/Nov/2025:18:00:24 -0500] "GET /info270181648?kg=0268002887 HTTP/1.1" 200 24174 "-" "Mozilla/5.0 (Linux; Android 6.0.1; Nexus 5X Build/MMB29P) AppleWebKit/537.36 (KHTML, like Gecko) Chrome/141.0.7390.122 Mobile Safari/537.36 (compatible; Googlebot/2.1; +http://www.google.com/bot.html)"
66.29.146.184 - - [30/Nov/2025:18:00:25 -0500] "POST /wp-cron.php?doing_wp_cron=1764543625.3427069187164306640625 HTTP/1.1" 200 0 "-" "WordPress/6.8.3; https://globaltvabuja.com"
114.119.135.251 - - [30/Nov/2025:18:00:24 -0500] "GET /info275827312?kg=0273603023 HTTP/1.1" 404 32488 "https://globaltvabuja.com/sitemap-subitems-954.xml" "Mozilla/5.0 (Linux; Android 7.0;) AppleWebKit/537.36 (KHTML, like Gecko) Mobile Safari/537.36 (compatible; PetalBot;+https://webmaster.petalsearch.com/site/petalbot)"
157.55.39.9 - - [30/Nov/2025:18:00:26 -0500] "GET /info76979192?kg=0076358517 HTTP/1.1" 200 27048 "-" "Mozilla/5.0 AppleWebKit/537.36 (KHTML, like Gecko; compatible; bingbot/2.0; +http://www.bing.com/bingbot.htm) Chrome/116.0.1938.76 Safari/537.36"
167.114.139.220 - - [30/Nov/2025:18:00:32 -0500] "GET /info297948912?kg=0295546223 HTTP/1.1" 404 26375 "-" "Mozilla/5.0 (compatible; AhrefsBot/7.0; +http://ahrefs.com/robot/)"
66.249.64.230 - - [30/Nov/2025:18:00:39 -0500] "GET /info270564424?kg=0268382577 HTTP/1.1" 200 24438 "-" "Mozilla/5.0 (Linux; Android 6.0.1; Nexus 5X Build/MMB29P) AppleWebKit/537.36 (KHTML, like Gecko) Chrome/141.0.7390.122 Mobile Safari/537.36 (compatible; Googlebot/2.1; +http://www.google.com/bot.html)"
157.55.39.9 - - [30/Nov/2025:18:00:41 -0500] "GET /info267167816?kg=0265013361 HTTP/1.1" 200 24491 "-" "Mozilla/5.0 AppleWebKit/537.36 (KHTML, like Gecko; compatible; bingbot/2.0; +http://www.bing.com/bingbot.htm) Chrome/116.0.1938.76 Safari/537.36"
66.249.64.230 - - [30/Nov/2025:18:00:43 -0500] "GET /info270178472?kg=0267999737 HTTP/1.1" 200 24105 "-" "Mozilla/5.0 (Linux; Android 6.0.1; Nexus 5X Build/MMB29P) AppleWebKit/537.36 (KHTML, like Gecko) Chrome/141.0.7390.122 Mobile Safari/537.36 (compatible; Googlebot/2.1; +http://www.google.com/bot.html)"
52.167.144.220 - - [30/Nov/2025:18:00:45 -0500] "GET /info261300868?kg=0259193726 HTTP/1.1" 200 24650 "-" "Mozilla/5.0 AppleWebKit/537.36 (KHTML, like Gecko; compatible; bingbot/2.0; +http://www.bing.com/bingbot.htm) Chrome/116.0.1938.76 Safari/537.36"
40.77.167.132 - - [30/Nov/2025:18:00:56 -0500] "GET /info7864436?kg=0007801138 HTTP/1.1" 200 26445 "-" "Mozilla/5.0 AppleWebKit/537.36 (KHTML, like Gecko; compatible; bingbot/2.0; +http://www.bing.com/bingbot.htm) Chrome/116.0.1938.76 Safari/537.36"
40.77.167.132 - - [30/Nov/2025:18:00:59 -0500] "GET /?info291507528?kg=0289156785 HTTP/1.1" 200 24312 "-" "Mozilla/5.0 AppleWebKit/537.36 (KHTML, like Gecko; compatible; bingbot/2.0; +http://www.bing.com/bingbot.htm) Chrome/116.0.1938.76 Safari/537.36"
40.77.167.132 - - [30/Nov/2025:18:01:05 -0500] "GET /info131640248?kg=0130578757 HTTP/1.1" 200 24780 "-" "Mozilla/5.0 AppleWebKit/537.36 (KHTML, like Gecko; compatible; bingbot/2.0; +http://www.bing.com/bingbot.htm) Chrome/116.0.1938.76 Safari/537.36"
40.77.167.132 - - [30/Nov/2025:18:01:17 -0500] "GET /info260148160?kg=0258050315 HTTP/1.1" 200 24313 "-" "Mozilla/5.0 AppleWebKit/537.36 (KHTML, like Gecko; compatible; bingbot/2.0; +http://www.bing.com/bingbot.htm) Chrome/116.0.1938.76 Safari/537.36"
40.77.167.132 - - [30/Nov/2025:18:01:29 -0500] "GET /info363873668?kg=0360939326 HTTP/1.1" 200 24501 "-" "Mozilla/5.0 AppleWebKit/537.36 (KHTML, like Gecko; compatible; bingbot/2.0; +http://www.bing.com/bingbot.htm) Chrome/116.0.1938.76 Safari/537.36"
66.29.146.184 - - [30/Nov/2025:18:01:30 -0500] "POST /wp-cron.php?doing_wp_cron=1764543690.2608520984649658203125 HTTP/1.1" 200 0 "-" "WordPress/6.8.3; https://globaltvabuja.com"
146.174.184.83 - - [30/Nov/2025:18:01:29 -0500] "GET /info156942336?kg=0155676795 HTTP/1.1" 404 32491 "-" "Mozilla/5.0 (Macintosh; U; Intel Mac OS X 10_6_5; en-US) AppleWebKit/534.16 (KHTML, like Gecko) Chrome/10.0.648.204"
222.189.173.215 - - [30/Nov/2025:18:01:30 -0500] "GET /president-tinubu-awards-cgc-adeniyi-for-excellence-in-revenue-collection/ HTTP/1.1" 200 42417 "-" "Sogou web spider/4.0(+http://www.sogou.com/docs/help/webmasters.htm#07)"
54.39.203.195 - - [30/Nov/2025:18:01:37 -0500] "GET /info297856196?kg=0295454254 HTTP/1.1" 404 26375 "-" "Mozilla/5.0 (compatible; AhrefsBot/7.0; +http://ahrefs.com/robot/)"
114.119.154.207 - - [30/Nov/2025:18:01:46 -0500] "GET /info275827180?kg=0273602892 HTTP/1.1" 404 32491 "https://globaltvabuja.com/sitemap-subitems-954.xml" "Mozilla/5.0 (Linux; Android 7.0;) AppleWebKit/537.36 (KHTML, like Gecko) Mobile Safari/537.36 (compatible; PetalBot;+https://webmaster.petalsearch.com/site/petalbot)"
66.249.64.231 - - [30/Nov/2025:18:02:04 -0500] "GET /?info8399192?kg=0008331581 HTTP/1.1" 200 26897 "-" "Mozilla/5.0 (Linux; Android 6.0.1; Nexus 5X Build/MMB29P) AppleWebKit/537.36 (KHTML, like Gecko) Chrome/141.0.7390.122 Mobile Safari/537.36 (compatible; Googlebot/2.1; +http://www.google.com/bot.html)"
66.249.64.232 - - [30/Nov/2025:18:02:07 -0500] "GET /?info8302376?kg=0008235545 HTTP/1.1" 200 26474 "-" "Mozilla/5.0 (Linux; Android 6.0.1; Nexus 5X Build/MMB29P) AppleWebKit/537.36 (KHTML, like Gecko) Chrome/141.0.7390.122 Mobile Safari/537.36 (compatible; Googlebot/2.1; +http://www.google.com/bot.html)"
52.167.144.220 - - [30/Nov/2025:18:02:17 -0500] "GET /info259421092?kg=0257329110 HTTP/1.1" 200 24921 "-" "Mozilla/5.0 AppleWebKit/537.36 (KHTML, like Gecko; compatible; bingbot/2.0; +http://www.bing.com/bingbot.htm) Chrome/116.0.1938.76 Safari/537.36"
40.77.167.132 - - [30/Nov/2025:18:02:21 -0500] "GET /info44119128?kg=0043763453 HTTP/1.1" 200 26306 "-" "Mozilla/5.0 AppleWebKit/537.36 (KHTML, like Gecko; compatible; bingbot/2.0; +http://www.bing.com/bingbot.htm) Chrome/116.0.1938.76 Safari/537.36"
52.167.144.220 - - [30/Nov/2025:18:02:26 -0500] "GET /info316041672?kg=0313493073 HTTP/1.1" 200 24442 "-" "Mozilla/5.0 AppleWebKit/537.36 (KHTML, like Gecko; compatible; bingbot/2.0; +http://www.bing.com/bingbot.htm) Chrome/116.0.1938.76 Safari/537.36"
66.249.64.231 - - [30/Nov/2025:18:02:30 -0500] "GET /?info77434192?kg=0076809847 HTTP/1.1" 200 26701 "-" "Mozilla/5.0 (Linux; Android 6.0.1; Nexus 5X Build/MMB29P) AppleWebKit/537.36 (KHTML, like Gecko) Chrome/141.0.7390.122 Mobile Safari/537.36 (compatible; Googlebot/2.1; +http://www.google.com/bot.html)"
66.29.146.184 - - [30/Nov/2025:18:02:40 -0500] "POST /wp-cron.php?doing_wp_cron=1764543760.6344070434570312500000 HTTP/1.1" 200 0 "-" "WordPress/6.8.3; https://globaltvabuja.com"
15.235.27.25 - - [30/Nov/2025:18:02:40 -0500] "GET /info297817176?kg=0295415549 HTTP/1.1" 404 26348 "-" "Mozilla/5.0 (compatible; AhrefsBot/7.0; +http://ahrefs.com/robot/)"
157.55.39.9 - - [30/Nov/2025:18:02:44 -0500] "GET /info20074772?kg=0019913002 HTTP/1.1" 200 26994 "-" "Mozilla/5.0 AppleWebKit/537.36 (KHTML, like Gecko; compatible; bingbot/2.0; +http://www.bing.com/bingbot.htm) Chrome/116.0.1938.76 Safari/537.36"
40.77.167.132 - - [30/Nov/2025:18:03:10 -0500] "GET /info61338664?kg=0060844121 HTTP/1.1" 200 25917 "-" "Mozilla/5.0 AppleWebKit/537.36 (KHTML, like Gecko; compatible; bingbot/2.0; +http://www.bing.com/bingbot.htm) Chrome/116.0.1938.76 Safari/537.36"
66.29.146.184 - - [30/Nov/2025:18:03:11 -0500] "POST /wp-cron.php?doing_wp_cron=1764543791.2414500713348388671875 HTTP/1.1" 200 0 "-" "WordPress/6.8.3; https://globaltvabuja.com"
114.119.152.134 - - [30/Nov/2025:18:03:10 -0500] "GET /info275827048?kg=0273602761 HTTP/1.1" 404 32486 "https://globaltvabuja.com/sitemap-subitems-954.xml" "Mozilla/5.0 (Linux; Android 7.0;) AppleWebKit/537.36 (KHTML, like Gecko) Mobile Safari/537.36 (compatible; PetalBot;+https://webmaster.petalsearch.com/site/petalbot)"
52.167.144.220 - - [30/Nov/2025:18:03:28 -0500] "GET /info329301540?kg=0326646006 HTTP/1.1" 200 24397 "-" "Mozilla/5.0 AppleWebKit/537.36 (KHTML, like Gecko; compatible; bingbot/2.0; +http://www.bing.com/bingbot.htm) Chrome/116.0.1938.76 Safari/537.36"
51.222.95.72 - - [30/Nov/2025:18:03:36 -0500] "GET /info297795356?kg=0295393904 HTTP/1.1" 404 26359 "-" "Mozilla/5.0 (compatible; AhrefsBot/7.0; +http://ahrefs.com/robot/)"
157.55.39.9 - - [30/Nov/2025:18:03:46 -0500] "GET /info6792812?kg=0006738156 HTTP/1.1" 200 26389 "-" "Mozilla/5.0 AppleWebKit/537.36 (KHTML, like Gecko; compatible; bingbot/2.0; +http://www.bing.com/bingbot.htm) Chrome/116.0.1938.76 Safari/537.36"
40.77.167.235 - - [30/Nov/2025:18:03:50 -0500] "GET /info273176424?kg=0270973513 HTTP/1.1" 200 24413 "-" "Mozilla/5.0 AppleWebKit/537.36 (KHTML, like Gecko; compatible; bingbot/2.0; +http://www.bing.com/bingbot.htm) Chrome/116.0.1938.76 Safari/537.36"
52.167.144.220 - - [30/Nov/2025:18:03:58 -0500] "GET /info122231064?kg=0121245453 HTTP/1.1" 200 26438 "-" "Mozilla/5.0 AppleWebKit/537.36 (KHTML, like Gecko; compatible; bingbot/2.0; +http://www.bing.com/bingbot.htm) Chrome/116.0.1938.76 Safari/537.36"
66.29.146.184 - - [30/Nov/2025:18:04:08 -0500] "POST /wp-cron.php?doing_wp_cron=1764543848.0251829624176025390625 HTTP/1.1" 200 0 "-" "WordPress/6.8.3; https://globaltvabuja.com"
3.83.76.234 - - [30/Nov/2025:18:04:07 -0500] "GET /tag/nnpc-ltd-fulfils-promise/ HTTP/1.1" 200 167654 "-" "TerraCotta https://github.com/CeramicTeam/CeramicTerracotta"
52.167.144.220 - - [30/Nov/2025:18:04:08 -0500] "GET /info37010724?kg=0036712374 HTTP/1.1" 200 26618 "-" "Mozilla/5.0 AppleWebKit/537.36 (KHTML, like Gecko; compatible; bingbot/2.0; +http://www.bing.com/bingbot.htm) Chrome/116.0.1938.76 Safari/537.36"
202.76.134.176 - - [30/Nov/2025:18:04:20 -0500] "GET /info156944316?kg=0155678760 HTTP/1.1" 404 32465 "-" "Mozilla/5.0 (Windows NT 5.1) AppleWebKit/535.1 (KHTML, like Gecko) Chrome/14.0.813.0 Safari/535.1"
40.77.167.235 - - [30/Nov/2025:18:04:27 -0500] "GET /info118694776?kg=0117737685 HTTP/1.1" 200 26582 "-" "Mozilla/5.0 AppleWebKit/537.36 (KHTML, like Gecko; compatible; bingbot/2.0; +http://www.bing.com/bingbot.htm) Chrome/116.0.1938.76 Safari/537.36"
148.113.130.224 - - [30/Nov/2025:18:04:31 -0500] "GET /info297792840?kg=0295391409 HTTP/1.1" 404 26370 "-" "Mozilla/5.0 (compatible; AhrefsBot/7.0; +http://ahrefs.com/robot/)"
114.119.139.202 - - [30/Nov/2025:18:04:34 -0500] "GET /info275826916?kg=0273602630 HTTP/1.1" 404 32490 "https://globaltvabuja.com/sitemap-subitems-954.xml" "Mozilla/5.0 (Linux; Android 7.0;) AppleWebKit/537.36 (KHTML, like Gecko) Mobile Safari/537.36 (compatible; PetalBot;+https://webmaster.petalsearch.com/site/petalbot)"
40.77.167.235 - - [30/Nov/2025:18:05:18 -0500] "GET /info294926624?kg=0292548307 HTTP/1.1" 200 24690 "-" "Mozilla/5.0 AppleWebKit/537.36 (KHTML, like Gecko; compatible; bingbot/2.0; +http://www.bing.com/bingbot.htm) Chrome/116.0.1938.76 Safari/537.36"
66.249.64.232 - - [30/Nov/2025:18:05:19 -0500] "GET /?info261360116?kg=0259252498 HTTP/1.1" 200 24568 "-" "Mozilla/5.0 (Linux; Android 6.0.1; Nexus 5X Build/MMB29P) AppleWebKit/537.36 (KHTML, like Gecko) Chrome/141.0.7390.122 Mobile Safari/537.36 (compatible; Googlebot/2.1; +http://www.google.com/bot.html)"
52.167.144.140 - - [30/Nov/2025:18:05:29 -0500] "GET /info200070792?kg=0198457441 HTTP/1.1" 200 25173 "-" "Mozilla/5.0 AppleWebKit/537.36 (KHTML, like Gecko; compatible; bingbot/2.0; +http://www.bing.com/bingbot.htm) Chrome/116.0.1938.76 Safari/537.36"
66.29.146.184 - - [30/Nov/2025:18:05:47 -0500] "POST /wp-cron.php?doing_wp_cron=1764543947.6218969821929931640625 HTTP/1.1" 200 0 "-" "WordPress/6.8.3; https://globaltvabuja.com"
54.39.0.185 - - [30/Nov/2025:18:05:47 -0500] "GET /info297500264?kg=0295101193 HTTP/1.1" 404 26368 "-" "Mozilla/5.0 (compatible; AhrefsBot/7.0; +http://ahrefs.com/robot/)"
66.249.64.230 - - [30/Nov/2025:18:05:53 -0500] "GET /?info353811348?kg=0350958154 HTTP/1.1" 200 24510 "-" "Mozilla/5.0 (Linux; Android 6.0.1; Nexus 5X Build/MMB29P) AppleWebKit/537.36 (KHTML, like Gecko) Chrome/141.0.7390.122 Mobile Safari/537.36 (compatible; Googlebot/2.1; +http://www.google.com/bot.html)"
40.77.167.235 - - [30/Nov/2025:18:05:58 -0500] "GET /info146010224?kg=0144832847 HTTP/1.1" 200 24200 "-" "Mozilla/5.0 AppleWebKit/537.36 (KHTML, like Gecko; compatible; bingbot/2.0; +http://www.bing.com/bingbot.htm) Chrome/116.0.1938.76 Safari/537.36"
66.29.146.184 - - [30/Nov/2025:18:05:59 -0500] "POST /wp-cron.php?doing_wp_cron=1764543959.6544339656829833984375 HTTP/1.1" 200 0 "-" "WordPress/6.8.3; https://globaltvabuja.com"
114.119.139.202 - - [30/Nov/2025:18:05:59 -0500] "GET /info275826784?kg=0273602499 HTTP/1.1" 404 32504 "https://globaltvabuja.com/sitemap-subitems-954.xml" "Mozilla/5.0 (Linux; Android 7.0;) AppleWebKit/537.36 (KHTML, like Gecko) Mobile Safari/537.36 (compatible; PetalBot;+https://webmaster.petalsearch.com/site/petalbot)"
66.249.64.232 - - [30/Nov/2025:18:06:00 -0500] "GET /info270641540?kg=0268459070 HTTP/1.1" 200 24104 "-" "Mozilla/5.0 (Linux; Android 6.0.1; Nexus 5X Build/MMB29P) AppleWebKit/537.36 (KHTML, like Gecko) Chrome/141.0.7390.122 Mobile Safari/537.36 (compatible; Googlebot/2.1; +http://www.google.com/bot.html)"
157.55.39.9 - - [30/Nov/2025:18:06:08 -0500] "GET /info135736016?kg=0134641495 HTTP/1.1" 200 24533 "-" "Mozilla/5.0 AppleWebKit/537.36 (KHTML, like Gecko; compatible; bingbot/2.0; +http://www.bing.com/bingbot.htm) Chrome/116.0.1938.76 Safari/537.36"
52.167.144.140 - - [30/Nov/2025:18:06:16 -0500] "GET /info294940508?kg=0292562080 HTTP/1.1" 200 24500 "-" "Mozilla/5.0 AppleWebKit/537.36 (KHTML, like Gecko; compatible; bingbot/2.0; +http://www.bing.com/bingbot.htm) Chrome/116.0.1938.76 Safari/537.36"
185.191.171.1 - - [30/Nov/2025:18:06:22 -0500] "GET /ncs-partners-nigeria-army-to-curb-insecurity-at-the-border/ HTTP/1.1" 200 41710 "-" "Mozilla/5.0 (compatible; SemrushBot/7~bl; +http://www.semrush.com/bot.html)"
52.167.144.140 - - [30/Nov/2025:18:06:27 -0500] "GET /info36962448?kg=0036664487 HTTP/1.1" 200 26724 "-" "Mozilla/5.0 AppleWebKit/537.36 (KHTML, like Gecko; compatible; bingbot/2.0; +http://www.bing.com/bingbot.htm) Chrome/116.0.1938.76 Safari/537.36"
66.249.64.230 - - [30/Nov/2025:18:06:38 -0500] "GET /info269136208?kg=0266965879 HTTP/1.1" 200 24401 "-" "Mozilla/5.0 (Linux; Android 6.0.1; Nexus 5X Build/MMB29P) AppleWebKit/537.36 (KHTML, like Gecko) Chrome/141.0.7390.122 Mobile Safari/537.36 (compatible; Googlebot/2.1; +http://www.google.com/bot.html)"
157.55.39.9 - - [30/Nov/2025:18:06:39 -0500] "GET /info257304688?kg=0255229775 HTTP/1.1" 200 24409 "-" "Mozilla/5.0 AppleWebKit/537.36 (KHTML, like Gecko; compatible; bingbot/2.0; +http://www.bing.com/bingbot.htm) Chrome/116.0.1938.76 Safari/537.36"
66.249.64.230 - - [30/Nov/2025:18:06:41 -0500] "GET /?info3136568?kg=0003111397 HTTP/1.1" 200 26593 "-" "Mozilla/5.0 (Linux; Android 6.0.1; Nexus 5X Build/MMB29P) AppleWebKit/537.36 (KHTML, like Gecko) Chrome/141.0.7390.122 Mobile Safari/537.36 (compatible; Googlebot/2.1; +http://www.google.com/bot.html)"
51.222.95.147 - - [30/Nov/2025:18:06:46 -0500] "GET /info297477388?kg=0295078500 HTTP/1.1" 404 26365 "-" "Mozilla/5.0 (compatible; AhrefsBot/7.0; +http://ahrefs.com/robot/)"
40.77.167.235 - - [30/Nov/2025:18:07:07 -0500] "GET /info173136008?kg=0171739873 HTTP/1.1" 200 24509 "-" "Mozilla/5.0 AppleWebKit/537.36 (KHTML, like Gecko; compatible; bingbot/2.0; +http://www.bing.com/bingbot.htm) Chrome/116.0.1938.76 Safari/537.36"
66.29.146.184 - - [30/Nov/2025:18:07:12 -0500] "POST /wp-cron.php?doing_wp_cron=1764544032.3002901077270507812500 HTTP/1.1" 200 0 "-" "WordPress/6.8.3; https://globaltvabuja.com"
202.76.133.118 - - [30/Nov/2025:18:07:11 -0500] "GET /info156947624?kg=0155682041 HTTP/1.1" 404 32509 "-" "Mozilla/5.0 (Windows NT 6.1; rv:6.0) Gecko/20100101 Firefox/7.0"
114.119.139.202 - - [30/Nov/2025:18:07:21 -0500] "GET /info275826652?kg=0273602368 HTTP/1.1" 404 32470 "https://globaltvabuja.com/sitemap-subitems-954.xml" "Mozilla/5.0 (Linux; Android 7.0;) AppleWebKit/537.36 (KHTML, like Gecko) Mobile Safari/537.36 (compatible; PetalBot;+https://webmaster.petalsearch.com/site/petalbot)"
167.114.139.92 - - [30/Nov/2025:18:07:36 -0500] "GET /info297453448?kg=0295054753 HTTP/1.1" 404 26359 "-" "Mozilla/5.0 (compatible; AhrefsBot/7.0; +http://ahrefs.com/robot/)"
101.44.163.198 - - [30/Nov/2025:18:07:44 -0500] "GET /author/okerekglobaltvabuja-com/page/33 HTTP/1.1" 301 0 "https://globaltvabuja.com/author/okerekglobaltvabuja-com/page/33" "Mozilla/5.0 (Macintosh; Intel Mac OS X 10_15_7) AppleWebKit/537.36 (KHTML, like Gecko) Chrome/123.0.0.0 Safari/537.36"
101.44.163.198 - - [30/Nov/2025:18:07:45 -0500] "GET /author/okerekglobaltvabuja-com/page/33/ HTTP/1.1" 200 31661 "https://globaltvabuja.com/author/okerekglobaltvabuja-com/page/33/" "Mozilla/5.0 (Macintosh; Intel Mac OS X 10_15_7) AppleWebKit/537.36 (KHTML, like Gecko) Chrome/123.0.0.0 Safari/537.36"
157.55.39.13 - - [30/Nov/2025:18:07:58 -0500] "GET /info131684424?kg=0130622577 HTTP/1.1" 200 24391 "-" "Mozilla/5.0 AppleWebKit/537.36 (KHTML, like Gecko; compatible; bingbot/2.0; +http://www.bing.com/bingbot.htm) Chrome/116.0.1938.76 Safari/537.36"
157.55.39.13 - - [30/Nov/2025:18:08:02 -0500] "GET /info191807428?kg=0190260718 HTTP/1.1" 200 24440 "-" "Mozilla/5.0 AppleWebKit/537.36 (KHTML, like Gecko; compatible; bingbot/2.0; +http://www.bing.com/bingbot.htm) Chrome/116.0.1938.76 Safari/537.36"
