27.159.75.50 - - [30/Nov/2025:10:55:37 -0500] "GET /wp-content/uploads/2025/07/Screenshot_20250728-163734-218x150.jpg HTTP/1.1" 200 6836 "https://globaltvabuja.com/" "Mozilla/5.0 (iPhone; CPU iPhone OS 14_6 like Mac OS X) AppleWebKit/605.1.15 (KHTML, like Gecko) Version/14.0.3 Mobile/15E148 Safari/604.1"
27.159.75.50 - - [30/Nov/2025:10:55:37 -0500] "GET /wp-content/uploads/2025/11/WhatsApp-Image-2025-11-24-at-4.25.58-AM-696x696.jpeg HTTP/1.1" 200 70316 "https://globaltvabuja.com/" "Mozilla/5.0 (iPhone; CPU iPhone OS 14_6 like Mac OS X) AppleWebKit/605.1.15 (KHTML, like Gecko) Version/14.0.3 Mobile/15E148 Safari/604.1"
27.159.75.50 - - [30/Nov/2025:10:55:37 -0500] "GET /wp-content/uploads/2025/11/WhatsApp-Image-2025-11-24-at-4.25.58-AM-485x360.jpeg HTTP/1.1" 200 28866 "https://globaltvabuja.com/" "Mozilla/5.0 (iPhone; CPU iPhone OS 14_6 like Mac OS X) AppleWebKit/605.1.15 (KHTML, like Gecko) Version/14.0.3 Mobile/15E148 Safari/604.1"
27.159.75.50 - - [30/Nov/2025:10:55:38 -0500] "GET /wp-content/plugins/td-composer/legacy/Newspaper/assets/images/no-thumb/td_218x150.png HTTP/1.1" 200 15724 "https://globaltvabuja.com/" "Mozilla/5.0 (iPhone; CPU iPhone OS 14_6 like Mac OS X) AppleWebKit/605.1.15 (KHTML, like Gecko) Version/14.0.3 Mobile/15E148 Safari/604.1"
27.159.75.50 - - [30/Nov/2025:10:55:38 -0500] "GET /wp-content/uploads/2025/10/ndicLogo-02-218x150.png HTTP/1.1" 200 4121 "https://globaltvabuja.com/" "Mozilla/5.0 (iPhone; CPU iPhone OS 14_6 like Mac OS X) AppleWebKit/605.1.15 (KHTML, like Gecko) Version/14.0.3 Mobile/15E148 Safari/604.1"
27.159.75.50 - - [30/Nov/2025:10:55:38 -0500] "GET /wp-content/uploads/2025/11/WhatsApp-Image-2025-11-14-at-1.53.59-AM-218x150.jpeg HTTP/1.1" 200 11885 "https://globaltvabuja.com/" "Mozilla/5.0 (iPhone; CPU iPhone OS 14_6 like Mac OS X) AppleWebKit/605.1.15 (KHTML, like Gecko) Version/14.0.3 Mobile/15E148 Safari/604.1"
27.159.75.50 - - [30/Nov/2025:10:55:38 -0500] "GET /wp-content/uploads/2025/11/WhatsApp-Image-2025-11-06-at-2.48.02-AM-1-218x150.jpeg HTTP/1.1" 200 6365 "https://globaltvabuja.com/" "Mozilla/5.0 (iPhone; CPU iPhone OS 14_6 like Mac OS X) AppleWebKit/605.1.15 (KHTML, like Gecko) Version/14.0.3 Mobile/15E148 Safari/604.1"
27.159.75.50 - - [30/Nov/2025:10:55:38 -0500] "GET /wp-content/uploads/2025/10/WhatsApp-Image-2025-09-30-at-10.07.17-AM-1-485x360.jpeg HTTP/1.1" 200 22444 "https://globaltvabuja.com/" "Mozilla/5.0 (iPhone; CPU iPhone OS 14_6 like Mac OS X) AppleWebKit/605.1.15 (KHTML, like Gecko) Version/14.0.3 Mobile/15E148 Safari/604.1"
27.159.75.50 - - [30/Nov/2025:10:55:38 -0500] "GET /wp-content/uploads/2025/11/WhatsApp-Image-2025-11-20-at-8.42.43-AM-485x360.jpeg HTTP/1.1" 200 23740 "https://globaltvabuja.com/" "Mozilla/5.0 (iPhone; CPU iPhone OS 14_6 like Mac OS X) AppleWebKit/605.1.15 (KHTML, like Gecko) Version/14.0.3 Mobile/15E148 Safari/604.1"
27.159.75.50 - - [30/Nov/2025:10:55:38 -0500] "GET /wp-content/uploads/2025/10/Tuggar-1zx-485x286.jpg HTTP/1.1" 200 20937 "https://globaltvabuja.com/" "Mozilla/5.0 (iPhone; CPU iPhone OS 14_6 like Mac OS X) AppleWebKit/605.1.15 (KHTML, like Gecko) Version/14.0.3 Mobile/15E148 Safari/604.1"
27.159.75.50 - - [30/Nov/2025:10:55:38 -0500] "GET /wp-content/uploads/2023/06/hilda-485x360.jpg HTTP/1.1" 200 26724 "https://globaltvabuja.com/" "Mozilla/5.0 (iPhone; CPU iPhone OS 14_6 like Mac OS X) AppleWebKit/605.1.15 (KHTML, like Gecko) Version/14.0.3 Mobile/15E148 Safari/604.1"
27.159.75.50 - - [30/Nov/2025:10:55:38 -0500] "GET /wp-content/uploads/2025/11/IMG-20251125-WA0001-218x150.jpg HTTP/1.1" 200 9995 "https://globaltvabuja.com/" "Mozilla/5.0 (iPhone; CPU iPhone OS 14_6 like Mac OS X) AppleWebKit/605.1.15 (KHTML, like Gecko) Version/14.0.3 Mobile/15E148 Safari/604.1"
27.159.75.50 - - [30/Nov/2025:10:55:38 -0500] "GET /wp-content/uploads/2025/10/WhatsApp-Image-2025-10-02-at-4.01.51-AM-485x360.jpeg HTTP/1.1" 200 33933 "https://globaltvabuja.com/" "Mozilla/5.0 (iPhone; CPU iPhone OS 14_6 like Mac OS X) AppleWebKit/605.1.15 (KHTML, like Gecko) Version/14.0.3 Mobile/15E148 Safari/604.1"
27.159.75.50 - - [30/Nov/2025:10:55:38 -0500] "GET /wp-content/uploads/2025/11/IMG-20251119-WA0011-1-218x150.jpg HTTP/1.1" 200 9615 "https://globaltvabuja.com/" "Mozilla/5.0 (iPhone; CPU iPhone OS 14_6 like Mac OS X) AppleWebKit/605.1.15 (KHTML, like Gecko) Version/14.0.3 Mobile/15E148 Safari/604.1"
27.159.75.50 - - [30/Nov/2025:10:55:38 -0500] "GET /wp-content/uploads/2025/11/WhatsApp-Image-2025-11-06-at-5.17.32-AM-218x150.jpeg HTTP/1.1" 200 6259 "https://globaltvabuja.com/" "Mozilla/5.0 (iPhone; CPU iPhone OS 14_6 like Mac OS X) AppleWebKit/605.1.15 (KHTML, like Gecko) Version/14.0.3 Mobile/15E148 Safari/604.1"
27.159.75.50 - - [30/Nov/2025:10:55:38 -0500] "GET /wp-content/uploads/2025/09/WhatsApp-Image-2025-09-17-at-3.11.32-AM-218x150.jpeg HTTP/1.1" 200 3897 "https://globaltvabuja.com/" "Mozilla/5.0 (iPhone; CPU iPhone OS 14_6 like Mac OS X) AppleWebKit/605.1.15 (KHTML, like Gecko) Version/14.0.3 Mobile/15E148 Safari/604.1"
27.159.75.50 - - [30/Nov/2025:10:55:38 -0500] "GET /wp-content/uploads/2025/11/WhatsApp-Image-2025-11-25-at-4.11.24-AM-218x150.jpeg HTTP/1.1" 200 11434 "https://globaltvabuja.com/" "Mozilla/5.0 (iPhone; CPU iPhone OS 14_6 like Mac OS X) AppleWebKit/605.1.15 (KHTML, like Gecko) Version/14.0.3 Mobile/15E148 Safari/604.1"
27.159.75.50 - - [30/Nov/2025:10:55:38 -0500] "GET /wp-content/uploads/2025/11/WhatsApp-Image-2025-11-25-at-4.17.31-AM-485x360.jpeg HTTP/1.1" 200 50316 "https://globaltvabuja.com/" "Mozilla/5.0 (iPhone; CPU iPhone OS 14_6 like Mac OS X) AppleWebKit/605.1.15 (KHTML, like Gecko) Version/14.0.3 Mobile/15E148 Safari/604.1"
27.159.75.50 - - [30/Nov/2025:10:55:38 -0500] "GET /wp-admin/user-new.php HTTP/1.1" 302 0 "https://globaltvabuja.com/" "Mozilla/5.0 (iPhone; CPU iPhone OS 14_6 like Mac OS X) AppleWebKit/605.1.15 (KHTML, like Gecko) Version/14.0.3 Mobile/15E148 Safari/604.1"
3.83.76.234 - - [30/Nov/2025:10:55:43 -0500] "GET /disability-empowerment-ssa-disability-facilitates-empowering-of-pwd-through-smedan/ HTTP/1.1" 200 208283 "-" "TerraCotta https://github.com/CeramicTeam/CeramicTerracotta"
15.235.96.229 - - [30/Nov/2025:10:55:45 -0500] "GET /info236281960?kg=0234376585 HTTP/1.1" 404 26367 "-" "Mozilla/5.0 (compatible; AhrefsBot/7.0; +http://ahrefs.com/robot/)"
66.29.146.184 - - [30/Nov/2025:10:56:11 -0500] "POST /wp-cron.php?doing_wp_cron=1764518171.7630980014801025390625 HTTP/1.1" 200 0 "-" "WordPress/6.8.3; https://globaltvabuja.com"
105.119.25.129 - - [30/Nov/2025:10:56:11 -0500] "GET /wp-json/wp/v2/posts?_embed=wp:featuredmedia,wp:term&page=1&per_page=10 HTTP/1.1" 200 299480 "-" "Dart/3.5 (dart:io)"
105.119.25.129 - - [30/Nov/2025:10:56:12 -0500] "GET /wp-json/wp/v2/posts?_embed=wp:featuredmedia,wp:term&per_page=10 HTTP/1.1" 200 299480 "-" "Dart/3.5 (dart:io)"
105.119.25.129 - - [30/Nov/2025:10:56:12 -0500] "GET /wp-json/wp/v2/categories?per_page=100&parent=0&orderby=count&order=desc HTTP/1.1" 200 116604 "-" "Dart/3.5 (dart:io)"
105.119.25.129 - - [30/Nov/2025:10:56:14 -0500] "GET /wp-json/wp/v2/posts?categories=-1&per_page=15&_embed=true HTTP/1.1" 200 1840628 "-" "Dart/3.5 (dart:io)"
52.167.144.220 - - [30/Nov/2025:10:56:16 -0500] "GET /info147643852?kg=0146453300 HTTP/1.1" 200 24090 "-" "Mozilla/5.0 AppleWebKit/537.36 (KHTML, like Gecko; compatible; bingbot/2.0; +http://www.bing.com/bingbot.htm) Chrome/116.0.1938.76 Safari/537.36"
27.159.75.50 - - [30/Nov/2025:10:56:17 -0500] "GET /wp-login.php?redirect_to=https%3A%2F%2Fglobaltvabuja.com%2Fwp-admin%2Fuser-new.php&reauth=1 HTTP/1.1" 200 1859 "https://globaltvabuja.com/" "Mozilla/5.0 (iPhone; CPU iPhone OS 14_6 like Mac OS X) AppleWebKit/605.1.15 (KHTML, like Gecko) Version/14.0.3 Mobile/15E148 Safari/604.1"
105.119.25.129 - - [30/Nov/2025:10:56:19 -0500] "GET /wp-content/uploads/2025/11/WhatsApp-Image-2025-11-24-at-4.25.58-AM.jpeg HTTP/1.1" 200 144988 "-" "Dart/3.5 (dart:io)"
105.119.25.129 - - [30/Nov/2025:10:56:19 -0500] "GET /wp-content/uploads/2025/11/IMG-20251114-WA0004-1.jpg HTTP/1.1" 200 122462 "-" "Dart/3.5 (dart:io)"
105.119.25.129 - - [30/Nov/2025:10:56:19 -0500] "GET /wp-content/uploads/2025/11/IMG-20251119-WA0011-1.jpg HTTP/1.1" 200 218308 "-" "Dart/3.5 (dart:io)"
105.119.25.129 - - [30/Nov/2025:10:56:19 -0500] "GET /wp-content/uploads/2025/11/IMG-20251125-WA0001.jpg HTTP/1.1" 200 92101 "-" "Dart/3.5 (dart:io)"
105.119.25.129 - - [30/Nov/2025:10:56:19 -0500] "GET /wp-content/uploads/2025/11/WhatsApp-Image-2025-11-18-at-5.28.09-AM.jpeg HTTP/1.1" 200 47168 "-" "Dart/3.5 (dart:io)"
105.119.25.129 - - [30/Nov/2025:10:56:19 -0500] "GET /wp-content/uploads/2025/11/WhatsApp-Image-2025-11-25-at-4.17.31-AM.jpeg HTTP/1.1" 200 291908 "-" "Dart/3.5 (dart:io)"
105.119.25.129 - - [30/Nov/2025:10:56:19 -0500] "GET /wp-content/uploads/2025/11/WhatsApp-Image-2025-11-20-at-8.42.43-AM.jpeg HTTP/1.1" 200 54233 "-" "Dart/3.5 (dart:io)"
105.119.25.129 - - [30/Nov/2025:10:56:19 -0500] "GET /wp-content/uploads/2025/11/WhatsApp-Image-2025-11-25-at-4.11.24-AM.jpeg HTTP/1.1" 200 147626 "-" "Dart/3.5 (dart:io)"
207.46.13.18 - - [30/Nov/2025:10:56:22 -0500] "GET /info70431728?kg=0069863855 HTTP/1.1" 200 26334 "-" "Mozilla/5.0 AppleWebKit/537.36 (KHTML, like Gecko; compatible; bingbot/2.0; +http://www.bing.com/bingbot.htm) Chrome/116.0.1938.76 Safari/537.36"
27.159.75.50 - - [30/Nov/2025:10:56:23 -0500] "GET /wp-admin/user-new.php HTTP/1.1" 302 0 "https://globaltvabuja.com/" "Mozilla/5.0 (iPhone; CPU iPhone OS 14_6 like Mac OS X) AppleWebKit/605.1.15 (KHTML, like Gecko) Version/14.0.3 Mobile/15E148 Safari/604.1"
27.159.75.50 - - [30/Nov/2025:10:56:24 -0500] "GET /wp-login.php?redirect_to=https%3A%2F%2Fglobaltvabuja.com%2Fwp-admin%2Fuser-new.php&reauth=1 HTTP/1.1" 200 1859 "https://globaltvabuja.com/" "Mozilla/5.0 (iPhone; CPU iPhone OS 14_6 like Mac OS X) AppleWebKit/605.1.15 (KHTML, like Gecko) Version/14.0.3 Mobile/15E148 Safari/604.1"
114.119.129.189 - - [30/Nov/2025:10:56:24 -0500] "GET /info364162928?kg=0361226255 HTTP/1.1" 404 32469 "https://globaltvabuja.com/sitemap-subitems-942.xml" "Mozilla/5.0 (Linux; Android 7.0;) AppleWebKit/537.36 (KHTML, like Gecko) Mobile Safari/537.36 (compatible; PetalBot;+https://webmaster.petalsearch.com/site/petalbot)"
116.179.32.36 - - [30/Nov/2025:10:56:45 -0500] "GET /tag/mfb-from-withdrawal-limit/ HTTP/1.1" 200 33928 "-" "Mozilla/5.0 (compatible; Baiduspider/2.0; +http://www.baidu.com/search/spider.html)"
52.167.144.220 - - [30/Nov/2025:10:56:47 -0500] "GET /info299836756?kg=0297418842 HTTP/1.1" 200 24388 "-" "Mozilla/5.0 AppleWebKit/537.36 (KHTML, like Gecko; compatible; bingbot/2.0; +http://www.bing.com/bingbot.htm) Chrome/116.0.1938.76 Safari/537.36"
54.39.89.245 - - [30/Nov/2025:10:56:49 -0500] "GET /info233235072?kg=0231354267 HTTP/1.1" 404 26348 "-" "Mozilla/5.0 (compatible; AhrefsBot/7.0; +http://ahrefs.com/robot/)"
66.29.146.184 - - [30/Nov/2025:10:56:51 -0500] "POST /wp-cron.php?doing_wp_cron=1764518211.6847689151763916015625 HTTP/1.1" 200 0 "-" "WordPress/6.8.3; https://globaltvabuja.com"
116.179.37.156 - - [30/Nov/2025:10:56:51 -0500] "GET /wp-admin/user-new.php HTTP/1.1" 302 0 "https://globaltvabuja.com/tag/mfb-from-withdrawal-limit/" "Mozilla/5.0 (compatible; Baiduspider-render/2.0; +http://www.baidu.com/search/spider.html)"
116.179.37.41 - - [30/Nov/2025:10:56:52 -0500] "GET /wp-login.php?redirect_to=https%3A%2F%2Fglobaltvabuja.com%2Fwp-admin%2Fuser-new.php&reauth=1 HTTP/1.1" 200 2098 "https://globaltvabuja.com/tag/mfb-from-withdrawal-limit/" "Mozilla/5.0 (compatible; Baiduspider-render/2.0; +http://www.baidu.com/search/spider.html)"
116.179.37.54 - - [30/Nov/2025:10:56:53 -0500] "GET /wp-admin/user-new.php HTTP/1.1" 302 0 "https://globaltvabuja.com/tag/mfb-from-withdrawal-limit/" "Mozilla/5.0 (compatible; Baiduspider-render/2.0; +http://www.baidu.com/search/spider.html)"
116.179.37.71 - - [30/Nov/2025:10:56:55 -0500] "GET /wp-login.php?redirect_to=https%3A%2F%2Fglobaltvabuja.com%2Fwp-admin%2Fuser-new.php&reauth=1 HTTP/1.1" 200 2098 "https://globaltvabuja.com/tag/mfb-from-withdrawal-limit/" "Mozilla/5.0 (compatible; Baiduspider-render/2.0; +http://www.baidu.com/search/spider.html)"
27.159.75.50 - - [30/Nov/2025:10:56:59 -0500] "GET / HTTP/1.1" 200 43570 "-" "Mozilla/5.0 (iPhone; CPU iPhone OS 14_6 like Mac OS X) AppleWebKit/605.1.15 (KHTML, like Gecko) Version/14.0.3 Mobile/15E148 Safari/604.1"
40.77.167.61 - - [30/Nov/2025:10:57:00 -0500] "GET /info363063924?kg=0360136114 HTTP/1.1" 200 24708 "-" "Mozilla/5.0 AppleWebKit/537.36 (KHTML, like Gecko; compatible; bingbot/2.0; +http://www.bing.com/bingbot.htm) Chrome/116.0.1938.76 Safari/537.36"
27.159.75.50 - - [30/Nov/2025:10:57:01 -0500] "GET /wp-content/uploads/2023/11/mobile-bg.jpg HTTP/1.1" 200 0 "https://globaltvabuja.com/" "Mozilla/5.0 (iPhone; CPU iPhone OS 14_6 like Mac OS X) AppleWebKit/605.1.15 (KHTML, like Gecko) Version/14.0.3 Mobile/15E148 Safari/604.1"
27.159.75.50 - - [30/Nov/2025:10:57:02 -0500] "GET /wp-content/uploads/2023/11/footer_bg.jpg HTTP/1.1" 200 0 "https://globaltvabuja.com/" "Mozilla/5.0 (iPhone; CPU iPhone OS 14_6 like Mac OS X) AppleWebKit/605.1.15 (KHTML, like Gecko) Version/14.0.3 Mobile/15E148 Safari/604.1"
52.167.144.220 - - [30/Nov/2025:10:57:08 -0500] "GET /info361842184?kg=0358924225 HTTP/1.1" 200 24286 "-" "Mozilla/5.0 AppleWebKit/537.36 (KHTML, like Gecko; compatible; bingbot/2.0; +http://www.bing.com/bingbot.htm) Chrome/116.0.1938.76 Safari/537.36"
207.46.13.18 - - [30/Nov/2025:10:57:18 -0500] "GET /info7395420?kg=0007335904 HTTP/1.1" 200 26695 "-" "Mozilla/5.0 AppleWebKit/537.36 (KHTML, like Gecko; compatible; bingbot/2.0; +http://www.bing.com/bingbot.htm) Chrome/116.0.1938.76 Safari/537.36"
3.83.76.234 - - [30/Nov/2025:10:57:22 -0500] "GET /ptad-introduces-mobile-i-am-alive-confirmation-solution/ HTTP/1.1" 200 209261 "-" "TerraCotta https://github.com/CeramicTeam/CeramicTerracotta"
40.77.167.61 - - [30/Nov/2025:10:57:46 -0500] "GET /info122259764?kg=0121273922 HTTP/1.1" 200 26383 "-" "Mozilla/5.0 AppleWebKit/537.36 (KHTML, like Gecko; compatible; bingbot/2.0; +http://www.bing.com/bingbot.htm) Chrome/116.0.1938.76 Safari/537.36"
114.119.130.178 - - [30/Nov/2025:10:57:47 -0500] "GET /info364162796?kg=0361226124 HTTP/1.1" 404 32497 "https://globaltvabuja.com/sitemap-subitems-942.xml" "Mozilla/5.0 (Linux; Android 7.0;) AppleWebKit/537.36 (KHTML, like Gecko) Mobile Safari/537.36 (compatible; PetalBot;+https://webmaster.petalsearch.com/site/petalbot)"
66.29.146.184 - - [30/Nov/2025:10:58:03 -0500] "POST /wp-cron.php?doing_wp_cron=1764518283.9260559082031250000000 HTTP/1.1" 200 0 "-" "WordPress/6.8.3; https://globaltvabuja.com"
54.39.210.207 - - [30/Nov/2025:10:58:03 -0500] "GET /info233179520?kg=0231299163 HTTP/1.1" 404 26360 "-" "Mozilla/5.0 (compatible; AhrefsBot/7.0; +http://ahrefs.com/robot/)"
52.167.144.220 - - [30/Nov/2025:10:58:07 -0500] "GET /info333141236?kg=0330454738 HTTP/1.1" 200 24511 "-" "Mozilla/5.0 AppleWebKit/537.36 (KHTML, like Gecko; compatible; bingbot/2.0; +http://www.bing.com/bingbot.htm) Chrome/116.0.1938.76 Safari/537.36"
202.76.189.106 - - [30/Nov/2025:10:58:26 -0500] "GET /info127684944?kg=0126655351 HTTP/1.1" 404 32468 "-" "Mozilla/5.0 (X11; Linux x86_64) Gecko Firefox/5.0"
66.249.64.232 - - [30/Nov/2025:10:58:53 -0500] "GET /?info7759420?kg=0007696968 HTTP/1.1" 200 25806 "-" "Mozilla/5.0 (Linux; Android 6.0.1; Nexus 5X Build/MMB29P) AppleWebKit/537.36 (KHTML, like Gecko) Chrome/141.0.7390.122 Mobile Safari/537.36 (compatible; Googlebot/2.1; +http://www.google.com/bot.html)"
66.29.146.184 - - [30/Nov/2025:10:59:11 -0500] "POST /wp-cron.php?doing_wp_cron=1764518351.5806670188903808593750 HTTP/1.1" 200 0 "-" "WordPress/6.8.3; https://globaltvabuja.com"
114.119.129.189 - - [30/Nov/2025:10:59:11 -0500] "GET /info364162664?kg=0361225993 HTTP/1.1" 404 32516 "https://globaltvabuja.com/sitemap-subitems-942.xml" "Mozilla/5.0 (Linux; Android 7.0;) AppleWebKit/537.36 (KHTML, like Gecko) Mobile Safari/537.36 (compatible; PetalBot;+https://webmaster.petalsearch.com/site/petalbot)"
27.159.75.50 - - [30/Nov/2025:10:59:15 -0500] "GET / HTTP/1.1" 200 43544 "-" "Mozilla/5.0 (iPhone; CPU iPhone OS 14_6 like Mac OS X) AppleWebKit/605.1.15 (KHTML, like Gecko) Version/14.0.3 Mobile/15E148 Safari/604.1"
27.159.75.50 - - [30/Nov/2025:10:59:17 -0500] "GET /wp-content/uploads/2023/11/mobile-bg.jpg HTTP/1.1" 200 0 "https://globaltvabuja.com/" "Mozilla/5.0 (iPhone; CPU iPhone OS 14_6 like Mac OS X) AppleWebKit/605.1.15 (KHTML, like Gecko) Version/14.0.3 Mobile/15E148 Safari/604.1"
27.159.75.50 - - [30/Nov/2025:10:59:17 -0500] "GET /wp-content/uploads/2023/11/footer_bg.jpg HTTP/1.1" 200 0 "https://globaltvabuja.com/" "Mozilla/5.0 (iPhone; CPU iPhone OS 14_6 like Mac OS X) AppleWebKit/605.1.15 (KHTML, like Gecko) Version/14.0.3 Mobile/15E148 Safari/604.1"
51.161.65.208 - - [30/Nov/2025:10:59:19 -0500] "GET /info226650436?kg=0224822734 HTTP/1.1" 404 26402 "-" "Mozilla/5.0 (compatible; AhrefsBot/7.0; +http://ahrefs.com/robot/)"
102.89.85.138 - - [30/Nov/2025:10:59:21 -0500] "GET /wp-json/wp/v2/categories?per_page=100&parent=0&orderby=count&order=desc HTTP/1.1" 200 116604 "-" "Dart/3.5 (dart:io)"
102.89.85.138 - - [30/Nov/2025:10:59:21 -0500] "GET /wp-json/wp/v2/posts?_embed=wp:featuredmedia,wp:term&page=1&per_page=10 HTTP/1.1" 200 299480 "-" "Dart/3.5 (dart:io)"
102.89.85.138 - - [30/Nov/2025:10:59:21 -0500] "GET /wp-json/wp/v2/posts?_embed=wp:featuredmedia,wp:term&per_page=10 HTTP/1.1" 200 299480 "-" "Dart/3.5 (dart:io)"
102.89.85.138 - - [30/Nov/2025:10:59:29 -0500] "GET /wp-json/wp/v2/posts?categories=-1&per_page=15&_embed=true HTTP/1.1" 200 1840628 "-" "Dart/3.5 (dart:io)"
102.89.85.138 - - [30/Nov/2025:10:59:36 -0500] "GET /wp-content/uploads/2025/11/WhatsApp-Image-2025-11-25-at-4.17.31-AM.jpeg HTTP/1.1" 200 291908 "-" "Dart/3.5 (dart:io)"
102.89.85.138 - - [30/Nov/2025:10:59:36 -0500] "GET /wp-content/uploads/2025/11/WhatsApp-Image-2025-11-25-at-4.11.24-AM.jpeg HTTP/1.1" 200 147626 "-" "Dart/3.5 (dart:io)"
102.89.85.138 - - [30/Nov/2025:10:59:36 -0500] "GET /wp-content/uploads/2025/11/IMG-20251125-WA0001.jpg HTTP/1.1" 200 92101 "-" "Dart/3.5 (dart:io)"
102.89.85.138 - - [30/Nov/2025:10:59:36 -0500] "GET /wp-content/uploads/2025/11/IMG-20251114-WA0004-1.jpg HTTP/1.1" 200 122462 "-" "Dart/3.5 (dart:io)"
102.89.85.138 - - [30/Nov/2025:10:59:36 -0500] "GET /wp-content/uploads/2025/11/WhatsApp-Image-2025-11-24-at-4.25.58-AM.jpeg HTTP/1.1" 200 144988 "-" "Dart/3.5 (dart:io)"
102.89.85.138 - - [30/Nov/2025:10:59:36 -0500] "GET /wp-content/uploads/2025/11/WhatsApp-Image-2025-11-20-at-8.42.43-AM.jpeg HTTP/1.1" 200 54233 "-" "Dart/3.5 (dart:io)"
102.89.85.138 - - [30/Nov/2025:10:59:36 -0500] "GET /wp-content/uploads/2025/11/WhatsApp-Image-2025-11-18-at-5.28.09-AM.jpeg HTTP/1.1" 200 47168 "-" "Dart/3.5 (dart:io)"
102.89.85.138 - - [30/Nov/2025:10:59:39 -0500] "GET /wp-content/uploads/2025/11/IMG-20251119-WA0011-1.jpg HTTP/1.1" 200 218308 "-" "Dart/3.5 (dart:io)"
27.159.75.50 - - [30/Nov/2025:10:59:44 -0500] "GET / HTTP/1.1" 200 43544 "-" "Mozilla/5.0 (iPhone; CPU iPhone OS 14_6 like Mac OS X) AppleWebKit/605.1.15 (KHTML, like Gecko) Version/14.0.3 Mobile/15E148 Safari/604.1"
27.159.75.50 - - [30/Nov/2025:10:59:44 -0500] "GET / HTTP/1.1" 200 43553 "https://globaltvabuja.com/" "Mozilla/5.0 (iPhone; CPU iPhone OS 14_6 like Mac OS X) AppleWebKit/605.1.15 (KHTML, like Gecko) Version/14.0.3 Mobile/15E148 Safari/604.1"
27.159.75.50 - - [30/Nov/2025:10:59:46 -0500] "GET /wp-content/uploads/2023/11/mobile-bg.jpg HTTP/1.1" 200 0 "https://globaltvabuja.com/" "Mozilla/5.0 (iPhone; CPU iPhone OS 14_6 like Mac OS X) AppleWebKit/605.1.15 (KHTML, like Gecko) Version/14.0.3 Mobile/15E148 Safari/604.1"
27.159.75.50 - - [30/Nov/2025:10:59:46 -0500] "GET /wp-content/uploads/2023/11/footer_bg.jpg HTTP/1.1" 200 0 "https://globaltvabuja.com/" "Mozilla/5.0 (iPhone; CPU iPhone OS 14_6 like Mac OS X) AppleWebKit/605.1.15 (KHTML, like Gecko) Version/14.0.3 Mobile/15E148 Safari/604.1"
27.159.75.50 - - [30/Nov/2025:10:59:46 -0500] "GET /wp-content/uploads/2023/11/mobile-bg.jpg HTTP/1.1" 200 0 "https://globaltvabuja.com/" "Mozilla/5.0 (iPhone; CPU iPhone OS 14_6 like Mac OS X) AppleWebKit/605.1.15 (KHTML, like Gecko) Version/14.0.3 Mobile/15E148 Safari/604.1"
27.159.75.50 - - [30/Nov/2025:10:59:46 -0500] "GET /wp-content/uploads/2023/11/footer_bg.jpg HTTP/1.1" 200 0 "https://globaltvabuja.com/" "Mozilla/5.0 (iPhone; CPU iPhone OS 14_6 like Mac OS X) AppleWebKit/605.1.15 (KHTML, like Gecko) Version/14.0.3 Mobile/15E148 Safari/604.1"
40.77.167.61 - - [30/Nov/2025:10:59:49 -0500] "GET /info254184520?kg=0252134769 HTTP/1.1" 200 24607 "-" "Mozilla/5.0 AppleWebKit/537.36 (KHTML, like Gecko; compatible; bingbot/2.0; +http://www.bing.com/bingbot.htm) Chrome/116.0.1938.76 Safari/537.36"
157.55.39.16 - - [30/Nov/2025:11:00:05 -0500] "GET /info289507260?kg=0287172648 HTTP/1.1" 200 24711 "-" "Mozilla/5.0 AppleWebKit/537.36 (KHTML, like Gecko; compatible; bingbot/2.0; +http://www.bing.com/bingbot.htm) Chrome/116.0.1938.76 Safari/537.36"
157.55.39.16 - - [30/Nov/2025:11:00:15 -0500] "GET /info216183776?kg=0214440483 HTTP/1.1" 200 24521 "-" "Mozilla/5.0 AppleWebKit/537.36 (KHTML, like Gecko; compatible; bingbot/2.0; +http://www.bing.com/bingbot.htm) Chrome/116.0.1938.76 Safari/537.36"
66.249.64.231 - - [30/Nov/2025:11:00:15 -0500] "GET /info349801152?kg=0346980299 HTTP/1.1" 200 24492 "-" "Mozilla/5.0 (Linux; Android 6.0.1; Nexus 5X Build/MMB29P) AppleWebKit/537.36 (KHTML, like Gecko) Chrome/141.0.7390.122 Mobile Safari/537.36 (compatible; Googlebot/2.1; +http://www.google.com/bot.html)"
66.29.146.184 - - [30/Nov/2025:11:00:17 -0500] "POST /wp-cron.php?doing_wp_cron=1764518417.7644701004028320312500 HTTP/1.1" 200 0 "-" "WordPress/6.8.3; https://globaltvabuja.com"
202.76.189.174 - - [30/Nov/2025:11:00:16 -0500] "GET /info156956748?kg=0155691092 HTTP/1.1" 404 32483 "-" "Mozilla/5.0 (Macintosh; U; PPC Mac OS X; nl-nl) AppleWebKit/417.9 (KHTML, like Gecko) Safari/417.8"
157.55.39.16 - - [30/Nov/2025:11:00:19 -0500] "GET /info61032600?kg=0060540525 HTTP/1.1" 200 26522 "-" "Mozilla/5.0 AppleWebKit/537.36 (KHTML, like Gecko; compatible; bingbot/2.0; +http://www.bing.com/bingbot.htm) Chrome/116.0.1938.76 Safari/537.36"
15.235.98.16 - - [30/Nov/2025:11:00:22 -0500] "GET /info223906164?kg=0222100594 HTTP/1.1" 404 26363 "-" "Mozilla/5.0 (compatible; AhrefsBot/7.0; +http://ahrefs.com/robot/)"
40.77.167.61 - - [30/Nov/2025:11:00:25 -0500] "GET /info226799108?kg=0224970206 HTTP/1.1" 200 24632 "-" "Mozilla/5.0 AppleWebKit/537.36 (KHTML, like Gecko; compatible; bingbot/2.0; +http://www.bing.com/bingbot.htm) Chrome/116.0.1938.76 Safari/537.36"
66.249.64.231 - - [30/Nov/2025:11:00:27 -0500] "GET /?info1724752?kg=0001710967 HTTP/1.1" 200 26587 "-" "Mozilla/5.0 (Linux; Android 6.0.1; Nexus 5X Build/MMB29P) AppleWebKit/537.36 (KHTML, like Gecko) Chrome/141.0.7390.122 Mobile Safari/537.36 (compatible; Googlebot/2.1; +http://www.google.com/bot.html)"
66.249.64.230 - - [30/Nov/2025:11:00:28 -0500] "GET /?info354290544?kg=0351433487 HTTP/1.1" 200 24482 "-" "Mozilla/5.0 (Linux; Android 6.0.1; Nexus 5X Build/MMB29P) AppleWebKit/537.36 (KHTML, like Gecko) Chrome/141.0.7390.122 Mobile Safari/537.36 (compatible; Googlebot/2.1; +http://www.google.com/bot.html)"
66.249.64.230 - - [30/Nov/2025:11:00:29 -0500] "GET /?info17499804?kg=0017358800 HTTP/1.1" 200 26315 "-" "Mozilla/5.0 (Linux; Android 6.0.1; Nexus 5X Build/MMB29P) AppleWebKit/537.36 (KHTML, like Gecko) Chrome/141.0.7390.122 Mobile Safari/537.36 (compatible; Googlebot/2.1; +http://www.google.com/bot.html)"
66.249.64.231 - - [30/Nov/2025:11:00:30 -0500] "GET /info894912?kg=0000887819 HTTP/1.1" 200 26542 "-" "Mozilla/5.0 (Linux; Android 6.0.1; Nexus 5X Build/MMB29P) AppleWebKit/537.36 (KHTML, like Gecko) Chrome/141.0.7390.122 Mobile Safari/537.36 (compatible; Googlebot/2.1; +http://www.google.com/bot.html)"
114.119.129.189 - - [30/Nov/2025:11:00:34 -0500] "GET /info364162532?kg=0361225862 HTTP/1.1" 404 32482 "https://globaltvabuja.com/sitemap-subitems-942.xml" "Mozilla/5.0 (Linux; Android 7.0;) AppleWebKit/537.36 (KHTML, like Gecko) Mobile Safari/537.36 (compatible; PetalBot;+https://webmaster.petalsearch.com/site/petalbot)"
66.249.64.230 - - [30/Nov/2025:11:00:40 -0500] "GET /info16983964?kg=0016847120 HTTP/1.1" 200 26528 "-" "Mozilla/5.0 (Linux; Android 6.0.1; Nexus 5X Build/MMB29P) AppleWebKit/537.36 (KHTML, like Gecko) Chrome/141.0.7390.122 Mobile Safari/537.36 (compatible; Googlebot/2.1; +http://www.google.com/bot.html)"
40.77.167.61 - - [30/Nov/2025:11:00:44 -0500] "GET /info235853680?kg=0233951759 HTTP/1.1" 200 24587 "-" "Mozilla/5.0 AppleWebKit/537.36 (KHTML, like Gecko; compatible; bingbot/2.0; +http://www.bing.com/bingbot.htm) Chrome/116.0.1938.76 Safari/537.36"
52.167.144.220 - - [30/Nov/2025:11:00:49 -0500] "GET /info294602568?kg=0292226865 HTTP/1.1" 200 24686 "-" "Mozilla/5.0 AppleWebKit/537.36 (KHTML, like Gecko; compatible; bingbot/2.0; +http://www.bing.com/bingbot.htm) Chrome/116.0.1938.76 Safari/537.36"
157.55.39.16 - - [30/Nov/2025:11:01:15 -0500] "GET /?info371235100?kg=0368241392 HTTP/1.1" 200 24720 "-" "Mozilla/5.0 AppleWebKit/537.36 (KHTML, like Gecko; compatible; bingbot/2.0; +http://www.bing.com/bingbot.htm) Chrome/116.0.1938.76 Safari/537.36"
185.191.171.5 - - [30/Nov/2025:11:01:18 -0500] "GET /robots.txt HTTP/1.1" 200 82 "-" "Mozilla/5.0 (compatible; SemrushBot/7~bl; +http://www.semrush.com/bot.html)"
66.29.146.184 - - [30/Nov/2025:11:01:20 -0500] "POST /wp-cron.php?doing_wp_cron=1764518480.6768960952758789062500 HTTP/1.1" 200 0 "-" "WordPress/6.8.3; https://globaltvabuja.com"
185.191.171.14 - - [30/Nov/2025:11:01:20 -0500] "GET /forex-trade-cbn-release-guide-lines-to-curb-banks-forex-speculation/ HTTP/1.1" 200 41198 "-" "Mozilla/5.0 (compatible; SemrushBot/7~bl; +http://www.semrush.com/bot.html)"
148.113.128.195 - - [30/Nov/2025:11:01:35 -0500] "GET /info223862788?kg=0222057566 HTTP/1.1" 404 26373 "-" "Mozilla/5.0 (compatible; AhrefsBot/7.0; +http://ahrefs.com/robot/)"
40.77.167.61 - - [30/Nov/2025:11:01:36 -0500] "GET /info360409200?kg=0357502799 HTTP/1.1" 200 24582 "-" "Mozilla/5.0 AppleWebKit/537.36 (KHTML, like Gecko; compatible; bingbot/2.0; +http://www.bing.com/bingbot.htm) Chrome/116.0.1938.76 Safari/537.36"
157.55.39.16 - - [30/Nov/2025:11:01:46 -0500] "GET /info24227016?kg=0024031761 HTTP/1.1" 200 26376 "-" "Mozilla/5.0 AppleWebKit/537.36 (KHTML, like Gecko; compatible; bingbot/2.0; +http://www.bing.com/bingbot.htm) Chrome/116.0.1938.76 Safari/537.36"
66.29.146.184 - - [30/Nov/2025:11:01:58 -0500] "POST /wp-cron.php?doing_wp_cron=1764518518.3282489776611328125000 HTTP/1.1" 200 0 "-" "WordPress/6.8.3; https://globaltvabuja.com"
114.119.129.189 - - [30/Nov/2025:11:01:57 -0500] "GET /info364162400?kg=0361225731 HTTP/1.1" 404 32482 "https://globaltvabuja.com/sitemap-subitems-942.xml" "Mozilla/5.0 (Linux; Android 7.0;) AppleWebKit/537.36 (KHTML, like Gecko) Mobile Safari/537.36 (compatible; PetalBot;+https://webmaster.petalsearch.com/site/petalbot)"
52.167.144.220 - - [30/Nov/2025:11:02:37 -0500] "GET /info80953940?kg=0080301210 HTTP/1.1" 200 26822 "-" "Mozilla/5.0 AppleWebKit/537.36 (KHTML, like Gecko; compatible; bingbot/2.0; +http://www.bing.com/bingbot.htm) Chrome/116.0.1938.76 Safari/537.36"
54.166.104.83 - - [30/Nov/2025:11:02:44 -0500] "GET /cbn-refutes-plans-to-convert-domiciliary-account-holdings-into-naira/ HTTP/1.1" 200 41863 "-" "Mozilla/5.0 AppleWebKit/537.36 (KHTML, like Gecko; compatible; Amazonbot/0.1; +https://developer.amazon.com/support/amazonbot) Chrome/119.0.6045.214 Safari/537.36"
142.44.225.87 - - [30/Nov/2025:11:02:45 -0500] "GET /info223848896?kg=0222043787 HTTP/1.1" 404 26359 "-" "Mozilla/5.0 (compatible; AhrefsBot/7.0; +http://ahrefs.com/robot/)"
40.77.167.61 - - [30/Nov/2025:11:02:57 -0500] "GET /info108083024?kg=0107211511 HTTP/1.1" 200 26651 "-" "Mozilla/5.0 AppleWebKit/537.36 (KHTML, like Gecko; compatible; bingbot/2.0; +http://www.bing.com/bingbot.htm) Chrome/116.0.1938.76 Safari/537.36"
52.167.144.220 - - [30/Nov/2025:11:03:05 -0500] "GET /info131523452?kg=0130462904 HTTP/1.1" 200 24778 "-" "Mozilla/5.0 AppleWebKit/537.36 (KHTML, like Gecko; compatible; bingbot/2.0; +http://www.bing.com/bingbot.htm) Chrome/116.0.1938.76 Safari/537.36"
66.249.64.231 - - [30/Nov/2025:11:03:09 -0500] "GET /?info7624376?kg=0007563013 HTTP/1.1" 200 26548 "-" "Mozilla/5.0 (Linux; Android 6.0.1; Nexus 5X Build/MMB29P) AppleWebKit/537.36 (KHTML, like Gecko) Chrome/141.0.7390.122 Mobile Safari/537.36 (compatible; Googlebot/2.1; +http://www.google.com/bot.html)"
157.55.39.16 - - [30/Nov/2025:11:03:09 -0500] "GET /info188304476?kg=0186786016 HTTP/1.1" 200 24397 "-" "Mozilla/5.0 AppleWebKit/537.36 (KHTML, like Gecko; compatible; bingbot/2.0; +http://www.bing.com/bingbot.htm) Chrome/116.0.1938.76 Safari/537.36"
66.29.146.184 - - [30/Nov/2025:11:03:17 -0500] "POST /wp-cron.php?doing_wp_cron=1764518597.3010420799255371093750 HTTP/1.1" 200 0 "-" "WordPress/6.8.3; https://globaltvabuja.com"
202.76.170.218 - - [30/Nov/2025:11:03:16 -0500] "GET /info135875424?kg=0134779779 HTTP/1.1" 404 32456 "-" "Mozilla/5.0 (Windows; U; Windows NT 5.2; en-US) AppleWebKit/534.17 (KHTML, like Gecko) Chrome/11.0.652.0 Safari/534.17"
40.77.167.61 - - [30/Nov/2025:11:03:18 -0500] "GET /info324312568?kg=0321697269 HTTP/1.1" 200 24773 "-" "Mozilla/5.0 AppleWebKit/537.36 (KHTML, like Gecko; compatible; bingbot/2.0; +http://www.bing.com/bingbot.htm) Chrome/116.0.1938.76 Safari/537.36"
114.119.139.202 - - [30/Nov/2025:11:03:22 -0500] "GET /info364162268?kg=0361225600 HTTP/1.1" 404 32490 "https://globaltvabuja.com/sitemap-subitems-942.xml" "Mozilla/5.0 (Linux; Android 7.0;) AppleWebKit/537.36 (KHTML, like Gecko) Mobile Safari/537.36 (compatible; PetalBot;+https://webmaster.petalsearch.com/site/petalbot)"
66.249.64.230 - - [30/Nov/2025:11:03:25 -0500] "GET /info263404568?kg=0261280461 HTTP/1.1" 200 24435 "-" "Mozilla/5.0 (Linux; Android 6.0.1; Nexus 5X Build/MMB29P) AppleWebKit/537.36 (KHTML, like Gecko) Chrome/141.0.7390.122 Mobile Safari/537.36 (compatible; Googlebot/2.1; +http://www.google.com/bot.html)"
66.249.64.230 - - [30/Nov/2025:11:03:37 -0500] "GET /info6729324?kg=0006675180 HTTP/1.1" 200 26386 "-" "Mozilla/5.0 (Linux; Android 6.0.1; Nexus 5X Build/MMB29P) AppleWebKit/537.36 (KHTML, like Gecko) Chrome/141.0.7390.122 Mobile Safari/537.36 (compatible; Googlebot/2.1; +http://www.google.com/bot.html)"
66.249.64.230 - - [30/Nov/2025:11:03:43 -0500] "GET /info9473728?kg=0009397451 HTTP/1.1" 200 26133 "-" "Mozilla/5.0 (Linux; Android 6.0.1; Nexus 5X Build/MMB29P) AppleWebKit/537.36 (KHTML, like Gecko) Chrome/141.0.7390.122 Mobile Safari/537.36 (compatible; Googlebot/2.1; +http://www.google.com/bot.html)"
66.29.146.184 - - [30/Nov/2025:11:03:51 -0500] "POST /wp-cron.php?doing_wp_cron=1764518631.8196880817413330078125 HTTP/1.1" 200 0 "-" "WordPress/6.8.3; https://globaltvabuja.com"
3.83.76.234 - - [30/Nov/2025:11:03:51 -0500] "GET /tag/president-tinubu-approves-return-of-nema/ HTTP/1.1" 200 167771 "-" "TerraCotta https://github.com/CeramicTeam/CeramicTerracotta"
15.235.96.116 - - [30/Nov/2025:11:03:52 -0500] "GET /info223829848?kg=0222024893 HTTP/1.1" 404 26385 "-" "Mozilla/5.0 (compatible; AhrefsBot/7.0; +http://ahrefs.com/robot/)"
157.55.39.16 - - [30/Nov/2025:11:03:59 -0500] "GET /info297085744?kg=0294690015 HTTP/1.1" 200 24577 "-" "Mozilla/5.0 AppleWebKit/537.36 (KHTML, like Gecko; compatible; bingbot/2.0; +http://www.bing.com/bingbot.htm) Chrome/116.0.1938.76 Safari/537.36"
66.249.64.232 - - [30/Nov/2025:11:04:16 -0500] "GET /info263453768?kg=0261329265 HTTP/1.1" 200 24666 "-" "Mozilla/5.0 (Linux; Android 6.0.1; Nexus 5X Build/MMB29P) AppleWebKit/537.36 (KHTML, like Gecko) Chrome/141.0.7390.122 Mobile Safari/537.36 (compatible; Googlebot/2.1; +http://www.google.com/bot.html)"
52.167.144.220 - - [30/Nov/2025:11:04:18 -0500] "GET /info235182428?kg=0233285920 HTTP/1.1" 200 24997 "-" "Mozilla/5.0 AppleWebKit/537.36 (KHTML, like Gecko; compatible; bingbot/2.0; +http://www.bing.com/bingbot.htm) Chrome/116.0.1938.76 Safari/537.36"
40.77.167.61 - - [30/Nov/2025:11:04:35 -0500] "GET /?info332909508?kg=0330224878 HTTP/1.1" 200 24836 "-" "Mozilla/5.0 AppleWebKit/537.36 (KHTML, like Gecko; compatible; bingbot/2.0; +http://www.bing.com/bingbot.htm) Chrome/116.0.1938.76 Safari/537.36"
40.77.167.61 - - [30/Nov/2025:11:04:43 -0500] "GET /info131441980?kg=0130382088 HTTP/1.1" 200 24701 "-" "Mozilla/5.0 AppleWebKit/537.36 (KHTML, like Gecko; compatible; bingbot/2.0; +http://www.bing.com/bingbot.htm) Chrome/116.0.1938.76 Safari/537.36"
114.119.129.189 - - [30/Nov/2025:11:04:47 -0500] "GET /info364162136?kg=0361225469 HTTP/1.1" 404 32472 "https://globaltvabuja.com/sitemap-subitems-942.xml" "Mozilla/5.0 (Linux; Android 7.0;) AppleWebKit/537.36 (KHTML, like Gecko) Mobile Safari/537.36 (compatible; PetalBot;+https://webmaster.petalsearch.com/site/petalbot)"
66.29.146.184 - - [30/Nov/2025:11:04:55 -0500] "POST /wp-cron.php?doing_wp_cron=1764518695.2565469741821289062500 HTTP/1.1" 200 0 "-" "WordPress/6.8.3; https://globaltvabuja.com"
101.44.161.135 - - [30/Nov/2025:11:04:54 -0500] "GET /naicom-icrc-partners-to-implement-insurance-for-asset-under-public-private-partnership-arrangements/ HTTP/1.1" 200 33818 "https://globaltvabuja.com/naicom-icrc-partners-to-implement-insurance-for-asset-under-public-private-partnership-arrangements/" "Mozilla/5.0 (Windows NT 10.0; Win64; x64) AppleWebKit/537.36 (KHTML, like Gecko) Chrome/116.0.0.0 Safari/537.36"
40.77.167.61 - - [30/Nov/2025:11:05:07 -0500] "GET /info307722896?kg=0305241383 HTTP/1.1" 200 24356 "-" "Mozilla/5.0 AppleWebKit/537.36 (KHTML, like Gecko; compatible; bingbot/2.0; +http://www.bing.com/bingbot.htm) Chrome/116.0.1938.76 Safari/537.36"
157.55.39.16 - - [30/Nov/2025:11:05:11 -0500] "GET /info129467104?kg=0128423139 HTTP/1.1" 200 24742 "-" "Mozilla/5.0 AppleWebKit/537.36 (KHTML, like Gecko; compatible; bingbot/2.0; +http://www.bing.com/bingbot.htm) Chrome/116.0.1938.76 Safari/537.36"
51.161.65.1 - - [30/Nov/2025:11:05:16 -0500] "GET /info223820196?kg=0222015318 HTTP/1.1" 404 26366 "-" "Mozilla/5.0 (compatible; AhrefsBot/7.0; +http://ahrefs.com/robot/)"
66.249.64.232 - - [30/Nov/2025:11:05:27 -0500] "GET /info352696340?kg=0349852138 HTTP/1.1" 200 24293 "-" "Mozilla/5.0 (Linux; Android 6.0.1; Nexus 5X Build/MMB29P) AppleWebKit/537.36 (KHTML, like Gecko) Chrome/141.0.7390.122 Mobile Safari/537.36 (compatible; Googlebot/2.1; +http://www.google.com/bot.html)"
52.167.144.156 - - [30/Nov/2025:11:05:27 -0500] "GET /info324464020?kg=0321847498 HTTP/1.1" 200 24371 "-" "Mozilla/5.0 AppleWebKit/537.36 (KHTML, like Gecko; compatible; bingbot/2.0; +http://www.bing.com/bingbot.htm) Chrome/116.0.1938.76 Safari/537.36"
66.29.146.184 - - [30/Nov/2025:11:06:13 -0500] "POST /wp-cron.php?doing_wp_cron=1764518773.4866518974304199218750 HTTP/1.1" 200 0 "-" "WordPress/6.8.3; https://globaltvabuja.com"
114.119.139.202 - - [30/Nov/2025:11:06:13 -0500] "GET /info364162004?kg=0361225338 HTTP/1.1" 404 32505 "https://globaltvabuja.com/sitemap-subitems-942.xml" "Mozilla/5.0 (Linux; Android 7.0;) AppleWebKit/537.36 (KHTML, like Gecko) Mobile Safari/537.36 (compatible; PetalBot;+https://webmaster.petalsearch.com/site/petalbot)"
202.76.188.54 - - [30/Nov/2025:11:06:16 -0500] "GET /info135895792?kg=0134799983 HTTP/1.1" 404 32489 "-" "Mozilla/5.0 (Windows; U; Windows NT 6.1; en-GB; rv:1.9.2.3) Gecko/20100401 Firefox/3.6;MEGAUPLOAD 1.0"
52.167.144.156 - - [30/Nov/2025:11:06:17 -0500] "GET /info325411308?kg=0322787148 HTTP/1.1" 200 24374 "-" "Mozilla/5.0 AppleWebKit/537.36 (KHTML, like Gecko; compatible; bingbot/2.0; +http://www.bing.com/bingbot.htm) Chrome/116.0.1938.76 Safari/537.36"
220.181.108.159 - - [30/Nov/2025:11:06:23 -0500] "GET /ptad-commences-nok-and-gratuity-expanded-project/ HTTP/1.1" 200 41593 "-" "Mozilla/5.0 (compatible; Baiduspider/2.0; +http://www.baidu.com/search/spider.html)"
52.167.144.156 - - [30/Nov/2025:11:06:27 -0500] "GET /info226054444?kg=0224231548 HTTP/1.1" 200 24445 "-" "Mozilla/5.0 AppleWebKit/537.36 (KHTML, like Gecko; compatible; bingbot/2.0; +http://www.bing.com/bingbot.htm) Chrome/116.0.1938.76 Safari/537.36"
116.179.37.166 - - [30/Nov/2025:11:06:29 -0500] "GET /wp-admin/user-new.php HTTP/1.1" 302 0 "https://globaltvabuja.com/ptad-commences-nok-and-gratuity-expanded-project/" "Mozilla/5.0 (compatible; Baiduspider-render/2.0; +http://www.baidu.com/search/spider.html)"
116.179.37.69 - - [30/Nov/2025:11:06:30 -0500] "GET /wp-login.php?redirect_to=https%3A%2F%2Fglobaltvabuja.com%2Fwp-admin%2Fuser-new.php&reauth=1 HTTP/1.1" 200 2098 "https://globaltvabuja.com/ptad-commences-nok-and-gratuity-expanded-project/" "Mozilla/5.0 (compatible; Baiduspider-render/2.0; +http://www.baidu.com/search/spider.html)"
116.179.37.39 - - [30/Nov/2025:11:06:32 -0500] "GET /wp-admin/user-new.php HTTP/1.1" 302 0 "https://globaltvabuja.com/ptad-commences-nok-and-gratuity-expanded-project/" "Mozilla/5.0 (compatible; Baiduspider-render/2.0; +http://www.baidu.com/search/spider.html)"
116.179.37.55 - - [30/Nov/2025:11:06:33 -0500] "GET /wp-login.php?redirect_to=https%3A%2F%2Fglobaltvabuja.com%2Fwp-admin%2Fuser-new.php&reauth=1 HTTP/1.1" 200 2098 "https://globaltvabuja.com/ptad-commences-nok-and-gratuity-expanded-project/" "Mozilla/5.0 (compatible; Baiduspider-render/2.0; +http://www.baidu.com/search/spider.html)"
54.39.136.56 - - [30/Nov/2025:11:06:33 -0500] "GET /info223811864?kg=0222007053 HTTP/1.1" 404 26372 "-" "Mozilla/5.0 (compatible; AhrefsBot/7.0; +http://ahrefs.com/robot/)"
116.179.37.87 - - [30/Nov/2025:11:06:36 -0500] "POST /wp-json/td-cloud-library/ajax_autoload?uid=09be3d22-6047-8ce2-a08e-1e82f4e534e3 HTTP/1.1" 200 1314 "https://globaltvabuja.com/ptad-commences-nok-and-gratuity-expanded-project/" "Mozilla/5.0 (compatible; Baiduspider-render/2.0; +http://www.baidu.com/search/spider.html)"
116.179.37.201 - - [30/Nov/2025:11:06:38 -0500] "GET /alleged-misconduct-ncs-to-investigate-officer-in-viral-video/?tdb_action=tdb_ajax HTTP/1.1" 200 24407 "https://globaltvabuja.com/ptad-commences-nok-and-gratuity-expanded-project/" "Mozilla/5.0 (compatible; Baiduspider-render/2.0; +http://www.baidu.com/search/spider.html)"
52.167.144.194 - - [30/Nov/2025:11:07:26 -0500] "GET /info276422784?kg=0274193691 HTTP/1.1" 200 24338 "-" "Mozilla/5.0 AppleWebKit/537.36 (KHTML, like Gecko; compatible; bingbot/2.0; +http://www.bing.com/bingbot.htm) Chrome/116.0.1938.76 Safari/537.36"
66.249.64.231 - - [30/Nov/2025:11:07:30 -0500] "GET /info8451568?kg=0008383535 HTTP/1.1" 200 26755 "-" "Mozilla/5.0 (Linux; Android 6.0.1; Nexus 5X Build/MMB29P) AppleWebKit/537.36 (KHTML, like Gecko) Chrome/141.0.7390.122 Mobile Safari/537.36 (compatible; Googlebot/2.1; +http://www.google.com/bot.html)"
66.29.146.184 - - [30/Nov/2025:11:07:34 -0500] "POST /wp-cron.php?doing_wp_cron=1764518853.9949879646301269531250 HTTP/1.1" 200 0 "-" "WordPress/6.8.3; https://globaltvabuja.com"
114.119.151.50 - - [30/Nov/2025:11:07:33 -0500] "GET /info364161872?kg=0361225207 HTTP/1.1" 404 32465 "https://globaltvabuja.com/sitemap-subitems-942.xml" "Mozilla/5.0 (Linux; Android 7.0;) AppleWebKit/537.36 (KHTML, like Gecko) Mobile Safari/537.36 (compatible; PetalBot;+https://webmaster.petalsearch.com/site/petalbot)"
185.191.171.15 - - [30/Nov/2025:11:07:42 -0500] "GET /boi-unveils-sustainable-finance-framework-for-inclusive-growth/ HTTP/1.1" 200 41115 "-" "Mozilla/5.0 (compatible; SemrushBot/7~bl; +http://www.semrush.com/bot.html)"
148.113.130.61 - - [30/Nov/2025:11:07:44 -0500] "GET /info220756900?kg=0218976726 HTTP/1.1" 404 26357 "-" "Mozilla/5.0 (compatible; AhrefsBot/7.0; +http://ahrefs.com/robot/)"
157.55.39.16 - - [30/Nov/2025:11:07:50 -0500] "GET /info266956324?kg=0264803574 HTTP/1.1" 200 24567 "-" "Mozilla/5.0 AppleWebKit/537.36 (KHTML, like Gecko; compatible; bingbot/2.0; +http://www.bing.com/bingbot.htm) Chrome/116.0.1938.76 Safari/537.36"
52.167.144.194 - - [30/Nov/2025:11:08:05 -0500] "GET /info38469620?kg=0038159506 HTTP/1.1" 200 26585 "-" "Mozilla/5.0 AppleWebKit/537.36 (KHTML, like Gecko; compatible; bingbot/2.0; +http://www.bing.com/bingbot.htm) Chrome/116.0.1938.76 Safari/537.36"
52.167.144.156 - - [30/Nov/2025:11:08:45 -0500] "GET /info266960028?kg=0264807248 HTTP/1.1" 200 24702 "-" "Mozilla/5.0 AppleWebKit/537.36 (KHTML, like Gecko; compatible; bingbot/2.0; +http://www.bing.com/bingbot.htm) Chrome/116.0.1938.76 Safari/537.36"
52.167.144.194 - - [30/Nov/2025:11:08:50 -0500] "GET /info44296104?kg=0043939001 HTTP/1.1" 200 26501 "-" "Mozilla/5.0 AppleWebKit/537.36 (KHTML, like Gecko; compatible; bingbot/2.0; +http://www.bing.com/bingbot.htm) Chrome/116.0.1938.76 Safari/537.36"
157.55.39.16 - - [30/Nov/2025:11:08:55 -0500] "GET /info266955532?kg=0264802788 HTTP/1.1" 200 24496 "-" "Mozilla/5.0 AppleWebKit/537.36 (KHTML, like Gecko; compatible; bingbot/2.0; +http://www.bing.com/bingbot.htm) Chrome/116.0.1938.76 Safari/537.36"
66.29.146.184 - - [30/Nov/2025:11:08:58 -0500] "POST /wp-cron.php?doing_wp_cron=1764518938.6512188911437988281250 HTTP/1.1" 200 0 "-" "WordPress/6.8.3; https://globaltvabuja.com"
114.119.152.134 - - [30/Nov/2025:11:08:58 -0500] "GET /info364161740?kg=0361225076 HTTP/1.1" 404 32477 "https://globaltvabuja.com/sitemap-subitems-942.xml" "Mozilla/5.0 (Linux; Android 7.0;) AppleWebKit/537.36 (KHTML, like Gecko) Mobile Safari/537.36 (compatible; PetalBot;+https://webmaster.petalsearch.com/site/petalbot)"
52.167.144.156 - - [30/Nov/2025:11:08:59 -0500] "GET /info266900904?kg=0264748601 HTTP/1.1" 200 24193 "-" "Mozilla/5.0 AppleWebKit/537.36 (KHTML, like Gecko; compatible; bingbot/2.0; +http://www.bing.com/bingbot.htm) Chrome/116.0.1938.76 Safari/537.36"
51.161.37.49 - - [30/Nov/2025:11:09:04 -0500] "GET /info220745788?kg=0218965704 HTTP/1.1" 404 26372 "-" "Mozilla/5.0 (compatible; AhrefsBot/7.0; +http://ahrefs.com/robot/)"
66.249.64.232 - - [30/Nov/2025:11:09:06 -0500] "GET /info8264676?kg=0008198150 HTTP/1.1" 200 26090 "-" "Mozilla/5.0 (Linux; Android 6.0.1; Nexus 5X Build/MMB29P) AppleWebKit/537.36 (KHTML, like Gecko) Chrome/141.0.7390.122 Mobile Safari/537.36 (compatible; Googlebot/2.1; +http://www.google.com/bot.html)"
85.208.96.193 - - [30/Nov/2025:11:09:13 -0500] "GET /petroleum-supply-situation-room-commends-dangote-over-commencement-of-pms-production/ HTTP/1.1" 200 41968 "-" "Mozilla/5.0 (compatible; SemrushBot/7~bl; +http://www.semrush.com/bot.html)"
202.76.142.42 - - [30/Nov/2025:11:09:16 -0500] "GET /info135897252?kg=0134801430 HTTP/1.1" 404 32479 "-" "Mozilla/5.0 (Windows; U; Windows NT 5.1; en-US) AppleWebKit/533.3 (KHTML, like Gecko) Chrome/5.0.357.0 Safari/533.3"
52.167.144.156 - - [30/Nov/2025:11:09:27 -0500] "GET /info303103212?kg=0300658956 HTTP/1.1" 200 24675 "-" "Mozilla/5.0 AppleWebKit/537.36 (KHTML, like Gecko; compatible; bingbot/2.0; +http://www.bing.com/bingbot.htm) Chrome/116.0.1938.76 Safari/537.36"
85.208.96.202 - - [30/Nov/2025:11:09:36 -0500] "GET /naf-czech-republic-strengthen-defence-partnership-for-security-and-development/ HTTP/1.1" 200 42053 "-" "Mozilla/5.0 (compatible; SemrushBot/7~bl; +http://www.semrush.com/bot.html)"
52.167.144.156 - - [30/Nov/2025:11:09:37 -0500] "GET /info285908152?kg=0283602565 HTTP/1.1" 200 24441 "-" "Mozilla/5.0 AppleWebKit/537.36 (KHTML, like Gecko; compatible; bingbot/2.0; +http://www.bing.com/bingbot.htm) Chrome/116.0.1938.76 Safari/537.36"
52.167.144.194 - - [30/Nov/2025:11:09:46 -0500] "GET /info291558716?kg=0289207560 HTTP/1.1" 200 24285 "-" "Mozilla/5.0 AppleWebKit/537.36 (KHTML, like Gecko; compatible; bingbot/2.0; +http://www.bing.com/bingbot.htm) Chrome/116.0.1938.76 Safari/537.36"
52.167.144.194 - - [30/Nov/2025:11:09:57 -0500] "GET /info210750396?kg=0209050920 HTTP/1.1" 200 24769 "-" "Mozilla/5.0 AppleWebKit/537.36 (KHTML, like Gecko; compatible; bingbot/2.0; +http://www.bing.com/bingbot.htm) Chrome/116.0.1938.76 Safari/537.36"
52.167.144.156 - - [30/Nov/2025:11:10:07 -0500] "GET /info211698880?kg=0209991755 HTTP/1.1" 200 24398 "-" "Mozilla/5.0 AppleWebKit/537.36 (KHTML, like Gecko; compatible; bingbot/2.0; +http://www.bing.com/bingbot.htm) Chrome/116.0.1938.76 Safari/537.36"
66.29.146.184 - - [30/Nov/2025:11:10:19 -0500] "POST /wp-cron.php?doing_wp_cron=1764519019.9141120910644531250000 HTTP/1.1" 200 0 "-" "WordPress/6.8.3; https://globaltvabuja.com"
114.119.152.134 - - [30/Nov/2025:11:10:19 -0500] "GET /info364161608?kg=0361224945 HTTP/1.1" 404 32461 "https://globaltvabuja.com/sitemap-subitems-942.xml" "Mozilla/5.0 (Linux; Android 7.0;) AppleWebKit/537.36 (KHTML, like Gecko) Mobile Safari/537.36 (compatible; PetalBot;+https://webmaster.petalsearch.com/site/petalbot)"
142.44.228.26 - - [30/Nov/2025:11:10:24 -0500] "GET /info220723696?kg=0218943791 HTTP/1.1" 404 26377 "-" "Mozilla/5.0 (compatible; AhrefsBot/7.0; +http://ahrefs.com/robot/)"
52.167.144.194 - - [30/Nov/2025:11:10:37 -0500] "GET /info363036288?kg=0360108699 HTTP/1.1" 200 24215 "-" "Mozilla/5.0 AppleWebKit/537.36 (KHTML, like Gecko; compatible; bingbot/2.0; +http://www.bing.com/bingbot.htm) Chrome/116.0.1938.76 Safari/537.36"
66.29.146.184 - - [30/Nov/2025:11:11:09 -0500] "POST /wp-cron.php?doing_wp_cron=1764519069.7775940895080566406250 HTTP/1.1" 200 0 "-" "WordPress/6.8.3; https://globaltvabuja.com"
85.208.96.205 - - [30/Nov/2025:11:11:09 -0500] "GET /nigeria-saudi-arabia-oil-pact-a-triumph-for-technological-progress-and-economic-prosperity/ HTTP/1.1" 200 42529 "-" "Mozilla/5.0 (compatible; SemrushBot/7~bl; +http://www.semrush.com/bot.html)"
52.167.144.156 - - [30/Nov/2025:11:11:26 -0500] "GET /info266966636?kg=0264813804 HTTP/1.1" 200 24504 "-" "Mozilla/5.0 AppleWebKit/537.36 (KHTML, like Gecko; compatible; bingbot/2.0; +http://www.bing.com/bingbot.htm) Chrome/116.0.1938.76 Safari/537.36"
15.235.27.178 - - [30/Nov/2025:11:11:26 -0500] "GET /info220660744?kg=0218881345 HTTP/1.1" 404 26357 "-" "Mozilla/5.0 (compatible; AhrefsBot/7.0; +http://ahrefs.com/robot/)"
114.119.152.134 - - [30/Nov/2025:11:11:43 -0500] "GET /info364161476?kg=0361224814 HTTP/1.1" 404 32500 "https://globaltvabuja.com/sitemap-subitems-942.xml" "Mozilla/5.0 (Linux; Android 7.0;) AppleWebKit/537.36 (KHTML, like Gecko) Mobile Safari/537.36 (compatible; PetalBot;+https://webmaster.petalsearch.com/site/petalbot)"
66.29.146.184 - - [30/Nov/2025:11:12:17 -0500] "POST /wp-cron.php?doing_wp_cron=1764519137.9105288982391357421875 HTTP/1.1" 200 0 "-" "WordPress/6.8.3; https://globaltvabuja.com"
146.174.171.251 - - [30/Nov/2025:11:12:17 -0500] "GET /info135899364?kg=0134803526 HTTP/1.1" 404 32460 "-" "Mozilla/5.0 (Windows; U; Windows NT 6.1; en-US; rv:1.9.2.15) Gecko/20110303 Firefox/3.6.15 ( .NET CLR 3.5.30729; .NET4.0C) FirePHP/0.5"
66.249.64.232 - - [30/Nov/2025:11:12:23 -0500] "GET /tag/kyari-advocates-academia-industry-collaboration-for-energy-sufficiency/ HTTP/1.1" 200 27013 "-" "Mozilla/5.0 (Linux; Android 6.0.1; Nexus 5X Build/MMB29P) AppleWebKit/537.36 (KHTML, like Gecko) Chrome/141.0.7390.122 Mobile Safari/537.36 (compatible; Googlebot/2.1; +http://www.google.com/bot.html)"
52.167.144.194 - - [30/Nov/2025:11:12:27 -0500] "GET /info36947368?kg=0036649529 HTTP/1.1" 200 26722 "-" "Mozilla/5.0 AppleWebKit/537.36 (KHTML, like Gecko; compatible; bingbot/2.0; +http://www.bing.com/bingbot.htm) Chrome/116.0.1938.76 Safari/537.36"
54.39.89.119 - - [30/Nov/2025:11:12:43 -0500] "GET /info217549560?kg=0215795253 HTTP/1.1" 404 26368 "-" "Mozilla/5.0 (compatible; AhrefsBot/7.0; +http://ahrefs.com/robot/)"
52.167.144.194 - - [30/Nov/2025:11:12:58 -0500] "GET /info147656548?kg=0146465894 HTTP/1.1" 200 24472 "-" "Mozilla/5.0 AppleWebKit/537.36 (KHTML, like Gecko; compatible; bingbot/2.0; +http://www.bing.com/bingbot.htm) Chrome/116.0.1938.76 Safari/537.36"
66.29.146.184 - - [30/Nov/2025:11:13:06 -0500] "POST /wp-cron.php?doing_wp_cron=1764519186.7371339797973632812500 HTTP/1.1" 200 0 "-" "WordPress/6.8.3; https://globaltvabuja.com"
114.119.130.178 - - [30/Nov/2025:11:13:06 -0500] "GET /info364161344?kg=0361224683 HTTP/1.1" 404 32478 "https://globaltvabuja.com/sitemap-subitems-942.xml" "Mozilla/5.0 (Linux; Android 7.0;) AppleWebKit/537.36 (KHTML, like Gecko) Mobile Safari/537.36 (compatible; PetalBot;+https://webmaster.petalsearch.com/site/petalbot)"
207.46.13.102 - - [30/Nov/2025:11:13:08 -0500] "GET /info248599292?kg=0246594584 HTTP/1.1" 200 24378 "-" "Mozilla/5.0 AppleWebKit/537.36 (KHTML, like Gecko; compatible; bingbot/2.0; +http://www.bing.com/bingbot.htm) Chrome/116.0.1938.76 Safari/537.36"
3.83.76.234 - - [30/Nov/2025:11:13:24 -0500] "GET /tag/mfb-from-withdrawal-limit/ HTTP/1.1" 200 167169 "-" "TerraCotta https://github.com/CeramicTeam/CeramicTerracotta"
52.167.144.156 - - [30/Nov/2025:11:13:28 -0500] "GET /info235871276?kg=0233969212 HTTP/1.1" 200 24666 "-" "Mozilla/5.0 AppleWebKit/537.36 (KHTML, like Gecko; compatible; bingbot/2.0; +http://www.bing.com/bingbot.htm) Chrome/116.0.1938.76 Safari/537.36"
52.167.144.156 - - [30/Nov/2025:11:13:38 -0500] "GET /info80637556?kg=0079987378 HTTP/1.1" 200 26737 "-" "Mozilla/5.0 AppleWebKit/537.36 (KHTML, like Gecko; compatible; bingbot/2.0; +http://www.bing.com/bingbot.htm) Chrome/116.0.1938.76 Safari/537.36"
18.214.124.6 - - [30/Nov/2025:11:13:39 -0500] "GET /murder-npf-completes-extradition-of-benjamin-best-nnayereugo-alias-killaboi-to-face-charges/ HTTP/1.1" 200 42471 "-" "Mozilla/5.0 AppleWebKit/537.36 (KHTML, like Gecko; compatible; Amazonbot/0.1; +https://developer.amazon.com/support/amazonbot) Chrome/119.0.6045.214 Safari/537.36"
66.249.64.230 - - [30/Nov/2025:11:13:43 -0500] "GET /permanent-secretary-assures-keffi-community-of-continued-government-support/ HTTP/1.1" 200 26921 "-" "Mozilla/5.0 (Linux; Android 6.0.1; Nexus 5X Build/MMB29P) AppleWebKit/537.36 (KHTML, like Gecko) Chrome/141.0.7390.122 Mobile Safari/537.36 (compatible; Googlebot/2.1; +http://www.google.com/bot.html)"
52.167.144.156 - - [30/Nov/2025:11:13:48 -0500] "GET /info273158968?kg=0270956197 HTTP/1.1" 200 24861 "-" "Mozilla/5.0 AppleWebKit/537.36 (KHTML, like Gecko; compatible; bingbot/2.0; +http://www.bing.com/bingbot.htm) Chrome/116.0.1938.76 Safari/537.36"
