82.79.225.123 - - [30/Nov/2025:16:10:04 -0500] "GET /wp-content/uploads/2025/11/WhatsApp-Image-2025-11-18-at-5.28.09-AM.jpeg HTTP/1.1" 200 47168 "-" "Dart/3.5 (dart:io)"
82.79.225.123 - - [30/Nov/2025:16:10:04 -0500] "GET /wp-content/uploads/2025/11/IMG-20251125-WA0001.jpg HTTP/1.1" 200 92101 "-" "Dart/3.5 (dart:io)"
82.79.225.123 - - [30/Nov/2025:16:10:04 -0500] "GET /wp-content/uploads/2025/11/WhatsApp-Image-2025-11-24-at-4.25.58-AM.jpeg HTTP/1.1" 200 144988 "-" "Dart/3.5 (dart:io)"
82.79.225.123 - - [30/Nov/2025:16:10:04 -0500] "GET /wp-content/uploads/2025/11/IMG-20251119-WA0011-1.jpg HTTP/1.1" 200 218308 "-" "Dart/3.5 (dart:io)"
82.79.225.123 - - [30/Nov/2025:16:10:04 -0500] "GET /wp-content/uploads/2025/11/IMG-20251114-WA0004-1.jpg HTTP/1.1" 200 122462 "-" "Dart/3.5 (dart:io)"
82.79.225.123 - - [30/Nov/2025:16:10:04 -0500] "GET /wp-content/uploads/2025/11/WhatsApp-Image-2025-11-25-at-4.11.24-AM.jpeg HTTP/1.1" 200 147626 "-" "Dart/3.5 (dart:io)"
82.79.225.123 - - [30/Nov/2025:16:10:04 -0500] "GET /wp-content/uploads/2025/11/WhatsApp-Image-2025-11-25-at-4.17.31-AM.jpeg HTTP/1.1" 200 291908 "-" "Dart/3.5 (dart:io)"
142.44.233.3 - - [30/Nov/2025:16:10:17 -0500] "GET /info156882412?kg=0155617356 HTTP/1.1" 404 26383 "-" "Mozilla/5.0 (compatible; AhrefsBot/7.0; +http://ahrefs.com/robot/)"
114.119.151.50 - - [30/Nov/2025:16:10:20 -0500] "GET /info275836840?kg=0273612473 HTTP/1.1" 404 32498 "https://globaltvabuja.com/sitemap-subitems-954.xml" "Mozilla/5.0 (Linux; Android 7.0;) AppleWebKit/537.36 (KHTML, like Gecko) Mobile Safari/537.36 (compatible; PetalBot;+https://webmaster.petalsearch.com/site/petalbot)"
207.46.13.78 - - [30/Nov/2025:16:10:21 -0500] "GET /info199884032?kg=0198272187 HTTP/1.1" 200 24518 "-" "Mozilla/5.0 AppleWebKit/537.36 (KHTML, like Gecko; compatible; bingbot/2.0; +http://www.bing.com/bingbot.htm) Chrome/116.0.1938.76 Safari/537.36"
52.167.144.237 - - [30/Nov/2025:16:10:25 -0500] "GET /info189426628?kg=0187899118 HTTP/1.1" 200 24548 "-" "Mozilla/5.0 AppleWebKit/537.36 (KHTML, like Gecko; compatible; bingbot/2.0; +http://www.bing.com/bingbot.htm) Chrome/116.0.1938.76 Safari/537.36"
207.46.13.78 - - [30/Nov/2025:16:10:32 -0500] "GET /info220430864?kg=0218653319 HTTP/1.1" 200 24170 "-" "Mozilla/5.0 AppleWebKit/537.36 (KHTML, like Gecko; compatible; bingbot/2.0; +http://www.bing.com/bingbot.htm) Chrome/116.0.1938.76 Safari/537.36"
52.167.144.237 - - [30/Nov/2025:16:10:37 -0500] "GET /info199966164?kg=0198353658 HTTP/1.1" 200 24497 "-" "Mozilla/5.0 AppleWebKit/537.36 (KHTML, like Gecko; compatible; bingbot/2.0; +http://www.bing.com/bingbot.htm) Chrome/116.0.1938.76 Safari/537.36"
40.77.167.235 - - [30/Nov/2025:16:10:45 -0500] "GET /info130043792?kg=0128995175 HTTP/1.1" 200 24238 "-" "Mozilla/5.0 AppleWebKit/537.36 (KHTML, like Gecko; compatible; bingbot/2.0; +http://www.bing.com/bingbot.htm) Chrome/116.0.1938.76 Safari/537.36"
52.167.144.237 - - [30/Nov/2025:16:10:55 -0500] "GET /info318280812?kg=0315714156 HTTP/1.1" 200 24657 "-" "Mozilla/5.0 AppleWebKit/537.36 (KHTML, like Gecko; compatible; bingbot/2.0; +http://www.bing.com/bingbot.htm) Chrome/116.0.1938.76 Safari/537.36"
66.249.64.230 - - [30/Nov/2025:16:10:55 -0500] "GET /info6509236?kg=0006456866 HTTP/1.1" 200 26739 "-" "Mozilla/5.0 (Linux; Android 6.0.1; Nexus 5X Build/MMB29P) AppleWebKit/537.36 (KHTML, like Gecko) Chrome/141.0.7390.122 Mobile Safari/537.36 (compatible; Googlebot/2.1; +http://www.google.com/bot.html)"
66.29.146.184 - - [30/Nov/2025:16:11:18 -0500] "POST /wp-cron.php?doing_wp_cron=1764537078.8991200923919677734375 HTTP/1.1" 200 0 "-" "WordPress/6.8.3; https://globaltvabuja.com"
54.39.0.90 - - [30/Nov/2025:16:11:18 -0500] "GET /info156866804?kg=0155601874 HTTP/1.1" 404 26375 "-" "Mozilla/5.0 (compatible; AhrefsBot/7.0; +http://ahrefs.com/robot/)"
40.77.167.235 - - [30/Nov/2025:16:11:27 -0500] "GET /info249924076?kg=0247908684 HTTP/1.1" 200 24342 "-" "Mozilla/5.0 AppleWebKit/537.36 (KHTML, like Gecko; compatible; bingbot/2.0; +http://www.bing.com/bingbot.htm) Chrome/116.0.1938.76 Safari/537.36"
146.174.164.252 - - [30/Nov/2025:16:11:29 -0500] "GET /info156926860?kg=0155661444 HTTP/1.1" 404 32474 "-" "Mozilla/5.0 (Windows NT 6.1) AppleWebKit/537.36 (KHTML, like Gecko) Chrome/27.0.1453.90 Safari/537.36"
52.167.144.237 - - [30/Nov/2025:16:11:37 -0500] "GET /info343799416?kg=0341026965 HTTP/1.1" 200 24529 "-" "Mozilla/5.0 AppleWebKit/537.36 (KHTML, like Gecko; compatible; bingbot/2.0; +http://www.bing.com/bingbot.htm) Chrome/116.0.1938.76 Safari/537.36"
66.249.64.230 - - [30/Nov/2025:16:11:39 -0500] "GET /?info7025076?kg=0006968546 HTTP/1.1" 200 26680 "-" "Mozilla/5.0 (Linux; Android 6.0.1; Nexus 5X Build/MMB29P) AppleWebKit/537.36 (KHTML, like Gecko) Chrome/141.0.7390.122 Mobile Safari/537.36 (compatible; Googlebot/2.1; +http://www.google.com/bot.html)"
114.119.145.123 - - [30/Nov/2025:16:11:45 -0500] "GET /info275836708?kg=0273612342 HTTP/1.1" 404 32466 "https://globaltvabuja.com/sitemap-subitems-954.xml" "Mozilla/5.0 (Linux; Android 7.0;) AppleWebKit/537.36 (KHTML, like Gecko) Mobile Safari/537.36 (compatible; PetalBot;+https://webmaster.petalsearch.com/site/petalbot)"
52.167.144.237 - - [30/Nov/2025:16:11:48 -0500] "GET /info294573604?kg=0292198134 HTTP/1.1" 200 24645 "-" "Mozilla/5.0 AppleWebKit/537.36 (KHTML, like Gecko; compatible; bingbot/2.0; +http://www.bing.com/bingbot.htm) Chrome/116.0.1938.76 Safari/537.36"
52.167.144.237 - - [30/Nov/2025:16:11:57 -0500] "GET /info48897392?kg=0048503183 HTTP/1.1" 200 26538 "-" "Mozilla/5.0 AppleWebKit/537.36 (KHTML, like Gecko; compatible; bingbot/2.0; +http://www.bing.com/bingbot.htm) Chrome/116.0.1938.76 Safari/537.36"
66.249.64.230 - - [30/Nov/2025:16:11:59 -0500] "GET /?info348502296?kg=0345691917 HTTP/1.1" 200 24431 "-" "Mozilla/5.0 (Linux; Android 6.0.1; Nexus 5X Build/MMB29P) AppleWebKit/537.36 (KHTML, like Gecko) Chrome/141.0.7390.122 Mobile Safari/537.36 (compatible; Googlebot/2.1; +http://www.google.com/bot.html)"
66.249.64.230 - - [30/Nov/2025:16:12:15 -0500] "GET /?info354552836?kg=0351693662 HTTP/1.1" 200 24501 "-" "Mozilla/5.0 (Linux; Android 6.0.1; Nexus 5X Build/MMB29P) AppleWebKit/537.36 (KHTML, like Gecko) Chrome/141.0.7390.122 Mobile Safari/537.36 (compatible; Googlebot/2.1; +http://www.google.com/bot.html)"
66.29.146.184 - - [30/Nov/2025:16:12:22 -0500] "POST /wp-cron.php?doing_wp_cron=1764537142.6002440452575683593750 HTTP/1.1" 200 0 "-" "WordPress/6.8.3; https://globaltvabuja.com"
148.113.130.8 - - [30/Nov/2025:16:12:22 -0500] "GET /fg-partners-with-cilss-to-bolster-food-and-nutritional-security/ HTTP/1.1" 200 33860 "-" "Mozilla/5.0 (compatible; AhrefsBot/7.0; +http://ahrefs.com/robot/)"
66.249.64.231 - - [30/Nov/2025:16:12:24 -0500] "GET /?info269707336?kg=0267532401 HTTP/1.1" 200 24551 "-" "Mozilla/5.0 (Linux; Android 6.0.1; Nexus 5X Build/MMB29P) AppleWebKit/537.36 (KHTML, like Gecko) Chrome/141.0.7390.122 Mobile Safari/537.36 (compatible; Googlebot/2.1; +http://www.google.com/bot.html)"
66.249.64.230 - - [30/Nov/2025:16:12:33 -0500] "GET /info15515144?kg=0015390145 HTTP/1.1" 200 26136 "-" "Mozilla/5.0 (Linux; Android 6.0.1; Nexus 5X Build/MMB29P) AppleWebKit/537.36 (KHTML, like Gecko) Chrome/141.0.7390.122 Mobile Safari/537.36 (compatible; Googlebot/2.1; +http://www.google.com/bot.html)"
66.249.64.230 - - [30/Nov/2025:16:12:34 -0500] "GET /info270069216?kg=0267891363 HTTP/1.1" 200 24501 "-" "Mozilla/5.0 (Linux; Android 6.0.1; Nexus 5X Build/MMB29P) AppleWebKit/537.36 (KHTML, like Gecko) Chrome/141.0.7390.122 Mobile Safari/537.36 (compatible; Googlebot/2.1; +http://www.google.com/bot.html)"
40.77.167.235 - - [30/Nov/2025:16:12:36 -0500] "GET /info240072992?kg=0238137043 HTTP/1.1" 200 24441 "-" "Mozilla/5.0 AppleWebKit/537.36 (KHTML, like Gecko; compatible; bingbot/2.0; +http://www.bing.com/bingbot.htm) Chrome/116.0.1938.76 Safari/537.36"
66.249.64.230 - - [30/Nov/2025:16:13:03 -0500] "GET /info18707792?kg=0018557047 HTTP/1.1" 200 26411 "-" "Mozilla/5.0 (Linux; Android 6.0.1; Nexus 5X Build/MMB29P) AppleWebKit/537.36 (KHTML, like Gecko) Chrome/141.0.7390.122 Mobile Safari/537.36 (compatible; Googlebot/2.1; +http://www.google.com/bot.html)"
66.249.64.230 - - [30/Nov/2025:16:13:06 -0500] "GET /?info9521212?kg=0009444552 HTTP/1.1" 200 26639 "-" "Mozilla/5.0 (Linux; Android 6.0.1; Nexus 5X Build/MMB29P) AppleWebKit/537.36 (KHTML, like Gecko) Chrome/141.0.7390.122 Mobile Safari/537.36 (compatible; Googlebot/2.1; +http://www.google.com/bot.html)"
207.46.13.78 - - [30/Nov/2025:16:13:06 -0500] "GET /info52039124?kg=0051619578 HTTP/1.1" 200 26122 "-" "Mozilla/5.0 AppleWebKit/537.36 (KHTML, like Gecko; compatible; bingbot/2.0; +http://www.bing.com/bingbot.htm) Chrome/116.0.1938.76 Safari/537.36"
20.15.133.163 - - [30/Nov/2025:16:13:08 -0500] "GET /info131875152?kg=0130811767 HTTP/1.1" 200 24061 "-" "Mozilla/5.0 AppleWebKit/537.36 (KHTML, like Gecko; compatible; bingbot/2.0; +http://www.bing.com/bingbot.htm) Chrome/116.0.1938.76 Safari/537.36"
66.29.146.184 - - [30/Nov/2025:16:13:17 -0500] "POST /wp-cron.php?doing_wp_cron=1764537197.9398200511932373046875 HTTP/1.1" 200 0 "-" "WordPress/6.8.3; https://globaltvabuja.com"
114.119.130.178 - - [30/Nov/2025:16:13:17 -0500] "GET /info275836576?kg=0273612211 HTTP/1.1" 404 32462 "https://globaltvabuja.com/sitemap-subitems-954.xml" "Mozilla/5.0 (Linux; Android 7.0;) AppleWebKit/537.36 (KHTML, like Gecko) Mobile Safari/537.36 (compatible; PetalBot;+https://webmaster.petalsearch.com/site/petalbot)"
43.173.179.136 - - [30/Nov/2025:16:13:32 -0500] "GET /fg-calls-on-iocs-in-nigeria-to-ramp-up-investment/ HTTP/1.1" 200 42828 "-" "Mozilla/5.0 (Windows NT 10.0; Win64; x64) AppleWebKit/537.36 (KHTML, like Gecko) Chrome/117.0.0.0 Safari/537.36"
207.46.13.78 - - [30/Nov/2025:16:13:36 -0500] "GET /info97257396?kg=0096473186 HTTP/1.1" 200 26472 "-" "Mozilla/5.0 AppleWebKit/537.36 (KHTML, like Gecko; compatible; bingbot/2.0; +http://www.bing.com/bingbot.htm) Chrome/116.0.1938.76 Safari/537.36"
20.15.133.163 - - [30/Nov/2025:16:13:38 -0500] "GET /info267389760?kg=0265233515 HTTP/1.1" 200 24450 "-" "Mozilla/5.0 AppleWebKit/537.36 (KHTML, like Gecko; compatible; bingbot/2.0; +http://www.bing.com/bingbot.htm) Chrome/116.0.1938.76 Safari/537.36"
3.83.76.234 - - [30/Nov/2025:16:13:38 -0500] "GET /tag/goal-scorers/ HTTP/1.1" 200 166942 "-" "TerraCotta https://github.com/CeramicTeam/CeramicTerracotta"
20.15.133.163 - - [30/Nov/2025:16:13:41 -0500] "GET /info267409864?kg=0265253457 HTTP/1.1" 200 24425 "-" "Mozilla/5.0 AppleWebKit/537.36 (KHTML, like Gecko; compatible; bingbot/2.0; +http://www.bing.com/bingbot.htm) Chrome/116.0.1938.76 Safari/537.36"
3.83.76.234 - - [30/Nov/2025:16:13:47 -0500] "GET /tag/assures-ndlea-of-partnership-support/ HTTP/1.1" 200 167659 "-" "TerraCotta https://github.com/CeramicTeam/CeramicTerracotta"
142.44.220.17 - - [30/Nov/2025:16:13:49 -0500] "GET /info362702976?kg=0359778075 HTTP/1.1" 404 26352 "-" "Mozilla/5.0 (compatible; AhrefsBot/7.0; +http://ahrefs.com/robot/)"
66.29.146.184 - - [30/Nov/2025:16:13:58 -0500] "POST /wp-cron.php?doing_wp_cron=1764537238.9467639923095703125000 HTTP/1.1" 200 0 "-" "WordPress/6.8.3; https://globaltvabuja.com"
202.76.142.11 - - [30/Nov/2025:16:13:58 -0500] "GET /info156931092?kg=0155665642 HTTP/1.1" 404 32503 "-" "Mozilla/5.0 (Windows; U; Windows NT 6.1; en-US) AppleWebKit/534.1 (KHTML, like Gecko) Chrome/6.0.428.0 Safari/534.1"
52.167.144.157 - - [30/Nov/2025:16:14:05 -0500] "GET /info267153668?kg=0264999326 HTTP/1.1" 200 24459 "-" "Mozilla/5.0 AppleWebKit/537.36 (KHTML, like Gecko; compatible; bingbot/2.0; +http://www.bing.com/bingbot.htm) Chrome/116.0.1938.76 Safari/537.36"
52.167.144.157 - - [30/Nov/2025:16:14:09 -0500] "GET /info73042944?kg=0072454011 HTTP/1.1" 200 26707 "-" "Mozilla/5.0 AppleWebKit/537.36 (KHTML, like Gecko; compatible; bingbot/2.0; +http://www.bing.com/bingbot.htm) Chrome/116.0.1938.76 Safari/537.36"
114.119.139.202 - - [30/Nov/2025:16:14:31 -0500] "GET /info275836444?kg=0273612080 HTTP/1.1" 404 32479 "https://globaltvabuja.com/sitemap-subitems-954.xml" "Mozilla/5.0 (Linux; Android 7.0;) AppleWebKit/537.36 (KHTML, like Gecko) Mobile Safari/537.36 (compatible; PetalBot;+https://webmaster.petalsearch.com/site/petalbot)"
207.46.13.78 - - [30/Nov/2025:16:14:35 -0500] "GET /info267229456?kg=0265074503 HTTP/1.1" 200 24373 "-" "Mozilla/5.0 AppleWebKit/537.36 (KHTML, like Gecko; compatible; bingbot/2.0; +http://www.bing.com/bingbot.htm) Chrome/116.0.1938.76 Safari/537.36"
43.173.179.26 - - [30/Nov/2025:16:14:36 -0500] "GET /avoid-risky-adventures-dg-nysc-warns-corps-members-2/ HTTP/1.1" 200 41598 "-" "Mozilla/5.0 (Windows NT 10.0; Win64; x64) AppleWebKit/537.36 (KHTML, like Gecko) Chrome/107.0.0.0 Safari/537.36"
207.46.13.78 - - [30/Nov/2025:16:14:39 -0500] "GET /info55537448?kg=0055089689 HTTP/1.1" 200 26592 "-" "Mozilla/5.0 AppleWebKit/537.36 (KHTML, like Gecko; compatible; bingbot/2.0; +http://www.bing.com/bingbot.htm) Chrome/116.0.1938.76 Safari/537.36"
66.249.64.231 - - [30/Nov/2025:16:14:57 -0500] "GET /?info6560028?kg=0006507248 HTTP/1.1" 200 26500 "-" "Mozilla/5.0 (Linux; Android 6.0.1; Nexus 5X Build/MMB29P) AppleWebKit/537.36 (KHTML, like Gecko) Chrome/141.0.7390.122 Mobile Safari/537.36 (compatible; Googlebot/2.1; +http://www.google.com/bot.html)"
52.167.144.211 - - [30/Nov/2025:16:15:16 -0500] "GET /info269775848?kg=0267600361 HTTP/1.1" 200 24381 "-" "Mozilla/5.0 AppleWebKit/537.36 (KHTML, like Gecko; compatible; bingbot/2.0; +http://www.bing.com/bingbot.htm) Chrome/116.0.1938.76 Safari/537.36"
52.167.144.211 - - [30/Nov/2025:16:15:19 -0500] "GET /info352517252?kg=0349674494 HTTP/1.1" 200 24253 "-" "Mozilla/5.0 AppleWebKit/537.36 (KHTML, like Gecko; compatible; bingbot/2.0; +http://www.bing.com/bingbot.htm) Chrome/116.0.1938.76 Safari/537.36"
66.29.146.184 - - [30/Nov/2025:16:15:20 -0500] "POST /wp-cron.php?doing_wp_cron=1764537320.5344669818878173828125 HTTP/1.1" 200 0 "-" "WordPress/6.8.3; https://globaltvabuja.com"
54.39.6.91 - - [30/Nov/2025:16:15:20 -0500] "GET /info357756992?kg=0354871979 HTTP/1.1" 404 26370 "-" "Mozilla/5.0 (compatible; AhrefsBot/7.0; +http://ahrefs.com/robot/)"
66.249.64.231 - - [30/Nov/2025:16:15:22 -0500] "GET /?info268058364?kg=0265896728 HTTP/1.1" 200 24576 "-" "Mozilla/5.0 (Linux; Android 6.0.1; Nexus 5X Build/MMB29P) AppleWebKit/537.36 (KHTML, like Gecko) Chrome/141.0.7390.122 Mobile Safari/537.36 (compatible; Googlebot/2.1; +http://www.google.com/bot.html)"
207.46.13.78 - - [30/Nov/2025:16:15:48 -0500] "GET /info7789316?kg=0007726622 HTTP/1.1" 200 26707 "-" "Mozilla/5.0 AppleWebKit/537.36 (KHTML, like Gecko; compatible; bingbot/2.0; +http://www.bing.com/bingbot.htm) Chrome/116.0.1938.76 Safari/537.36"
66.29.146.184 - - [30/Nov/2025:16:15:54 -0500] "POST /wp-cron.php?doing_wp_cron=1764537354.8881878852844238281250 HTTP/1.1" 200 0 "-" "WordPress/6.8.3; https://globaltvabuja.com"
114.119.135.251 - - [30/Nov/2025:16:15:54 -0500] "GET /info275836312?kg=0273611949 HTTP/1.1" 404 32493 "https://globaltvabuja.com/sitemap-subitems-954.xml" "Mozilla/5.0 (Linux; Android 7.0;) AppleWebKit/537.36 (KHTML, like Gecko) Mobile Safari/537.36 (compatible; PetalBot;+https://webmaster.petalsearch.com/site/petalbot)"
52.167.144.211 - - [30/Nov/2025:16:15:56 -0500] "GET /info218392632?kg=0216631525 HTTP/1.1" 200 24764 "-" "Mozilla/5.0 AppleWebKit/537.36 (KHTML, like Gecko; compatible; bingbot/2.0; +http://www.bing.com/bingbot.htm) Chrome/116.0.1938.76 Safari/537.36"
66.249.64.230 - - [30/Nov/2025:16:16:01 -0500] "GET /reshufflement-nigerian-army-redeploys-senior-officers-in-a-strategic-move/ HTTP/1.1" 200 26306 "-" "Mozilla/5.0 (Linux; Android 6.0.1; Nexus 5X Build/MMB29P) AppleWebKit/537.36 (KHTML, like Gecko) Chrome/141.0.7390.122 Mobile Safari/537.36 (compatible; Googlebot/2.1; +http://www.google.com/bot.html)"
66.249.64.231 - - [30/Nov/2025:16:16:06 -0500] "GET /?info268281372?kg=0266117936 HTTP/1.1" 200 24398 "-" "Mozilla/5.0 (Linux; Android 6.0.1; Nexus 5X Build/MMB29P) AppleWebKit/537.36 (KHTML, like Gecko) Chrome/141.0.7390.122 Mobile Safari/537.36 (compatible; Googlebot/2.1; +http://www.google.com/bot.html)"
52.167.144.211 - - [30/Nov/2025:16:16:06 -0500] "GET /info241771164?kg=0239821520 HTTP/1.1" 200 24096 "-" "Mozilla/5.0 AppleWebKit/537.36 (KHTML, like Gecko; compatible; bingbot/2.0; +http://www.bing.com/bingbot.htm) Chrome/116.0.1938.76 Safari/537.36"
52.167.144.157 - - [30/Nov/2025:16:16:17 -0500] "GET /info118484876?kg=0117529476 HTTP/1.1" 200 26546 "-" "Mozilla/5.0 AppleWebKit/537.36 (KHTML, like Gecko; compatible; bingbot/2.0; +http://www.bing.com/bingbot.htm) Chrome/116.0.1938.76 Safari/537.36"
146.174.173.143 - - [30/Nov/2025:16:16:28 -0500] "GET /info156931488?kg=0155666035 HTTP/1.1" 404 32461 "-" "Mozilla/5.0 (X11; U; Linux i686; en-US) AppleWebKit/534.7 (KHTML, like Gecko) Chrome/7.0.517.24 Safari/534.7"
207.46.13.78 - - [30/Nov/2025:16:16:37 -0500] "GET /info131694876?kg=0130632944 HTTP/1.1" 200 24343 "-" "Mozilla/5.0 AppleWebKit/537.36 (KHTML, like Gecko; compatible; bingbot/2.0; +http://www.bing.com/bingbot.htm) Chrome/116.0.1938.76 Safari/537.36"
142.44.233.111 - - [30/Nov/2025:16:16:43 -0500] "GET /info357711496?kg=0354826849 HTTP/1.1" 404 26373 "-" "Mozilla/5.0 (compatible; AhrefsBot/7.0; +http://ahrefs.com/robot/)"
52.167.144.157 - - [30/Nov/2025:16:16:47 -0500] "GET /info304660392?kg=0302203577 HTTP/1.1" 200 24452 "-" "Mozilla/5.0 AppleWebKit/537.36 (KHTML, like Gecko; compatible; bingbot/2.0; +http://www.bing.com/bingbot.htm) Chrome/116.0.1938.76 Safari/537.36"
66.249.64.230 - - [30/Nov/2025:16:16:55 -0500] "GET /?info268946932?kg=0266778130 HTTP/1.1" 200 24491 "-" "Mozilla/5.0 (Linux; Android 6.0.1; Nexus 5X Build/MMB29P) AppleWebKit/537.36 (KHTML, like Gecko) Chrome/141.0.7390.122 Mobile Safari/537.36 (compatible; Googlebot/2.1; +http://www.google.com/bot.html)"
20.15.133.160 - - [30/Nov/2025:16:16:55 -0500] "GET /info267381296?kg=0265225119 HTTP/1.1" 200 24359 "-" "Mozilla/5.0 AppleWebKit/537.36 (KHTML, like Gecko; compatible; bingbot/2.0; +http://www.bing.com/bingbot.htm) Chrome/116.0.1938.76 Safari/537.36"
66.249.64.231 - - [30/Nov/2025:16:17:02 -0500] "GET /info270622096?kg=0268439783 HTTP/1.1" 200 24602 "-" "Mozilla/5.0 (Linux; Android 6.0.1; Nexus 5X Build/MMB29P) AppleWebKit/537.36 (KHTML, like Gecko) Chrome/141.0.7390.122 Mobile Safari/537.36 (compatible; Googlebot/2.1; +http://www.google.com/bot.html)"
52.167.144.211 - - [30/Nov/2025:16:17:05 -0500] "GET /info253984272?kg=0251936135 HTTP/1.1" 200 24432 "-" "Mozilla/5.0 AppleWebKit/537.36 (KHTML, like Gecko; compatible; bingbot/2.0; +http://www.bing.com/bingbot.htm) Chrome/116.0.1938.76 Safari/537.36"
66.249.64.231 - - [30/Nov/2025:16:17:13 -0500] "GET /info270094220?kg=0267916164 HTTP/1.1" 200 24131 "-" "Mozilla/5.0 (Linux; Android 6.0.1; Nexus 5X Build/MMB29P) AppleWebKit/537.36 (KHTML, like Gecko) Chrome/141.0.7390.122 Mobile Safari/537.36 (compatible; Googlebot/2.1; +http://www.google.com/bot.html)"
66.29.146.184 - - [30/Nov/2025:16:17:17 -0500] "POST /wp-cron.php?doing_wp_cron=1764537437.8507869243621826171875 HTTP/1.1" 200 0 "-" "WordPress/6.8.3; https://globaltvabuja.com"
114.119.145.123 - - [30/Nov/2025:16:17:17 -0500] "GET /info275836180?kg=0273611818 HTTP/1.1" 404 32495 "https://globaltvabuja.com/sitemap-subitems-954.xml" "Mozilla/5.0 (Linux; Android 7.0;) AppleWebKit/537.36 (KHTML, like Gecko) Mobile Safari/537.36 (compatible; PetalBot;+https://webmaster.petalsearch.com/site/petalbot)"
54.39.203.82 - - [30/Nov/2025:16:17:35 -0500] "GET /info355762944?kg=0352894011 HTTP/1.1" 404 26360 "-" "Mozilla/5.0 (compatible; AhrefsBot/7.0; +http://ahrefs.com/robot/)"
66.249.64.230 - - [30/Nov/2025:16:17:41 -0500] "GET /info270089188?kg=0267911174 HTTP/1.1" 200 24688 "-" "Mozilla/5.0 (Linux; Android 6.0.1; Nexus 5X Build/MMB29P) AppleWebKit/537.36 (KHTML, like Gecko) Chrome/141.0.7390.122 Mobile Safari/537.36 (compatible; Googlebot/2.1; +http://www.google.com/bot.html)"
52.167.144.211 - - [30/Nov/2025:16:17:56 -0500] "GET /info176506424?kg=0175083109 HTTP/1.1" 200 24911 "-" "Mozilla/5.0 AppleWebKit/537.36 (KHTML, like Gecko; compatible; bingbot/2.0; +http://www.bing.com/bingbot.htm) Chrome/116.0.1938.76 Safari/537.36"
52.167.144.211 - - [30/Nov/2025:16:17:59 -0500] "GET /info341640296?kg=0338885257 HTTP/1.1" 200 24946 "-" "Mozilla/5.0 AppleWebKit/537.36 (KHTML, like Gecko; compatible; bingbot/2.0; +http://www.bing.com/bingbot.htm) Chrome/116.0.1938.76 Safari/537.36"
52.167.144.157 - - [30/Nov/2025:16:18:04 -0500] "GET /info131660484?kg=0130598830 HTTP/1.1" 200 24303 "-" "Mozilla/5.0 AppleWebKit/537.36 (KHTML, like Gecko; compatible; bingbot/2.0; +http://www.bing.com/bingbot.htm) Chrome/116.0.1938.76 Safari/537.36"
66.249.64.231 - - [30/Nov/2025:16:18:09 -0500] "GET /info270092100?kg=0267914062 HTTP/1.1" 200 24510 "-" "Mozilla/5.0 (Linux; Android 6.0.1; Nexus 5X Build/MMB29P) AppleWebKit/537.36 (KHTML, like Gecko) Chrome/141.0.7390.122 Mobile Safari/537.36 (compatible; Googlebot/2.1; +http://www.google.com/bot.html)"
52.167.144.157 - - [30/Nov/2025:16:18:09 -0500] "GET /info348695664?kg=0345883727 HTTP/1.1" 200 24363 "-" "Mozilla/5.0 AppleWebKit/537.36 (KHTML, like Gecko; compatible; bingbot/2.0; +http://www.bing.com/bingbot.htm) Chrome/116.0.1938.76 Safari/537.36"
52.167.144.157 - - [30/Nov/2025:16:18:18 -0500] "GET /info349981032?kg=0347158729 HTTP/1.1" 200 24647 "-" "Mozilla/5.0 AppleWebKit/537.36 (KHTML, like Gecko; compatible; bingbot/2.0; +http://www.bing.com/bingbot.htm) Chrome/116.0.1938.76 Safari/537.36"
66.249.64.231 - - [30/Nov/2025:16:18:25 -0500] "GET /info270081252?kg=0267903302 HTTP/1.1" 200 24434 "-" "Mozilla/5.0 (Linux; Android 6.0.1; Nexus 5X Build/MMB29P) AppleWebKit/537.36 (KHTML, like Gecko) Chrome/141.0.7390.122 Mobile Safari/537.36 (compatible; Googlebot/2.1; +http://www.google.com/bot.html)"
66.29.146.184 - - [30/Nov/2025:16:18:26 -0500] "POST /wp-cron.php?doing_wp_cron=1764537506.0076301097869873046875 HTTP/1.1" 200 0 "-" "WordPress/6.8.3; https://globaltvabuja.com"
15.235.98.96 - - [30/Nov/2025:16:18:25 -0500] "GET /info353724712?kg=0350872217 HTTP/1.1" 404 26367 "-" "Mozilla/5.0 (compatible; AhrefsBot/7.0; +http://ahrefs.com/robot/)"
52.167.144.157 - - [30/Nov/2025:16:18:29 -0500] "GET /info17907716?kg=0017763422 HTTP/1.1" 200 26399 "-" "Mozilla/5.0 AppleWebKit/537.36 (KHTML, like Gecko; compatible; bingbot/2.0; +http://www.bing.com/bingbot.htm) Chrome/116.0.1938.76 Safari/537.36"
157.55.39.192 - - [30/Nov/2025:16:18:33 -0500] "GET /info315559160?kg=0313014453 HTTP/1.1" 200 24603 "-" "Mozilla/5.0 AppleWebKit/537.36 (KHTML, like Gecko; compatible; bingbot/2.0; +http://www.bing.com/bingbot.htm) Chrome/116.0.1938.76 Safari/537.36"
66.29.146.184 - - [30/Nov/2025:16:18:50 -0500] "POST /wp-cron.php?doing_wp_cron=1764537530.0214910507202148437500 HTTP/1.1" 200 0 "-" "WordPress/6.8.3; https://globaltvabuja.com"
114.119.152.134 - - [30/Nov/2025:16:18:49 -0500] "GET /info275836048?kg=0273611687 HTTP/1.1" 404 32476 "https://globaltvabuja.com/sitemap-subitems-954.xml" "Mozilla/5.0 (Linux; Android 7.0;) AppleWebKit/537.36 (KHTML, like Gecko) Mobile Safari/537.36 (compatible; PetalBot;+https://webmaster.petalsearch.com/site/petalbot)"
66.249.64.230 - - [30/Nov/2025:16:18:50 -0500] "GET /info269455372?kg=0267282468 HTTP/1.1" 200 24482 "-" "Mozilla/5.0 (Linux; Android 6.0.1; Nexus 5X Build/MMB29P) AppleWebKit/537.36 (KHTML, like Gecko) Chrome/141.0.7390.122 Mobile Safari/537.36 (compatible; Googlebot/2.1; +http://www.google.com/bot.html)"
202.76.165.133 - - [30/Nov/2025:16:18:58 -0500] "GET /info156934524?kg=0155669048 HTTP/1.1" 404 32511 "-" "Mozilla/5.0 (Windows; U; Windows NT 6.0; en-US; rv:1.9.2.4) Gecko/20100527 Firefox/3.6.4"
66.249.64.232 - - [30/Nov/2025:16:19:22 -0500] "GET /info269477720?kg=0267304637 HTTP/1.1" 200 24548 "-" "Mozilla/5.0 (Linux; Android 6.0.1; Nexus 5X Build/MMB29P) AppleWebKit/537.36 (KHTML, like Gecko) Chrome/141.0.7390.122 Mobile Safari/537.36 (compatible; Googlebot/2.1; +http://www.google.com/bot.html)"
51.222.95.94 - - [30/Nov/2025:16:19:23 -0500] "GET /info353696672?kg=0350844403 HTTP/1.1" 404 26372 "-" "Mozilla/5.0 (compatible; AhrefsBot/7.0; +http://ahrefs.com/robot/)"
52.167.144.157 - - [30/Nov/2025:16:19:38 -0500] "GET /info280407580?kg=0278146352 HTTP/1.1" 200 24458 "-" "Mozilla/5.0 AppleWebKit/537.36 (KHTML, like Gecko; compatible; bingbot/2.0; +http://www.bing.com/bingbot.htm) Chrome/116.0.1938.76 Safari/537.36"
66.29.146.184 - - [30/Nov/2025:16:19:57 -0500] "POST /wp-cron.php?doing_wp_cron=1764537597.6586050987243652343750 HTTP/1.1" 200 0 "-" "WordPress/6.8.3; https://globaltvabuja.com"
107.20.224.184 - - [30/Nov/2025:16:19:57 -0500] "GET /author/okerekglobaltvabuja-com/page/64/ HTTP/1.1" 200 36961 "-" "Mozilla/5.0 AppleWebKit/537.36 (KHTML, like Gecko; compatible; Amazonbot/0.1; +https://developer.amazon.com/support/amazonbot) Chrome/119.0.6045.214 Safari/537.36"
52.167.144.211 - - [30/Nov/2025:16:20:03 -0500] "GET /info131687204?kg=0130625334 HTTP/1.1" 200 24326 "-" "Mozilla/5.0 AppleWebKit/537.36 (KHTML, like Gecko; compatible; bingbot/2.0; +http://www.bing.com/bingbot.htm) Chrome/116.0.1938.76 Safari/537.36"
20.15.133.160 - - [30/Nov/2025:16:20:06 -0500] "GET /info350163296?kg=0347339523 HTTP/1.1" 200 24738 "-" "Mozilla/5.0 AppleWebKit/537.36 (KHTML, like Gecko; compatible; bingbot/2.0; +http://www.bing.com/bingbot.htm) Chrome/116.0.1938.76 Safari/537.36"
52.167.144.157 - - [30/Nov/2025:16:20:10 -0500] "GET /?info48581412?kg=0048189750 HTTP/1.1" 200 26413 "-" "Mozilla/5.0 AppleWebKit/537.36 (KHTML, like Gecko; compatible; bingbot/2.0; +http://www.bing.com/bingbot.htm) Chrome/116.0.1938.76 Safari/537.36"
114.119.135.251 - - [30/Nov/2025:16:20:15 -0500] "GET /info275835916?kg=0273611556 HTTP/1.1" 404 32499 "https://globaltvabuja.com/sitemap-subitems-954.xml" "Mozilla/5.0 (Linux; Android 7.0;) AppleWebKit/537.36 (KHTML, like Gecko) Mobile Safari/537.36 (compatible; PetalBot;+https://webmaster.petalsearch.com/site/petalbot)"
52.167.144.157 - - [30/Nov/2025:16:20:37 -0500] "GET /info280388928?kg=0278127851 HTTP/1.1" 200 24825 "-" "Mozilla/5.0 AppleWebKit/537.36 (KHTML, like Gecko; compatible; bingbot/2.0; +http://www.bing.com/bingbot.htm) Chrome/116.0.1938.76 Safari/537.36"
3.83.76.234 - - [30/Nov/2025:16:20:37 -0500] "GET /naf-airstrikes-neutralize-scores-of-bandits-hibernating-at-alawa-forest-in-shiroro-lga-of-niger-state/ HTTP/1.1" 200 208524 "-" "TerraCotta https://github.com/CeramicTeam/CeramicTerracotta"
52.167.144.211 - - [30/Nov/2025:16:20:41 -0500] "GET /info43088512?kg=0042741147 HTTP/1.1" 200 26701 "-" "Mozilla/5.0 AppleWebKit/537.36 (KHTML, like Gecko; compatible; bingbot/2.0; +http://www.bing.com/bingbot.htm) Chrome/116.0.1938.76 Safari/537.36"
51.161.37.89 - - [30/Nov/2025:16:20:43 -0500] "GET /info353666644?kg=0350814618 HTTP/1.1" 404 26365 "-" "Mozilla/5.0 (compatible; AhrefsBot/7.0; +http://ahrefs.com/robot/)"
52.167.144.157 - - [30/Nov/2025:16:20:47 -0500] "GET /info7122156?kg=0007064844 HTTP/1.1" 200 26718 "-" "Mozilla/5.0 AppleWebKit/537.36 (KHTML, like Gecko; compatible; bingbot/2.0; +http://www.bing.com/bingbot.htm) Chrome/116.0.1938.76 Safari/537.36"
66.249.64.232 - - [30/Nov/2025:16:21:17 -0500] "GET /info269939600?kg=0267762791 HTTP/1.1" 200 24372 "-" "Mozilla/5.0 (Linux; Android 6.0.1; Nexus 5X Build/MMB29P) AppleWebKit/537.36 (KHTML, like Gecko) Chrome/141.0.7390.122 Mobile Safari/537.36 (compatible; Googlebot/2.1; +http://www.google.com/bot.html)"
66.29.146.184 - - [30/Nov/2025:16:21:28 -0500] "POST /wp-cron.php?doing_wp_cron=1764537688.7654230594635009765625 HTTP/1.1" 200 0 "-" "WordPress/6.8.3; https://globaltvabuja.com"
146.174.177.136 - - [30/Nov/2025:16:21:28 -0500] "GET /info156949076?kg=0155683482 HTTP/1.1" 404 32496 "-" "Mozilla/5.0 (Windows NT 6.1; WOW64; rv:2.0b7) Gecko/20100101 Firefox/4.0b7"
114.119.129.189 - - [30/Nov/2025:16:21:34 -0500] "GET /info275835784?kg=0273611425 HTTP/1.1" 404 32496 "https://globaltvabuja.com/sitemap-subitems-954.xml" "Mozilla/5.0 (Linux; Android 7.0;) AppleWebKit/537.36 (KHTML, like Gecko) Mobile Safari/537.36 (compatible; PetalBot;+https://webmaster.petalsearch.com/site/petalbot)"
66.249.64.230 - - [30/Nov/2025:16:21:40 -0500] "GET /info270177284?kg=0267998558 HTTP/1.1" 200 24076 "-" "Mozilla/5.0 (Linux; Android 6.0.1; Nexus 5X Build/MMB29P) AppleWebKit/537.36 (KHTML, like Gecko) Chrome/141.0.7390.122 Mobile Safari/537.36 (compatible; Googlebot/2.1; +http://www.google.com/bot.html)"
54.39.0.32 - - [30/Nov/2025:16:21:45 -0500] "GET /info353651968?kg=0350800059 HTTP/1.1" 404 26346 "-" "Mozilla/5.0 (compatible; AhrefsBot/7.0; +http://ahrefs.com/robot/)"
157.55.39.192 - - [30/Nov/2025:16:21:55 -0500] "GET /info241762832?kg=0239813255 HTTP/1.1" 200 24417 "-" "Mozilla/5.0 AppleWebKit/537.36 (KHTML, like Gecko; compatible; bingbot/2.0; +http://www.bing.com/bingbot.htm) Chrome/116.0.1938.76 Safari/537.36"
52.167.144.157 - - [30/Nov/2025:16:22:00 -0500] "GET /info48844224?kg=0048450443 HTTP/1.1" 200 26565 "-" "Mozilla/5.0 AppleWebKit/537.36 (KHTML, like Gecko; compatible; bingbot/2.0; +http://www.bing.com/bingbot.htm) Chrome/116.0.1938.76 Safari/537.36"
66.249.64.231 - - [30/Nov/2025:16:22:02 -0500] "GET /info270178076?kg=0267999344 HTTP/1.1" 200 24559 "-" "Mozilla/5.0 (Linux; Android 6.0.1; Nexus 5X Build/MMB29P) AppleWebKit/537.36 (KHTML, like Gecko) Chrome/141.0.7390.122 Mobile Safari/537.36 (compatible; Googlebot/2.1; +http://www.google.com/bot.html)"
66.249.64.230 - - [30/Nov/2025:16:22:04 -0500] "GET /info9260380?kg=0009185824 HTTP/1.1" 200 26493 "-" "Mozilla/5.0 (Linux; Android 6.0.1; Nexus 5X Build/MMB29P) AppleWebKit/537.36 (KHTML, like Gecko) Chrome/141.0.7390.122 Mobile Safari/537.36 (compatible; Googlebot/2.1; +http://www.google.com/bot.html)"
66.249.64.230 - - [30/Nov/2025:16:22:08 -0500] "GET /info270076096?kg=0267898187 HTTP/1.1" 200 24370 "-" "Mozilla/5.0 (Linux; Android 6.0.1; Nexus 5X Build/MMB29P) AppleWebKit/537.36 (KHTML, like Gecko) Chrome/141.0.7390.122 Mobile Safari/537.36 (compatible; Googlebot/2.1; +http://www.google.com/bot.html)"
66.249.64.231 - - [30/Nov/2025:16:22:09 -0500] "GET /info270069744?kg=0267891887 HTTP/1.1" 200 24349 "-" "Mozilla/5.0 (Linux; Android 6.0.1; Nexus 5X Build/MMB29P) AppleWebKit/537.36 (KHTML, like Gecko) Chrome/141.0.7390.122 Mobile Safari/537.36 (compatible; Googlebot/2.1; +http://www.google.com/bot.html)"
66.249.64.230 - - [30/Nov/2025:16:22:22 -0500] "GET /info270060620?kg=0267882836 HTTP/1.1" 200 24689 "-" "Mozilla/5.0 (Linux; Android 6.0.1; Nexus 5X Build/MMB29P) AppleWebKit/537.36 (KHTML, like Gecko) Chrome/141.0.7390.122 Mobile Safari/537.36 (compatible; Googlebot/2.1; +http://www.google.com/bot.html)"
66.249.64.230 - - [30/Nov/2025:16:22:29 -0500] "GET /info270077548?kg=0267899628 HTTP/1.1" 200 24542 "-" "Mozilla/5.0 (Linux; Android 6.0.1; Nexus 5X Build/MMB29P) AppleWebKit/537.36 (KHTML, like Gecko) Chrome/141.0.7390.122 Mobile Safari/537.36 (compatible; Googlebot/2.1; +http://www.google.com/bot.html)"
66.249.64.230 - - [30/Nov/2025:16:22:34 -0500] "GET /info1491828?kg=0001479922 HTTP/1.1" 200 26785 "-" "Mozilla/5.0 (Linux; Android 6.0.1; Nexus 5X Build/MMB29P) AppleWebKit/537.36 (KHTML, like Gecko) Chrome/141.0.7390.122 Mobile Safari/537.36 (compatible; Googlebot/2.1; +http://www.google.com/bot.html)"
157.55.39.192 - - [30/Nov/2025:16:22:35 -0500] "GET /info241101496?kg=0239157253 HTTP/1.1" 200 24642 "-" "Mozilla/5.0 AppleWebKit/537.36 (KHTML, like Gecko; compatible; bingbot/2.0; +http://www.bing.com/bingbot.htm) Chrome/116.0.1938.76 Safari/537.36"
66.249.64.230 - - [30/Nov/2025:16:22:41 -0500] "GET /info270077152?kg=0267899235 HTTP/1.1" 200 24600 "-" "Mozilla/5.0 (Linux; Android 6.0.1; Nexus 5X Build/MMB29P) AppleWebKit/537.36 (KHTML, like Gecko) Chrome/141.0.7390.122 Mobile Safari/537.36 (compatible; Googlebot/2.1; +http://www.google.com/bot.html)"
66.29.146.184 - - [30/Nov/2025:16:22:52 -0500] "POST /wp-cron.php?doing_wp_cron=1764537772.9231441020965576171875 HTTP/1.1" 200 0 "-" "WordPress/6.8.3; https://globaltvabuja.com"
114.119.154.207 - - [30/Nov/2025:16:22:52 -0500] "GET /info275835652?kg=0273611294 HTTP/1.1" 404 32499 "https://globaltvabuja.com/sitemap-subitems-954.xml" "Mozilla/5.0 (Linux; Android 7.0;) AppleWebKit/537.36 (KHTML, like Gecko) Mobile Safari/537.36 (compatible; PetalBot;+https://webmaster.petalsearch.com/site/petalbot)"
148.113.130.94 - - [30/Nov/2025:16:22:52 -0500] "GET /info351973900?kg=0349135524 HTTP/1.1" 404 26369 "-" "Mozilla/5.0 (compatible; AhrefsBot/7.0; +http://ahrefs.com/robot/)"
157.55.39.192 - - [30/Nov/2025:16:22:53 -0500] "GET /info131775424?kg=0130712843 HTTP/1.1" 200 24784 "-" "Mozilla/5.0 AppleWebKit/537.36 (KHTML, like Gecko; compatible; bingbot/2.0; +http://www.bing.com/bingbot.htm) Chrome/116.0.1938.76 Safari/537.36"
66.249.64.230 - - [30/Nov/2025:16:22:53 -0500] "GET /info270057576?kg=0267879817 HTTP/1.1" 200 24607 "-" "Mozilla/5.0 (Linux; Android 6.0.1; Nexus 5X Build/MMB29P) AppleWebKit/537.36 (KHTML, like Gecko) Chrome/141.0.7390.122 Mobile Safari/537.36 (compatible; Googlebot/2.1; +http://www.google.com/bot.html)"
66.249.64.230 - - [30/Nov/2025:16:22:57 -0500] "GET /info719396?kg=0000713718 HTTP/1.1" 200 26643 "-" "Mozilla/5.0 (Linux; Android 6.0.1; Nexus 5X Build/MMB29P) AppleWebKit/537.36 (KHTML, like Gecko) Chrome/141.0.7390.122 Mobile Safari/537.36 (compatible; Googlebot/2.1; +http://www.google.com/bot.html)"
157.55.39.192 - - [30/Nov/2025:16:22:57 -0500] "GET /info9941424?kg=0009861375 HTTP/1.1" 200 26625 "-" "Mozilla/5.0 AppleWebKit/537.36 (KHTML, like Gecko; compatible; bingbot/2.0; +http://www.bing.com/bingbot.htm) Chrome/116.0.1938.76 Safari/537.36"
66.249.64.230 - - [30/Nov/2025:16:23:02 -0500] "GET /info270057708?kg=0267879948 HTTP/1.1" 200 24366 "-" "Mozilla/5.0 (Linux; Android 6.0.1; Nexus 5X Build/MMB29P) AppleWebKit/537.36 (KHTML, like Gecko) Chrome/141.0.7390.122 Mobile Safari/537.36 (compatible; Googlebot/2.1; +http://www.google.com/bot.html)"
52.167.144.211 - - [30/Nov/2025:16:23:04 -0500] "GET /info130364400?kg=0129313199 HTTP/1.1" 200 24357 "-" "Mozilla/5.0 AppleWebKit/537.36 (KHTML, like Gecko; compatible; bingbot/2.0; +http://www.bing.com/bingbot.htm) Chrome/116.0.1938.76 Safari/537.36"
52.167.144.157 - - [30/Nov/2025:16:23:08 -0500] "GET /info267142820?kg=0264988566 HTTP/1.1" 200 24344 "-" "Mozilla/5.0 AppleWebKit/537.36 (KHTML, like Gecko; compatible; bingbot/2.0; +http://www.bing.com/bingbot.htm) Chrome/116.0.1938.76 Safari/537.36"
66.249.64.231 - - [30/Nov/2025:16:23:09 -0500] "GET /info270084428?kg=0267906452 HTTP/1.1" 200 24665 "-" "Mozilla/5.0 (Linux; Android 6.0.1; Nexus 5X Build/MMB29P) AppleWebKit/537.36 (KHTML, like Gecko) Chrome/141.0.7390.122 Mobile Safari/537.36 (compatible; Googlebot/2.1; +http://www.google.com/bot.html)"
52.167.144.157 - - [30/Nov/2025:16:23:11 -0500] "GET /info131666300?kg=0130604600 HTTP/1.1" 200 24612 "-" "Mozilla/5.0 AppleWebKit/537.36 (KHTML, like Gecko; compatible; bingbot/2.0; +http://www.bing.com/bingbot.htm) Chrome/116.0.1938.76 Safari/537.36"
157.55.39.192 - - [30/Nov/2025:16:23:16 -0500] "GET /?info194124740?kg=0192559342 HTTP/1.1" 200 24645 "-" "Mozilla/5.0 AppleWebKit/537.36 (KHTML, like Gecko; compatible; bingbot/2.0; +http://www.bing.com/bingbot.htm) Chrome/116.0.1938.76 Safari/537.36"
66.249.64.230 - - [30/Nov/2025:16:23:25 -0500] "GET /info269132900?kg=0266962598 HTTP/1.1" 200 24941 "-" "Mozilla/5.0 (Linux; Android 6.0.1; Nexus 5X Build/MMB29P) AppleWebKit/537.36 (KHTML, like Gecko) Chrome/141.0.7390.122 Mobile Safari/537.36 (compatible; Googlebot/2.1; +http://www.google.com/bot.html)"
66.249.64.230 - - [30/Nov/2025:16:23:28 -0500] "GET /info270057444?kg=0267879686 HTTP/1.1" 200 24258 "-" "Mozilla/5.0 (Linux; Android 6.0.1; Nexus 5X Build/MMB29P) AppleWebKit/537.36 (KHTML, like Gecko) Chrome/141.0.7390.122 Mobile Safari/537.36 (compatible; Googlebot/2.1; +http://www.google.com/bot.html)"
66.249.64.230 - - [30/Nov/2025:16:23:36 -0500] "GET /info269449416?kg=0267276561 HTTP/1.1" 200 24581 "-" "Mozilla/5.0 (Linux; Android 6.0.1; Nexus 5X Build/MMB29P) AppleWebKit/537.36 (KHTML, like Gecko) Chrome/141.0.7390.122 Mobile Safari/537.36 (compatible; Googlebot/2.1; +http://www.google.com/bot.html)"
66.249.64.230 - - [30/Nov/2025:16:23:38 -0500] "GET /info270075172?kg=0267897270 HTTP/1.1" 200 24412 "-" "Mozilla/5.0 (Linux; Android 6.0.1; Nexus 5X Build/MMB29P) AppleWebKit/537.36 (KHTML, like Gecko) Chrome/141.0.7390.122 Mobile Safari/537.36 (compatible; Googlebot/2.1; +http://www.google.com/bot.html)"
66.249.64.230 - - [30/Nov/2025:16:23:40 -0500] "GET /info270079140?kg=0267901206 HTTP/1.1" 200 24651 "-" "Mozilla/5.0 (Linux; Android 6.0.1; Nexus 5X Build/MMB29P) AppleWebKit/537.36 (KHTML, like Gecko) Chrome/141.0.7390.122 Mobile Safari/537.36 (compatible; Googlebot/2.1; +http://www.google.com/bot.html)"
52.167.144.157 - - [30/Nov/2025:16:23:48 -0500] "GET /info338733872?kg=0336002271 HTTP/1.1" 200 24400 "-" "Mozilla/5.0 AppleWebKit/537.36 (KHTML, like Gecko; compatible; bingbot/2.0; +http://www.bing.com/bingbot.htm) Chrome/116.0.1938.76 Safari/537.36"
66.249.64.230 - - [30/Nov/2025:16:23:49 -0500] "GET /info270415496?kg=0268234849 HTTP/1.1" 200 24433 "-" "Mozilla/5.0 (Linux; Android 6.0.1; Nexus 5X Build/MMB29P) AppleWebKit/537.36 (KHTML, like Gecko) Chrome/141.0.7390.122 Mobile Safari/537.36 (compatible; Googlebot/2.1; +http://www.google.com/bot.html)"
157.55.39.192 - - [30/Nov/2025:16:23:52 -0500] "GET /info200173424?kg=0198559247 HTTP/1.1" 200 24730 "-" "Mozilla/5.0 AppleWebKit/537.36 (KHTML, like Gecko; compatible; bingbot/2.0; +http://www.bing.com/bingbot.htm) Chrome/116.0.1938.76 Safari/537.36"
66.249.64.230 - - [30/Nov/2025:16:23:54 -0500] "GET /info270400944?kg=0268220415 HTTP/1.1" 200 24520 "-" "Mozilla/5.0 (Linux; Android 6.0.1; Nexus 5X Build/MMB29P) AppleWebKit/537.36 (KHTML, like Gecko) Chrome/141.0.7390.122 Mobile Safari/537.36 (compatible; Googlebot/2.1; +http://www.google.com/bot.html)"
66.29.146.184 - - [30/Nov/2025:16:23:59 -0500] "POST /wp-cron.php?doing_wp_cron=1764537839.7917819023132324218750 HTTP/1.1" 200 0 "-" "WordPress/6.8.3; https://globaltvabuja.com"
146.174.187.0 - - [30/Nov/2025:16:23:59 -0500] "GET /info156950264?kg=0155684661 HTTP/1.1" 404 32462 "-" "Mozilla/5.0 (X11; U; Linux x86_64; en-US) AppleWebKit/534.1 (KHTML, like Gecko) Chrome/6.0.427.0 Safari/534.1"
54.39.136.179 - - [30/Nov/2025:16:24:00 -0500] "GET /info351973636?kg=0349135262 HTTP/1.1" 404 26378 "-" "Mozilla/5.0 (compatible; AhrefsBot/7.0; +http://ahrefs.com/robot/)"
157.55.39.192 - - [30/Nov/2025:16:24:04 -0500] "GET /info69563536?kg=0069002663 HTTP/1.1" 200 26381 "-" "Mozilla/5.0 AppleWebKit/537.36 (KHTML, like Gecko; compatible; bingbot/2.0; +http://www.bing.com/bingbot.htm) Chrome/116.0.1938.76 Safari/537.36"
66.249.64.230 - - [30/Nov/2025:16:24:09 -0500] "GET /info270395920?kg=0268215431 HTTP/1.1" 200 24341 "-" "Mozilla/5.0 (Linux; Android 6.0.1; Nexus 5X Build/MMB29P) AppleWebKit/537.36 (KHTML, like Gecko) Chrome/141.0.7390.122 Mobile Safari/537.36 (compatible; Googlebot/2.1; +http://www.google.com/bot.html)"
66.249.64.231 - - [30/Nov/2025:16:24:21 -0500] "GET /info270402132?kg=0268221594 HTTP/1.1" 200 24630 "-" "Mozilla/5.0 (Linux; Android 6.0.1; Nexus 5X Build/MMB29P) AppleWebKit/537.36 (KHTML, like Gecko) Chrome/141.0.7390.122 Mobile Safari/537.36 (compatible; Googlebot/2.1; +http://www.google.com/bot.html)"
114.119.139.202 - - [30/Nov/2025:16:24:22 -0500] "GET /info275835644?kg=0273611288 HTTP/1.1" 404 32479 "https://globaltvabuja.com/sitemap-subitems-954.xml" "Mozilla/5.0 (Linux; Android 7.0;) AppleWebKit/537.36 (KHTML, like Gecko) Mobile Safari/537.36 (compatible; PetalBot;+https://webmaster.petalsearch.com/site/petalbot)"
157.55.39.192 - - [30/Nov/2025:16:24:23 -0500] "GET /info283163088?kg=0280879639 HTTP/1.1" 200 24261 "-" "Mozilla/5.0 AppleWebKit/537.36 (KHTML, like Gecko; compatible; bingbot/2.0; +http://www.bing.com/bingbot.htm) Chrome/116.0.1938.76 Safari/537.36"
66.249.64.230 - - [30/Nov/2025:16:24:28 -0500] "GET /info270411124?kg=0268230514 HTTP/1.1" 200 24077 "-" "Mozilla/5.0 (Linux; Android 6.0.1; Nexus 5X Build/MMB29P) AppleWebKit/537.36 (KHTML, like Gecko) Chrome/141.0.7390.122 Mobile Safari/537.36 (compatible; Googlebot/2.1; +http://www.google.com/bot.html)"
66.249.64.230 - - [30/Nov/2025:16:24:37 -0500] "GET /info270414432?kg=0268233795 HTTP/1.1" 200 24666 "-" "Mozilla/5.0 (Linux; Android 6.0.1; Nexus 5X Build/MMB29P) AppleWebKit/537.36 (KHTML, like Gecko) Chrome/141.0.7390.122 Mobile Safari/537.36 (compatible; Googlebot/2.1; +http://www.google.com/bot.html)"
43.173.177.150 - - [30/Nov/2025:16:24:42 -0500] "GET /ncpwd-restates-fgs-commitment-to-making-assistive-technology-a-goldmine/ HTTP/1.1" 200 42328 "-" "Mozilla/5.0 (Windows NT 10.0; Win64; x64) AppleWebKit/537.36 (KHTML, like Gecko) Chrome/117.0.0.0 Safari/537.36"
66.249.64.230 - - [30/Nov/2025:16:24:45 -0500] "GET /info270390624?kg=0268210179 HTTP/1.1" 200 24465 "-" "Mozilla/5.0 (Linux; Android 6.0.1; Nexus 5X Build/MMB29P) AppleWebKit/537.36 (KHTML, like Gecko) Chrome/141.0.7390.122 Mobile Safari/537.36 (compatible; Googlebot/2.1; +http://www.google.com/bot.html)"
66.249.64.230 - - [30/Nov/2025:16:24:51 -0500] "GET /info352046248?kg=0349207289 HTTP/1.1" 200 24200 "-" "Mozilla/5.0 (Linux; Android 6.0.1; Nexus 5X Build/MMB29P) AppleWebKit/537.36 (KHTML, like Gecko) Chrome/141.0.7390.122 Mobile Safari/537.36 (compatible; Googlebot/2.1; +http://www.google.com/bot.html)"
66.249.64.231 - - [30/Nov/2025:16:25:00 -0500] "GET /info270403856?kg=0268223303 HTTP/1.1" 200 24243 "-" "Mozilla/5.0 (Linux; Android 6.0.1; Nexus 5X Build/MMB29P) AppleWebKit/537.36 (KHTML, like Gecko) Chrome/141.0.7390.122 Mobile Safari/537.36 (compatible; Googlebot/2.1; +http://www.google.com/bot.html)"
66.249.64.230 - - [30/Nov/2025:16:25:06 -0500] "GET /info270128208?kg=0267949879 HTTP/1.1" 200 24375 "-" "Mozilla/5.0 (Linux; Android 6.0.1; Nexus 5X Build/MMB29P) AppleWebKit/537.36 (KHTML, like Gecko) Chrome/141.0.7390.122 Mobile Safari/537.36 (compatible; Googlebot/2.1; +http://www.google.com/bot.html)"
52.167.144.211 - - [30/Nov/2025:16:25:06 -0500] "GET /info341666884?kg=0338911630 HTTP/1.1" 200 24573 "-" "Mozilla/5.0 AppleWebKit/537.36 (KHTML, like Gecko; compatible; bingbot/2.0; +http://www.bing.com/bingbot.htm) Chrome/116.0.1938.76 Safari/537.36"
66.29.146.184 - - [30/Nov/2025:16:25:13 -0500] "POST /wp-cron.php?doing_wp_cron=1764537913.3085520267486572265625 HTTP/1.1" 200 0 "-" "WordPress/6.8.3; https://globaltvabuja.com"
51.222.95.207 - - [30/Nov/2025:16:25:12 -0500] "GET /info349862388?kg=0347041042 HTTP/1.1" 404 26364 "-" "Mozilla/5.0 (compatible; AhrefsBot/7.0; +http://ahrefs.com/robot/)"
52.167.144.211 - - [30/Nov/2025:16:25:17 -0500] "GET /info134525380?kg=0133440622 HTTP/1.1" 200 24604 "-" "Mozilla/5.0 AppleWebKit/537.36 (KHTML, like Gecko; compatible; bingbot/2.0; +http://www.bing.com/bingbot.htm) Chrome/116.0.1938.76 Safari/537.36"
20.15.133.184 - - [30/Nov/2025:16:25:19 -0500] "GET /info212609136?kg=0210894671 HTTP/1.1" 200 24739 "-" "Mozilla/5.0 AppleWebKit/537.36 (KHTML, like Gecko; compatible; bingbot/2.0; +http://www.bing.com/bingbot.htm) Chrome/116.0.1938.76 Safari/537.36"
66.249.64.230 - - [30/Nov/2025:16:25:34 -0500] "GET /info269919496?kg=0267742849 HTTP/1.1" 200 24676 "-" "Mozilla/5.0 (Linux; Android 6.0.1; Nexus 5X Build/MMB29P) AppleWebKit/537.36 (KHTML, like Gecko) Chrome/141.0.7390.122 Mobile Safari/537.36 (compatible; Googlebot/2.1; +http://www.google.com/bot.html)"
66.249.64.230 - - [30/Nov/2025:16:25:38 -0500] "GET /info268914264?kg=0266745725 HTTP/1.1" 200 24585 "-" "Mozilla/5.0 (Linux; Android 6.0.1; Nexus 5X Build/MMB29P) AppleWebKit/537.36 (KHTML, like Gecko) Chrome/141.0.7390.122 Mobile Safari/537.36 (compatible; Googlebot/2.1; +http://www.google.com/bot.html)"
114.119.139.202 - - [30/Nov/2025:16:25:39 -0500] "GET /info275835520?kg=0273611163 HTTP/1.1" 404 32458 "https://globaltvabuja.com/sitemap-subitems-954.xml" "Mozilla/5.0 (Linux; Android 7.0;) AppleWebKit/537.36 (KHTML, like Gecko) Mobile Safari/537.36 (compatible; PetalBot;+https://webmaster.petalsearch.com/site/petalbot)"
52.167.144.211 - - [30/Nov/2025:16:25:48 -0500] "GET /info143857720?kg=0142697701 HTTP/1.1" 200 24495 "-" "Mozilla/5.0 AppleWebKit/537.36 (KHTML, like Gecko; compatible; bingbot/2.0; +http://www.bing.com/bingbot.htm) Chrome/116.0.1938.76 Safari/537.36"
20.15.133.184 - - [30/Nov/2025:16:26:10 -0500] "GET /info131912852?kg=0130849162 HTTP/1.1" 200 24633 "-" "Mozilla/5.0 AppleWebKit/537.36 (KHTML, like Gecko; compatible; bingbot/2.0; +http://www.bing.com/bingbot.htm) Chrome/116.0.1938.76 Safari/537.36"
40.77.167.42 - - [30/Nov/2025:16:26:19 -0500] "GET /info43786872?kg=0043433877 HTTP/1.1" 200 26596 "-" "Mozilla/5.0 AppleWebKit/537.36 (KHTML, like Gecko; compatible; bingbot/2.0; +http://www.bing.com/bingbot.htm) Chrome/116.0.1938.76 Safari/537.36"
66.29.146.184 - - [30/Nov/2025:16:26:28 -0500] "POST /wp-cron.php?doing_wp_cron=1764537988.7902059555053710937500 HTTP/1.1" 200 0 "-" "WordPress/6.8.3; https://globaltvabuja.com"
15.235.96.153 - - [30/Nov/2025:16:26:28 -0500] "GET /info348187628?kg=0345379788 HTTP/1.1" 404 26370 "-" "Mozilla/5.0 (compatible; AhrefsBot/7.0; +http://ahrefs.com/robot/)"
202.76.128.156 - - [30/Nov/2025:16:26:28 -0500] "GET /info156964552?kg=0155698833 HTTP/1.1" 404 32464 "-" "Mozilla/5.0 (Windows NT 6.1) AppleWebKit/537.36 (KHTML, like Gecko) Chrome/28.0.1468.0 Safari/537.36"
185.191.171.15 - - [30/Nov/2025:16:26:39 -0500] "GET /robots.txt HTTP/1.1" 200 82 "-" "Mozilla/5.0 (compatible; SemrushBot/7~bl; +http://www.semrush.com/bot.html)"
185.191.171.11 - - [30/Nov/2025:16:26:40 -0500] "GET /wabotes-n30bn-allegation-lokpobiri-refutes-claims-to-inflate-ncdmb-budget/ HTTP/1.1" 200 43077 "-" "Mozilla/5.0 (compatible; SemrushBot/7~bl; +http://www.semrush.com/bot.html)"
66.29.146.184 - - [30/Nov/2025:16:27:02 -0500] "POST /wp-cron.php?doing_wp_cron=1764538022.9623050689697265625000 HTTP/1.1" 200 0 "-" "WordPress/6.8.3; https://globaltvabuja.com"
114.119.130.178 - - [30/Nov/2025:16:27:02 -0500] "GET /info275835512?kg=0273611157 HTTP/1.1" 404 32464 "https://globaltvabuja.com/sitemap-subitems-954.xml" "Mozilla/5.0 (Linux; Android 7.0;) AppleWebKit/537.36 (KHTML, like Gecko) Mobile Safari/537.36 (compatible; PetalBot;+https://webmaster.petalsearch.com/site/petalbot)"
157.55.39.192 - - [30/Nov/2025:16:27:14 -0500] "GET /info12669948?kg=0012567896 HTTP/1.1" 200 26147 "-" "Mozilla/5.0 AppleWebKit/537.36 (KHTML, like Gecko; compatible; bingbot/2.0; +http://www.bing.com/bingbot.htm) Chrome/116.0.1938.76 Safari/537.36"
51.161.65.252 - - [30/Nov/2025:16:27:31 -0500] "GET /info348157476?kg=0345349878 HTTP/1.1" 404 26373 "-" "Mozilla/5.0 (compatible; AhrefsBot/7.0; +http://ahrefs.com/robot/)"
40.77.167.42 - - [30/Nov/2025:16:27:47 -0500] "GET /info257841960?kg=0255762713 HTTP/1.1" 200 24418 "-" "Mozilla/5.0 AppleWebKit/537.36 (KHTML, like Gecko; compatible; bingbot/2.0; +http://www.bing.com/bingbot.htm) Chrome/116.0.1938.76 Safari/537.36"
40.77.167.42 - - [30/Nov/2025:16:27:53 -0500] "GET /info219927852?kg=0218154364 HTTP/1.1" 200 24294 "-" "Mozilla/5.0 AppleWebKit/537.36 (KHTML, like Gecko; compatible; bingbot/2.0; +http://www.bing.com/bingbot.htm) Chrome/116.0.1938.76 Safari/537.36"
40.77.167.42 - - [30/Nov/2025:16:27:57 -0500] "GET /info96614052?kg=0095835030 HTTP/1.1" 200 26905 "-" "Mozilla/5.0 AppleWebKit/537.36 (KHTML, like Gecko; compatible; bingbot/2.0; +http://www.bing.com/bingbot.htm) Chrome/116.0.1938.76 Safari/537.36"
66.249.64.231 - - [30/Nov/2025:16:28:20 -0500] "GET /?info268914528?kg=0266745987 HTTP/1.1" 200 24317 "-" "Mozilla/5.0 (Linux; Android 6.0.1; Nexus 5X Build/MMB29P) AppleWebKit/537.36 (KHTML, like Gecko) Chrome/141.0.7390.122 Mobile Safari/537.36 (compatible; Googlebot/2.1; +http://www.google.com/bot.html)"
66.29.146.184 - - [30/Nov/2025:16:28:25 -0500] "POST /wp-cron.php?doing_wp_cron=1764538105.8139410018920898437500 HTTP/1.1" 200 0 "-" "WordPress/6.8.3; https://globaltvabuja.com"
114.119.145.123 - - [30/Nov/2025:16:28:25 -0500] "GET /info275835380?kg=0273611026 HTTP/1.1" 404 32478 "https://globaltvabuja.com/sitemap-subitems-954.xml" "Mozilla/5.0 (Linux; Android 7.0;) AppleWebKit/537.36 (KHTML, like Gecko) Mobile Safari/537.36 (compatible; PetalBot;+https://webmaster.petalsearch.com/site/petalbot)"
51.222.95.196 - - [30/Nov/2025:16:28:35 -0500] "GET /info347545216?kg=0344742555 HTTP/1.1" 404 26348 "-" "Mozilla/5.0 (compatible; AhrefsBot/7.0; +http://ahrefs.com/robot/)"
40.77.167.42 - - [30/Nov/2025:16:28:39 -0500] "GET /info315832160?kg=0313285251 HTTP/1.1" 200 24510 "-" "Mozilla/5.0 AppleWebKit/537.36 (KHTML, like Gecko; compatible; bingbot/2.0; +http://www.bing.com/bingbot.htm) Chrome/116.0.1938.76 Safari/537.36"
157.55.39.192 - - [30/Nov/2025:16:28:43 -0500] "GET /?info201314888?kg=0199691505 HTTP/1.1" 200 24548 "-" "Mozilla/5.0 AppleWebKit/537.36 (KHTML, like Gecko; compatible; bingbot/2.0; +http://www.bing.com/bingbot.htm) Chrome/116.0.1938.76 Safari/537.36"
66.29.146.184 - - [30/Nov/2025:16:28:59 -0500] "POST /wp-cron.php?doing_wp_cron=1764538139.8342869281768798828125 HTTP/1.1" 200 0 "-" "WordPress/6.8.3; https://globaltvabuja.com"
202.76.137.12 - - [30/Nov/2025:16:28:59 -0500] "GET /info135864048?kg=0134768495 HTTP/1.1" 404 32517 "-" "Mozilla/5.0 (Macintosh; U; PPC Mac OS X; ja-jp) AppleWebKit/312.5.1 (KHTML, like Gecko) Safari/312.3.1"
52.167.144.157 - - [30/Nov/2025:16:29:15 -0500] "GET /info299090244?kg=0296678350 HTTP/1.1" 200 24404 "-" "Mozilla/5.0 AppleWebKit/537.36 (KHTML, like Gecko; compatible; bingbot/2.0; +http://www.bing.com/bingbot.htm) Chrome/116.0.1938.76 Safari/537.36"
40.77.167.42 - - [30/Nov/2025:16:29:19 -0500] "GET /info227053984?kg=0225223027 HTTP/1.1" 200 24662 "-" "Mozilla/5.0 AppleWebKit/537.36 (KHTML, like Gecko; compatible; bingbot/2.0; +http://www.bing.com/bingbot.htm) Chrome/116.0.1938.76 Safari/537.36"
51.222.168.93 - - [30/Nov/2025:16:29:36 -0500] "GET /info347474980?kg=0344672886 HTTP/1.1" 404 26368 "-" "Mozilla/5.0 (compatible; AhrefsBot/7.0; +http://ahrefs.com/robot/)"
