157.55.39.63 - - [30/Nov/2025:09:51:30 -0500] "GET /info146354780?kg=0145174624 HTTP/1.1" 200 23951 "-" "Mozilla/5.0 AppleWebKit/537.36 (KHTML, like Gecko; compatible; bingbot/2.0; +http://www.bing.com/bingbot.htm) Chrome/116.0.1938.76 Safari/537.36"
51.222.168.48 - - [30/Nov/2025:09:51:38 -0500] "GET /info188872824?kg=0187349781 HTTP/1.1" 404 26367 "-" "Mozilla/5.0 (compatible; AhrefsBot/7.0; +http://ahrefs.com/robot/)"
157.55.39.63 - - [30/Nov/2025:09:51:50 -0500] "GET /info146444460?kg=0145263580 HTTP/1.1" 200 24631 "-" "Mozilla/5.0 AppleWebKit/537.36 (KHTML, like Gecko; compatible; bingbot/2.0; +http://www.bing.com/bingbot.htm) Chrome/116.0.1938.76 Safari/537.36"
66.29.146.184 - - [30/Nov/2025:09:52:03 -0500] "POST /wp-cron.php?doing_wp_cron=1764514323.5217161178588867187500 HTTP/1.1" 200 0 "-" "WordPress/6.8.3; https://globaltvabuja.com"
116.179.32.112 - - [30/Nov/2025:09:52:03 -0500] "GET /fg-explores-funding-options-for-inter-university-centres/ HTTP/1.1" 200 41453 "-" "Mozilla/5.0 (compatible; Baiduspider/2.0; +http://www.baidu.com/search/spider.html)"
116.179.37.135 - - [30/Nov/2025:09:52:07 -0500] "GET /wp-content/uploads/2023/11/IMG-20231122-WA0023.jpg HTTP/1.1" 200 8555 "https://globaltvabuja.com/fg-explores-funding-options-for-inter-university-centres/" "Mozilla/5.0 (compatible; Baiduspider-render/2.0; +http://www.baidu.com/search/spider.html)"
116.179.37.100 - - [30/Nov/2025:09:52:08 -0500] "GET /wp-admin/user-new.php HTTP/1.1" 302 0 "https://globaltvabuja.com/fg-explores-funding-options-for-inter-university-centres/" "Mozilla/5.0 (compatible; Baiduspider-render/2.0; +http://www.baidu.com/search/spider.html)"
116.179.37.233 - - [30/Nov/2025:09:52:09 -0500] "GET /wp-login.php?redirect_to=https%3A%2F%2Fglobaltvabuja.com%2Fwp-admin%2Fuser-new.php&reauth=1 HTTP/1.1" 200 2098 "https://globaltvabuja.com/fg-explores-funding-options-for-inter-university-centres/" "Mozilla/5.0 (compatible; Baiduspider-render/2.0; +http://www.baidu.com/search/spider.html)"
116.179.37.215 - - [30/Nov/2025:09:52:11 -0500] "GET /wp-admin/user-new.php HTTP/1.1" 302 0 "https://globaltvabuja.com/fg-explores-funding-options-for-inter-university-centres/" "Mozilla/5.0 (compatible; Baiduspider-render/2.0; +http://www.baidu.com/search/spider.html)"
40.77.167.16 - - [30/Nov/2025:09:52:11 -0500] "GET /info192341260?kg=0190790244 HTTP/1.1" 200 24646 "-" "Mozilla/5.0 AppleWebKit/537.36 (KHTML, like Gecko; compatible; bingbot/2.0; +http://www.bing.com/bingbot.htm) Chrome/116.0.1938.76 Safari/537.36"
116.179.37.182 - - [30/Nov/2025:09:52:12 -0500] "GET /wp-login.php?redirect_to=https%3A%2F%2Fglobaltvabuja.com%2Fwp-admin%2Fuser-new.php&reauth=1 HTTP/1.1" 200 2098 "https://globaltvabuja.com/fg-explores-funding-options-for-inter-university-centres/" "Mozilla/5.0 (compatible; Baiduspider-render/2.0; +http://www.baidu.com/search/spider.html)"
116.179.37.108 - - [30/Nov/2025:09:52:14 -0500] "POST /wp-json/td-cloud-library/ajax_autoload?uid=73cd4ab8-5a7f-1e8d-8870-6dace3c116a3 HTTP/1.1" 200 1295 "https://globaltvabuja.com/fg-explores-funding-options-for-inter-university-centres/" "Mozilla/5.0 (compatible; Baiduspider-render/2.0; +http://www.baidu.com/search/spider.html)"
116.179.37.243 - - [30/Nov/2025:09:52:16 -0500] "GET /customs-partners-with-copyright-commission-to-end-piracy/?tdb_action=tdb_ajax HTTP/1.1" 200 24876 "https://globaltvabuja.com/fg-explores-funding-options-for-inter-university-centres/" "Mozilla/5.0 (compatible; Baiduspider-render/2.0; +http://www.baidu.com/search/spider.html)"
114.119.135.251 - - [30/Nov/2025:09:52:20 -0500] "GET /info364168488?kg=0361231769 HTTP/1.1" 404 32483 "https://globaltvabuja.com/sitemap-subitems-942.xml" "Mozilla/5.0 (Linux; Android 7.0;) AppleWebKit/537.36 (KHTML, like Gecko) Mobile Safari/537.36 (compatible; PetalBot;+https://webmaster.petalsearch.com/site/petalbot)"
157.55.39.63 - - [30/Nov/2025:09:52:31 -0500] "GET /info218380464?kg=0216619455 HTTP/1.1" 200 24631 "-" "Mozilla/5.0 AppleWebKit/537.36 (KHTML, like Gecko; compatible; bingbot/2.0; +http://www.bing.com/bingbot.htm) Chrome/116.0.1938.76 Safari/537.36"
142.44.233.99 - - [30/Nov/2025:09:52:34 -0500] "GET /info183812700?kg=0182330464 HTTP/1.1" 404 26363 "-" "Mozilla/5.0 (compatible; AhrefsBot/7.0; +http://ahrefs.com/robot/)"
40.77.167.43 - - [30/Nov/2025:09:52:41 -0500] "GET /info309383236?kg=0306888334 HTTP/1.1" 200 24563 "-" "Mozilla/5.0 AppleWebKit/537.36 (KHTML, like Gecko; compatible; bingbot/2.0; +http://www.bing.com/bingbot.htm) Chrome/116.0.1938.76 Safari/537.36"
40.77.167.43 - - [30/Nov/2025:09:52:50 -0500] "GET /info170876360?kg=0169498449 HTTP/1.1" 200 24535 "-" "Mozilla/5.0 AppleWebKit/537.36 (KHTML, like Gecko; compatible; bingbot/2.0; +http://www.bing.com/bingbot.htm) Chrome/116.0.1938.76 Safari/537.36"
66.29.146.184 - - [30/Nov/2025:09:53:07 -0500] "POST /wp-cron.php?doing_wp_cron=1764514387.1239979267120361328125 HTTP/1.1" 200 0 "-" "WordPress/6.8.3; https://globaltvabuja.com"
146.174.163.21 - - [30/Nov/2025:09:53:06 -0500] "GET /info127711664?kg=0126681855 HTTP/1.1" 404 32492 "-" "Mozilla/4.0 (compatible; MSIE 7.0b; Windows NT 5.1; Media Center PC 3.0; .NET CLR 1.0.3705; .NET CLR 1.1.4322; .NET CLR 2.0.50727; InfoPath.1)"
40.77.167.43 - - [30/Nov/2025:09:53:30 -0500] "GET /info107808704?kg=0106939403 HTTP/1.1" 200 26345 "-" "Mozilla/5.0 AppleWebKit/537.36 (KHTML, like Gecko; compatible; bingbot/2.0; +http://www.bing.com/bingbot.htm) Chrome/116.0.1938.76 Safari/537.36"
40.77.167.43 - - [30/Nov/2025:09:53:32 -0500] "GET /info129245292?kg=0128203116 HTTP/1.1" 200 24602 "-" "Mozilla/5.0 AppleWebKit/537.36 (KHTML, like Gecko; compatible; bingbot/2.0; +http://www.bing.com/bingbot.htm) Chrome/116.0.1938.76 Safari/537.36"
167.114.139.110 - - [30/Nov/2025:09:53:37 -0500] "GET /info183791540?kg=0182309474 HTTP/1.1" 404 26386 "-" "Mozilla/5.0 (compatible; AhrefsBot/7.0; +http://ahrefs.com/robot/)"
40.77.167.16 - - [30/Nov/2025:09:53:40 -0500] "GET /info222086312?kg=0220295417 HTTP/1.1" 200 24122 "-" "Mozilla/5.0 AppleWebKit/537.36 (KHTML, like Gecko; compatible; bingbot/2.0; +http://www.bing.com/bingbot.htm) Chrome/116.0.1938.76 Safari/537.36"
40.77.167.43 - - [30/Nov/2025:09:53:44 -0500] "GET /info194119848?kg=0192554489 HTTP/1.1" 200 24208 "-" "Mozilla/5.0 AppleWebKit/537.36 (KHTML, like Gecko; compatible; bingbot/2.0; +http://www.bing.com/bingbot.htm) Chrome/116.0.1938.76 Safari/537.36"
114.119.152.134 - - [30/Nov/2025:09:53:44 -0500] "GET /info364168356?kg=0361231638 HTTP/1.1" 404 32533 "https://globaltvabuja.com/sitemap-subitems-942.xml" "Mozilla/5.0 (Linux; Android 7.0;) AppleWebKit/537.36 (KHTML, like Gecko) Mobile Safari/537.36 (compatible; PetalBot;+https://webmaster.petalsearch.com/site/petalbot)"
40.77.167.16 - - [30/Nov/2025:09:53:50 -0500] "GET /info238121000?kg=0236200793 HTTP/1.1" 200 24414 "-" "Mozilla/5.0 AppleWebKit/537.36 (KHTML, like Gecko; compatible; bingbot/2.0; +http://www.bing.com/bingbot.htm) Chrome/116.0.1938.76 Safari/537.36"
185.191.171.13 - - [30/Nov/2025:09:54:11 -0500] "GET /robots.txt HTTP/1.1" 200 82 "-" "Mozilla/5.0 (compatible; SemrushBot/7~bl; +http://www.semrush.com/bot.html)"
40.77.167.16 - - [30/Nov/2025:09:54:11 -0500] "GET /info257385772?kg=0255310204 HTTP/1.1" 200 24411 "-" "Mozilla/5.0 AppleWebKit/537.36 (KHTML, like Gecko; compatible; bingbot/2.0; +http://www.bing.com/bingbot.htm) Chrome/116.0.1938.76 Safari/537.36"
66.29.146.184 - - [30/Nov/2025:09:54:12 -0500] "POST /wp-cron.php?doing_wp_cron=1764514452.4854640960693359375000 HTTP/1.1" 200 0 "-" "WordPress/6.8.3; https://globaltvabuja.com"
85.208.96.205 - - [30/Nov/2025:09:54:12 -0500] "GET /tag/pos-operators-over-availability-of-the-naira/ HTTP/1.1" 200 34041 "-" "Mozilla/5.0 (compatible; SemrushBot/7~bl; +http://www.semrush.com/bot.html)"
40.77.167.16 - - [30/Nov/2025:09:54:20 -0500] "GET /info332909112?kg=0330224485 HTTP/1.1" 200 24290 "-" "Mozilla/5.0 AppleWebKit/537.36 (KHTML, like Gecko; compatible; bingbot/2.0; +http://www.bing.com/bingbot.htm) Chrome/116.0.1938.76 Safari/537.36"
148.113.130.227 - - [30/Nov/2025:09:54:43 -0500] "GET /info183787176?kg=0182305145 HTTP/1.1" 404 26349 "-" "Mozilla/5.0 (compatible; AhrefsBot/7.0; +http://ahrefs.com/robot/)"
40.77.167.43 - - [30/Nov/2025:09:54:50 -0500] "GET /info29804440?kg=0029564205 HTTP/1.1" 200 26393 "-" "Mozilla/5.0 AppleWebKit/537.36 (KHTML, like Gecko; compatible; bingbot/2.0; +http://www.bing.com/bingbot.htm) Chrome/116.0.1938.76 Safari/537.36"
66.29.146.184 - - [30/Nov/2025:09:55:08 -0500] "POST /wp-cron.php?doing_wp_cron=1764514508.2815349102020263671875 HTTP/1.1" 200 0 "-" "WordPress/6.8.3; https://globaltvabuja.com"
114.119.130.178 - - [30/Nov/2025:09:55:07 -0500] "GET /info364168224?kg=0361231507 HTTP/1.1" 404 32490 "https://globaltvabuja.com/sitemap-subitems-942.xml" "Mozilla/5.0 (Linux; Android 7.0;) AppleWebKit/537.36 (KHTML, like Gecko) Mobile Safari/537.36 (compatible; PetalBot;+https://webmaster.petalsearch.com/site/petalbot)"
40.77.167.43 - - [30/Nov/2025:09:55:11 -0500] "GET /info61165656?kg=0060672509 HTTP/1.1" 200 26272 "-" "Mozilla/5.0 AppleWebKit/537.36 (KHTML, like Gecko; compatible; bingbot/2.0; +http://www.bing.com/bingbot.htm) Chrome/116.0.1938.76 Safari/537.36"
185.191.171.13 - - [30/Nov/2025:09:55:29 -0500] "GET /youth-development-minister-set-to-collaborates-with-ndic-to-deepen-awareness-on-ndic-activities/ HTTP/1.1" 200 42336 "-" "Mozilla/5.0 (compatible; SemrushBot/7~bl; +http://www.semrush.com/bot.html)"
66.29.146.184 - - [30/Nov/2025:09:55:58 -0500] "POST /wp-cron.php?doing_wp_cron=1764514558.2108769416809082031250 HTTP/1.1" 200 0 "-" "WordPress/6.8.3; https://globaltvabuja.com"
54.39.203.111 - - [30/Nov/2025:09:55:57 -0500] "GET /info183736252?kg=0182254632 HTTP/1.1" 404 26349 "-" "Mozilla/5.0 (compatible; AhrefsBot/7.0; +http://ahrefs.com/robot/)"
40.77.167.43 - - [30/Nov/2025:09:56:29 -0500] "GET /info131423856?kg=0130364111 HTTP/1.1" 200 24387 "-" "Mozilla/5.0 AppleWebKit/537.36 (KHTML, like Gecko; compatible; bingbot/2.0; +http://www.bing.com/bingbot.htm) Chrome/116.0.1938.76 Safari/537.36"
18.207.89.138 - - [30/Nov/2025:09:56:30 -0500] "GET /lithium-tops-talks-between-dowden-alake-in-london/ HTTP/1.1" 200 41763 "-" "Mozilla/5.0 AppleWebKit/537.36 (KHTML, like Gecko; compatible; Amazonbot/0.1; +https://developer.amazon.com/support/amazonbot) Chrome/119.0.6045.214 Safari/537.36"
114.119.139.202 - - [30/Nov/2025:09:56:31 -0500] "GET /info364168092?kg=0361231376 HTTP/1.1" 404 32486 "https://globaltvabuja.com/sitemap-subitems-942.xml" "Mozilla/5.0 (Linux; Android 7.0;) AppleWebKit/537.36 (KHTML, like Gecko) Mobile Safari/537.36 (compatible; PetalBot;+https://webmaster.petalsearch.com/site/petalbot)"
40.77.167.43 - - [30/Nov/2025:09:56:33 -0500] "GET /info6780248?kg=0006725693 HTTP/1.1" 200 26078 "-" "Mozilla/5.0 AppleWebKit/537.36 (KHTML, like Gecko; compatible; bingbot/2.0; +http://www.bing.com/bingbot.htm) Chrome/116.0.1938.76 Safari/537.36"
40.77.167.16 - - [30/Nov/2025:09:56:38 -0500] "GET /info294572408?kg=0292196949 HTTP/1.1" 200 24633 "-" "Mozilla/5.0 AppleWebKit/537.36 (KHTML, like Gecko; compatible; bingbot/2.0; +http://www.bing.com/bingbot.htm) Chrome/116.0.1938.76 Safari/537.36"
40.77.167.43 - - [30/Nov/2025:09:56:43 -0500] "GET /info137888000?kg=0136776123 HTTP/1.1" 200 24489 "-" "Mozilla/5.0 AppleWebKit/537.36 (KHTML, like Gecko; compatible; bingbot/2.0; +http://www.bing.com/bingbot.htm) Chrome/116.0.1938.76 Safari/537.36"
40.77.167.43 - - [30/Nov/2025:09:56:50 -0500] "GET /contents/event/kansyasai/ HTTP/1.1" 200 26697 "-" "Mozilla/5.0 AppleWebKit/537.36 (KHTML, like Gecko; compatible; bingbot/2.0; +http://www.bing.com/bingbot.htm) Chrome/116.0.1938.76 Safari/537.36"
66.29.146.184 - - [30/Nov/2025:09:56:56 -0500] "POST /wp-cron.php?doing_wp_cron=1764514616.7191219329833984375000 HTTP/1.1" 200 0 "-" "WordPress/6.8.3; https://globaltvabuja.com"
54.39.6.211 - - [30/Nov/2025:09:56:56 -0500] "GET /info182300232?kg=0180830193 HTTP/1.1" 404 26362 "-" "Mozilla/5.0 (compatible; AhrefsBot/7.0; +http://ahrefs.com/robot/)"
40.77.167.16 - - [30/Nov/2025:09:57:01 -0500] "GET /info360440284?kg=0357533632 HTTP/1.1" 200 24489 "-" "Mozilla/5.0 AppleWebKit/537.36 (KHTML, like Gecko; compatible; bingbot/2.0; +http://www.bing.com/bingbot.htm) Chrome/116.0.1938.76 Safari/537.36"
40.77.167.16 - - [30/Nov/2025:09:57:11 -0500] "GET /info240164124?kg=0238227440 HTTP/1.1" 200 24301 "-" "Mozilla/5.0 AppleWebKit/537.36 (KHTML, like Gecko; compatible; bingbot/2.0; +http://www.bing.com/bingbot.htm) Chrome/116.0.1938.76 Safari/537.36"
40.77.167.16 - - [30/Nov/2025:09:57:15 -0500] "GET /no-breach-of-civil-service-rules-in-forthcoming-nepc-promotion-exams-nepc/ HTTP/1.1" 200 26857 "-" "Mozilla/5.0 AppleWebKit/537.36 (KHTML, like Gecko; compatible; bingbot/2.0; +http://www.bing.com/bingbot.htm) Chrome/116.0.1938.76 Safari/537.36"
157.55.39.204 - - [30/Nov/2025:09:57:20 -0500] "GET /info200050688?kg=0198437499 HTTP/1.1" 200 24632 "-" "Mozilla/5.0 AppleWebKit/537.36 (KHTML, like Gecko; compatible; bingbot/2.0; +http://www.bing.com/bingbot.htm) Chrome/116.0.1938.76 Safari/537.36"
40.77.167.43 - - [30/Nov/2025:09:57:51 -0500] "GET /info113605952?kg=0112689899 HTTP/1.1" 200 26346 "-" "Mozilla/5.0 AppleWebKit/537.36 (KHTML, like Gecko; compatible; bingbot/2.0; +http://www.bing.com/bingbot.htm) Chrome/116.0.1938.76 Safari/537.36"
66.29.146.184 - - [30/Nov/2025:09:57:53 -0500] "POST /wp-cron.php?doing_wp_cron=1764514673.3435850143432617187500 HTTP/1.1" 200 0 "-" "WordPress/6.8.3; https://globaltvabuja.com"
52.3.156.186 - - [30/Nov/2025:09:57:52 -0500] "GET /customs-targets-48-hour-cargo-clearance-with-new-one-stop-shop-initiative/ HTTP/1.1" 200 41760 "-" "Mozilla/5.0 AppleWebKit/537.36 (KHTML, like Gecko; compatible; Amazonbot/0.1; +https://developer.amazon.com/support/amazonbot) Chrome/119.0.6045.214 Safari/537.36"
114.119.154.207 - - [30/Nov/2025:09:57:54 -0500] "GET /info364167960?kg=0361231245 HTTP/1.1" 404 32452 "https://globaltvabuja.com/sitemap-subitems-942.xml" "Mozilla/5.0 (Linux; Android 7.0;) AppleWebKit/537.36 (KHTML, like Gecko) Mobile Safari/537.36 (compatible; PetalBot;+https://webmaster.petalsearch.com/site/petalbot)"
54.225.199.17 - - [30/Nov/2025:09:58:00 -0500] "GET /wp-content/uploads/2025/09/InCollage_20250928_110946526-3-scaled.jpg HTTP/1.1" 200 937062 "-" "Mozilla/5.0 AppleWebKit/537.36 (KHTML, like Gecko; compatible; Amazonbot/0.1; +https://developer.amazon.com/support/amazonbot) Chrome/119.0.6045.214 Safari/537.36"
102.209.84.26 - - [30/Nov/2025:09:58:03 -0500] "GET /wp-login.php HTTP/1.1" 200 1855 "-" "Mozilla/5.0 (Macintosh; Intel Mac OS X 10_13_3) AppleWebKit/537.36 (KHTML, like Gecko) Chrome/66.0.3359.139 Safari/537.36"
102.209.84.26 - - [30/Nov/2025:09:58:04 -0500] "POST /wp-login.php HTTP/1.1" 200 1957 "https://globaltvabuja.com/wp-login.php" "Mozilla/5.0 (Macintosh; Intel Mac OS X 10_13_3) AppleWebKit/537.36 (KHTML, like Gecko) Chrome/66.0.3359.139 Safari/537.36"
23.23.104.107 - - [30/Nov/2025:09:58:05 -0500] "GET /wp-content/uploads/2025/09/InCollage_20250928_110946526-3-696x696.jpg HTTP/1.1" 200 120101 "-" "Mozilla/5.0 AppleWebKit/537.36 (KHTML, like Gecko; compatible; Amazonbot/0.1; +https://developer.amazon.com/support/amazonbot) Chrome/119.0.6045.214 Safari/537.36"
15.235.98.233 - - [30/Nov/2025:09:58:06 -0500] "GET /info182278016?kg=0180808155 HTTP/1.1" 404 26393 "-" "Mozilla/5.0 (compatible; AhrefsBot/7.0; +http://ahrefs.com/robot/)"
40.77.167.43 - - [30/Nov/2025:09:58:08 -0500] "GET /info131512216?kg=0130451757 HTTP/1.1" 200 24561 "-" "Mozilla/5.0 AppleWebKit/537.36 (KHTML, like Gecko; compatible; bingbot/2.0; +http://www.bing.com/bingbot.htm) Chrome/116.0.1938.76 Safari/537.36"
157.55.39.204 - - [30/Nov/2025:09:58:14 -0500] "GET /info266904872?kg=0264752537 HTTP/1.1" 200 24262 "-" "Mozilla/5.0 AppleWebKit/537.36 (KHTML, like Gecko; compatible; bingbot/2.0; +http://www.bing.com/bingbot.htm) Chrome/116.0.1938.76 Safari/537.36"
40.77.167.43 - - [30/Nov/2025:09:58:18 -0500] "GET /info131463404?kg=0130403340 HTTP/1.1" 200 24459 "-" "Mozilla/5.0 AppleWebKit/537.36 (KHTML, like Gecko; compatible; bingbot/2.0; +http://www.bing.com/bingbot.htm) Chrome/116.0.1938.76 Safari/537.36"
40.77.167.43 - - [30/Nov/2025:09:58:23 -0500] "GET /info259372280?kg=0257280693 HTTP/1.1" 200 24442 "-" "Mozilla/5.0 AppleWebKit/537.36 (KHTML, like Gecko; compatible; bingbot/2.0; +http://www.bing.com/bingbot.htm) Chrome/116.0.1938.76 Safari/537.36"
202.76.129.191 - - [30/Nov/2025:09:58:33 -0500] "GET /info127719732?kg=0126689858 HTTP/1.1" 404 32478 "-" "Mozilla/5.0 (Windows NT 6.1; U; ru; rv:5.0.1.6) Gecko/20110501 Firefox/5.0.1 Firefox/5.0.1"
40.77.167.16 - - [30/Nov/2025:09:58:41 -0500] "GET /info323657452?kg=0321047436 HTTP/1.1" 200 24570 "-" "Mozilla/5.0 AppleWebKit/537.36 (KHTML, like Gecko; compatible; bingbot/2.0; +http://www.bing.com/bingbot.htm) Chrome/116.0.1938.76 Safari/537.36"
66.29.146.184 - - [30/Nov/2025:09:59:08 -0500] "POST /wp-cron.php?doing_wp_cron=1764514748.4136381149291992187500 HTTP/1.1" 200 0 "-" "WordPress/6.8.3; https://globaltvabuja.com"
51.222.168.32 - - [30/Nov/2025:09:59:08 -0500] "GET /info182277876?kg=0180808018 HTTP/1.1" 404 26373 "-" "Mozilla/5.0 (compatible; AhrefsBot/7.0; +http://ahrefs.com/robot/)"
114.119.151.50 - - [30/Nov/2025:09:59:20 -0500] "GET /info364167828?kg=0361231114 HTTP/1.1" 404 32500 "https://globaltvabuja.com/sitemap-subitems-942.xml" "Mozilla/5.0 (Linux; Android 7.0;) AppleWebKit/537.36 (KHTML, like Gecko) Mobile Safari/537.36 (compatible; PetalBot;+https://webmaster.petalsearch.com/site/petalbot)"
185.191.171.16 - - [30/Nov/2025:09:59:32 -0500] "GET /gambari-hands-over-to-gbajabiamila/ HTTP/1.1" 200 40396 "-" "Mozilla/5.0 (compatible; SemrushBot/7~bl; +http://www.semrush.com/bot.html)"
66.29.146.184 - - [30/Nov/2025:10:00:13 -0500] "POST /wp-cron.php?doing_wp_cron=1764514813.9658799171447753906250 HTTP/1.1" 200 0 "-" "WordPress/6.8.3; https://globaltvabuja.com"
54.39.203.78 - - [30/Nov/2025:10:00:13 -0500] "GET /info182273380?kg=0180803558 HTTP/1.1" 404 26364 "-" "Mozilla/5.0 (compatible; AhrefsBot/7.0; +http://ahrefs.com/robot/)"
157.55.39.204 - - [30/Nov/2025:10:00:27 -0500] "GET /info371453868?kg=0368458396 HTTP/1.1" 200 24400 "-" "Mozilla/5.0 AppleWebKit/537.36 (KHTML, like Gecko; compatible; bingbot/2.0; +http://www.bing.com/bingbot.htm) Chrome/116.0.1938.76 Safari/537.36"
85.208.96.198 - - [30/Nov/2025:10:00:27 -0500] "GET /nnpc-ltd-celebrates-14000bpd-production-from-akpo-west-field/ HTTP/1.1" 200 41861 "-" "Mozilla/5.0 (compatible; SemrushBot/7~bl; +http://www.semrush.com/bot.html)"
40.77.167.16 - - [30/Nov/2025:10:00:32 -0500] "GET /info328431492?kg=0325782974 HTTP/1.1" 200 24444 "-" "Mozilla/5.0 AppleWebKit/537.36 (KHTML, like Gecko; compatible; bingbot/2.0; +http://www.bing.com/bingbot.htm) Chrome/116.0.1938.76 Safari/537.36"
40.77.167.16 - - [30/Nov/2025:10:00:42 -0500] "GET /info344952916?kg=0342171162 HTTP/1.1" 200 24469 "-" "Mozilla/5.0 AppleWebKit/537.36 (KHTML, like Gecko; compatible; bingbot/2.0; +http://www.bing.com/bingbot.htm) Chrome/116.0.1938.76 Safari/537.36"
114.119.151.50 - - [30/Nov/2025:10:00:42 -0500] "GET /info364167696?kg=0361230983 HTTP/1.1" 404 32480 "https://globaltvabuja.com/sitemap-subitems-942.xml" "Mozilla/5.0 (Linux; Android 7.0;) AppleWebKit/537.36 (KHTML, like Gecko) Mobile Safari/537.36 (compatible; PetalBot;+https://webmaster.petalsearch.com/site/petalbot)"
66.249.64.230 - - [30/Nov/2025:10:00:54 -0500] "GET /info5317252?kg=0005274494 HTTP/1.1" 200 26936 "-" "Mozilla/5.0 (Linux; Android 6.0.1; Nexus 5X Build/MMB29P) AppleWebKit/537.36 (KHTML, like Gecko) Chrome/141.0.7390.122 Mobile Safari/537.36 (compatible; Googlebot/2.1; +http://www.google.com/bot.html)"
66.249.64.230 - - [30/Nov/2025:10:00:55 -0500] "GET /?info7349792?kg=0007290643 HTTP/1.1" 200 26813 "-" "Mozilla/5.0 (Linux; Android 6.0.1; Nexus 5X Build/MMB29P) AppleWebKit/537.36 (KHTML, like Gecko) Chrome/141.0.7390.122 Mobile Safari/537.36 (compatible; Googlebot/2.1; +http://www.google.com/bot.html)"
66.249.64.230 - - [30/Nov/2025:10:00:57 -0500] "GET /info262978532?kg=0260857862 HTTP/1.1" 200 24728 "-" "Mozilla/5.0 (Linux; Android 6.0.1; Nexus 5X Build/MMB29P) AppleWebKit/537.36 (KHTML, like Gecko) Chrome/141.0.7390.122 Mobile Safari/537.36 (compatible; Googlebot/2.1; +http://www.google.com/bot.html)"
66.249.64.230 - - [30/Nov/2025:10:00:58 -0500] "GET /info1933868?kg=0001918396 HTTP/1.1" 200 26714 "-" "Mozilla/5.0 (Linux; Android 6.0.1; Nexus 5X Build/MMB29P) AppleWebKit/537.36 (KHTML, like Gecko) Chrome/141.0.7390.122 Mobile Safari/537.36 (compatible; Googlebot/2.1; +http://www.google.com/bot.html)"
66.249.64.230 - - [30/Nov/2025:10:01:00 -0500] "GET /info354481272?kg=0351622677 HTTP/1.1" 200 24617 "-" "Mozilla/5.0 (Linux; Android 6.0.1; Nexus 5X Build/MMB29P) AppleWebKit/537.36 (KHTML, like Gecko) Chrome/141.0.7390.122 Mobile Safari/537.36 (compatible; Googlebot/2.1; +http://www.google.com/bot.html)"
66.249.64.232 - - [30/Nov/2025:10:01:02 -0500] "GET /info354082096?kg=0351226719 HTTP/1.1" 200 24515 "-" "Mozilla/5.0 (Linux; Android 6.0.1; Nexus 5X Build/MMB29P) AppleWebKit/537.36 (KHTML, like Gecko) Chrome/141.0.7390.122 Mobile Safari/537.36 (compatible; Googlebot/2.1; +http://www.google.com/bot.html)"
66.249.64.230 - - [30/Nov/2025:10:01:04 -0500] "GET /info5849888?kg=0005802835 HTTP/1.1" 200 26682 "-" "Mozilla/5.0 (Linux; Android 6.0.1; Nexus 5X Build/MMB29P) AppleWebKit/537.36 (KHTML, like Gecko) Chrome/141.0.7390.122 Mobile Safari/537.36 (compatible; Googlebot/2.1; +http://www.google.com/bot.html)"
66.249.64.230 - - [30/Nov/2025:10:01:08 -0500] "GET /?info9070840?kg=0008997813 HTTP/1.1" 200 26925 "-" "Mozilla/5.0 (Linux; Android 6.0.1; Nexus 5X Build/MMB29P) AppleWebKit/537.36 (KHTML, like Gecko) Chrome/141.0.7390.122 Mobile Safari/537.36 (compatible; Googlebot/2.1; +http://www.google.com/bot.html)"
157.55.39.204 - - [30/Nov/2025:10:01:09 -0500] "GET /info61286948?kg=0060792822 HTTP/1.1" 200 27430 "-" "Mozilla/5.0 AppleWebKit/537.36 (KHTML, like Gecko; compatible; bingbot/2.0; +http://www.bing.com/bingbot.htm) Chrome/116.0.1938.76 Safari/537.36"
66.249.64.230 - - [30/Nov/2025:10:01:09 -0500] "GET /info265916048?kg=0263771687 HTTP/1.1" 200 24761 "-" "Mozilla/5.0 (Linux; Android 6.0.1; Nexus 5X Build/MMB29P) AppleWebKit/537.36 (KHTML, like Gecko) Chrome/141.0.7390.122 Mobile Safari/537.36 (compatible; Googlebot/2.1; +http://www.google.com/bot.html)"
66.249.64.230 - - [30/Nov/2025:10:01:11 -0500] "GET /info354093868?kg=0351238396 HTTP/1.1" 200 24619 "-" "Mozilla/5.0 (Linux; Android 6.0.1; Nexus 5X Build/MMB29P) AppleWebKit/537.36 (KHTML, like Gecko) Chrome/141.0.7390.122 Mobile Safari/537.36 (compatible; Googlebot/2.1; +http://www.google.com/bot.html)"
66.249.64.230 - - [30/Nov/2025:10:01:13 -0500] "GET /info17594104?kg=0017452341 HTTP/1.1" 200 26597 "-" "Mozilla/5.0 (Linux; Android 6.0.1; Nexus 5X Build/MMB29P) AppleWebKit/537.36 (KHTML, like Gecko) Chrome/141.0.7390.122 Mobile Safari/537.36 (compatible; Googlebot/2.1; +http://www.google.com/bot.html)"
66.249.64.230 - - [30/Nov/2025:10:01:16 -0500] "GET /info5874092?kg=0005826844 HTTP/1.1" 200 26875 "-" "Mozilla/5.0 (Linux; Android 6.0.1; Nexus 5X Build/MMB29P) AppleWebKit/537.36 (KHTML, like Gecko) Chrome/141.0.7390.122 Mobile Safari/537.36 (compatible; Googlebot/2.1; +http://www.google.com/bot.html)"
66.29.146.184 - - [30/Nov/2025:10:01:17 -0500] "POST /wp-cron.php?doing_wp_cron=1764514877.7083759307861328125000 HTTP/1.1" 200 0 "-" "WordPress/6.8.3; https://globaltvabuja.com"
167.114.139.52 - - [30/Nov/2025:10:01:17 -0500] "GET /info182272324?kg=0180802510 HTTP/1.1" 404 26373 "-" "Mozilla/5.0 (compatible; AhrefsBot/7.0; +http://ahrefs.com/robot/)"
66.249.64.230 - - [30/Nov/2025:10:01:19 -0500] "GET /info352570024?kg=0349726841 HTTP/1.1" 200 24478 "-" "Mozilla/5.0 (Linux; Android 6.0.1; Nexus 5X Build/MMB29P) AppleWebKit/537.36 (KHTML, like Gecko) Chrome/141.0.7390.122 Mobile Safari/537.36 (compatible; Googlebot/2.1; +http://www.google.com/bot.html)"
66.249.64.230 - - [30/Nov/2025:10:01:21 -0500] "GET /info17609976?kg=0017468085 HTTP/1.1" 200 26211 "-" "Mozilla/5.0 (Linux; Android 6.0.1; Nexus 5X Build/MMB29P) AppleWebKit/537.36 (KHTML, like Gecko) Chrome/141.0.7390.122 Mobile Safari/537.36 (compatible; Googlebot/2.1; +http://www.google.com/bot.html)"
66.249.64.231 - - [30/Nov/2025:10:01:23 -0500] "GET /info1714704?kg=0001700999 HTTP/1.1" 200 26649 "-" "Mozilla/5.0 (Linux; Android 6.0.1; Nexus 5X Build/MMB29P) AppleWebKit/537.36 (KHTML, like Gecko) Chrome/141.0.7390.122 Mobile Safari/537.36 (compatible; Googlebot/2.1; +http://www.google.com/bot.html)"
66.249.64.231 - - [30/Nov/2025:10:01:24 -0500] "GET /info354500320?kg=0351641571 HTTP/1.1" 200 24678 "-" "Mozilla/5.0 (Linux; Android 6.0.1; Nexus 5X Build/MMB29P) AppleWebKit/537.36 (KHTML, like Gecko) Chrome/141.0.7390.122 Mobile Safari/537.36 (compatible; Googlebot/2.1; +http://www.google.com/bot.html)"
66.249.64.231 - - [30/Nov/2025:10:01:26 -0500] "GET /info354490932?kg=0351632258 HTTP/1.1" 200 24324 "-" "Mozilla/5.0 (Linux; Android 6.0.1; Nexus 5X Build/MMB29P) AppleWebKit/537.36 (KHTML, like Gecko) Chrome/141.0.7390.122 Mobile Safari/537.36 (compatible; Googlebot/2.1; +http://www.google.com/bot.html)"
66.249.64.231 - - [30/Nov/2025:10:01:31 -0500] "GET /info14859360?kg=0014739651 HTTP/1.1" 200 26343 "-" "Mozilla/5.0 (Linux; Android 6.0.1; Nexus 5X Build/MMB29P) AppleWebKit/537.36 (KHTML, like Gecko) Chrome/141.0.7390.122 Mobile Safari/537.36 (compatible; Googlebot/2.1; +http://www.google.com/bot.html)"
66.249.64.231 - - [30/Nov/2025:10:01:36 -0500] "GET /info11796996?kg=0011701982 HTTP/1.1" 200 26385 "-" "Mozilla/5.0 (Linux; Android 6.0.1; Nexus 5X Build/MMB29P) AppleWebKit/537.36 (KHTML, like Gecko) Chrome/141.0.7390.122 Mobile Safari/537.36 (compatible; Googlebot/2.1; +http://www.google.com/bot.html)"
66.249.64.231 - - [30/Nov/2025:10:01:36 -0500] "GET /info352023496?kg=0349184721 HTTP/1.1" 200 24735 "-" "Mozilla/5.0 (Linux; Android 6.0.1; Nexus 5X Build/MMB29P) AppleWebKit/537.36 (KHTML, like Gecko) Chrome/141.0.7390.122 Mobile Safari/537.36 (compatible; Googlebot/2.1; +http://www.google.com/bot.html)"
66.249.64.231 - - [30/Nov/2025:10:01:38 -0500] "GET /info5837192?kg=0005790241 HTTP/1.1" 200 26426 "-" "Mozilla/5.0 (Linux; Android 6.0.1; Nexus 5X Build/MMB29P) AppleWebKit/537.36 (KHTML, like Gecko) Chrome/141.0.7390.122 Mobile Safari/537.36 (compatible; Googlebot/2.1; +http://www.google.com/bot.html)"
66.249.64.230 - - [30/Nov/2025:10:01:42 -0500] "GET /info5861132?kg=0005813988 HTTP/1.1" 200 26294 "-" "Mozilla/5.0 (Linux; Android 6.0.1; Nexus 5X Build/MMB29P) AppleWebKit/537.36 (KHTML, like Gecko) Chrome/141.0.7390.122 Mobile Safari/537.36 (compatible; Googlebot/2.1; +http://www.google.com/bot.html)"
66.249.64.230 - - [30/Nov/2025:10:01:43 -0500] "GET /info5858088?kg=0005810969 HTTP/1.1" 200 26360 "-" "Mozilla/5.0 (Linux; Android 6.0.1; Nexus 5X Build/MMB29P) AppleWebKit/537.36 (KHTML, like Gecko) Chrome/141.0.7390.122 Mobile Safari/537.36 (compatible; Googlebot/2.1; +http://www.google.com/bot.html)"
66.249.64.231 - - [30/Nov/2025:10:01:45 -0500] "GET /info1448312?kg=0001436757 HTTP/1.1" 200 26754 "-" "Mozilla/5.0 (Linux; Android 6.0.1; Nexus 5X Build/MMB29P) AppleWebKit/537.36 (KHTML, like Gecko) Chrome/141.0.7390.122 Mobile Safari/537.36 (compatible; Googlebot/2.1; +http://www.google.com/bot.html)"
66.249.64.230 - - [30/Nov/2025:10:01:46 -0500] "GET /info2704452?kg=0002682766 HTTP/1.1" 200 26591 "-" "Mozilla/5.0 (Linux; Android 6.0.1; Nexus 5X Build/MMB29P) AppleWebKit/537.36 (KHTML, like Gecko) Chrome/141.0.7390.122 Mobile Safari/537.36 (compatible; Googlebot/2.1; +http://www.google.com/bot.html)"
146.174.180.20 - - [30/Nov/2025:10:01:46 -0500] "GET /info127686668?kg=0126657060 HTTP/1.1" 404 32490 "-" "Mozilla/5.0 (Macintosh; U; PPC Mac OS; en-en) AppleWebKit/412 (KHTML, like Gecko) Safari/412"
66.249.64.230 - - [30/Nov/2025:10:01:47 -0500] "GET /info1452148?kg=0001440562 HTTP/1.1" 200 26084 "-" "Mozilla/5.0 (Linux; Android 6.0.1; Nexus 5X Build/MMB29P) AppleWebKit/537.36 (KHTML, like Gecko) Chrome/141.0.7390.122 Mobile Safari/537.36 (compatible; Googlebot/2.1; +http://www.google.com/bot.html)"
66.249.64.232 - - [30/Nov/2025:10:01:47 -0500] "GET /info353292200?kg=0350443193 HTTP/1.1" 200 24588 "-" "Mozilla/5.0 (Linux; Android 6.0.1; Nexus 5X Build/MMB29P) AppleWebKit/537.36 (KHTML, like Gecko) Chrome/141.0.7390.122 Mobile Safari/537.36 (compatible; Googlebot/2.1; +http://www.google.com/bot.html)"
66.249.64.231 - - [30/Nov/2025:10:01:49 -0500] "GET /info1467888?kg=0001456175 HTTP/1.1" 200 26281 "-" "Mozilla/5.0 (Linux; Android 6.0.1; Nexus 5X Build/MMB29P) AppleWebKit/537.36 (KHTML, like Gecko) Chrome/141.0.7390.122 Mobile Safari/537.36 (compatible; Googlebot/2.1; +http://www.google.com/bot.html)"
66.249.64.230 - - [30/Nov/2025:10:01:52 -0500] "GET /?info347323000?kg=0344522133 HTTP/1.1" 200 24718 "-" "Mozilla/5.0 (Linux; Android 6.0.1; Nexus 5X Build/MMB29P) AppleWebKit/537.36 (KHTML, like Gecko) Chrome/141.0.7390.122 Mobile Safari/537.36 (compatible; Googlebot/2.1; +http://www.google.com/bot.html)"
66.249.64.231 - - [30/Nov/2025:10:01:57 -0500] "GET /info268988336?kg=0266819199 HTTP/1.1" 200 24830 "-" "Mozilla/5.0 (Linux; Android 6.0.1; Nexus 5X Build/MMB29P) AppleWebKit/537.36 (KHTML, like Gecko) Chrome/141.0.7390.122 Mobile Safari/537.36 (compatible; Googlebot/2.1; +http://www.google.com/bot.html)"
66.249.64.232 - - [30/Nov/2025:10:01:58 -0500] "GET /?info347323000?kg=0344522133 HTTP/1.1" 200 24718 "-" "Mozilla/5.0 (Linux; Android 6.0.1; Nexus 5X Build/MMB29P) AppleWebKit/537.36 (KHTML, like Gecko) Chrome/141.0.7390.122 Mobile Safari/537.36 (compatible; Googlebot/2.1; +http://www.google.com/bot.html)"
66.249.64.230 - - [30/Nov/2025:10:02:00 -0500] "GET /info9179436?kg=0009105532 HTTP/1.1" 200 26676 "-" "Mozilla/5.0 (Linux; Android 6.0.1; Nexus 5X Build/MMB29P) AppleWebKit/537.36 (KHTML, like Gecko) Chrome/141.0.7390.122 Mobile Safari/537.36 (compatible; Googlebot/2.1; +http://www.google.com/bot.html)"
66.249.64.230 - - [30/Nov/2025:10:02:01 -0500] "GET /?info7353628?kg=0007294448 HTTP/1.1" 200 26497 "-" "Mozilla/5.0 (Linux; Android 6.0.1; Nexus 5X Build/MMB29P) AppleWebKit/537.36 (KHTML, like Gecko) Chrome/141.0.7390.122 Mobile Safari/537.36 (compatible; Googlebot/2.1; +http://www.google.com/bot.html)"
66.249.64.230 - - [30/Nov/2025:10:02:03 -0500] "GET /?info348667096?kg=0345855389 HTTP/1.1" 200 24435 "-" "Mozilla/5.0 (Linux; Android 6.0.1; Nexus 5X Build/MMB29P) AppleWebKit/537.36 (KHTML, like Gecko) Chrome/141.0.7390.122 Mobile Safari/537.36 (compatible; Googlebot/2.1; +http://www.google.com/bot.html)"
66.29.146.184 - - [30/Nov/2025:10:02:04 -0500] "POST /wp-cron.php?doing_wp_cron=1764514924.9275140762329101562500 HTTP/1.1" 200 0 "-" "WordPress/6.8.3; https://globaltvabuja.com"
114.119.151.50 - - [30/Nov/2025:10:02:04 -0500] "GET /info364167564?kg=0361230852 HTTP/1.1" 404 32502 "https://globaltvabuja.com/sitemap-subitems-942.xml" "Mozilla/5.0 (Linux; Android 7.0;) AppleWebKit/537.36 (KHTML, like Gecko) Mobile Safari/537.36 (compatible; PetalBot;+https://webmaster.petalsearch.com/site/petalbot)"
66.249.64.230 - - [30/Nov/2025:10:02:05 -0500] "GET /info8795200?kg=0008724395 HTTP/1.1" 200 26523 "-" "Mozilla/5.0 (Linux; Android 6.0.1; Nexus 5X Build/MMB29P) AppleWebKit/537.36 (KHTML, like Gecko) Chrome/141.0.7390.122 Mobile Safari/537.36 (compatible; Googlebot/2.1; +http://www.google.com/bot.html)"
66.249.64.230 - - [30/Nov/2025:10:02:08 -0500] "GET /info8796388?kg=0008725574 HTTP/1.1" 200 26490 "-" "Mozilla/5.0 (Linux; Android 6.0.1; Nexus 5X Build/MMB29P) AppleWebKit/537.36 (KHTML, like Gecko) Chrome/141.0.7390.122 Mobile Safari/537.36 (compatible; Googlebot/2.1; +http://www.google.com/bot.html)"
66.249.64.230 - - [30/Nov/2025:10:02:08 -0500] "GET /info354817364?kg=0351956058 HTTP/1.1" 200 24450 "-" "Mozilla/5.0 (Linux; Android 6.0.1; Nexus 5X Build/MMB29P) AppleWebKit/537.36 (KHTML, like Gecko) Chrome/141.0.7390.122 Mobile Safari/537.36 (compatible; Googlebot/2.1; +http://www.google.com/bot.html)"
66.249.64.230 - - [30/Nov/2025:10:02:09 -0500] "GET /info351980508?kg=0349142080 HTTP/1.1" 200 24389 "-" "Mozilla/5.0 (Linux; Android 6.0.1; Nexus 5X Build/MMB29P) AppleWebKit/537.36 (KHTML, like Gecko) Chrome/141.0.7390.122 Mobile Safari/537.36 (compatible; Googlebot/2.1; +http://www.google.com/bot.html)"
66.249.64.230 - - [30/Nov/2025:10:02:11 -0500] "GET /info5956496?kg=0005908583 HTTP/1.1" 200 26577 "-" "Mozilla/5.0 (Linux; Android 6.0.1; Nexus 5X Build/MMB29P) AppleWebKit/537.36 (KHTML, like Gecko) Chrome/141.0.7390.122 Mobile Safari/537.36 (compatible; Googlebot/2.1; +http://www.google.com/bot.html)"
66.249.64.230 - - [30/Nov/2025:10:02:12 -0500] "GET /?info77509452?kg=0076884500 HTTP/1.1" 200 26235 "-" "Mozilla/5.0 (Linux; Android 6.0.1; Nexus 5X Build/MMB29P) AppleWebKit/537.36 (KHTML, like Gecko) Chrome/141.0.7390.122 Mobile Safari/537.36 (compatible; Googlebot/2.1; +http://www.google.com/bot.html)"
66.249.64.230 - - [30/Nov/2025:10:02:12 -0500] "GET /?info348491976?kg=0345681681 HTTP/1.1" 200 24450 "-" "Mozilla/5.0 (Linux; Android 6.0.1; Nexus 5X Build/MMB29P) AppleWebKit/537.36 (KHTML, like Gecko) Chrome/141.0.7390.122 Mobile Safari/537.36 (compatible; Googlebot/2.1; +http://www.google.com/bot.html)"
66.249.64.230 - - [30/Nov/2025:10:02:14 -0500] "GET /?info2677468?kg=0002656000 HTTP/1.1" 200 26095 "-" "Mozilla/5.0 (Linux; Android 6.0.1; Nexus 5X Build/MMB29P) AppleWebKit/537.36 (KHTML, like Gecko) Chrome/141.0.7390.122 Mobile Safari/537.36 (compatible; Googlebot/2.1; +http://www.google.com/bot.html)"
66.249.64.230 - - [30/Nov/2025:10:02:15 -0500] "GET /?info77698464?kg=0077071987 HTTP/1.1" 200 26644 "-" "Mozilla/5.0 (Linux; Android 6.0.1; Nexus 5X Build/MMB29P) AppleWebKit/537.36 (KHTML, like Gecko) Chrome/141.0.7390.122 Mobile Safari/537.36 (compatible; Googlebot/2.1; +http://www.google.com/bot.html)"
66.249.64.230 - - [30/Nov/2025:10:02:17 -0500] "GET /?info3159980?kg=0003134620 HTTP/1.1" 200 26851 "-" "Mozilla/5.0 (Linux; Android 6.0.1; Nexus 5X Build/MMB29P) AppleWebKit/537.36 (KHTML, like Gecko) Chrome/141.0.7390.122 Mobile Safari/537.36 (compatible; Googlebot/2.1; +http://www.google.com/bot.html)"
66.249.64.231 - - [30/Nov/2025:10:02:18 -0500] "GET /?info268298696?kg=0266135121 HTTP/1.1" 200 24585 "-" "Mozilla/5.0 (Linux; Android 6.0.1; Nexus 5X Build/MMB29P) AppleWebKit/537.36 (KHTML, like Gecko) Chrome/141.0.7390.122 Mobile Safari/537.36 (compatible; Googlebot/2.1; +http://www.google.com/bot.html)"
66.249.64.230 - - [30/Nov/2025:10:02:19 -0500] "GET /info4499572?kg=0004463410 HTTP/1.1" 200 26894 "-" "Mozilla/5.0 (Linux; Android 6.0.1; Nexus 5X Build/MMB29P) AppleWebKit/537.36 (KHTML, like Gecko) Chrome/141.0.7390.122 Mobile Safari/537.36 (compatible; Googlebot/2.1; +http://www.google.com/bot.html)"
51.222.95.44 - - [30/Nov/2025:10:02:19 -0500] "GET /info182245736?kg=0180776137 HTTP/1.1" 404 26384 "-" "Mozilla/5.0 (compatible; AhrefsBot/7.0; +http://ahrefs.com/robot/)"
66.249.64.231 - - [30/Nov/2025:10:02:20 -0500] "GET /info10220900?kg=0010138598 HTTP/1.1" 200 26808 "-" "Mozilla/5.0 (Linux; Android 6.0.1; Nexus 5X Build/MMB29P) AppleWebKit/537.36 (KHTML, like Gecko) Chrome/141.0.7390.122 Mobile Safari/537.36 (compatible; Googlebot/2.1; +http://www.google.com/bot.html)"
66.249.64.230 - - [30/Nov/2025:10:02:21 -0500] "GET /info12261112?kg=0012162357 HTTP/1.1" 200 26290 "-" "Mozilla/5.0 (Linux; Android 6.0.1; Nexus 5X Build/MMB29P) AppleWebKit/537.36 (KHTML, like Gecko) Chrome/141.0.7390.122 Mobile Safari/537.36 (compatible; Googlebot/2.1; +http://www.google.com/bot.html)"
66.249.64.230 - - [30/Nov/2025:10:02:22 -0500] "GET /?info13669092?kg=0013558982 HTTP/1.1" 200 26382 "-" "Mozilla/5.0 (Linux; Android 6.0.1; Nexus 5X Build/MMB29P) AppleWebKit/537.36 (KHTML, like Gecko) Chrome/141.0.7390.122 Mobile Safari/537.36 (compatible; Googlebot/2.1; +http://www.google.com/bot.html)"
66.249.64.231 - - [30/Nov/2025:10:02:22 -0500] "GET /info269907724?kg=0267731172 HTTP/1.1" 200 24278 "-" "Mozilla/5.0 (Linux; Android 6.0.1; Nexus 5X Build/MMB29P) AppleWebKit/537.36 (KHTML, like Gecko) Chrome/141.0.7390.122 Mobile Safari/537.36 (compatible; Googlebot/2.1; +http://www.google.com/bot.html)"
66.249.64.231 - - [30/Nov/2025:10:02:22 -0500] "GET /info12239952?kg=0012141367 HTTP/1.1" 200 26481 "-" "Mozilla/5.0 (Linux; Android 6.0.1; Nexus 5X Build/MMB29P) AppleWebKit/537.36 (KHTML, like Gecko) Chrome/141.0.7390.122 Mobile Safari/537.36 (compatible; Googlebot/2.1; +http://www.google.com/bot.html)"
66.249.64.230 - - [30/Nov/2025:10:02:23 -0500] "GET /info17049564?kg=0016912192 HTTP/1.1" 200 26492 "-" "Mozilla/5.0 (Linux; Android 6.0.1; Nexus 5X Build/MMB29P) AppleWebKit/537.36 (KHTML, like Gecko) Chrome/141.0.7390.122 Mobile Safari/537.36 (compatible; Googlebot/2.1; +http://www.google.com/bot.html)"
66.249.64.231 - - [30/Nov/2025:10:02:24 -0500] "GET /?info2447984?kg=0002428367 HTTP/1.1" 200 26482 "-" "Mozilla/5.0 (Linux; Android 6.0.1; Nexus 5X Build/MMB29P) AppleWebKit/537.36 (KHTML, like Gecko) Chrome/141.0.7390.122 Mobile Safari/537.36 (compatible; Googlebot/2.1; +http://www.google.com/bot.html)"
66.249.64.231 - - [30/Nov/2025:10:02:25 -0500] "GET /info349193388?kg=0346377436 HTTP/1.1" 200 24245 "-" "Mozilla/5.0 (Linux; Android 6.0.1; Nexus 5X Build/MMB29P) AppleWebKit/537.36 (KHTML, like Gecko) Chrome/141.0.7390.122 Mobile Safari/537.36 (compatible; Googlebot/2.1; +http://www.google.com/bot.html)"
66.249.64.230 - - [30/Nov/2025:10:02:25 -0500] "GET /?info348703468?kg=0345891468 HTTP/1.1" 200 24495 "-" "Mozilla/5.0 (Linux; Android 6.0.1; Nexus 5X Build/MMB29P) AppleWebKit/537.36 (KHTML, like Gecko) Chrome/141.0.7390.122 Mobile Safari/537.36 (compatible; Googlebot/2.1; +http://www.google.com/bot.html)"
66.249.64.232 - - [30/Nov/2025:10:02:26 -0500] "GET /info2641360?kg=0002620183 HTTP/1.1" 200 27098 "-" "Mozilla/5.0 (Linux; Android 6.0.1; Nexus 5X Build/MMB29P) AppleWebKit/537.36 (KHTML, like Gecko) Chrome/141.0.7390.122 Mobile Safari/537.36 (compatible; Googlebot/2.1; +http://www.google.com/bot.html)"
66.249.64.231 - - [30/Nov/2025:10:02:28 -0500] "GET /info75576640?kg=0074967275 HTTP/1.1" 200 27106 "-" "Mozilla/5.0 (Linux; Android 6.0.1; Nexus 5X Build/MMB29P) AppleWebKit/537.36 (KHTML, like Gecko) Chrome/141.0.7390.122 Mobile Safari/537.36 (compatible; Googlebot/2.1; +http://www.google.com/bot.html)"
66.249.64.230 - - [30/Nov/2025:10:02:30 -0500] "GET /info4587132?kg=0004550264 HTTP/1.1" 200 26636 "-" "Mozilla/5.0 (Linux; Android 6.0.1; Nexus 5X Build/MMB29P) AppleWebKit/537.36 (KHTML, like Gecko) Chrome/141.0.7390.122 Mobile Safari/537.36 (compatible; Googlebot/2.1; +http://www.google.com/bot.html)"
66.249.64.231 - - [30/Nov/2025:10:02:30 -0500] "GET /?info4095504?kg=0004062599 HTTP/1.1" 200 26167 "-" "Mozilla/5.0 (Linux; Android 6.0.1; Nexus 5X Build/MMB29P) AppleWebKit/537.36 (KHTML, like Gecko) Chrome/141.0.7390.122 Mobile Safari/537.36 (compatible; Googlebot/2.1; +http://www.google.com/bot.html)"
66.249.64.231 - - [30/Nov/2025:10:02:31 -0500] "GET /info269691860?kg=0267517050 HTTP/1.1" 200 24555 "-" "Mozilla/5.0 (Linux; Android 6.0.1; Nexus 5X Build/MMB29P) AppleWebKit/537.36 (KHTML, like Gecko) Chrome/141.0.7390.122 Mobile Safari/537.36 (compatible; Googlebot/2.1; +http://www.google.com/bot.html)"
66.249.64.233 - - [30/Nov/2025:10:02:32 -0500] "GET /?info4093648?kg=0004060759 HTTP/1.1" 200 26935 "-" "Mozilla/5.0 (Linux; Android 6.0.1; Nexus 5X Build/MMB29P) AppleWebKit/537.36 (KHTML, like Gecko) Chrome/141.0.7390.122 Mobile Safari/537.36 (compatible; Googlebot/2.1; +http://www.google.com/bot.html)"
66.249.64.233 - - [30/Nov/2025:10:02:34 -0500] "GET /info9614728?kg=0009537313 HTTP/1.1" 200 26214 "-" "Mozilla/5.0 (Linux; Android 6.0.1; Nexus 5X Build/MMB29P) AppleWebKit/537.36 (KHTML, like Gecko) Chrome/141.0.7390.122 Mobile Safari/537.36 (compatible; Googlebot/2.1; +http://www.google.com/bot.html)"
66.249.64.233 - - [30/Nov/2025:10:02:35 -0500] "GET /info269918564?kg=0267741926 HTTP/1.1" 200 24473 "-" "Mozilla/5.0 (Linux; Android 6.0.1; Nexus 5X Build/MMB29P) AppleWebKit/537.36 (KHTML, like Gecko) Chrome/141.0.7390.122 Mobile Safari/537.36 (compatible; Googlebot/2.1; +http://www.google.com/bot.html)"
85.208.96.212 - - [30/Nov/2025:10:02:35 -0500] "GET /tag/judicial-officers/ HTTP/1.1" 200 33892 "-" "Mozilla/5.0 (compatible; SemrushBot/7~bl; +http://www.semrush.com/bot.html)"
66.249.64.231 - - [30/Nov/2025:10:02:36 -0500] "GET /info9616444?kg=0009539016 HTTP/1.1" 200 26438 "-" "Mozilla/5.0 (Linux; Android 6.0.1; Nexus 5X Build/MMB29P) AppleWebKit/537.36 (KHTML, like Gecko) Chrome/141.0.7390.122 Mobile Safari/537.36 (compatible; Googlebot/2.1; +http://www.google.com/bot.html)"
66.249.64.231 - - [30/Nov/2025:10:02:37 -0500] "GET /info9605596?kg=0009528256 HTTP/1.1" 200 26583 "-" "Mozilla/5.0 (Linux; Android 6.0.1; Nexus 5X Build/MMB29P) AppleWebKit/537.36 (KHTML, like Gecko) Chrome/141.0.7390.122 Mobile Safari/537.36 (compatible; Googlebot/2.1; +http://www.google.com/bot.html)"
66.249.64.233 - - [30/Nov/2025:10:02:38 -0500] "GET /info9611552?kg=0009534163 HTTP/1.1" 200 26380 "-" "Mozilla/5.0 (Linux; Android 6.0.1; Nexus 5X Build/MMB29P) AppleWebKit/537.36 (KHTML, like Gecko) Chrome/141.0.7390.122 Mobile Safari/537.36 (compatible; Googlebot/2.1; +http://www.google.com/bot.html)"
66.249.64.231 - - [30/Nov/2025:10:02:40 -0500] "GET /info2817676?kg=0002795076 HTTP/1.1" 200 26588 "-" "Mozilla/5.0 (Linux; Android 6.0.1; Nexus 5X Build/MMB29P) AppleWebKit/537.36 (KHTML, like Gecko) Chrome/141.0.7390.122 Mobile Safari/537.36 (compatible; Googlebot/2.1; +http://www.google.com/bot.html)"
157.55.39.204 - - [30/Nov/2025:10:02:40 -0500] "GET /info231007564?kg=0229144724 HTTP/1.1" 200 24235 "-" "Mozilla/5.0 AppleWebKit/537.36 (KHTML, like Gecko; compatible; bingbot/2.0; +http://www.bing.com/bingbot.htm) Chrome/116.0.1938.76 Safari/537.36"
66.249.64.231 - - [30/Nov/2025:10:02:40 -0500] "GET /?info9070840?kg=0008997813 HTTP/1.1" 200 26925 "-" "Mozilla/5.0 (Linux; Android 6.0.1; Nexus 5X Build/MMB29P) AppleWebKit/537.36 (KHTML, like Gecko) Chrome/141.0.7390.122 Mobile Safari/537.36 (compatible; Googlebot/2.1; +http://www.google.com/bot.html)"
66.249.64.232 - - [30/Nov/2025:10:02:44 -0500] "GET /info16679748?kg=0016545358 HTTP/1.1" 200 26088 "-" "Mozilla/5.0 (Linux; Android 6.0.1; Nexus 5X Build/MMB29P) AppleWebKit/537.36 (KHTML, like Gecko) Chrome/141.0.7390.122 Mobile Safari/537.36 (compatible; Googlebot/2.1; +http://www.google.com/bot.html)"
66.249.64.230 - - [30/Nov/2025:10:02:45 -0500] "GET /?info4088492?kg=0004055644 HTTP/1.1" 200 26443 "-" "Mozilla/5.0 (Linux; Android 6.0.1; Nexus 5X Build/MMB29P) AppleWebKit/537.36 (KHTML, like Gecko) Chrome/141.0.7390.122 Mobile Safari/537.36 (compatible; Googlebot/2.1; +http://www.google.com/bot.html)"
66.249.64.233 - - [30/Nov/2025:10:02:47 -0500] "GET /info266162460?kg=0264016112 HTTP/1.1" 200 24597 "-" "Mozilla/5.0 (Linux; Android 6.0.1; Nexus 5X Build/MMB29P) AppleWebKit/537.36 (KHTML, like Gecko) Chrome/141.0.7390.122 Mobile Safari/537.36 (compatible; Googlebot/2.1; +http://www.google.com/bot.html)"
66.249.64.232 - - [30/Nov/2025:10:02:51 -0500] "GET /info263379432?kg=0261255529 HTTP/1.1" 200 24552 "-" "Mozilla/5.0 (Linux; Android 6.0.1; Nexus 5X Build/MMB29P) AppleWebKit/537.36 (KHTML, like Gecko) Chrome/141.0.7390.122 Mobile Safari/537.36 (compatible; Googlebot/2.1; +http://www.google.com/bot.html)"
66.249.64.230 - - [30/Nov/2025:10:02:53 -0500] "GET /info15640000?kg=0015513995 HTTP/1.1" 200 26327 "-" "Mozilla/5.0 (Linux; Android 6.0.1; Nexus 5X Build/MMB29P) AppleWebKit/537.36 (KHTML, like Gecko) Chrome/141.0.7390.122 Mobile Safari/537.36 (compatible; Googlebot/2.1; +http://www.google.com/bot.html)"
66.249.64.232 - - [30/Nov/2025:10:02:57 -0500] "GET /?info2232920?kg=0002215037 HTTP/1.1" 200 26242 "-" "Mozilla/5.0 (Linux; Android 6.0.1; Nexus 5X Build/MMB29P) AppleWebKit/537.36 (KHTML, like Gecko) Chrome/141.0.7390.122 Mobile Safari/537.36 (compatible; Googlebot/2.1; +http://www.google.com/bot.html)"
66.249.64.230 - - [30/Nov/2025:10:02:59 -0500] "GET /info78045396?kg=0077416122 HTTP/1.1" 200 26366 "-" "Mozilla/5.0 (Linux; Android 6.0.1; Nexus 5X Build/MMB29P) AppleWebKit/537.36 (KHTML, like Gecko) Chrome/141.0.7390.122 Mobile Safari/537.36 (compatible; Googlebot/2.1; +http://www.google.com/bot.html)"
66.249.64.234 - - [30/Nov/2025:10:02:59 -0500] "GET /info5208920?kg=0005167037 HTTP/1.1" 200 26686 "-" "Mozilla/5.0 (Linux; Android 6.0.1; Nexus 5X Build/MMB29P) AppleWebKit/537.36 (KHTML, like Gecko) Chrome/141.0.7390.122 Mobile Safari/537.36 (compatible; Googlebot/2.1; +http://www.google.com/bot.html)"
66.249.64.230 - - [30/Nov/2025:10:03:00 -0500] "GET /?info78644036?kg=0078009934 HTTP/1.1" 200 26323 "-" "Mozilla/5.0 (Linux; Android 6.0.1; Nexus 5X Build/MMB29P) AppleWebKit/537.36 (KHTML, like Gecko) Chrome/141.0.7390.122 Mobile Safari/537.36 (compatible; Googlebot/2.1; +http://www.google.com/bot.html)"
40.77.167.55 - - [30/Nov/2025:10:03:01 -0500] "GET /info362825052?kg=0359899168 HTTP/1.1" 200 24452 "-" "Mozilla/5.0 AppleWebKit/537.36 (KHTML, like Gecko; compatible; bingbot/2.0; +http://www.bing.com/bingbot.htm) Chrome/116.0.1938.76 Safari/537.36"
66.249.64.231 - - [30/Nov/2025:10:03:02 -0500] "GET /info9307336?kg=0009232401 HTTP/1.1" 200 26783 "-" "Mozilla/5.0 (Linux; Android 6.0.1; Nexus 5X Build/MMB29P) AppleWebKit/537.36 (KHTML, like Gecko) Chrome/141.0.7390.122 Mobile Safari/537.36 (compatible; Googlebot/2.1; +http://www.google.com/bot.html)"
66.249.64.230 - - [30/Nov/2025:10:03:05 -0500] "GET /info677068?kg=0000671732 HTTP/1.1" 200 26641 "-" "Mozilla/5.0 (Linux; Android 6.0.1; Nexus 5X Build/MMB29P) AppleWebKit/537.36 (KHTML, like Gecko) Chrome/141.0.7390.122 Mobile Safari/537.36 (compatible; Googlebot/2.1; +http://www.google.com/bot.html)"
66.249.64.231 - - [30/Nov/2025:10:03:06 -0500] "GET /info269259744?kg=0267088419 HTTP/1.1" 200 24639 "-" "Mozilla/5.0 (Linux; Android 6.0.1; Nexus 5X Build/MMB29P) AppleWebKit/537.36 (KHTML, like Gecko) Chrome/141.0.7390.122 Mobile Safari/537.36 (compatible; Googlebot/2.1; +http://www.google.com/bot.html)"
66.249.64.232 - - [30/Nov/2025:10:03:06 -0500] "GET /info350218848?kg=0347394627 HTTP/1.1" 200 24540 "-" "Mozilla/5.0 (Linux; Android 6.0.1; Nexus 5X Build/MMB29P) AppleWebKit/537.36 (KHTML, like Gecko) Chrome/141.0.7390.122 Mobile Safari/537.36 (compatible; Googlebot/2.1; +http://www.google.com/bot.html)"
66.249.64.230 - - [30/Nov/2025:10:03:09 -0500] "GET /info262342596?kg=0260227054 HTTP/1.1" 200 24552 "-" "Mozilla/5.0 (Linux; Android 6.0.1; Nexus 5X Build/MMB29P) AppleWebKit/537.36 (KHTML, like Gecko) Chrome/141.0.7390.122 Mobile Safari/537.36 (compatible; Googlebot/2.1; +http://www.google.com/bot.html)"
66.249.64.232 - - [30/Nov/2025:10:03:09 -0500] "GET /info265067820?kg=0262930300 HTTP/1.1" 200 24668 "-" "Mozilla/5.0 (Linux; Android 6.0.1; Nexus 5X Build/MMB29P) AppleWebKit/537.36 (KHTML, like Gecko) Chrome/141.0.7390.122 Mobile Safari/537.36 (compatible; Googlebot/2.1; +http://www.google.com/bot.html)"
66.249.64.231 - - [30/Nov/2025:10:03:11 -0500] "GET /info265047584?kg=0262910227 HTTP/1.1" 200 24334 "-" "Mozilla/5.0 (Linux; Android 6.0.1; Nexus 5X Build/MMB29P) AppleWebKit/537.36 (KHTML, like Gecko) Chrome/141.0.7390.122 Mobile Safari/537.36 (compatible; Googlebot/2.1; +http://www.google.com/bot.html)"
66.249.64.231 - - [30/Nov/2025:10:03:13 -0500] "GET /info265054456?kg=0262917045 HTTP/1.1" 200 24845 "-" "Mozilla/5.0 (Linux; Android 6.0.1; Nexus 5X Build/MMB29P) AppleWebKit/537.36 (KHTML, like Gecko) Chrome/141.0.7390.122 Mobile Safari/537.36 (compatible; Googlebot/2.1; +http://www.google.com/bot.html)"
66.249.64.231 - - [30/Nov/2025:10:03:14 -0500] "GET /info265059224?kg=0262921773 HTTP/1.1" 200 24486 "-" "Mozilla/5.0 (Linux; Android 6.0.1; Nexus 5X Build/MMB29P) AppleWebKit/537.36 (KHTML, like Gecko) Chrome/141.0.7390.122 Mobile Safari/537.36 (compatible; Googlebot/2.1; +http://www.google.com/bot.html)"
66.249.64.231 - - [30/Nov/2025:10:03:16 -0500] "GET /info75104712?kg=0074499153 HTTP/1.1" 200 26516 "-" "Mozilla/5.0 (Linux; Android 6.0.1; Nexus 5X Build/MMB29P) AppleWebKit/537.36 (KHTML, like Gecko) Chrome/141.0.7390.122 Mobile Safari/537.36 (compatible; Googlebot/2.1; +http://www.google.com/bot.html)"
66.249.64.231 - - [30/Nov/2025:10:03:18 -0500] "GET /info75096908?kg=0074491412 HTTP/1.1" 200 26422 "-" "Mozilla/5.0 (Linux; Android 6.0.1; Nexus 5X Build/MMB29P) AppleWebKit/537.36 (KHTML, like Gecko) Chrome/141.0.7390.122 Mobile Safari/537.36 (compatible; Googlebot/2.1; +http://www.google.com/bot.html)"
66.249.64.231 - - [30/Nov/2025:10:03:19 -0500] "GET /info14509252?kg=0014392366 HTTP/1.1" 200 26557 "-" "Mozilla/5.0 (Linux; Android 6.0.1; Nexus 5X Build/MMB29P) AppleWebKit/537.36 (KHTML, like Gecko) Chrome/141.0.7390.122 Mobile Safari/537.36 (compatible; Googlebot/2.1; +http://www.google.com/bot.html)"
66.249.64.230 - - [30/Nov/2025:10:03:21 -0500] "GET /info1189204?kg=0001179738 HTTP/1.1" 200 26188 "-" "Mozilla/5.0 (Linux; Android 6.0.1; Nexus 5X Build/MMB29P) AppleWebKit/537.36 (KHTML, like Gecko) Chrome/141.0.7390.122 Mobile Safari/537.36 (compatible; Googlebot/2.1; +http://www.google.com/bot.html)"
66.249.64.231 - - [30/Nov/2025:10:03:22 -0500] "GET /info14507932?kg=0014391056 HTTP/1.1" 200 26670 "-" "Mozilla/5.0 (Linux; Android 6.0.1; Nexus 5X Build/MMB29P) AppleWebKit/537.36 (KHTML, like Gecko) Chrome/141.0.7390.122 Mobile Safari/537.36 (compatible; Googlebot/2.1; +http://www.google.com/bot.html)"
66.249.64.230 - - [30/Nov/2025:10:03:24 -0500] "GET /info354044660?kg=0351189586 HTTP/1.1" 200 24847 "-" "Mozilla/5.0 (Linux; Android 6.0.1; Nexus 5X Build/MMB29P) AppleWebKit/537.36 (KHTML, like Gecko) Chrome/141.0.7390.122 Mobile Safari/537.36 (compatible; Googlebot/2.1; +http://www.google.com/bot.html)"
