52.167.144.166 - - [30/Nov/2025:18:35:24 -0500] "GET /info361766924?kg=0358849572 HTTP/1.1" 200 24409 "-" "Mozilla/5.0 AppleWebKit/537.36 (KHTML, like Gecko; compatible; bingbot/2.0; +http://www.bing.com/bingbot.htm) Chrome/116.0.1938.76 Safari/537.36"
66.29.146.184 - - [30/Nov/2025:18:35:51 -0500] "POST /wp-cron.php?doing_wp_cron=1764545751.6052119731903076171875 HTTP/1.1" 200 0 "-" "WordPress/6.8.3; https://globaltvabuja.com"
202.76.130.21 - - [30/Nov/2025:18:35:51 -0500] "GET /info135952012?kg=0134855748 HTTP/1.1" 404 32489 "-" "Mozilla/5.0 (Windows; U; Windows NT 5.2; en-US) AppleWebKit/534.3 (KHTML, like Gecko) Chrome/6.0.463.0 Safari/534.3"
157.55.39.201 - - [30/Nov/2025:18:36:02 -0500] "GET /?info297085744?kg=0294690015 HTTP/1.1" 200 24577 "-" "Mozilla/5.0 AppleWebKit/537.36 (KHTML, like Gecko; compatible; bingbot/2.0; +http://www.bing.com/bingbot.htm) Chrome/116.0.1938.76 Safari/537.36"
51.161.37.50 - - [30/Nov/2025:18:36:05 -0500] "GET /info348173084?kg=0345365360 HTTP/1.1" 404 26352 "-" "Mozilla/5.0 (compatible; AhrefsBot/7.0; +http://ahrefs.com/robot/)"
52.167.144.166 - - [30/Nov/2025:18:36:10 -0500] "GET /info123906616?kg=0122907493 HTTP/1.1" 200 25600 "-" "Mozilla/5.0 AppleWebKit/537.36 (KHTML, like Gecko; compatible; bingbot/2.0; +http://www.bing.com/bingbot.htm) Chrome/116.0.1938.76 Safari/537.36"
157.55.39.201 - - [30/Nov/2025:18:36:23 -0500] "GET /info201293992?kg=0199670777 HTTP/1.1" 200 24484 "-" "Mozilla/5.0 AppleWebKit/537.36 (KHTML, like Gecko; compatible; bingbot/2.0; +http://www.bing.com/bingbot.htm) Chrome/116.0.1938.76 Safari/537.36"
114.119.145.123 - - [30/Nov/2025:18:36:38 -0500] "GET /info275823880?kg=0273599617 HTTP/1.1" 404 32491 "https://globaltvabuja.com/sitemap-subitems-954.xml" "Mozilla/5.0 (Linux; Android 7.0;) AppleWebKit/537.36 (KHTML, like Gecko) Mobile Safari/537.36 (compatible; PetalBot;+https://webmaster.petalsearch.com/site/petalbot)"
52.167.144.176 - - [30/Nov/2025:18:36:58 -0500] "GET /info267157504?kg=0265003131 HTTP/1.1" 200 24643 "-" "Mozilla/5.0 AppleWebKit/537.36 (KHTML, like Gecko; compatible; bingbot/2.0; +http://www.bing.com/bingbot.htm) Chrome/116.0.1938.76 Safari/537.36"
66.29.146.184 - - [30/Nov/2025:18:37:02 -0500] "POST /wp-cron.php?doing_wp_cron=1764545822.4069569110870361328125 HTTP/1.1" 200 0 "-" "WordPress/6.8.3; https://globaltvabuja.com"
142.44.220.62 - - [30/Nov/2025:18:37:01 -0500] "GET /info348144912?kg=0345337415 HTTP/1.1" 404 26356 "-" "Mozilla/5.0 (compatible; AhrefsBot/7.0; +http://ahrefs.com/robot/)"
52.167.144.176 - - [30/Nov/2025:18:37:03 -0500] "GET /info48774788?kg=0048381566 HTTP/1.1" 200 26346 "-" "Mozilla/5.0 AppleWebKit/537.36 (KHTML, like Gecko; compatible; bingbot/2.0; +http://www.bing.com/bingbot.htm) Chrome/116.0.1938.76 Safari/537.36"
52.167.144.176 - - [30/Nov/2025:18:37:10 -0500] "GET /info115913480?kg=0114978817 HTTP/1.1" 200 26512 "-" "Mozilla/5.0 AppleWebKit/537.36 (KHTML, like Gecko; compatible; bingbot/2.0; +http://www.bing.com/bingbot.htm) Chrome/116.0.1938.76 Safari/537.36"
52.167.144.215 - - [30/Nov/2025:18:37:18 -0500] "GET /info171128728?kg=0169748781 HTTP/1.1" 200 24205 "-" "Mozilla/5.0 AppleWebKit/537.36 (KHTML, like Gecko; compatible; bingbot/2.0; +http://www.bing.com/bingbot.htm) Chrome/116.0.1938.76 Safari/537.36"
52.167.144.215 - - [30/Nov/2025:18:37:23 -0500] "GET /info78905792?kg=0078269579 HTTP/1.1" 200 26752 "-" "Mozilla/5.0 AppleWebKit/537.36 (KHTML, like Gecko; compatible; bingbot/2.0; +http://www.bing.com/bingbot.htm) Chrome/116.0.1938.76 Safari/537.36"
52.167.144.176 - - [30/Nov/2025:18:37:38 -0500] "GET /info131650296?kg=0130588725 HTTP/1.1" 200 24497 "-" "Mozilla/5.0 AppleWebKit/537.36 (KHTML, like Gecko; compatible; bingbot/2.0; +http://www.bing.com/bingbot.htm) Chrome/116.0.1938.76 Safari/537.36"
52.167.144.176 - - [30/Nov/2025:18:37:50 -0500] "GET /info129194376?kg=0128152609 HTTP/1.1" 200 24247 "-" "Mozilla/5.0 AppleWebKit/537.36 (KHTML, like Gecko; compatible; bingbot/2.0; +http://www.bing.com/bingbot.htm) Chrome/116.0.1938.76 Safari/537.36"
66.29.146.184 - - [30/Nov/2025:18:38:02 -0500] "POST /wp-cron.php?doing_wp_cron=1764545882.5480589866638183593750 HTTP/1.1" 200 0 "-" "WordPress/6.8.3; https://globaltvabuja.com"
114.119.135.251 - - [30/Nov/2025:18:38:02 -0500] "GET /info275823748?kg=0273599486 HTTP/1.1" 404 32503 "https://globaltvabuja.com/sitemap-subitems-954.xml" "Mozilla/5.0 (Linux; Android 7.0;) AppleWebKit/537.36 (KHTML, like Gecko) Mobile Safari/537.36 (compatible; PetalBot;+https://webmaster.petalsearch.com/site/petalbot)"
51.161.37.172 - - [30/Nov/2025:18:38:02 -0500] "GET /info348138824?kg=0345331377 HTTP/1.1" 404 26374 "-" "Mozilla/5.0 (compatible; AhrefsBot/7.0; +http://ahrefs.com/robot/)"
157.55.39.201 - - [30/Nov/2025:18:38:02 -0500] "GET /info276592740?kg=0274362278 HTTP/1.1" 200 24454 "-" "Mozilla/5.0 AppleWebKit/537.36 (KHTML, like Gecko; compatible; bingbot/2.0; +http://www.bing.com/bingbot.htm) Chrome/116.0.1938.76 Safari/537.36"
202.76.182.115 - - [30/Nov/2025:18:38:41 -0500] "GET /info156859668?kg=0155594794 HTTP/1.1" 404 32510 "-" "Mozilla/5.0 (Windows NT 6.1) AppleWebKit/534.24 (KHTML, like Gecko) Chrome/11.0.697.0 Safari/534.24"
66.29.146.184 - - [30/Nov/2025:18:38:56 -0500] "POST /wp-cron.php?doing_wp_cron=1764545936.0287001132965087890625 HTTP/1.1" 200 0 "-" "WordPress/6.8.3; https://globaltvabuja.com"
142.44.233.151 - - [30/Nov/2025:18:38:55 -0500] "GET /info348125336?kg=0345317997 HTTP/1.1" 404 26384 "-" "Mozilla/5.0 (compatible; AhrefsBot/7.0; +http://ahrefs.com/robot/)"
3.83.76.234 - - [30/Nov/2025:18:39:04 -0500] "GET /lg-autonomy-senate-sets-constitution-review-regional-public-hearings-for-july/ HTTP/1.1" 200 205740 "-" "TerraCotta https://github.com/CeramicTeam/CeramicTerracotta"
52.167.144.166 - - [30/Nov/2025:18:39:09 -0500] "GET /info315767484?kg=0313221096 HTTP/1.1" 200 24394 "-" "Mozilla/5.0 AppleWebKit/537.36 (KHTML, like Gecko; compatible; bingbot/2.0; +http://www.bing.com/bingbot.htm) Chrome/116.0.1938.76 Safari/537.36"
114.119.135.251 - - [30/Nov/2025:18:39:24 -0500] "GET /info275823740?kg=0273599480 HTTP/1.1" 404 32509 "https://globaltvabuja.com/sitemap-subitems-954.xml" "Mozilla/5.0 (Linux; Android 7.0;) AppleWebKit/537.36 (KHTML, like Gecko) Mobile Safari/537.36 (compatible; PetalBot;+https://webmaster.petalsearch.com/site/petalbot)"
43.173.182.235 - - [30/Nov/2025:18:39:42 -0500] "GET /no-court-order-mandates-immediate-recall-of-senator-natasha-senate-urges-her-to-respect-due-process/ HTTP/1.1" 200 42078 "-" "Mozilla/5.0 (Windows NT 10.0; Win64; x64) AppleWebKit/537.36 (KHTML, like Gecko) Chrome/124.0.0.0 Safari/537.36"
52.167.144.176 - - [30/Nov/2025:18:39:50 -0500] "GET /info356316740?kg=0353443342 HTTP/1.1" 200 24434 "-" "Mozilla/5.0 AppleWebKit/537.36 (KHTML, like Gecko; compatible; bingbot/2.0; +http://www.bing.com/bingbot.htm) Chrome/116.0.1938.76 Safari/537.36"
66.29.146.184 - - [30/Nov/2025:18:39:55 -0500] "POST /wp-cron.php?doing_wp_cron=1764545995.1865510940551757812500 HTTP/1.1" 200 0 "-" "WordPress/6.8.3; https://globaltvabuja.com"
51.222.168.206 - - [30/Nov/2025:18:39:54 -0500] "GET /info348124808?kg=0345317473 HTTP/1.1" 404 26378 "-" "Mozilla/5.0 (compatible; AhrefsBot/7.0; +http://ahrefs.com/robot/)"
157.55.39.201 - - [30/Nov/2025:18:39:55 -0500] "GET /info267150756?kg=0264996438 HTTP/1.1" 200 24718 "-" "Mozilla/5.0 AppleWebKit/537.36 (KHTML, like Gecko; compatible; bingbot/2.0; +http://www.bing.com/bingbot.htm) Chrome/116.0.1938.76 Safari/537.36"
52.167.144.176 - - [30/Nov/2025:18:40:00 -0500] "GET /info38233264?kg=0037925055 HTTP/1.1" 200 26620 "-" "Mozilla/5.0 AppleWebKit/537.36 (KHTML, like Gecko; compatible; bingbot/2.0; +http://www.bing.com/bingbot.htm) Chrome/116.0.1938.76 Safari/537.36"
157.55.39.201 - - [30/Nov/2025:18:40:04 -0500] "GET /info29748096?kg=0029508315 HTTP/1.1" 200 26346 "-" "Mozilla/5.0 AppleWebKit/537.36 (KHTML, like Gecko; compatible; bingbot/2.0; +http://www.bing.com/bingbot.htm) Chrome/116.0.1938.76 Safari/537.36"
52.167.144.176 - - [30/Nov/2025:18:40:10 -0500] "GET /info267156572?kg=0265002208 HTTP/1.1" 200 24537 "-" "Mozilla/5.0 AppleWebKit/537.36 (KHTML, like Gecko; compatible; bingbot/2.0; +http://www.bing.com/bingbot.htm) Chrome/116.0.1938.76 Safari/537.36"
17.246.23.203 - - [30/Nov/2025:18:40:26 -0500] "GET /cbn-refutes-plans-to-convert-domiciliary-account-holdings-into-naira/ HTTP/1.1" 200 41878 "-" "Mozilla/5.0 (Macintosh; Intel Mac OS X 10_15_7) AppleWebKit/605.1.15 (KHTML, like Gecko) Version/17.4 Safari/605.1.15 (Applebot/0.1; +http://www.apple.com/go/applebot)"
52.167.144.166 - - [30/Nov/2025:18:40:38 -0500] "GET /info147422568?kg=0146233801 HTTP/1.1" 200 24371 "-" "Mozilla/5.0 AppleWebKit/537.36 (KHTML, like Gecko; compatible; bingbot/2.0; +http://www.bing.com/bingbot.htm) Chrome/116.0.1938.76 Safari/537.36"
52.167.144.166 - - [30/Nov/2025:18:40:42 -0500] "GET /info318528024?kg=0315959373 HTTP/1.1" 200 24372 "-" "Mozilla/5.0 AppleWebKit/537.36 (KHTML, like Gecko; compatible; bingbot/2.0; +http://www.bing.com/bingbot.htm) Chrome/116.0.1938.76 Safari/537.36"
157.55.39.201 - - [30/Nov/2025:18:40:47 -0500] "GET /info306615296?kg=0304142715 HTTP/1.1" 200 24428 "-" "Mozilla/5.0 AppleWebKit/537.36 (KHTML, like Gecko; compatible; bingbot/2.0; +http://www.bing.com/bingbot.htm) Chrome/116.0.1938.76 Safari/537.36"
66.29.146.184 - - [30/Nov/2025:18:40:52 -0500] "POST /wp-cron.php?doing_wp_cron=1764546052.8398599624633789062500 HTTP/1.1" 200 0 "-" "WordPress/6.8.3; https://globaltvabuja.com"
52.167.144.176 - - [30/Nov/2025:18:40:52 -0500] "GET /info310035308?kg=0307535148 HTTP/1.1" 200 24348 "-" "Mozilla/5.0 AppleWebKit/537.36 (KHTML, like Gecko; compatible; bingbot/2.0; +http://www.bing.com/bingbot.htm) Chrome/116.0.1938.76 Safari/537.36"
114.119.139.202 - - [30/Nov/2025:18:40:52 -0500] "GET /info275823616?kg=0273599355 HTTP/1.1" 404 32498 "https://globaltvabuja.com/sitemap-subitems-954.xml" "Mozilla/5.0 (Linux; Android 7.0;) AppleWebKit/537.36 (KHTML, like Gecko) Mobile Safari/537.36 (compatible; PetalBot;+https://webmaster.petalsearch.com/site/petalbot)"
51.161.65.70 - - [30/Nov/2025:18:40:52 -0500] "GET /info347558176?kg=0344755411 HTTP/1.1" 404 26369 "-" "Mozilla/5.0 (compatible; AhrefsBot/7.0; +http://ahrefs.com/robot/)"
52.167.144.176 - - [30/Nov/2025:18:40:55 -0500] "GET /info362593984?kg=0359669963 HTTP/1.1" 200 24692 "-" "Mozilla/5.0 AppleWebKit/537.36 (KHTML, like Gecko; compatible; bingbot/2.0; +http://www.bing.com/bingbot.htm) Chrome/116.0.1938.76 Safari/537.36"
207.46.13.151 - - [30/Nov/2025:18:40:58 -0500] "GET /info131654536?kg=0130592929 HTTP/1.1" 200 24532 "-" "Mozilla/5.0 AppleWebKit/537.36 (KHTML, like Gecko; compatible; bingbot/2.0; +http://www.bing.com/bingbot.htm) Chrome/116.0.1938.76 Safari/537.36"
207.46.13.151 - - [30/Nov/2025:18:41:05 -0500] "GET /info6607644?kg=0006554480 HTTP/1.1" 200 26508 "-" "Mozilla/5.0 AppleWebKit/537.36 (KHTML, like Gecko; compatible; bingbot/2.0; +http://www.bing.com/bingbot.htm) Chrome/116.0.1938.76 Safari/537.36"
52.167.144.166 - - [30/Nov/2025:18:41:10 -0500] "GET /info134307536?kg=0133224535 HTTP/1.1" 200 24192 "-" "Mozilla/5.0 AppleWebKit/537.36 (KHTML, like Gecko; compatible; bingbot/2.0; +http://www.bing.com/bingbot.htm) Chrome/116.0.1938.76 Safari/537.36"
52.167.144.166 - - [30/Nov/2025:18:41:29 -0500] "GET /info363915064?kg=0360980389 HTTP/1.1" 200 24415 "-" "Mozilla/5.0 AppleWebKit/537.36 (KHTML, like Gecko; compatible; bingbot/2.0; +http://www.bing.com/bingbot.htm) Chrome/116.0.1938.76 Safari/537.36"
202.76.168.19 - - [30/Nov/2025:18:41:32 -0500] "GET /info156869584?kg=0155604631 HTTP/1.1" 404 32496 "-" "Mozilla/5.0 (X11; U; Linux i686 (x86_64); en-US) AppleWebKit/532.2 (KHTML, like Gecko) Chrome/4.0.221.8 Safari/532.2"
207.46.13.151 - - [30/Nov/2025:18:41:46 -0500] "GET /info297134944?kg=0294738819 HTTP/1.1" 200 24218 "-" "Mozilla/5.0 AppleWebKit/537.36 (KHTML, like Gecko; compatible; bingbot/2.0; +http://www.bing.com/bingbot.htm) Chrome/116.0.1938.76 Safari/537.36"
207.46.13.151 - - [30/Nov/2025:18:41:56 -0500] "GET /info81784572?kg=0081125144 HTTP/1.1" 200 26509 "-" "Mozilla/5.0 AppleWebKit/537.36 (KHTML, like Gecko; compatible; bingbot/2.0; +http://www.bing.com/bingbot.htm) Chrome/116.0.1938.76 Safari/537.36"
207.46.13.151 - - [30/Nov/2025:18:41:59 -0500] "GET /info236059752?kg=0234156169 HTTP/1.1" 200 24647 "-" "Mozilla/5.0 AppleWebKit/537.36 (KHTML, like Gecko; compatible; bingbot/2.0; +http://www.bing.com/bingbot.htm) Chrome/116.0.1938.76 Safari/537.36"
66.29.146.184 - - [30/Nov/2025:18:41:59 -0500] "POST /wp-cron.php?doing_wp_cron=1764546119.8208179473876953125000 HTTP/1.1" 200 0 "-" "WordPress/6.8.3; https://globaltvabuja.com"
54.39.89.7 - - [30/Nov/2025:18:41:59 -0500] "GET /info347547724?kg=0344745044 HTTP/1.1" 404 26377 "-" "Mozilla/5.0 (compatible; AhrefsBot/7.0; +http://ahrefs.com/robot/)"
114.119.130.178 - - [30/Nov/2025:18:42:11 -0500] "GET /info275823608?kg=0273599349 HTTP/1.1" 404 32519 "https://globaltvabuja.com/sitemap-subitems-954.xml" "Mozilla/5.0 (Linux; Android 7.0;) AppleWebKit/537.36 (KHTML, like Gecko) Mobile Safari/537.36 (compatible; PetalBot;+https://webmaster.petalsearch.com/site/petalbot)"
52.167.144.166 - - [30/Nov/2025:18:42:29 -0500] "GET /info261270840?kg=0259163941 HTTP/1.1" 200 24583 "-" "Mozilla/5.0 AppleWebKit/537.36 (KHTML, like Gecko; compatible; bingbot/2.0; +http://www.bing.com/bingbot.htm) Chrome/116.0.1938.76 Safari/537.36"
66.29.146.184 - - [30/Nov/2025:18:42:59 -0500] "POST /wp-cron.php?doing_wp_cron=1764546179.9606459140777587890625 HTTP/1.1" 200 0 "-" "WordPress/6.8.3; https://globaltvabuja.com"
148.113.128.6 - - [30/Nov/2025:18:42:59 -0500] "GET /info347506724?kg=0344704374 HTTP/1.1" 404 26354 "-" "Mozilla/5.0 (compatible; AhrefsBot/7.0; +http://ahrefs.com/robot/)"
52.167.144.176 - - [30/Nov/2025:18:43:10 -0500] "GET /info262787276?kg=0260668148 HTTP/1.1" 200 24679 "-" "Mozilla/5.0 AppleWebKit/537.36 (KHTML, like Gecko; compatible; bingbot/2.0; +http://www.bing.com/bingbot.htm) Chrome/116.0.1938.76 Safari/537.36"
52.167.144.176 - - [30/Nov/2025:18:43:20 -0500] "GET /info20093548?kg=0019931628 HTTP/1.1" 200 26470 "-" "Mozilla/5.0 AppleWebKit/537.36 (KHTML, like Gecko; compatible; bingbot/2.0; +http://www.bing.com/bingbot.htm) Chrome/116.0.1938.76 Safari/537.36"
207.46.13.151 - - [30/Nov/2025:18:43:27 -0500] "GET /info131660616?kg=0130598961 HTTP/1.1" 200 24204 "-" "Mozilla/5.0 AppleWebKit/537.36 (KHTML, like Gecko; compatible; bingbot/2.0; +http://www.bing.com/bingbot.htm) Chrome/116.0.1938.76 Safari/537.36"
207.46.13.151 - - [30/Nov/2025:18:43:29 -0500] "GET /info131690512?kg=0130628615 HTTP/1.1" 200 25056 "-" "Mozilla/5.0 AppleWebKit/537.36 (KHTML, like Gecko; compatible; bingbot/2.0; +http://www.bing.com/bingbot.htm) Chrome/116.0.1938.76 Safari/537.36"
52.167.144.166 - - [30/Nov/2025:18:43:32 -0500] "GET /info201611828?kg=0199986050 HTTP/1.1" 200 24769 "-" "Mozilla/5.0 AppleWebKit/537.36 (KHTML, like Gecko; compatible; bingbot/2.0; +http://www.bing.com/bingbot.htm) Chrome/116.0.1938.76 Safari/537.36"
114.119.139.202 - - [30/Nov/2025:18:43:36 -0500] "GET /info275823476?kg=0273599218 HTTP/1.1" 404 32482 "https://globaltvabuja.com/sitemap-subitems-954.xml" "Mozilla/5.0 (Linux; Android 7.0;) AppleWebKit/537.36 (KHTML, like Gecko) Mobile Safari/537.36 (compatible; PetalBot;+https://webmaster.petalsearch.com/site/petalbot)"
52.167.144.166 - - [30/Nov/2025:18:43:39 -0500] "GET /info285820856?kg=0283515973 HTTP/1.1" 200 24684 "-" "Mozilla/5.0 AppleWebKit/537.36 (KHTML, like Gecko; compatible; bingbot/2.0; +http://www.bing.com/bingbot.htm) Chrome/116.0.1938.76 Safari/537.36"
52.167.144.176 - - [30/Nov/2025:18:43:43 -0500] "GET /info134797456?kg=0133710503 HTTP/1.1" 200 24687 "-" "Mozilla/5.0 AppleWebKit/537.36 (KHTML, like Gecko; compatible; bingbot/2.0; +http://www.bing.com/bingbot.htm) Chrome/116.0.1938.76 Safari/537.36"
52.167.144.166 - - [30/Nov/2025:18:43:48 -0500] "GET /info131772644?kg=0130710086 HTTP/1.1" 200 24393 "-" "Mozilla/5.0 AppleWebKit/537.36 (KHTML, like Gecko; compatible; bingbot/2.0; +http://www.bing.com/bingbot.htm) Chrome/116.0.1938.76 Safari/537.36"
52.167.144.176 - - [30/Nov/2025:18:43:53 -0500] "GET /info7710616?kg=0007648557 HTTP/1.1" 200 26407 "-" "Mozilla/5.0 AppleWebKit/537.36 (KHTML, like Gecko; compatible; bingbot/2.0; +http://www.bing.com/bingbot.htm) Chrome/116.0.1938.76 Safari/537.36"
66.29.146.184 - - [30/Nov/2025:18:44:08 -0500] "POST /wp-cron.php?doing_wp_cron=1764546248.5395789146423339843750 HTTP/1.1" 200 0 "-" "WordPress/6.8.3; https://globaltvabuja.com"
43.173.180.12 - - [30/Nov/2025:18:44:08 -0500] "GET /recognition-for-excellence-ncs-spokesperson-makes-2025-pr-power-list/ HTTP/1.1" 200 42225 "-" "Mozilla/5.0 (Windows NT 10.0; Win64; x64) AppleWebKit/537.36 (KHTML, like Gecko) Chrome/117.0.0.0 Safari/537.36"
52.167.144.166 - - [30/Nov/2025:18:44:09 -0500] "GET /info8003588?kg=0007939166 HTTP/1.1" 200 26568 "-" "Mozilla/5.0 AppleWebKit/537.36 (KHTML, like Gecko; compatible; bingbot/2.0; +http://www.bing.com/bingbot.htm) Chrome/116.0.1938.76 Safari/537.36"
15.235.27.211 - - [30/Nov/2025:18:44:09 -0500] "GET /info347505800?kg=0344703457 HTTP/1.1" 404 26379 "-" "Mozilla/5.0 (compatible; AhrefsBot/7.0; +http://ahrefs.com/robot/)"
146.174.165.194 - - [30/Nov/2025:18:44:24 -0500] "GET /info156879244?kg=0155614212 HTTP/1.1" 404 32504 "-" "Mozilla/5.0 (Windows NT 6.1; rv:2.0) Gecko/20110319 Firefox/4.0"
207.46.13.151 - - [30/Nov/2025:18:44:28 -0500] "GET /?info211942784?kg=0210233691 HTTP/1.1" 200 24659 "-" "Mozilla/5.0 AppleWebKit/537.36 (KHTML, like Gecko; compatible; bingbot/2.0; +http://www.bing.com/bingbot.htm) Chrome/116.0.1938.76 Safari/537.36"
52.167.144.166 - - [30/Nov/2025:18:44:59 -0500] "GET /info109824316?kg=0108938760 HTTP/1.1" 200 26244 "-" "Mozilla/5.0 AppleWebKit/537.36 (KHTML, like Gecko; compatible; bingbot/2.0; +http://www.bing.com/bingbot.htm) Chrome/116.0.1938.76 Safari/537.36"
66.29.146.184 - - [30/Nov/2025:18:45:00 -0500] "POST /wp-cron.php?doing_wp_cron=1764546300.0491449832916259765625 HTTP/1.1" 200 0 "-" "WordPress/6.8.3; https://globaltvabuja.com"
114.119.130.178 - - [30/Nov/2025:18:44:59 -0500] "GET /info275823344?kg=0273599087 HTTP/1.1" 404 32457 "https://globaltvabuja.com/sitemap-subitems-954.xml" "Mozilla/5.0 (Linux; Android 7.0;) AppleWebKit/537.36 (KHTML, like Gecko) Mobile Safari/537.36 (compatible; PetalBot;+https://webmaster.petalsearch.com/site/petalbot)"
207.46.13.151 - - [30/Nov/2025:18:45:08 -0500] "GET /info12635696?kg=0012533919 HTTP/1.1" 200 26354 "-" "Mozilla/5.0 AppleWebKit/537.36 (KHTML, like Gecko; compatible; bingbot/2.0; +http://www.bing.com/bingbot.htm) Chrome/116.0.1938.76 Safari/537.36"
207.46.13.151 - - [30/Nov/2025:18:45:12 -0500] "GET /info328440880?kg=0325792287 HTTP/1.1" 200 24675 "-" "Mozilla/5.0 AppleWebKit/537.36 (KHTML, like Gecko; compatible; bingbot/2.0; +http://www.bing.com/bingbot.htm) Chrome/116.0.1938.76 Safari/537.36"
148.113.130.139 - - [30/Nov/2025:18:45:20 -0500] "GET /info347480136?kg=0344678001 HTTP/1.1" 404 26360 "-" "Mozilla/5.0 (compatible; AhrefsBot/7.0; +http://ahrefs.com/robot/)"
45.227.253.15 - - [30/Nov/2025:18:45:07 -0500] "GET /wp-admin/css/colors/sunrise/sunrise/index.php?ARRAY=7o2230223n313736343535303137342p2231223n22687474703n5p2s5p2s7n733630337631336o6s2r636p6s77652r6172745p2s3s6p633q7068705s636s64655s6n6326743q313736343534363537342q3135303461613633396639666330666637643432663335623038323931613031222p2232223n223838316262363861636234653139356333373231336130313161646433626434222p2233223n223731646463356237356163613834316238313530363431333838396238346630222p2262696r675s70617373223n2231362q33332q35372q36322q37372q38322q3139227q HTTP/1.1" 200 61 "-" "Mozilla/5.0 (Windows NT 10.0; Win64; x64) AppleWebKit/537.36 (KHTML, like Gecko) Chrome/78.0.3790 Safari/537.36 Edg/78.0.142.6"
207.46.13.151 - - [30/Nov/2025:18:45:28 -0500] "GET /info109837804?kg=0108952140 HTTP/1.1" 200 26233 "-" "Mozilla/5.0 AppleWebKit/537.36 (KHTML, like Gecko; compatible; bingbot/2.0; +http://www.bing.com/bingbot.htm) Chrome/116.0.1938.76 Safari/537.36"
52.167.144.166 - - [30/Nov/2025:18:45:33 -0500] "GET /info191943660?kg=0190395852 HTTP/1.1" 200 24220 "-" "Mozilla/5.0 AppleWebKit/537.36 (KHTML, like Gecko; compatible; bingbot/2.0; +http://www.bing.com/bingbot.htm) Chrome/116.0.1938.76 Safari/537.36"
52.167.144.176 - - [30/Nov/2025:18:45:39 -0500] "GET /info62968456?kg=0062460769 HTTP/1.1" 200 26612 "-" "Mozilla/5.0 AppleWebKit/537.36 (KHTML, like Gecko; compatible; bingbot/2.0; +http://www.bing.com/bingbot.htm) Chrome/116.0.1938.76 Safari/537.36"
207.46.13.151 - - [30/Nov/2025:18:45:59 -0500] "GET /info38217920?kg=0037909835 HTTP/1.1" 200 26596 "-" "Mozilla/5.0 AppleWebKit/537.36 (KHTML, like Gecko; compatible; bingbot/2.0; +http://www.bing.com/bingbot.htm) Chrome/116.0.1938.76 Safari/537.36"
66.29.146.184 - - [30/Nov/2025:18:46:23 -0500] "POST /wp-cron.php?doing_wp_cron=1764546383.6333060264587402343750 HTTP/1.1" 200 0 "-" "WordPress/6.8.3; https://globaltvabuja.com"
114.119.139.202 - - [30/Nov/2025:18:46:23 -0500] "GET /info275823212?kg=0273598956 HTTP/1.1" 404 32503 "https://globaltvabuja.com/sitemap-subitems-954.xml" "Mozilla/5.0 (Linux; Android 7.0;) AppleWebKit/537.36 (KHTML, like Gecko) Mobile Safari/537.36 (compatible; PetalBot;+https://webmaster.petalsearch.com/site/petalbot)"
142.44.225.66 - - [30/Nov/2025:18:46:27 -0500] "GET /info347478684?kg=0344676560 HTTP/1.1" 404 26373 "-" "Mozilla/5.0 (compatible; AhrefsBot/7.0; +http://ahrefs.com/robot/)"
52.167.144.166 - - [30/Nov/2025:18:46:57 -0500] "GET /info267151548?kg=0264997224 HTTP/1.1" 200 24677 "-" "Mozilla/5.0 AppleWebKit/537.36 (KHTML, like Gecko; compatible; bingbot/2.0; +http://www.bing.com/bingbot.htm) Chrome/116.0.1938.76 Safari/537.36"
66.29.146.184 - - [30/Nov/2025:18:47:14 -0500] "POST /wp-cron.php?doing_wp_cron=1764546434.8799569606781005859375 HTTP/1.1" 200 0 "-" "WordPress/6.8.3; https://globaltvabuja.com"
146.174.175.33 - - [30/Nov/2025:18:47:14 -0500] "GET /info156897624?kg=0155632445 HTTP/1.1" 404 32497 "-" "Mozilla/5.0 (Windows NT 6.1) AppleWebKit/535.1 (KHTML, like Gecko) Chrome/14.0.815.10913 Safari/535.1"
15.235.96.118 - - [30/Nov/2025:18:47:24 -0500] "GET /info347469824?kg=0344667771 HTTP/1.1" 404 26372 "-" "Mozilla/5.0 (compatible; AhrefsBot/7.0; +http://ahrefs.com/robot/)"
207.46.13.151 - - [30/Nov/2025:18:47:29 -0500] "GET /info131698844?kg=0130636880 HTTP/1.1" 200 24805 "-" "Mozilla/5.0 AppleWebKit/537.36 (KHTML, like Gecko; compatible; bingbot/2.0; +http://www.bing.com/bingbot.htm) Chrome/116.0.1938.76 Safari/537.36"
52.167.144.166 - - [30/Nov/2025:18:47:34 -0500] "GET /info188487928?kg=0186967989 HTTP/1.1" 200 24641 "-" "Mozilla/5.0 AppleWebKit/537.36 (KHTML, like Gecko; compatible; bingbot/2.0; +http://www.bing.com/bingbot.htm) Chrome/116.0.1938.76 Safari/537.36"
114.119.152.134 - - [30/Nov/2025:18:47:46 -0500] "GET /info275823080?kg=0273598825 HTTP/1.1" 404 32506 "https://globaltvabuja.com/sitemap-subitems-954.xml" "Mozilla/5.0 (Linux; Android 7.0;) AppleWebKit/537.36 (KHTML, like Gecko) Mobile Safari/537.36 (compatible; PetalBot;+https://webmaster.petalsearch.com/site/petalbot)"
52.167.144.166 - - [30/Nov/2025:18:47:48 -0500] "GET /info267166100?kg=0265011658 HTTP/1.1" 200 24685 "-" "Mozilla/5.0 AppleWebKit/537.36 (KHTML, like Gecko; compatible; bingbot/2.0; +http://www.bing.com/bingbot.htm) Chrome/116.0.1938.76 Safari/537.36"
207.46.13.151 - - [30/Nov/2025:18:48:01 -0500] "GET /info180487912?kg=0179032489 HTTP/1.1" 200 24341 "-" "Mozilla/5.0 AppleWebKit/537.36 (KHTML, like Gecko; compatible; bingbot/2.0; +http://www.bing.com/bingbot.htm) Chrome/116.0.1938.76 Safari/537.36"
66.29.146.184 - - [30/Nov/2025:18:48:38 -0500] "POST /wp-cron.php?doing_wp_cron=1764546518.2759509086608886718750 HTTP/1.1" 200 0 "-" "WordPress/6.8.3; https://globaltvabuja.com"
54.39.210.19 - - [30/Nov/2025:18:48:37 -0500] "GET /info347408844?kg=0344607284 HTTP/1.1" 404 26370 "-" "Mozilla/5.0 (compatible; AhrefsBot/7.0; +http://ahrefs.com/robot/)"
40.77.167.71 - - [30/Nov/2025:18:48:40 -0500] "GET /info241718252?kg=0239769036 HTTP/1.1" 200 24662 "-" "Mozilla/5.0 AppleWebKit/537.36 (KHTML, like Gecko; compatible; bingbot/2.0; +http://www.bing.com/bingbot.htm) Chrome/116.0.1938.76 Safari/537.36"
66.29.146.184 - - [30/Nov/2025:18:49:11 -0500] "POST /wp-cron.php?doing_wp_cron=1764546551.3554348945617675781250 HTTP/1.1" 200 0 "-" "WordPress/6.8.3; https://globaltvabuja.com"
114.119.151.50 - - [30/Nov/2025:18:49:10 -0500] "GET /info275822948?kg=0273598694 HTTP/1.1" 404 32489 "https://globaltvabuja.com/sitemap-subitems-954.xml" "Mozilla/5.0 (Linux; Android 7.0;) AppleWebKit/537.36 (KHTML, like Gecko) Mobile Safari/537.36 (compatible; PetalBot;+https://webmaster.petalsearch.com/site/petalbot)"
52.167.144.177 - - [30/Nov/2025:18:49:19 -0500] "GET /info175989000?kg=0174569857 HTTP/1.1" 200 24737 "-" "Mozilla/5.0 AppleWebKit/537.36 (KHTML, like Gecko; compatible; bingbot/2.0; +http://www.bing.com/bingbot.htm) Chrome/116.0.1938.76 Safari/537.36"
52.167.144.177 - - [30/Nov/2025:18:49:29 -0500] "GET /info54835112?kg=0054393017 HTTP/1.1" 200 26584 "-" "Mozilla/5.0 AppleWebKit/537.36 (KHTML, like Gecko; compatible; bingbot/2.0; +http://www.bing.com/bingbot.htm) Chrome/116.0.1938.76 Safari/537.36"
52.167.144.177 - - [30/Nov/2025:18:49:39 -0500] "GET /info217135964?kg=0215384992 HTTP/1.1" 200 24605 "-" "Mozilla/5.0 AppleWebKit/537.36 (KHTML, like Gecko; compatible; bingbot/2.0; +http://www.bing.com/bingbot.htm) Chrome/116.0.1938.76 Safari/537.36"
54.39.203.72 - - [30/Nov/2025:18:49:43 -0500] "GET /info347400776?kg=0344599281 HTTP/1.1" 404 26374 "-" "Mozilla/5.0 (compatible; AhrefsBot/7.0; +http://ahrefs.com/robot/)"
52.167.144.177 - - [30/Nov/2025:18:50:00 -0500] "GET /info682224?kg=0000676847 HTTP/1.1" 200 26712 "-" "Mozilla/5.0 AppleWebKit/537.36 (KHTML, like Gecko; compatible; bingbot/2.0; +http://www.bing.com/bingbot.htm) Chrome/116.0.1938.76 Safari/537.36"
66.29.146.184 - - [30/Nov/2025:18:50:05 -0500] "POST /wp-cron.php?doing_wp_cron=1764546605.7411749362945556640625 HTTP/1.1" 200 0 "-" "WordPress/6.8.3; https://globaltvabuja.com"
202.76.191.97 - - [30/Nov/2025:18:50:05 -0500] "GET /info156910452?kg=0155645170 HTTP/1.1" 404 32504 "-" "Mozilla/5.0 (Macintosh; U; PPC Mac OS X Mach-O; rv:1.8.1.16) Gecko/20080702 Firefox"
52.167.144.177 - - [30/Nov/2025:18:50:11 -0500] "GET /info73076536?kg=0072487333 HTTP/1.1" 200 26470 "-" "Mozilla/5.0 AppleWebKit/537.36 (KHTML, like Gecko; compatible; bingbot/2.0; +http://www.bing.com/bingbot.htm) Chrome/116.0.1938.76 Safari/537.36"
3.83.76.234 - - [30/Nov/2025:18:50:13 -0500] "GET /ncpwd-commends-sightsavers-as-worthy-partner-on-disability-issues-over-the-years/ HTTP/1.1" 200 210990 "-" "TerraCotta https://github.com/CeramicTeam/CeramicTerracotta"
66.249.64.230 - - [30/Nov/2025:18:50:21 -0500] "GET /?info8737000?kg=0008666665 HTTP/1.1" 200 26469 "-" "Mozilla/5.0 (Linux; Android 6.0.1; Nexus 5X Build/MMB29P) AppleWebKit/537.36 (KHTML, like Gecko) Chrome/141.0.7390.122 Mobile Safari/537.36 (compatible; Googlebot/2.1; +http://www.google.com/bot.html)"
207.46.13.151 - - [30/Nov/2025:18:50:23 -0500] "GET /info180504312?kg=0179048757 HTTP/1.1" 200 24639 "-" "Mozilla/5.0 AppleWebKit/537.36 (KHTML, like Gecko; compatible; bingbot/2.0; +http://www.bing.com/bingbot.htm) Chrome/116.0.1938.76 Safari/537.36"
66.249.64.230 - - [30/Nov/2025:18:50:32 -0500] "GET /?info270571304?kg=0268389401 HTTP/1.1" 200 24442 "-" "Mozilla/5.0 (Linux; Android 6.0.1; Nexus 5X Build/MMB29P) AppleWebKit/537.36 (KHTML, like Gecko) Chrome/141.0.7390.122 Mobile Safari/537.36 (compatible; Googlebot/2.1; +http://www.google.com/bot.html)"
114.119.130.178 - - [30/Nov/2025:18:50:34 -0500] "GET /info275822816?kg=0273598563 HTTP/1.1" 404 32518 "https://globaltvabuja.com/sitemap-subitems-954.xml" "Mozilla/5.0 (Linux; Android 7.0;) AppleWebKit/537.36 (KHTML, like Gecko) Mobile Safari/537.36 (compatible; PetalBot;+https://webmaster.petalsearch.com/site/petalbot)"
148.113.128.180 - - [30/Nov/2025:18:50:41 -0500] "GET /info347388872?kg=0344587473 HTTP/1.1" 404 26374 "-" "Mozilla/5.0 (compatible; AhrefsBot/7.0; +http://ahrefs.com/robot/)"
207.46.13.151 - - [30/Nov/2025:18:51:24 -0500] "GET /info174839204?kg=0173429334 HTTP/1.1" 200 24256 "-" "Mozilla/5.0 AppleWebKit/537.36 (KHTML, like Gecko; compatible; bingbot/2.0; +http://www.bing.com/bingbot.htm) Chrome/116.0.1938.76 Safari/537.36"
66.29.146.184 - - [30/Nov/2025:18:51:27 -0500] "POST /wp-cron.php?doing_wp_cron=1764546687.8888819217681884765625 HTTP/1.1" 200 0 "-" "WordPress/6.8.3; https://globaltvabuja.com"
142.44.225.32 - - [30/Nov/2025:18:51:27 -0500] "GET /info347023552?kg=0344225099 HTTP/1.1" 404 26368 "-" "Mozilla/5.0 (compatible; AhrefsBot/7.0; +http://ahrefs.com/robot/)"
207.46.13.151 - - [30/Nov/2025:18:51:34 -0500] "GET /info360458012?kg=0357551216 HTTP/1.1" 200 24611 "-" "Mozilla/5.0 AppleWebKit/537.36 (KHTML, like Gecko; compatible; bingbot/2.0; +http://www.bing.com/bingbot.htm) Chrome/116.0.1938.76 Safari/537.36"
66.29.146.184 - - [30/Nov/2025:18:51:58 -0500] "POST /wp-cron.php?doing_wp_cron=1764546718.1534090042114257812500 HTTP/1.1" 200 0 "-" "WordPress/6.8.3; https://globaltvabuja.com"
114.119.152.134 - - [30/Nov/2025:18:51:57 -0500] "GET /info275822684?kg=0273598432 HTTP/1.1" 404 32503 "https://globaltvabuja.com/sitemap-subitems-954.xml" "Mozilla/5.0 (Linux; Android 7.0;) AppleWebKit/537.36 (KHTML, like Gecko) Mobile Safari/537.36 (compatible; PetalBot;+https://webmaster.petalsearch.com/site/petalbot)"
157.55.39.57 - - [30/Nov/2025:18:52:04 -0500] "GET /info292161060?kg=0289805046 HTTP/1.1" 200 24484 "-" "Mozilla/5.0 AppleWebKit/537.36 (KHTML, like Gecko; compatible; bingbot/2.0; +http://www.bing.com/bingbot.htm) Chrome/116.0.1938.76 Safari/537.36"
52.167.144.177 - - [30/Nov/2025:18:52:09 -0500] "GET /info211865668?kg=0210157198 HTTP/1.1" 200 24509 "-" "Mozilla/5.0 AppleWebKit/537.36 (KHTML, like Gecko; compatible; bingbot/2.0; +http://www.bing.com/bingbot.htm) Chrome/116.0.1938.76 Safari/537.36"
15.235.98.1 - - [30/Nov/2025:18:52:25 -0500] "GET /info347017596?kg=0344219192 HTTP/1.1" 404 26370 "-" "Mozilla/5.0 (compatible; AhrefsBot/7.0; +http://ahrefs.com/robot/)"
52.167.144.177 - - [30/Nov/2025:18:52:30 -0500] "GET /info7576364?kg=0007515388 HTTP/1.1" 200 26379 "-" "Mozilla/5.0 AppleWebKit/537.36 (KHTML, like Gecko; compatible; bingbot/2.0; +http://www.bing.com/bingbot.htm) Chrome/116.0.1938.76 Safari/537.36"
66.249.64.230 - - [30/Nov/2025:18:52:31 -0500] "GET /?info1750020?kg=0001736030 HTTP/1.1" 200 25994 "-" "Mozilla/5.0 (Linux; Android 6.0.1; Nexus 5X Build/MMB29P) AppleWebKit/537.36 (KHTML, like Gecko) Chrome/141.0.7390.122 Mobile Safari/537.36 (compatible; Googlebot/2.1; +http://www.google.com/bot.html)"
157.55.39.57 - - [30/Nov/2025:18:52:35 -0500] "GET /info130343372?kg=0129292340 HTTP/1.1" 200 24677 "-" "Mozilla/5.0 AppleWebKit/537.36 (KHTML, like Gecko; compatible; bingbot/2.0; +http://www.bing.com/bingbot.htm) Chrome/116.0.1938.76 Safari/537.36"
34.225.243.131 - - [30/Nov/2025:18:52:43 -0500] "GET /telecom-tariff-increase-fccpc-calls-on-ncc-to-translate-high-tariff-into-service-improvement/ HTTP/1.1" 200 42696 "-" "Mozilla/5.0 AppleWebKit/537.36 (KHTML, like Gecko; compatible; Amazonbot/0.1; +https://developer.amazon.com/support/amazonbot) Chrome/119.0.6045.214 Safari/537.36"
52.54.95.127 - - [30/Nov/2025:18:52:48 -0500] "GET /general-nafiu-counsels-corps-members-on-savings-investment-peaceful-co-existence/ HTTP/1.1" 200 42090 "-" "Mozilla/5.0 AppleWebKit/537.36 (KHTML, like Gecko; compatible; Amazonbot/0.1; +https://developer.amazon.com/support/amazonbot) Chrome/119.0.6045.214 Safari/537.36"
66.29.146.184 - - [30/Nov/2025:18:52:57 -0500] "POST /wp-cron.php?doing_wp_cron=1764546777.2228369712829589843750 HTTP/1.1" 200 0 "-" "WordPress/6.8.3; https://globaltvabuja.com"
146.174.183.34 - - [30/Nov/2025:18:52:56 -0500] "GET /info156926060?kg=0155660652 HTTP/1.1" 404 32515 "-" "Mozilla/5.0 (X11; U; Linux i686; en-US) AppleWebKit/533.4 (KHTML, like Gecko) Chrome/5.0.366.2 Safari/533.4"
52.167.144.177 - - [30/Nov/2025:18:53:20 -0500] "GET /info269783652?kg=0267608102 HTTP/1.1" 200 24266 "-" "Mozilla/5.0 AppleWebKit/537.36 (KHTML, like Gecko; compatible; bingbot/2.0; +http://www.bing.com/bingbot.htm) Chrome/116.0.1938.76 Safari/537.36"
114.119.135.251 - - [30/Nov/2025:18:53:22 -0500] "GET /info275822552?kg=0273598301 HTTP/1.1" 404 32455 "https://globaltvabuja.com/sitemap-subitems-954.xml" "Mozilla/5.0 (Linux; Android 7.0;) AppleWebKit/537.36 (KHTML, like Gecko) Mobile Safari/537.36 (compatible; PetalBot;+https://webmaster.petalsearch.com/site/petalbot)"
15.235.96.11 - - [30/Nov/2025:18:53:35 -0500] "GET /info346999480?kg=0344201221 HTTP/1.1" 404 26375 "-" "Mozilla/5.0 (compatible; AhrefsBot/7.0; +http://ahrefs.com/robot/)"
157.55.39.57 - - [30/Nov/2025:18:53:46 -0500] "GET /info360296908?kg=0357391412 HTTP/1.1" 200 24262 "-" "Mozilla/5.0 AppleWebKit/537.36 (KHTML, like Gecko; compatible; bingbot/2.0; +http://www.bing.com/bingbot.htm) Chrome/116.0.1938.76 Safari/537.36"
66.249.64.232 - - [30/Nov/2025:18:53:53 -0500] "GET /?info270128076?kg=0267949748 HTTP/1.1" 200 24533 "-" "Mozilla/5.0 (Linux; Android 6.0.1; Nexus 5X Build/MMB29P) AppleWebKit/537.36 (KHTML, like Gecko) Chrome/141.0.7390.122 Mobile Safari/537.36 (compatible; Googlebot/2.1; +http://www.google.com/bot.html)"
157.55.39.57 - - [30/Nov/2025:18:53:55 -0500] "GET /info51944420?kg=0051525638 HTTP/1.1" 200 26285 "-" "Mozilla/5.0 AppleWebKit/537.36 (KHTML, like Gecko; compatible; bingbot/2.0; +http://www.bing.com/bingbot.htm) Chrome/116.0.1938.76 Safari/537.36"
66.249.64.230 - - [30/Nov/2025:18:54:01 -0500] "GET /?info269905208?kg=0267728677 HTTP/1.1" 200 24395 "-" "Mozilla/5.0 (Linux; Android 6.0.1; Nexus 5X Build/MMB29P) AppleWebKit/537.36 (KHTML, like Gecko) Chrome/141.0.7390.122 Mobile Safari/537.36 (compatible; Googlebot/2.1; +http://www.google.com/bot.html)"
66.249.64.232 - - [30/Nov/2025:18:54:03 -0500] "GET /?info355238104?kg=0352373405 HTTP/1.1" 200 24614 "-" "Mozilla/5.0 (Linux; Android 6.0.1; Nexus 5X Build/MMB29P) AppleWebKit/537.36 (KHTML, like Gecko) Chrome/141.0.7390.122 Mobile Safari/537.36 (compatible; Googlebot/2.1; +http://www.google.com/bot.html)"
157.55.39.57 - - [30/Nov/2025:18:54:36 -0500] "GET /info146019224?kg=0144841773 HTTP/1.1" 200 24416 "-" "Mozilla/5.0 AppleWebKit/537.36 (KHTML, like Gecko; compatible; bingbot/2.0; +http://www.bing.com/bingbot.htm) Chrome/116.0.1938.76 Safari/537.36"
66.29.146.184 - - [30/Nov/2025:18:54:39 -0500] "POST /wp-cron.php?doing_wp_cron=1764546879.6649758815765380859375 HTTP/1.1" 200 0 "-" "WordPress/6.8.3; https://globaltvabuja.com"
51.161.37.172 - - [30/Nov/2025:18:54:39 -0500] "GET /info346979508?kg=0344181410 HTTP/1.1" 404 26375 "-" "Mozilla/5.0 (compatible; AhrefsBot/7.0; +http://ahrefs.com/robot/)"
52.167.144.177 - - [30/Nov/2025:18:54:40 -0500] "GET /info131686140?kg=0130624280 HTTP/1.1" 200 24276 "-" "Mozilla/5.0 AppleWebKit/537.36 (KHTML, like Gecko; compatible; bingbot/2.0; +http://www.bing.com/bingbot.htm) Chrome/116.0.1938.76 Safari/537.36"
52.167.144.177 - - [30/Nov/2025:18:54:43 -0500] "GET /info267141896?kg=0264987649 HTTP/1.1" 200 24677 "-" "Mozilla/5.0 AppleWebKit/537.36 (KHTML, like Gecko; compatible; bingbot/2.0; +http://www.bing.com/bingbot.htm) Chrome/116.0.1938.76 Safari/537.36"
52.167.144.177 - - [30/Nov/2025:18:54:46 -0500] "GET /info267167684?kg=0265013230 HTTP/1.1" 200 24613 "-" "Mozilla/5.0 AppleWebKit/537.36 (KHTML, like Gecko; compatible; bingbot/2.0; +http://www.bing.com/bingbot.htm) Chrome/116.0.1938.76 Safari/537.36"
114.119.129.189 - - [30/Nov/2025:18:54:46 -0500] "GET /info275822420?kg=0273598170 HTTP/1.1" 404 32505 "https://globaltvabuja.com/sitemap-subitems-954.xml" "Mozilla/5.0 (Linux; Android 7.0;) AppleWebKit/537.36 (KHTML, like Gecko) Mobile Safari/537.36 (compatible; PetalBot;+https://webmaster.petalsearch.com/site/petalbot)"
52.167.144.177 - - [30/Nov/2025:18:54:50 -0500] "GET /info328506348?kg=0325857228 HTTP/1.1" 200 24367 "-" "Mozilla/5.0 AppleWebKit/537.36 (KHTML, like Gecko; compatible; bingbot/2.0; +http://www.bing.com/bingbot.htm) Chrome/116.0.1938.76 Safari/537.36"
157.55.39.57 - - [30/Nov/2025:18:54:56 -0500] "GET /info262765588?kg=0260646634 HTTP/1.1" 200 24332 "-" "Mozilla/5.0 AppleWebKit/537.36 (KHTML, like Gecko; compatible; bingbot/2.0; +http://www.bing.com/bingbot.htm) Chrome/116.0.1938.76 Safari/537.36"
52.167.144.177 - - [30/Nov/2025:18:55:00 -0500] "GET /info131684952?kg=0130623101 HTTP/1.1" 200 24212 "-" "Mozilla/5.0 AppleWebKit/537.36 (KHTML, like Gecko; compatible; bingbot/2.0; +http://www.bing.com/bingbot.htm) Chrome/116.0.1938.76 Safari/537.36"
52.167.144.177 - - [30/Nov/2025:18:55:03 -0500] "GET /info267158428?kg=0265004048 HTTP/1.1" 200 24499 "-" "Mozilla/5.0 AppleWebKit/537.36 (KHTML, like Gecko; compatible; bingbot/2.0; +http://www.bing.com/bingbot.htm) Chrome/116.0.1938.76 Safari/537.36"
52.167.144.159 - - [30/Nov/2025:18:55:15 -0500] "GET /info7416852?kg=0007357162 HTTP/1.1" 200 26547 "-" "Mozilla/5.0 AppleWebKit/537.36 (KHTML, like Gecko; compatible; bingbot/2.0; +http://www.bing.com/bingbot.htm) Chrome/116.0.1938.76 Safari/537.36"
52.167.144.159 - - [30/Nov/2025:18:55:31 -0500] "GET /info262581600?kg=0260464131 HTTP/1.1" 200 24509 "-" "Mozilla/5.0 AppleWebKit/537.36 (KHTML, like Gecko; compatible; bingbot/2.0; +http://www.bing.com/bingbot.htm) Chrome/116.0.1938.76 Safari/537.36"
52.167.144.159 - - [30/Nov/2025:18:55:34 -0500] "GET /info131707044?kg=0130645014 HTTP/1.1" 200 24517 "-" "Mozilla/5.0 AppleWebKit/537.36 (KHTML, like Gecko; compatible; bingbot/2.0; +http://www.bing.com/bingbot.htm) Chrome/116.0.1938.76 Safari/537.36"
157.55.39.57 - - [30/Nov/2025:18:55:36 -0500] "GET /info267211464?kg=0265056657 HTTP/1.1" 200 24527 "-" "Mozilla/5.0 AppleWebKit/537.36 (KHTML, like Gecko; compatible; bingbot/2.0; +http://www.bing.com/bingbot.htm) Chrome/116.0.1938.76 Safari/537.36"
52.167.144.159 - - [30/Nov/2025:18:55:37 -0500] "GET /info129502552?kg=0128458301 HTTP/1.1" 200 24660 "-" "Mozilla/5.0 AppleWebKit/537.36 (KHTML, like Gecko; compatible; bingbot/2.0; +http://www.bing.com/bingbot.htm) Chrome/116.0.1938.76 Safari/537.36"
52.167.144.159 - - [30/Nov/2025:18:55:41 -0500] "GET /info299112468?kg=0296700394 HTTP/1.1" 200 24554 "-" "Mozilla/5.0 AppleWebKit/537.36 (KHTML, like Gecko; compatible; bingbot/2.0; +http://www.bing.com/bingbot.htm) Chrome/116.0.1938.76 Safari/537.36"
66.29.146.184 - - [30/Nov/2025:18:55:42 -0500] "POST /wp-cron.php?doing_wp_cron=1764546942.7968358993530273437500 HTTP/1.1" 200 0 "-" "WordPress/6.8.3; https://globaltvabuja.com"
142.44.220.204 - - [30/Nov/2025:18:55:42 -0500] "GET /info346971836?kg=0344173800 HTTP/1.1" 404 26370 "-" "Mozilla/5.0 (compatible; AhrefsBot/7.0; +http://ahrefs.com/robot/)"
52.167.144.159 - - [30/Nov/2025:18:55:43 -0500] "GET /info101407000?kg=0100589325 HTTP/1.1" 200 26420 "-" "Mozilla/5.0 AppleWebKit/537.36 (KHTML, like Gecko; compatible; bingbot/2.0; +http://www.bing.com/bingbot.htm) Chrome/116.0.1938.76 Safari/537.36"
146.174.168.111 - - [30/Nov/2025:18:55:48 -0500] "GET /info156929104?kg=0155663671 HTTP/1.1" 404 32498 "-" "Mozilla/5.0 (Macintosh; Intel Mac OS X 10_5_8) AppleWebKit/535.11 (KHTML, like Gecko) Chrome/17.0.963.66 Safari/535.11"
157.55.39.57 - - [30/Nov/2025:18:55:56 -0500] "GET /info131665244?kg=0130603552 HTTP/1.1" 200 24692 "-" "Mozilla/5.0 AppleWebKit/537.36 (KHTML, like Gecko; compatible; bingbot/2.0; +http://www.bing.com/bingbot.htm) Chrome/116.0.1938.76 Safari/537.36"
66.249.64.231 - - [30/Nov/2025:18:55:57 -0500] "GET /info1410752?kg=0001399499 HTTP/1.1" 200 26466 "-" "Mozilla/5.0 (Linux; Android 6.0.1; Nexus 5X Build/MMB29P) AppleWebKit/537.36 (KHTML, like Gecko) Chrome/141.0.7390.122 Mobile Safari/537.36 (compatible; Googlebot/2.1; +http://www.google.com/bot.html)"
66.249.64.232 - - [30/Nov/2025:18:55:59 -0500] "GET /info13912468?kg=0013800394 HTTP/1.1" 200 26484 "-" "Mozilla/5.0 (Linux; Android 6.0.1; Nexus 5X Build/MMB29P) AppleWebKit/537.36 (KHTML, like Gecko) Chrome/141.0.7390.122 Mobile Safari/537.36 (compatible; Googlebot/2.1; +http://www.google.com/bot.html)"
52.167.144.159 - - [30/Nov/2025:18:56:01 -0500] "GET /info131765904?kg=0130703399 HTTP/1.1" 200 24477 "-" "Mozilla/5.0 AppleWebKit/537.36 (KHTML, like Gecko; compatible; bingbot/2.0; +http://www.bing.com/bingbot.htm) Chrome/116.0.1938.76 Safari/537.36"
66.29.146.184 - - [30/Nov/2025:18:56:09 -0500] "POST /wp-cron.php?doing_wp_cron=1764546969.4197740554809570312500 HTTP/1.1" 200 0 "-" "WordPress/6.8.3; https://globaltvabuja.com"
114.119.135.251 - - [30/Nov/2025:18:56:09 -0500] "GET /info275822288?kg=0273598039 HTTP/1.1" 404 32484 "https://globaltvabuja.com/sitemap-subitems-954.xml" "Mozilla/5.0 (Linux; Android 7.0;) AppleWebKit/537.36 (KHTML, like Gecko) Mobile Safari/537.36 (compatible; PetalBot;+https://webmaster.petalsearch.com/site/petalbot)"
52.167.144.177 - - [30/Nov/2025:18:56:11 -0500] "GET /info259397416?kg=0257305625 HTTP/1.1" 200 24293 "-" "Mozilla/5.0 AppleWebKit/537.36 (KHTML, like Gecko; compatible; bingbot/2.0; +http://www.bing.com/bingbot.htm) Chrome/116.0.1938.76 Safari/537.36"
66.249.64.231 - - [30/Nov/2025:18:56:11 -0500] "GET /info6812916?kg=0006758098 HTTP/1.1" 200 26930 "-" "Mozilla/5.0 (Linux; Android 6.0.1; Nexus 5X Build/MMB29P) AppleWebKit/537.36 (KHTML, like Gecko) Chrome/141.0.7390.122 Mobile Safari/537.36 (compatible; Googlebot/2.1; +http://www.google.com/bot.html)"
52.167.144.177 - - [30/Nov/2025:18:56:21 -0500] "GET /info371450956?kg=0368455508 HTTP/1.1" 200 24531 "-" "Mozilla/5.0 AppleWebKit/537.36 (KHTML, like Gecko; compatible; bingbot/2.0; +http://www.bing.com/bingbot.htm) Chrome/116.0.1938.76 Safari/537.36"
52.167.144.159 - - [30/Nov/2025:18:56:25 -0500] "GET /info339303144?kg=0336566953 HTTP/1.1" 200 24494 "-" "Mozilla/5.0 AppleWebKit/537.36 (KHTML, like Gecko; compatible; bingbot/2.0; +http://www.bing.com/bingbot.htm) Chrome/116.0.1938.76 Safari/537.36"
52.167.144.159 - - [30/Nov/2025:18:56:33 -0500] "GET /info211894368?kg=0210185667 HTTP/1.1" 200 24119 "-" "Mozilla/5.0 AppleWebKit/537.36 (KHTML, like Gecko; compatible; bingbot/2.0; +http://www.bing.com/bingbot.htm) Chrome/116.0.1938.76 Safari/537.36"
142.44.225.135 - - [30/Nov/2025:18:56:37 -0500] "GET /info346940884?kg=0344143098 HTTP/1.1" 404 26364 "-" "Mozilla/5.0 (compatible; AhrefsBot/7.0; +http://ahrefs.com/robot/)"
For More Shells & Tools