3.83.76.234 - - [30/Nov/2025:10:15:29 -0500] "GET /tag/trade-acceleration-customs-inaugurates-wco-led-pca/ HTTP/1.1" 200 168227 "-" "TerraCotta https://github.com/CeramicTeam/CeramicTerracotta"
66.249.64.230 - - [30/Nov/2025:10:15:35 -0500] "GET /?info9605596?kg=0009528256 HTTP/1.1" 200 26584 "-" "Mozilla/5.0 (Linux; Android 6.0.1; Nexus 5X Build/MMB29P) AppleWebKit/537.36 (KHTML, like Gecko) Chrome/141.0.7390.122 Mobile Safari/537.36 (compatible; Googlebot/2.1; +http://www.google.com/bot.html)"
66.249.64.230 - - [30/Nov/2025:10:15:39 -0500] "GET /info511996?kg=0000507992 HTTP/1.1" 200 26782 "-" "Mozilla/5.0 (Linux; Android 6.0.1; Nexus 5X Build/MMB29P) AppleWebKit/537.36 (KHTML, like Gecko) Chrome/141.0.7390.122 Mobile Safari/537.36 (compatible; Googlebot/2.1; +http://www.google.com/bot.html)"
116.179.32.17 - - [30/Nov/2025:10:15:39 -0500] "GET /tag/customs-cg-affirms-nigeria-customs-transformation-with-afcfta-objectives/ HTTP/1.1" 200 34054 "-" "Mozilla/5.0 (compatible; Baiduspider/2.0; +http://www.baidu.com/search/spider.html)"
207.46.13.54 - - [30/Nov/2025:10:15:40 -0500] "GET /info6455928?kg=0006403989 HTTP/1.1" 200 26511 "-" "Mozilla/5.0 AppleWebKit/537.36 (KHTML, like Gecko; compatible; bingbot/2.0; +http://www.bing.com/bingbot.htm) Chrome/116.0.1938.76 Safari/537.36"
66.249.64.231 - - [30/Nov/2025:10:15:42 -0500] "GET /?info1714704?kg=0001700999 HTTP/1.1" 200 26649 "-" "Mozilla/5.0 (Linux; Android 6.0.1; Nexus 5X Build/MMB29P) AppleWebKit/537.36 (KHTML, like Gecko) Chrome/141.0.7390.122 Mobile Safari/537.36 (compatible; Googlebot/2.1; +http://www.google.com/bot.html)"
66.249.64.230 - - [30/Nov/2025:10:15:44 -0500] "GET /info18175684?kg=0018029230 HTTP/1.1" 200 26998 "-" "Mozilla/5.0 (Linux; Android 6.0.1; Nexus 5X Build/MMB29P) AppleWebKit/537.36 (KHTML, like Gecko) Chrome/141.0.7390.122 Mobile Safari/537.36 (compatible; Googlebot/2.1; +http://www.google.com/bot.html)"
66.249.64.231 - - [30/Nov/2025:10:15:49 -0500] "GET /info75079320?kg=0074473965 HTTP/1.1" 200 26201 "-" "Mozilla/5.0 (compatible; Googlebot/2.1; +http://www.google.com/bot.html)"
66.29.146.184 - - [30/Nov/2025:10:15:50 -0500] "POST /wp-cron.php?doing_wp_cron=1764515750.6261820793151855468750 HTTP/1.1" 200 0 "-" "WordPress/6.8.3; https://globaltvabuja.com"
185.191.171.14 - - [30/Nov/2025:10:15:50 -0500] "GET /author/okerekglobaltvabuja-com/page/14/ HTTP/1.1" 200 40288 "-" "Mozilla/5.0 (compatible; SemrushBot/7~bl; +http://www.semrush.com/bot.html)"
116.179.37.57 - - [30/Nov/2025:10:15:56 -0500] "GET /wp-content/uploads/2023/11/mobile-bg.jpg HTTP/1.1" 200 0 "https://globaltvabuja.com/tag/customs-cg-affirms-nigeria-customs-transformation-with-afcfta-objectives/" "Mozilla/5.0 (compatible; Baiduspider-render/2.0; +http://www.baidu.com/search/spider.html)"
116.179.37.19 - - [30/Nov/2025:10:15:56 -0500] "GET /wp-content/uploads/2023/11/footer_bg.jpg HTTP/1.1" 200 0 "https://globaltvabuja.com/tag/customs-cg-affirms-nigeria-customs-transformation-with-afcfta-objectives/" "Mozilla/5.0 (compatible; Baiduspider-render/2.0; +http://www.baidu.com/search/spider.html)"
116.179.37.133 - - [30/Nov/2025:10:15:57 -0500] "GET /wp-admin/user-new.php HTTP/1.1" 302 0 "https://globaltvabuja.com/tag/customs-cg-affirms-nigeria-customs-transformation-with-afcfta-objectives/" "Mozilla/5.0 (compatible; Baiduspider-render/2.0; +http://www.baidu.com/search/spider.html)"
116.179.37.177 - - [30/Nov/2025:10:15:58 -0500] "GET /wp-content/uploads/2023/11/IMG-20231117-WA0025-696x464.jpg HTTP/1.1" 200 56646 "https://globaltvabuja.com/tag/customs-cg-affirms-nigeria-customs-transformation-with-afcfta-objectives/" "Mozilla/5.0 (compatible; Baiduspider-render/2.0; +http://www.baidu.com/search/spider.html)"
116.179.37.246 - - [30/Nov/2025:10:15:59 -0500] "GET /wp-login.php?redirect_to=https%3A%2F%2Fglobaltvabuja.com%2Fwp-admin%2Fuser-new.php&reauth=1 HTTP/1.1" 200 2098 "https://globaltvabuja.com/tag/customs-cg-affirms-nigeria-customs-transformation-with-afcfta-objectives/" "Mozilla/5.0 (compatible; Baiduspider-render/2.0; +http://www.baidu.com/search/spider.html)"
114.119.145.123 - - [30/Nov/2025:10:16:00 -0500] "GET /info364166500?kg=0361229798 HTTP/1.1" 404 32473 "https://globaltvabuja.com/sitemap-subitems-942.xml" "Mozilla/5.0 (Linux; Android 7.0;) AppleWebKit/537.36 (KHTML, like Gecko) Mobile Safari/537.36 (compatible; PetalBot;+https://webmaster.petalsearch.com/site/petalbot)"
207.46.13.54 - - [30/Nov/2025:10:16:01 -0500] "GET /info219853516?kg=0218080628 HTTP/1.1" 200 24782 "-" "Mozilla/5.0 AppleWebKit/537.36 (KHTML, like Gecko; compatible; bingbot/2.0; +http://www.bing.com/bingbot.htm) Chrome/116.0.1938.76 Safari/537.36"
116.179.37.2 - - [30/Nov/2025:10:16:01 -0500] "GET /wp-admin/user-new.php HTTP/1.1" 302 0 "https://globaltvabuja.com/tag/customs-cg-affirms-nigeria-customs-transformation-with-afcfta-objectives/" "Mozilla/5.0 (compatible; Baiduspider-render/2.0; +http://www.baidu.com/search/spider.html)"
116.179.37.169 - - [30/Nov/2025:10:16:02 -0500] "GET /wp-login.php?redirect_to=https%3A%2F%2Fglobaltvabuja.com%2Fwp-admin%2Fuser-new.php&reauth=1 HTTP/1.1" 200 2098 "https://globaltvabuja.com/tag/customs-cg-affirms-nigeria-customs-transformation-with-afcfta-objectives/" "Mozilla/5.0 (compatible; Baiduspider-render/2.0; +http://www.baidu.com/search/spider.html)"
52.167.144.23 - - [30/Nov/2025:10:16:05 -0500] "GET /?info216180336?kg=0214437071 HTTP/1.1" 200 24578 "-" "Mozilla/5.0 AppleWebKit/537.36 (KHTML, like Gecko; compatible; bingbot/2.0; +http://www.bing.com/bingbot.htm) Chrome/116.0.1938.76 Safari/537.36"
66.249.64.231 - - [30/Nov/2025:10:16:07 -0500] "GET /?info12239952?kg=0012141367 HTTP/1.1" 200 26481 "-" "Mozilla/5.0 (Linux; Android 6.0.1; Nexus 5X Build/MMB29P) AppleWebKit/537.36 (KHTML, like Gecko) Chrome/141.0.7390.122 Mobile Safari/537.36 (compatible; Googlebot/2.1; +http://www.google.com/bot.html)"
18.205.91.101 - - [30/Nov/2025:10:16:11 -0500] "GET /naicom-sec-strengthen-ties-on-insurance-reforms/ HTTP/1.1" 200 41476 "-" "Mozilla/5.0 AppleWebKit/537.36 (KHTML, like Gecko; compatible; Amazonbot/0.1; +https://developer.amazon.com/support/amazonbot) Chrome/119.0.6045.214 Safari/537.36"
207.46.13.54 - - [30/Nov/2025:10:16:22 -0500] "GET /info8081092?kg=0008016046 HTTP/1.1" 200 26838 "-" "Mozilla/5.0 AppleWebKit/537.36 (KHTML, like Gecko; compatible; bingbot/2.0; +http://www.bing.com/bingbot.htm) Chrome/116.0.1938.76 Safari/537.36"
66.249.64.230 - - [30/Nov/2025:10:16:28 -0500] "GET /?info8795200?kg=0008724395 HTTP/1.1" 200 26523 "-" "Mozilla/5.0 (Linux; Android 6.0.1; Nexus 5X Build/MMB29P) AppleWebKit/537.36 (KHTML, like Gecko) Chrome/141.0.7390.122 Mobile Safari/537.36 (compatible; Googlebot/2.1; +http://www.google.com/bot.html)"
66.249.64.231 - - [30/Nov/2025:10:16:29 -0500] "GET /info18170924?kg=0018024508 HTTP/1.1" 200 26270 "-" "Mozilla/5.0 (Linux; Android 6.0.1; Nexus 5X Build/MMB29P) AppleWebKit/537.36 (KHTML, like Gecko) Chrome/141.0.7390.122 Mobile Safari/537.36 (compatible; Googlebot/2.1; +http://www.google.com/bot.html)"
66.249.64.230 - - [30/Nov/2025:10:16:37 -0500] "GET /?info11280224?kg=0011189379 HTTP/1.1" 200 26531 "-" "Mozilla/5.0 (Linux; Android 6.0.1; Nexus 5X Build/MMB29P) AppleWebKit/537.36 (KHTML, like Gecko) Chrome/141.0.7390.122 Mobile Safari/537.36 (compatible; Googlebot/2.1; +http://www.google.com/bot.html)"
207.46.13.54 - - [30/Nov/2025:10:16:50 -0500] "GET /info254629992?kg=0252576649 HTTP/1.1" 200 24376 "-" "Mozilla/5.0 AppleWebKit/537.36 (KHTML, like Gecko; compatible; bingbot/2.0; +http://www.bing.com/bingbot.htm) Chrome/116.0.1938.76 Safari/537.36"
66.29.146.184 - - [30/Nov/2025:10:16:51 -0500] "POST /wp-cron.php?doing_wp_cron=1764515811.1302180290222167968750 HTTP/1.1" 200 0 "-" "WordPress/6.8.3; https://globaltvabuja.com"
54.39.136.102 - - [30/Nov/2025:10:16:50 -0500] "GET /info242854032?kg=0240895655 HTTP/1.1" 404 26369 "-" "Mozilla/5.0 (compatible; AhrefsBot/7.0; +http://ahrefs.com/robot/)"
66.249.64.230 - - [30/Nov/2025:10:16:55 -0500] "GET /?info17525064?kg=0017383857 HTTP/1.1" 200 26331 "-" "Mozilla/5.0 (Linux; Android 6.0.1; Nexus 5X Build/MMB29P) AppleWebKit/537.36 (KHTML, like Gecko) Chrome/141.0.7390.122 Mobile Safari/537.36 (compatible; Googlebot/2.1; +http://www.google.com/bot.html)"
40.77.167.247 - - [30/Nov/2025:10:17:01 -0500] "GET /info250813304?kg=0248790741 HTTP/1.1" 200 24355 "-" "Mozilla/5.0 AppleWebKit/537.36 (KHTML, like Gecko; compatible; bingbot/2.0; +http://www.bing.com/bingbot.htm) Chrome/116.0.1938.76 Safari/537.36"
66.249.64.232 - - [30/Nov/2025:10:17:08 -0500] "GET /info74669024?kg=0074066979 HTTP/1.1" 200 26227 "-" "Mozilla/5.0 (Linux; Android 6.0.1; Nexus 5X Build/MMB29P) AppleWebKit/537.36 (KHTML, like Gecko) Chrome/141.0.7390.122 Mobile Safari/537.36 (compatible; Googlebot/2.1; +http://www.google.com/bot.html)"
207.46.13.54 - - [30/Nov/2025:10:17:10 -0500] "GET /info245011296?kg=0243035523 HTTP/1.1" 200 24946 "-" "Mozilla/5.0 AppleWebKit/537.36 (KHTML, like Gecko; compatible; bingbot/2.0; +http://www.bing.com/bingbot.htm) Chrome/116.0.1938.76 Safari/537.36"
66.249.64.230 - - [30/Nov/2025:10:17:12 -0500] "GET /?info18052808?kg=0017907345 HTTP/1.1" 200 26594 "-" "Mozilla/5.0 (Linux; Android 6.0.1; Nexus 5X Build/MMB29P) AppleWebKit/537.36 (KHTML, like Gecko) Chrome/141.0.7390.122 Mobile Safari/537.36 (compatible; Googlebot/2.1; +http://www.google.com/bot.html)"
52.167.144.23 - - [30/Nov/2025:10:17:14 -0500] "GET /info222023616?kg=0220233227 HTTP/1.1" 200 24588 "-" "Mozilla/5.0 AppleWebKit/537.36 (KHTML, like Gecko; compatible; bingbot/2.0; +http://www.bing.com/bingbot.htm) Chrome/116.0.1938.76 Safari/537.36"
207.46.13.54 - - [30/Nov/2025:10:17:19 -0500] "GET /info226960468?kg=0225130266 HTTP/1.1" 200 24764 "-" "Mozilla/5.0 AppleWebKit/537.36 (KHTML, like Gecko; compatible; bingbot/2.0; +http://www.bing.com/bingbot.htm) Chrome/116.0.1938.76 Safari/537.36"
114.119.145.123 - - [30/Nov/2025:10:17:24 -0500] "GET /info364166368?kg=0361229667 HTTP/1.1" 404 32488 "https://globaltvabuja.com/sitemap-subitems-942.xml" "Mozilla/5.0 (Linux; Android 7.0;) AppleWebKit/537.36 (KHTML, like Gecko) Mobile Safari/537.36 (compatible; PetalBot;+https://webmaster.petalsearch.com/site/petalbot)"
207.46.13.54 - - [30/Nov/2025:10:17:39 -0500] "GET /info254176188?kg=0252126504 HTTP/1.1" 200 24332 "-" "Mozilla/5.0 AppleWebKit/537.36 (KHTML, like Gecko; compatible; bingbot/2.0; +http://www.bing.com/bingbot.htm) Chrome/116.0.1938.76 Safari/537.36"
66.249.64.230 - - [30/Nov/2025:10:17:41 -0500] "GET /?info18090112?kg=0017944347 HTTP/1.1" 200 26567 "-" "Mozilla/5.0 (Linux; Android 6.0.1; Nexus 5X Build/MMB29P) AppleWebKit/537.36 (KHTML, like Gecko) Chrome/141.0.7390.122 Mobile Safari/537.36 (compatible; Googlebot/2.1; +http://www.google.com/bot.html)"
66.249.64.231 - - [30/Nov/2025:10:17:41 -0500] "GET /?info354808768?kg=0351947531 HTTP/1.1" 200 24489 "-" "Mozilla/5.0 (Linux; Android 6.0.1; Nexus 5X Build/MMB29P) AppleWebKit/537.36 (KHTML, like Gecko) Chrome/141.0.7390.122 Mobile Safari/537.36 (compatible; Googlebot/2.1; +http://www.google.com/bot.html)"
66.249.64.230 - - [30/Nov/2025:10:17:43 -0500] "GET /info999532?kg=0000991596 HTTP/1.1" 200 26961 "-" "Mozilla/5.0 (Linux; Android 6.0.1; Nexus 5X Build/MMB29P) AppleWebKit/537.36 (KHTML, like Gecko) Chrome/141.0.7390.122 Mobile Safari/537.36 (compatible; Googlebot/2.1; +http://www.google.com/bot.html)"
66.249.64.230 - - [30/Nov/2025:10:17:46 -0500] "GET /?info15330628?kg=0015207118 HTTP/1.1" 200 26476 "-" "Mozilla/5.0 (Linux; Android 6.0.1; Nexus 5X Build/MMB29P) AppleWebKit/537.36 (KHTML, like Gecko) Chrome/141.0.7390.122 Mobile Safari/537.36 (compatible; Googlebot/2.1; +http://www.google.com/bot.html)"
66.29.146.184 - - [30/Nov/2025:10:18:12 -0500] "POST /wp-cron.php?doing_wp_cron=1764515892.2762999534606933593750 HTTP/1.1" 200 0 "-" "WordPress/6.8.3; https://globaltvabuja.com"
148.113.128.50 - - [30/Nov/2025:10:18:11 -0500] "GET /info242841600?kg=0240883323 HTTP/1.1" 404 26372 "-" "Mozilla/5.0 (compatible; AhrefsBot/7.0; +http://ahrefs.com/robot/)"
66.249.64.232 - - [30/Nov/2025:10:18:15 -0500] "GET /?info8536224?kg=0008467507 HTTP/1.1" 200 26701 "-" "Mozilla/5.0 (Linux; Android 6.0.1; Nexus 5X Build/MMB29P) AppleWebKit/537.36 (KHTML, like Gecko) Chrome/141.0.7390.122 Mobile Safari/537.36 (compatible; Googlebot/2.1; +http://www.google.com/bot.html)"
66.249.64.230 - - [30/Nov/2025:10:18:18 -0500] "GET /?info19889332?kg=0019729058 HTTP/1.1" 200 26195 "-" "Mozilla/5.0 (Linux; Android 6.0.1; Nexus 5X Build/MMB29P) AppleWebKit/537.36 (KHTML, like Gecko) Chrome/141.0.7390.122 Mobile Safari/537.36 (compatible; Googlebot/2.1; +http://www.google.com/bot.html)"
66.249.64.231 - - [30/Nov/2025:10:18:22 -0500] "GET /?info77337112?kg=0076713549 HTTP/1.1" 200 26223 "-" "Mozilla/5.0 (Linux; Android 6.0.1; Nexus 5X Build/MMB29P) AppleWebKit/537.36 (KHTML, like Gecko) Chrome/141.0.7390.122 Mobile Safari/537.36 (compatible; Googlebot/2.1; +http://www.google.com/bot.html)"
54.36.179.84 - - [30/Nov/2025:10:18:25 -0500] "GET /robots.txt HTTP/1.1" 200 82 "-" "Mozilla/5.0 (compatible; MJ12bot/v1.4.8; http://mj12bot.com/)"
146.174.175.229 - - [30/Nov/2025:10:18:26 -0500] "GET /info127737848?kg=0126707829 HTTP/1.1" 404 32488 "-" "Mozilla/5.0 (X11; Linux x86_64) AppleWebKit/534.36 (KHTML, like Gecko) Chrome/13.0.766.0 Safari/534.36"
66.249.64.230 - - [30/Nov/2025:10:18:28 -0500] "GET /?info4717284?kg=0004679366 HTTP/1.1" 200 26517 "-" "Mozilla/5.0 (Linux; Android 6.0.1; Nexus 5X Build/MMB29P) AppleWebKit/537.36 (KHTML, like Gecko) Chrome/141.0.7390.122 Mobile Safari/537.36 (compatible; Googlebot/2.1; +http://www.google.com/bot.html)"
54.36.179.84 - - [30/Nov/2025:10:18:29 -0500] "GET /banking-fintech-top-consumer-complaints-in-nigeria-fccpc-report-commission-recovers-%E2%82%A610-billion-for-aggrieved-customers/ HTTP/1.1" 200 33807 "-" "Mozilla/5.0 (compatible; MJ12bot/v1.4.8; http://mj12bot.com/)"
52.167.144.23 - - [30/Nov/2025:10:18:33 -0500] "GET /info192349724?kg=0190798640 HTTP/1.1" 200 24411 "-" "Mozilla/5.0 AppleWebKit/537.36 (KHTML, like Gecko; compatible; bingbot/2.0; +http://www.bing.com/bingbot.htm) Chrome/116.0.1938.76 Safari/537.36"
66.249.64.230 - - [30/Nov/2025:10:18:35 -0500] "GET /?info5842348?kg=0005795356 HTTP/1.1" 200 26494 "-" "Mozilla/5.0 (Linux; Android 6.0.1; Nexus 5X Build/MMB29P) AppleWebKit/537.36 (KHTML, like Gecko) Chrome/141.0.7390.122 Mobile Safari/537.36 (compatible; Googlebot/2.1; +http://www.google.com/bot.html)"
52.167.144.23 - - [30/Nov/2025:10:18:37 -0500] "GET /info55455572?kg=0055008474 HTTP/1.1" 200 26708 "-" "Mozilla/5.0 AppleWebKit/537.36 (KHTML, like Gecko; compatible; bingbot/2.0; +http://www.bing.com/bingbot.htm) Chrome/116.0.1938.76 Safari/537.36"
66.249.64.230 - - [30/Nov/2025:10:18:41 -0500] "GET /info7897112?kg=0007833549 HTTP/1.1" 200 26491 "-" "Mozilla/5.0 (Linux; Android 6.0.1; Nexus 5X Build/MMB29P) AppleWebKit/537.36 (KHTML, like Gecko) Chrome/141.0.7390.122 Mobile Safari/537.36 (compatible; Googlebot/2.1; +http://www.google.com/bot.html)"
114.119.135.251 - - [30/Nov/2025:10:18:48 -0500] "GET /info364166236?kg=0361229536 HTTP/1.1" 404 32528 "https://globaltvabuja.com/sitemap-subitems-942.xml" "Mozilla/5.0 (Linux; Android 7.0;) AppleWebKit/537.36 (KHTML, like Gecko) Mobile Safari/537.36 (compatible; PetalBot;+https://webmaster.petalsearch.com/site/petalbot)"
66.249.64.230 - - [30/Nov/2025:10:18:51 -0500] "GET /?info18477780?kg=0018328890 HTTP/1.1" 200 26712 "-" "Mozilla/5.0 (Linux; Android 6.0.1; Nexus 5X Build/MMB29P) AppleWebKit/537.36 (KHTML, like Gecko) Chrome/141.0.7390.122 Mobile Safari/537.36 (compatible; Googlebot/2.1; +http://www.google.com/bot.html)"
66.249.64.230 - - [30/Nov/2025:10:18:58 -0500] "GET /info8298408?kg=0008231609 HTTP/1.1" 200 26897 "-" "Mozilla/5.0 (Linux; Android 6.0.1; Nexus 5X Build/MMB29P) AppleWebKit/537.36 (KHTML, like Gecko) Chrome/141.0.7390.122 Mobile Safari/537.36 (compatible; Googlebot/2.1; +http://www.google.com/bot.html)"
66.249.64.232 - - [30/Nov/2025:10:19:07 -0500] "GET /?info6211240?kg=0006161273 HTTP/1.1" 200 26443 "-" "Mozilla/5.0 (Linux; Android 6.0.1; Nexus 5X Build/MMB29P) AppleWebKit/537.36 (KHTML, like Gecko) Chrome/141.0.7390.122 Mobile Safari/537.36 (compatible; Googlebot/2.1; +http://www.google.com/bot.html)"
66.249.64.231 - - [30/Nov/2025:10:19:18 -0500] "GET /?info347305280?kg=0344504555 HTTP/1.1" 200 24315 "-" "Mozilla/5.0 (Linux; Android 6.0.1; Nexus 5X Build/MMB29P) AppleWebKit/537.36 (KHTML, like Gecko) Chrome/141.0.7390.122 Mobile Safari/537.36 (compatible; Googlebot/2.1; +http://www.google.com/bot.html)"
66.249.64.230 - - [30/Nov/2025:10:19:28 -0500] "GET /?info16726572?kg=0016591804 HTTP/1.1" 200 26398 "-" "Mozilla/5.0 (Linux; Android 6.0.1; Nexus 5X Build/MMB29P) AppleWebKit/537.36 (KHTML, like Gecko) Chrome/141.0.7390.122 Mobile Safari/537.36 (compatible; Googlebot/2.1; +http://www.google.com/bot.html)"
207.46.13.54 - - [30/Nov/2025:10:19:49 -0500] "GET /info131433252?kg=0130373430 HTTP/1.1" 200 24436 "-" "Mozilla/5.0 AppleWebKit/537.36 (KHTML, like Gecko; compatible; bingbot/2.0; +http://www.bing.com/bingbot.htm) Chrome/116.0.1938.76 Safari/537.36"
66.29.146.184 - - [30/Nov/2025:10:19:50 -0500] "POST /wp-cron.php?doing_wp_cron=1764515990.5551691055297851562500 HTTP/1.1" 200 0 "-" "WordPress/6.8.3; https://globaltvabuja.com"
66.249.64.230 - - [30/Nov/2025:10:19:50 -0500] "GET /info347235976?kg=0344435809 HTTP/1.1" 200 24485 "-" "Mozilla/5.0 (Linux; Android 6.0.1; Nexus 5X Build/MMB29P) AppleWebKit/537.36 (KHTML, like Gecko) Chrome/141.0.7390.122 Mobile Safari/537.36 (compatible; Googlebot/2.1; +http://www.google.com/bot.html)"
3.83.76.234 - - [30/Nov/2025:10:19:50 -0500] "GET /ogfza-seeks-collaboration-with-river-state-government-on-job-creation/ HTTP/1.1" 200 205826 "-" "TerraCotta https://github.com/CeramicTeam/CeramicTerracotta"
66.249.64.230 - - [30/Nov/2025:10:19:56 -0500] "GET /?info13912468?kg=0013800394 HTTP/1.1" 200 26483 "-" "Mozilla/5.0 (Linux; Android 6.0.1; Nexus 5X Build/MMB29P) AppleWebKit/537.36 (KHTML, like Gecko) Chrome/141.0.7390.122 Mobile Safari/537.36 (compatible; Googlebot/2.1; +http://www.google.com/bot.html)"
51.161.37.17 - - [30/Nov/2025:10:19:56 -0500] "GET /info242840272?kg=0240882007 HTTP/1.1" 404 26343 "-" "Mozilla/5.0 (compatible; AhrefsBot/7.0; +http://ahrefs.com/robot/)"
40.77.167.247 - - [30/Nov/2025:10:20:02 -0500] "GET /info14874044?kg=0014754216 HTTP/1.1" 200 26518 "-" "Mozilla/5.0 AppleWebKit/537.36 (KHTML, like Gecko; compatible; bingbot/2.0; +http://www.bing.com/bingbot.htm) Chrome/116.0.1938.76 Safari/537.36"
114.119.129.189 - - [30/Nov/2025:10:20:11 -0500] "GET /info364166104?kg=0361229405 HTTP/1.1" 404 32474 "https://globaltvabuja.com/sitemap-subitems-942.xml" "Mozilla/5.0 (Linux; Android 7.0;) AppleWebKit/537.36 (KHTML, like Gecko) Mobile Safari/537.36 (compatible; PetalBot;+https://webmaster.petalsearch.com/site/petalbot)"
207.46.13.54 - - [30/Nov/2025:10:20:42 -0500] "GET /info155482772?kg=0154229002 HTTP/1.1" 200 24802 "-" "Mozilla/5.0 AppleWebKit/537.36 (KHTML, like Gecko; compatible; bingbot/2.0; +http://www.bing.com/bingbot.htm) Chrome/116.0.1938.76 Safari/537.36"
66.249.64.231 - - [30/Nov/2025:10:20:42 -0500] "GET /?info13175872?kg=0013069739 HTTP/1.1" 200 26532 "-" "Mozilla/5.0 (Linux; Android 6.0.1; Nexus 5X Build/MMB29P) AppleWebKit/537.36 (KHTML, like Gecko) Chrome/141.0.7390.122 Mobile Safari/537.36 (compatible; Googlebot/2.1; +http://www.google.com/bot.html)"
66.249.64.230 - - [30/Nov/2025:10:20:45 -0500] "GET /info353861472?kg=0351007875 HTTP/1.1" 200 24388 "-" "Mozilla/5.0 (Linux; Android 6.0.1; Nexus 5X Build/MMB29P) AppleWebKit/537.36 (KHTML, like Gecko) Chrome/141.0.7390.122 Mobile Safari/537.36 (compatible; Googlebot/2.1; +http://www.google.com/bot.html)"
66.249.64.231 - - [30/Nov/2025:10:20:46 -0500] "GET /?info13189360?kg=0013083119 HTTP/1.1" 200 26791 "-" "Mozilla/5.0 (Linux; Android 6.0.1; Nexus 5X Build/MMB29P) AppleWebKit/537.36 (KHTML, like Gecko) Chrome/141.0.7390.122 Mobile Safari/537.36 (compatible; Googlebot/2.1; +http://www.google.com/bot.html)"
66.249.64.230 - - [30/Nov/2025:10:20:47 -0500] "GET /info347811204?kg=0345006398 HTTP/1.1" 200 24644 "-" "Mozilla/5.0 (Linux; Android 6.0.1; Nexus 5X Build/MMB29P) AppleWebKit/537.36 (KHTML, like Gecko) Chrome/141.0.7390.122 Mobile Safari/537.36 (compatible; Googlebot/2.1; +http://www.google.com/bot.html)"
66.249.64.231 - - [30/Nov/2025:10:20:48 -0500] "GET /info262301596?kg=0260186384 HTTP/1.1" 200 24593 "-" "Mozilla/5.0 (Linux; Android 6.0.1; Nexus 5X Build/MMB29P) AppleWebKit/537.36 (KHTML, like Gecko) Chrome/141.0.7390.122 Mobile Safari/537.36 (compatible; Googlebot/2.1; +http://www.google.com/bot.html)"
40.77.167.247 - - [30/Nov/2025:10:20:52 -0500] "GET /info92501216?kg=0091755363 HTTP/1.1" 200 26165 "-" "Mozilla/5.0 AppleWebKit/537.36 (KHTML, like Gecko; compatible; bingbot/2.0; +http://www.bing.com/bingbot.htm) Chrome/116.0.1938.76 Safari/537.36"
66.249.64.230 - - [30/Nov/2025:10:20:57 -0500] "GET /info1137488?kg=0001128439 HTTP/1.1" 200 26375 "-" "Mozilla/5.0 (Linux; Android 6.0.1; Nexus 5X Build/MMB29P) AppleWebKit/537.36 (KHTML, like Gecko) Chrome/141.0.7390.122 Mobile Safari/537.36 (compatible; Googlebot/2.1; +http://www.google.com/bot.html)"
66.249.64.231 - - [30/Nov/2025:10:21:02 -0500] "GET /?info16588880?kg=0016455223 HTTP/1.1" 200 26459 "-" "Mozilla/5.0 (Linux; Android 6.0.1; Nexus 5X Build/MMB29P) AppleWebKit/537.36 (KHTML, like Gecko) Chrome/141.0.7390.122 Mobile Safari/537.36 (compatible; Googlebot/2.1; +http://www.google.com/bot.html)"
66.249.64.232 - - [30/Nov/2025:10:21:03 -0500] "GET /info262282416?kg=0260167359 HTTP/1.1" 200 24493 "-" "Mozilla/5.0 (Linux; Android 6.0.1; Nexus 5X Build/MMB29P) AppleWebKit/537.36 (KHTML, like Gecko) Chrome/141.0.7390.122 Mobile Safari/537.36 (compatible; Googlebot/2.1; +http://www.google.com/bot.html)"
66.249.64.230 - - [30/Nov/2025:10:21:11 -0500] "GET /info1241844?kg=0001231954 HTTP/1.1" 200 26354 "-" "Mozilla/5.0 (Linux; Android 6.0.1; Nexus 5X Build/MMB29P) AppleWebKit/537.36 (KHTML, like Gecko) Chrome/141.0.7390.122 Mobile Safari/537.36 (compatible; Googlebot/2.1; +http://www.google.com/bot.html)"
66.249.64.230 - - [30/Nov/2025:10:21:20 -0500] "GET /info1257056?kg=0001247043 HTTP/1.1" 200 26142 "-" "Mozilla/5.0 (Linux; Android 6.0.1; Nexus 5X Build/MMB29P) AppleWebKit/537.36 (KHTML, like Gecko) Chrome/141.0.7390.122 Mobile Safari/537.36 (compatible; Googlebot/2.1; +http://www.google.com/bot.html)"
66.249.64.230 - - [30/Nov/2025:10:21:33 -0500] "GET /info9184328?kg=0009110385 HTTP/1.1" 200 26705 "-" "Mozilla/5.0 (Linux; Android 6.0.1; Nexus 5X Build/MMB29P) AppleWebKit/537.36 (KHTML, like Gecko) Chrome/141.0.7390.122 Mobile Safari/537.36 (compatible; Googlebot/2.1; +http://www.google.com/bot.html)"
66.29.146.184 - - [30/Nov/2025:10:21:35 -0500] "POST /wp-cron.php?doing_wp_cron=1764516095.8308908939361572265625 HTTP/1.1" 200 0 "-" "WordPress/6.8.3; https://globaltvabuja.com"
114.119.152.134 - - [30/Nov/2025:10:21:35 -0500] "GET /info364165972?kg=0361229274 HTTP/1.1" 404 32495 "https://globaltvabuja.com/sitemap-subitems-942.xml" "Mozilla/5.0 (Linux; Android 7.0;) AppleWebKit/537.36 (KHTML, like Gecko) Mobile Safari/537.36 (compatible; PetalBot;+https://webmaster.petalsearch.com/site/petalbot)"
202.76.171.104 - - [30/Nov/2025:10:21:47 -0500] "GET /info127746716?kg=0126716624 HTTP/1.1" 404 32473 "-" "Mozilla/5.0 (Windows; U; Windows NT 5.1; en-US) AppleWebKit/532.0 (KHTML, like Gecko) Chrome/4.0.211.4 Safari/532.0"
207.46.13.54 - - [30/Nov/2025:10:21:52 -0500] "GET /info192141928?kg=0190592521 HTTP/1.1" 200 24658 "-" "Mozilla/5.0 AppleWebKit/537.36 (KHTML, like Gecko; compatible; bingbot/2.0; +http://www.bing.com/bingbot.htm) Chrome/116.0.1938.76 Safari/537.36"
66.249.64.230 - - [30/Nov/2025:10:21:56 -0500] "GET /info262469572?kg=0260353006 HTTP/1.1" 200 24293 "-" "Mozilla/5.0 (Linux; Android 6.0.1; Nexus 5X Build/MMB29P) AppleWebKit/537.36 (KHTML, like Gecko) Chrome/141.0.7390.122 Mobile Safari/537.36 (compatible; Googlebot/2.1; +http://www.google.com/bot.html)"
66.249.64.230 - - [30/Nov/2025:10:21:56 -0500] "GET /?info6812916?kg=0006758098 HTTP/1.1" 200 26940 "-" "Mozilla/5.0 (Linux; Android 6.0.1; Nexus 5X Build/MMB29P) AppleWebKit/537.36 (KHTML, like Gecko) Chrome/141.0.7390.122 Mobile Safari/537.36 (compatible; Googlebot/2.1; +http://www.google.com/bot.html)"
52.167.144.23 - - [30/Nov/2025:10:21:57 -0500] "GET /info363946940?kg=0361012008 HTTP/1.1" 200 24248 "-" "Mozilla/5.0 AppleWebKit/537.36 (KHTML, like Gecko; compatible; bingbot/2.0; +http://www.bing.com/bingbot.htm) Chrome/116.0.1938.76 Safari/537.36"
66.249.64.230 - - [30/Nov/2025:10:21:57 -0500] "GET /info75094928?kg=0074489447 HTTP/1.1" 200 26421 "-" "Mozilla/5.0 (Linux; Android 6.0.1; Nexus 5X Build/MMB29P) AppleWebKit/537.36 (KHTML, like Gecko) Chrome/141.0.7390.122 Mobile Safari/537.36 (compatible; Googlebot/2.1; +http://www.google.com/bot.html)"
66.29.146.184 - - [30/Nov/2025:10:22:01 -0500] "POST /wp-cron.php?doing_wp_cron=1764516121.2664101123809814453125 HTTP/1.1" 200 0 "-" "WordPress/6.8.3; https://globaltvabuja.com"
51.161.37.41 - - [30/Nov/2025:10:22:00 -0500] "GET /info242812496?kg=0240854455 HTTP/1.1" 404 26384 "-" "Mozilla/5.0 (compatible; AhrefsBot/7.0; +http://ahrefs.com/robot/)"
66.249.64.232 - - [30/Nov/2025:10:22:05 -0500] "GET /info262287704?kg=0260172605 HTTP/1.1" 200 24531 "-" "Mozilla/5.0 (Linux; Android 6.0.1; Nexus 5X Build/MMB29P) AppleWebKit/537.36 (KHTML, like Gecko) Chrome/141.0.7390.122 Mobile Safari/537.36 (compatible; Googlebot/2.1; +http://www.google.com/bot.html)"
66.249.64.231 - - [30/Nov/2025:10:22:11 -0500] "GET /info348957948?kg=0346143896 HTTP/1.1" 200 24570 "-" "Mozilla/5.0 (Linux; Android 6.0.1; Nexus 5X Build/MMB29P) AppleWebKit/537.36 (KHTML, like Gecko) Chrome/141.0.7390.122 Mobile Safari/537.36 (compatible; Googlebot/2.1; +http://www.google.com/bot.html)"
66.249.64.230 - - [30/Nov/2025:10:22:25 -0500] "GET /info5297140?kg=0005254546 HTTP/1.1" 200 26415 "-" "Mozilla/5.0 (Linux; Android 6.0.1; Nexus 5X Build/MMB29P) AppleWebKit/537.36 (KHTML, like Gecko) Chrome/141.0.7390.122 Mobile Safari/537.36 (compatible; Googlebot/2.1; +http://www.google.com/bot.html)"
66.249.64.230 - - [30/Nov/2025:10:22:36 -0500] "GET /info18699592?kg=0018548913 HTTP/1.1" 200 26806 "-" "Mozilla/5.0 (Linux; Android 6.0.1; Nexus 5X Build/MMB29P) AppleWebKit/537.36 (KHTML, like Gecko) Chrome/141.0.7390.122 Mobile Safari/537.36 (compatible; Googlebot/2.1; +http://www.google.com/bot.html)"
52.167.144.150 - - [30/Nov/2025:10:22:43 -0500] "GET /info257322944?kg=0255247883 HTTP/1.1" 200 24646 "-" "Mozilla/5.0 AppleWebKit/537.36 (KHTML, like Gecko; compatible; bingbot/2.0; +http://www.bing.com/bingbot.htm) Chrome/116.0.1938.76 Safari/537.36"
66.249.64.230 - - [30/Nov/2025:10:22:44 -0500] "GET /info17654952?kg=0017512697 HTTP/1.1" 200 26465 "-" "Mozilla/5.0 (Linux; Android 6.0.1; Nexus 5X Build/MMB29P) AppleWebKit/537.36 (KHTML, like Gecko) Chrome/141.0.7390.122 Mobile Safari/537.36 (compatible; Googlebot/2.1; +http://www.google.com/bot.html)"
66.249.64.230 - - [30/Nov/2025:10:22:50 -0500] "GET /info348384312?kg=0345574885 HTTP/1.1" 200 24342 "-" "Mozilla/5.0 (Linux; Android 6.0.1; Nexus 5X Build/MMB29P) AppleWebKit/537.36 (KHTML, like Gecko) Chrome/141.0.7390.122 Mobile Safari/537.36 (compatible; Googlebot/2.1; +http://www.google.com/bot.html)"
66.249.64.230 - - [30/Nov/2025:10:22:50 -0500] "GET /info265592388?kg=0263450638 HTTP/1.1" 200 24763 "-" "Mozilla/5.0 (Linux; Android 6.0.1; Nexus 5X Build/MMB29P) AppleWebKit/537.36 (KHTML, like Gecko) Chrome/141.0.7390.122 Mobile Safari/537.36 (compatible; Googlebot/2.1; +http://www.google.com/bot.html)"
66.29.146.184 - - [30/Nov/2025:10:22:59 -0500] "POST /wp-cron.php?doing_wp_cron=1764516179.5009329319000244140625 HTTP/1.1" 200 0 "-" "WordPress/6.8.3; https://globaltvabuja.com"
185.191.171.12 - - [30/Nov/2025:10:22:59 -0500] "GET /tag/customs-destroy-n12-8bn-contraband-in-lagos/ HTTP/1.1" 200 33941 "-" "Mozilla/5.0 (compatible; SemrushBot/7~bl; +http://www.semrush.com/bot.html)"
114.119.139.202 - - [30/Nov/2025:10:22:59 -0500] "GET /info364165840?kg=0361229143 HTTP/1.1" 404 32490 "https://globaltvabuja.com/sitemap-subitems-942.xml" "Mozilla/5.0 (Linux; Android 7.0;) AppleWebKit/537.36 (KHTML, like Gecko) Mobile Safari/537.36 (compatible; PetalBot;+https://webmaster.petalsearch.com/site/petalbot)"
207.46.13.54 - - [30/Nov/2025:10:23:03 -0500] "GET /info48873980?kg=0048479960 HTTP/1.1" 200 26400 "-" "Mozilla/5.0 AppleWebKit/537.36 (KHTML, like Gecko; compatible; bingbot/2.0; +http://www.bing.com/bingbot.htm) Chrome/116.0.1938.76 Safari/537.36"
66.249.64.231 - - [30/Nov/2025:10:23:06 -0500] "GET /info355071976?kg=0352208617 HTTP/1.1" 200 24505 "-" "Mozilla/5.0 (Linux; Android 6.0.1; Nexus 5X Build/MMB29P) AppleWebKit/537.36 (KHTML, like Gecko) Chrome/141.0.7390.122 Mobile Safari/537.36 (compatible; Googlebot/2.1; +http://www.google.com/bot.html)"
52.167.144.150 - - [30/Nov/2025:10:23:07 -0500] "GET /info353532524?kg=0350681580 HTTP/1.1" 200 24379 "-" "Mozilla/5.0 AppleWebKit/537.36 (KHTML, like Gecko; compatible; bingbot/2.0; +http://www.bing.com/bingbot.htm) Chrome/116.0.1938.76 Safari/537.36"
66.249.64.231 - - [30/Nov/2025:10:23:07 -0500] "GET /info263780332?kg=0261653196 HTTP/1.1" 200 24429 "-" "Mozilla/5.0 (Linux; Android 6.0.1; Nexus 5X Build/MMB29P) AppleWebKit/537.36 (KHTML, like Gecko) Chrome/141.0.7390.122 Mobile Safari/537.36 (compatible; Googlebot/2.1; +http://www.google.com/bot.html)"
142.44.220.161 - - [30/Nov/2025:10:23:12 -0500] "GET /info242807076?kg=0240849078 HTTP/1.1" 404 26372 "-" "Mozilla/5.0 (compatible; AhrefsBot/7.0; +http://ahrefs.com/robot/)"
66.249.64.231 - - [30/Nov/2025:10:23:19 -0500] "GET /info12521944?kg=0012421085 HTTP/1.1" 200 26675 "-" "Mozilla/5.0 (Linux; Android 6.0.1; Nexus 5X Build/MMB29P) AppleWebKit/537.36 (KHTML, like Gecko) Chrome/141.0.7390.122 Mobile Safari/537.36 (compatible; Googlebot/2.1; +http://www.google.com/bot.html)"
207.46.13.54 - - [30/Nov/2025:10:23:22 -0500] "GET /info202676836?kg=0201042470 HTTP/1.1" 200 24271 "-" "Mozilla/5.0 AppleWebKit/537.36 (KHTML, like Gecko; compatible; bingbot/2.0; +http://www.bing.com/bingbot.htm) Chrome/116.0.1938.76 Safari/537.36"
52.167.144.150 - - [30/Nov/2025:10:23:34 -0500] "GET /info25138204?kg=0024935600 HTTP/1.1" 200 26418 "-" "Mozilla/5.0 AppleWebKit/537.36 (KHTML, like Gecko; compatible; bingbot/2.0; +http://www.bing.com/bingbot.htm) Chrome/116.0.1938.76 Safari/537.36"
52.167.144.150 - - [30/Nov/2025:10:23:43 -0500] "GET /info17866444?kg=0017722484 HTTP/1.1" 200 26501 "-" "Mozilla/5.0 AppleWebKit/537.36 (KHTML, like Gecko; compatible; bingbot/2.0; +http://www.bing.com/bingbot.htm) Chrome/116.0.1938.76 Safari/537.36"
207.46.13.54 - - [30/Nov/2025:10:23:54 -0500] "GET /info70501040?kg=0069932607 HTTP/1.1" 200 26568 "-" "Mozilla/5.0 AppleWebKit/537.36 (KHTML, like Gecko; compatible; bingbot/2.0; +http://www.bing.com/bingbot.htm) Chrome/116.0.1938.76 Safari/537.36"
66.249.64.230 - - [30/Nov/2025:10:23:58 -0500] "GET /info15574128?kg=0015448655 HTTP/1.1" 200 26671 "-" "Mozilla/5.0 (Linux; Android 6.0.1; Nexus 5X Build/MMB29P) AppleWebKit/537.36 (KHTML, like Gecko) Chrome/141.0.7390.122 Mobile Safari/537.36 (compatible; Googlebot/2.1; +http://www.google.com/bot.html)"
40.77.167.42 - - [30/Nov/2025:10:23:58 -0500] "GET /?info194185580?kg=0192619692 HTTP/1.1" 200 24817 "-" "Mozilla/5.0 AppleWebKit/537.36 (KHTML, like Gecko; compatible; bingbot/2.0; +http://www.bing.com/bingbot.htm) Chrome/116.0.1938.76 Safari/537.36"
66.249.64.230 - - [30/Nov/2025:10:24:01 -0500] "GET /info352298872?kg=0349457877 HTTP/1.1" 200 24684 "-" "Mozilla/5.0 (Linux; Android 6.0.1; Nexus 5X Build/MMB29P) AppleWebKit/537.36 (KHTML, like Gecko) Chrome/141.0.7390.122 Mobile Safari/537.36 (compatible; Googlebot/2.1; +http://www.google.com/bot.html)"
66.249.64.230 - - [30/Nov/2025:10:24:03 -0500] "GET /info5802536?kg=0005755865 HTTP/1.1" 200 26384 "-" "Mozilla/5.0 (Linux; Android 6.0.1; Nexus 5X Build/MMB29P) AppleWebKit/537.36 (KHTML, like Gecko) Chrome/141.0.7390.122 Mobile Safari/537.36 (compatible; Googlebot/2.1; +http://www.google.com/bot.html)"
66.249.64.230 - - [30/Nov/2025:10:24:04 -0500] "GET /?info2650220?kg=0002628972 HTTP/1.1" 200 26823 "-" "Mozilla/5.0 (Linux; Android 6.0.1; Nexus 5X Build/MMB29P) AppleWebKit/537.36 (KHTML, like Gecko) Chrome/141.0.7390.122 Mobile Safari/537.36 (compatible; Googlebot/2.1; +http://www.google.com/bot.html)"
40.77.167.42 - - [30/Nov/2025:10:24:07 -0500] "GET /info297304908?kg=0294907412 HTTP/1.1" 200 24415 "-" "Mozilla/5.0 AppleWebKit/537.36 (KHTML, like Gecko; compatible; bingbot/2.0; +http://www.bing.com/bingbot.htm) Chrome/116.0.1938.76 Safari/537.36"
66.249.64.230 - - [30/Nov/2025:10:24:12 -0500] "GET /info1747768?kg=0001733797 HTTP/1.1" 200 26805 "-" "Mozilla/5.0 (Linux; Android 6.0.1; Nexus 5X Build/MMB29P) AppleWebKit/537.36 (KHTML, like Gecko) Chrome/141.0.7390.122 Mobile Safari/537.36 (compatible; Googlebot/2.1; +http://www.google.com/bot.html)"
207.46.13.54 - - [30/Nov/2025:10:24:13 -0500] "GET /info353533052?kg=0350682104 HTTP/1.1" 200 24547 "-" "Mozilla/5.0 AppleWebKit/537.36 (KHTML, like Gecko; compatible; bingbot/2.0; +http://www.bing.com/bingbot.htm) Chrome/116.0.1938.76 Safari/537.36"
66.249.64.230 - - [30/Nov/2025:10:24:15 -0500] "GET /?info726144?kg=0000720411 HTTP/1.1" 200 26573 "-" "Mozilla/5.0 (Linux; Android 6.0.1; Nexus 5X Build/MMB29P) AppleWebKit/537.36 (KHTML, like Gecko) Chrome/141.0.7390.122 Mobile Safari/537.36 (compatible; Googlebot/2.1; +http://www.google.com/bot.html)"
66.29.146.184 - - [30/Nov/2025:10:24:21 -0500] "POST /wp-cron.php?doing_wp_cron=1764516261.0510098934173583984375 HTTP/1.1" 200 0 "-" "WordPress/6.8.3; https://globaltvabuja.com"
148.113.130.209 - - [30/Nov/2025:10:24:20 -0500] "GET /info242480908?kg=0240525540 HTTP/1.1" 404 26381 "-" "Mozilla/5.0 (compatible; AhrefsBot/7.0; +http://ahrefs.com/robot/)"
114.119.145.123 - - [30/Nov/2025:10:24:21 -0500] "GET /info364165708?kg=0361229012 HTTP/1.1" 404 32493 "https://globaltvabuja.com/sitemap-subitems-942.xml" "Mozilla/5.0 (Linux; Android 7.0;) AppleWebKit/537.36 (KHTML, like Gecko) Mobile Safari/537.36 (compatible; PetalBot;+https://webmaster.petalsearch.com/site/petalbot)"
66.249.64.230 - - [30/Nov/2025:10:24:22 -0500] "GET /info1724752?kg=0001710967 HTTP/1.1" 200 26591 "-" "Mozilla/5.0 (Linux; Android 6.0.1; Nexus 5X Build/MMB29P) AppleWebKit/537.36 (KHTML, like Gecko) Chrome/141.0.7390.122 Mobile Safari/537.36 (compatible; Googlebot/2.1; +http://www.google.com/bot.html)"
52.167.144.150 - - [30/Nov/2025:10:24:24 -0500] "GET /info7085256?kg=0007028241 HTTP/1.1" 200 26517 "-" "Mozilla/5.0 AppleWebKit/537.36 (KHTML, like Gecko; compatible; bingbot/2.0; +http://www.bing.com/bingbot.htm) Chrome/116.0.1938.76 Safari/537.36"
207.46.13.54 - - [30/Nov/2025:10:24:32 -0500] "GET /info266991772?kg=0264838736 HTTP/1.1" 200 24709 "-" "Mozilla/5.0 AppleWebKit/537.36 (KHTML, like Gecko; compatible; bingbot/2.0; +http://www.bing.com/bingbot.htm) Chrome/116.0.1938.76 Safari/537.36"
66.249.64.230 - - [30/Nov/2025:10:24:33 -0500] "GET /?info8025936?kg=0007961335 HTTP/1.1" 200 26677 "-" "Mozilla/5.0 (Linux; Android 6.0.1; Nexus 5X Build/MMB29P) AppleWebKit/537.36 (KHTML, like Gecko) Chrome/141.0.7390.122 Mobile Safari/537.36 (compatible; Googlebot/2.1; +http://www.google.com/bot.html)"
207.46.13.54 - - [30/Nov/2025:10:24:37 -0500] "GET /info96900408?kg=0096119077 HTTP/1.1" 200 26395 "-" "Mozilla/5.0 AppleWebKit/537.36 (KHTML, like Gecko; compatible; bingbot/2.0; +http://www.bing.com/bingbot.htm) Chrome/116.0.1938.76 Safari/537.36"
52.167.144.150 - - [30/Nov/2025:10:24:43 -0500] "GET /info26340376?kg=0026128077 HTTP/1.1" 200 26518 "-" "Mozilla/5.0 AppleWebKit/537.36 (KHTML, like Gecko; compatible; bingbot/2.0; +http://www.bing.com/bingbot.htm) Chrome/116.0.1938.76 Safari/537.36"
66.249.64.230 - - [30/Nov/2025:10:24:44 -0500] "GET /info5514984?kg=0005470633 HTTP/1.1" 200 26401 "-" "Mozilla/5.0 (Linux; Android 6.0.1; Nexus 5X Build/MMB29P) AppleWebKit/537.36 (KHTML, like Gecko) Chrome/141.0.7390.122 Mobile Safari/537.36 (compatible; Googlebot/2.1; +http://www.google.com/bot.html)"
66.249.64.230 - - [30/Nov/2025:10:24:58 -0500] "GET /info351971384?kg=0349133029 HTTP/1.1" 200 24196 "-" "Mozilla/5.0 (Linux; Android 6.0.1; Nexus 5X Build/MMB29P) AppleWebKit/537.36 (KHTML, like Gecko) Chrome/141.0.7390.122 Mobile Safari/537.36 (compatible; Googlebot/2.1; +http://www.google.com/bot.html)"
66.29.146.184 - - [30/Nov/2025:10:25:08 -0500] "POST /wp-cron.php?doing_wp_cron=1764516308.0522019863128662109375 HTTP/1.1" 200 0 "-" "WordPress/6.8.3; https://globaltvabuja.com"
202.76.181.174 - - [30/Nov/2025:10:25:07 -0500] "GET /info127750552?kg=0126720429 HTTP/1.1" 404 32487 "-" "Mozilla/5.0 (Macintosh; U; Intel Mac OS X 10_6_6; en-US) AppleWebKit/534.18 (KHTML, like Gecko) Chrome/11.0.660.0 Safari/534.18"
40.77.167.42 - - [30/Nov/2025:10:25:14 -0500] "GET /info7622652?kg=0007561304 HTTP/1.1" 200 26368 "-" "Mozilla/5.0 AppleWebKit/537.36 (KHTML, like Gecko; compatible; bingbot/2.0; +http://www.bing.com/bingbot.htm) Chrome/116.0.1938.76 Safari/537.36"
66.249.64.231 - - [30/Nov/2025:10:25:16 -0500] "GET /info1744460?kg=0001730516 HTTP/1.1" 200 26653 "-" "Mozilla/5.0 (Linux; Android 6.0.1; Nexus 5X Build/MMB29P) AppleWebKit/537.36 (KHTML, like Gecko) Chrome/141.0.7390.122 Mobile Safari/537.36 (compatible; Googlebot/2.1; +http://www.google.com/bot.html)"
66.249.64.231 - - [30/Nov/2025:10:25:24 -0500] "GET /info10352644?kg=0010269278 HTTP/1.1" 200 26335 "-" "Mozilla/5.0 (Linux; Android 6.0.1; Nexus 5X Build/MMB29P) AppleWebKit/537.36 (KHTML, like Gecko) Chrome/141.0.7390.122 Mobile Safari/537.36 (compatible; Googlebot/2.1; +http://www.google.com/bot.html)"
167.114.139.54 - - [30/Nov/2025:10:25:30 -0500] "GET /info242477204?kg=0240521866 HTTP/1.1" 404 26354 "-" "Mozilla/5.0 (compatible; AhrefsBot/7.0; +http://ahrefs.com/robot/)"
52.167.144.150 - - [30/Nov/2025:10:25:34 -0500] "GET /info72107420?kg=0071526032 HTTP/1.1" 200 26485 "-" "Mozilla/5.0 AppleWebKit/537.36 (KHTML, like Gecko; compatible; bingbot/2.0; +http://www.bing.com/bingbot.htm) Chrome/116.0.1938.76 Safari/537.36"
66.249.64.230 - - [30/Nov/2025:10:25:34 -0500] "GET /info351628684?kg=0348793092 HTTP/1.1" 200 24654 "-" "Mozilla/5.0 (Linux; Android 6.0.1; Nexus 5X Build/MMB29P) AppleWebKit/537.36 (KHTML, like Gecko) Chrome/141.0.7390.122 Mobile Safari/537.36 (compatible; Googlebot/2.1; +http://www.google.com/bot.html)"
66.249.64.230 - - [30/Nov/2025:10:25:44 -0500] "GET /info12710692?kg=0012608310 HTTP/1.1" 200 26556 "-" "Mozilla/5.0 (Linux; Android 6.0.1; Nexus 5X Build/MMB29P) AppleWebKit/537.36 (KHTML, like Gecko) Chrome/141.0.7390.122 Mobile Safari/537.36 (compatible; Googlebot/2.1; +http://www.google.com/bot.html)"
114.119.135.251 - - [30/Nov/2025:10:25:47 -0500] "GET /info364165576?kg=0361228881 HTTP/1.1" 404 32498 "https://globaltvabuja.com/sitemap-subitems-942.xml" "Mozilla/5.0 (Linux; Android 7.0;) AppleWebKit/537.36 (KHTML, like Gecko) Mobile Safari/537.36 (compatible; PetalBot;+https://webmaster.petalsearch.com/site/petalbot)"
66.249.64.230 - - [30/Nov/2025:10:25:57 -0500] "GET /info4692420?kg=0004654702 HTTP/1.1" 200 26379 "-" "Mozilla/5.0 (Linux; Android 6.0.1; Nexus 5X Build/MMB29P) AppleWebKit/537.36 (KHTML, like Gecko) Chrome/141.0.7390.122 Mobile Safari/537.36 (compatible; Googlebot/2.1; +http://www.google.com/bot.html)"
66.249.64.232 - - [30/Nov/2025:10:26:05 -0500] "GET /info265032240?kg=0262895007 HTTP/1.1" 200 24352 "-" "Mozilla/5.0 (Linux; Android 6.0.1; Nexus 5X Build/MMB29P) AppleWebKit/537.36 (KHTML, like Gecko) Chrome/141.0.7390.122 Mobile Safari/537.36 (compatible; Googlebot/2.1; +http://www.google.com/bot.html)"
40.77.167.42 - - [30/Nov/2025:10:26:08 -0500] "GET /info96834800?kg=0096053999 HTTP/1.1" 200 26210 "-" "Mozilla/5.0 AppleWebKit/537.36 (KHTML, like Gecko; compatible; bingbot/2.0; +http://www.bing.com/bingbot.htm) Chrome/116.0.1938.76 Safari/537.36"
40.77.167.42 - - [30/Nov/2025:10:26:36 -0500] "GET /info349045516?kg=0346230756 HTTP/1.1" 200 24474 "-" "Mozilla/5.0 AppleWebKit/537.36 (KHTML, like Gecko; compatible; bingbot/2.0; +http://www.bing.com/bingbot.htm) Chrome/116.0.1938.76 Safari/537.36"
52.167.144.150 - - [30/Nov/2025:10:26:44 -0500] "GET /info325324416?kg=0322700955 HTTP/1.1" 200 24372 "-" "Mozilla/5.0 AppleWebKit/537.36 (KHTML, like Gecko; compatible; bingbot/2.0; +http://www.bing.com/bingbot.htm) Chrome/116.0.1938.76 Safari/537.36"
157.55.39.52 - - [30/Nov/2025:10:26:48 -0500] "GET /info216174388?kg=0214431170 HTTP/1.1" 200 24645 "-" "Mozilla/5.0 AppleWebKit/537.36 (KHTML, like Gecko; compatible; bingbot/2.0; +http://www.bing.com/bingbot.htm) Chrome/116.0.1938.76 Safari/537.36"
157.55.39.52 - - [30/Nov/2025:10:26:56 -0500] "GET /info130687400?kg=0129633593 HTTP/1.1" 200 24388 "-" "Mozilla/5.0 AppleWebKit/537.36 (KHTML, like Gecko; compatible; bingbot/2.0; +http://www.bing.com/bingbot.htm) Chrome/116.0.1938.76 Safari/537.36"
66.29.146.184 - - [30/Nov/2025:10:27:00 -0500] "POST /wp-cron.php?doing_wp_cron=1764516420.3644459247589111328125 HTTP/1.1" 200 0 "-" "WordPress/6.8.3; https://globaltvabuja.com"
148.113.130.185 - - [30/Nov/2025:10:26:59 -0500] "GET /info242463444?kg=0240508218 HTTP/1.1" 404 26363 "-" "Mozilla/5.0 (compatible; AhrefsBot/7.0; +http://ahrefs.com/robot/)"
114.119.129.189 - - [30/Nov/2025:10:27:08 -0500] "GET /info364165444?kg=0361228750 HTTP/1.1" 404 32489 "https://globaltvabuja.com/sitemap-subitems-942.xml" "Mozilla/5.0 (Linux; Android 7.0;) AppleWebKit/537.36 (KHTML, like Gecko) Mobile Safari/537.36 (compatible; PetalBot;+https://webmaster.petalsearch.com/site/petalbot)"
40.77.167.42 - - [30/Nov/2025:10:27:20 -0500] "GET /info131429548?kg=0130369756 HTTP/1.1" 200 24657 "-" "Mozilla/5.0 AppleWebKit/537.36 (KHTML, like Gecko; compatible; bingbot/2.0; +http://www.bing.com/bingbot.htm) Chrome/116.0.1938.76 Safari/537.36"
185.191.171.5 - - [30/Nov/2025:10:27:23 -0500] "GET /tag/avoid-risky-adventures/ HTTP/1.1" 200 33986 "-" "Mozilla/5.0 (compatible; SemrushBot/7~bl; +http://www.semrush.com/bot.html)"
40.77.167.42 - - [30/Nov/2025:10:27:26 -0500] "GET /info339334756?kg=0336598310 HTTP/1.1" 200 24574 "-" "Mozilla/5.0 AppleWebKit/537.36 (KHTML, like Gecko; compatible; bingbot/2.0; +http://www.bing.com/bingbot.htm) Chrome/116.0.1938.76 Safari/537.36"
109.234.162.145 - - [30/Nov/2025:10:27:46 -0500] "GET /wp-login.php HTTP/1.1" 200 1855 "-" "Mozilla/5.0 (Windows NT 6.1; WOW64; Trident/7.0; BOIE9;ENCA; rv:11.0) like Gecko"
109.234.162.145 - - [30/Nov/2025:10:27:47 -0500] "POST /wp-login.php HTTP/1.1" 200 1957 "https://globaltvabuja.com/wp-login.php" "Mozilla/5.0 (Windows NT 6.1; WOW64; Trident/7.0; BOIE9;ENCA; rv:11.0) like Gecko"
66.29.146.184 - - [30/Nov/2025:10:28:11 -0500] "POST /wp-cron.php?doing_wp_cron=1764516491.6004390716552734375000 HTTP/1.1" 200 0 "-" "WordPress/6.8.3; https://globaltvabuja.com"
51.222.95.41 - - [30/Nov/2025:10:28:11 -0500] "GET /info242402604?kg=0240447868 HTTP/1.1" 404 26364 "-" "Mozilla/5.0 (compatible; AhrefsBot/7.0; +http://ahrefs.com/robot/)"
202.76.168.128 - - [30/Nov/2025:10:28:26 -0500] "GET /info127758092?kg=0126727908 HTTP/1.1" 404 32501 "-" "Mozilla/5.0 (Windows NT 6.1; rv:12.0) Gecko/20120403211507 Firefox/12.0"
114.119.151.50 - - [30/Nov/2025:10:28:32 -0500] "GET /info364165312?kg=0361228619 HTTP/1.1" 404 32479 "https://globaltvabuja.com/sitemap-subitems-942.xml" "Mozilla/5.0 (Linux; Android 7.0;) AppleWebKit/537.36 (KHTML, like Gecko) Mobile Safari/537.36 (compatible; PetalBot;+https://webmaster.petalsearch.com/site/petalbot)"
157.55.39.52 - - [30/Nov/2025:10:28:50 -0500] "GET /info323631136?kg=0321021331 HTTP/1.1" 200 24543 "-" "Mozilla/5.0 AppleWebKit/537.36 (KHTML, like Gecko; compatible; bingbot/2.0; +http://www.bing.com/bingbot.htm) Chrome/116.0.1938.76 Safari/537.36"
40.77.167.42 - - [30/Nov/2025:10:29:17 -0500] "GET /info362953084?kg=0360026168 HTTP/1.1" 200 24653 "-" "Mozilla/5.0 AppleWebKit/537.36 (KHTML, like Gecko; compatible; bingbot/2.0; +http://www.bing.com/bingbot.htm) Chrome/116.0.1938.76 Safari/537.36"
40.77.167.42 - - [30/Nov/2025:10:29:21 -0500] "GET /info333330644?kg=0330642618 HTTP/1.1" 200 24456 "-" "Mozilla/5.0 AppleWebKit/537.36 (KHTML, like Gecko; compatible; bingbot/2.0; +http://www.bing.com/bingbot.htm) Chrome/116.0.1938.76 Safari/537.36"
52.167.144.150 - - [30/Nov/2025:10:29:25 -0500] "GET /info348723704?kg=0345911541 HTTP/1.1" 200 24501 "-" "Mozilla/5.0 AppleWebKit/537.36 (KHTML, like Gecko; compatible; bingbot/2.0; +http://www.bing.com/bingbot.htm) Chrome/116.0.1938.76 Safari/537.36"
66.29.146.184 - - [30/Nov/2025:10:29:26 -0500] "POST /wp-cron.php?doing_wp_cron=1764516566.2770919799804687500000 HTTP/1.1" 200 0 "-" "WordPress/6.8.3; https://globaltvabuja.com"
51.222.168.183 - - [30/Nov/2025:10:29:25 -0500] "GET /info241518532?kg=0239570926 HTTP/1.1" 404 26370 "-" "Mozilla/5.0 (compatible; AhrefsBot/7.0; +http://ahrefs.com/robot/)"
52.167.144.150 - - [30/Nov/2025:10:29:26 -0500] "GET /info222393036?kg=0220599668 HTTP/1.1" 200 24695 "-" "Mozilla/5.0 AppleWebKit/537.36 (KHTML, like Gecko; compatible; bingbot/2.0; +http://www.bing.com/bingbot.htm) Chrome/116.0.1938.76 Safari/537.36"
40.77.167.42 - - [30/Nov/2025:10:29:31 -0500] "GET / HTTP/1.1" 200 26566 "-" "Mozilla/5.0 AppleWebKit/537.36 (KHTML, like Gecko; compatible; bingbot/2.0; +http://www.bing.com/bingbot.htm) Chrome/116.0.1938.76 Safari/537.36"
157.55.39.52 - - [30/Nov/2025:10:29:43 -0500] "GET /?info185461804?kg=0183966268 HTTP/1.1" 200 24788 "-" "Mozilla/5.0 AppleWebKit/537.36 (KHTML, like Gecko; compatible; bingbot/2.0; +http://www.bing.com/bingbot.htm) Chrome/116.0.1938.76 Safari/537.36"
157.55.39.52 - - [30/Nov/2025:10:29:47 -0500] "GET /info211482092?kg=0209776716 HTTP/1.1" 200 24613 "-" "Mozilla/5.0 AppleWebKit/537.36 (KHTML, like Gecko; compatible; bingbot/2.0; +http://www.bing.com/bingbot.htm) Chrome/116.0.1938.76 Safari/537.36"
66.29.146.184 - - [30/Nov/2025:10:29:56 -0500] "POST /wp-cron.php?doing_wp_cron=1764516596.3681640625000000000000 HTTP/1.1" 200 0 "-" "WordPress/6.8.3; https://globaltvabuja.com"
114.119.154.207 - - [30/Nov/2025:10:29:55 -0500] "GET /info364165180?kg=0361228488 HTTP/1.1" 404 32501 "https://globaltvabuja.com/sitemap-subitems-942.xml" "Mozilla/5.0 (Linux; Android 7.0;) AppleWebKit/537.36 (KHTML, like Gecko) Mobile Safari/537.36 (compatible; PetalBot;+https://webmaster.petalsearch.com/site/petalbot)"
157.55.39.52 - - [30/Nov/2025:10:30:07 -0500] "GET /info328497752?kg=0325848701 HTTP/1.1" 200 24495 "-" "Mozilla/5.0 AppleWebKit/537.36 (KHTML, like Gecko; compatible; bingbot/2.0; +http://www.bing.com/bingbot.htm) Chrome/116.0.1938.76 Safari/537.36"
52.167.144.150 - - [30/Nov/2025:10:30:14 -0500] "GET /info70398136?kg=0069830533 HTTP/1.1" 200 26183 "-" "Mozilla/5.0 AppleWebKit/537.36 (KHTML, like Gecko; compatible; bingbot/2.0; +http://www.bing.com/bingbot.htm) Chrome/116.0.1938.76 Safari/537.36"
157.55.39.52 - - [30/Nov/2025:10:30:19 -0500] "GET /wp-content/uploads/2025/03/NGML-2-300x225.jpg HTTP/1.1" 200 57762 "-" "Mozilla/5.0 AppleWebKit/537.36 (KHTML, like Gecko; compatible; bingbot/2.0; +http://www.bing.com/bingbot.htm) Chrome/116.0.1938.76 Safari/537.36"
157.55.39.52 - - [30/Nov/2025:10:30:26 -0500] "GET /info175849988?kg=0174431966 HTTP/1.1" 200 24035 "-" "Mozilla/5.0 AppleWebKit/537.36 (KHTML, like Gecko; compatible; bingbot/2.0; +http://www.bing.com/bingbot.htm) Chrome/116.0.1938.76 Safari/537.36"
54.39.136.57 - - [30/Nov/2025:10:30:44 -0500] "GET /info241516016?kg=0239568431 HTTP/1.1" 404 26378 "-" "Mozilla/5.0 (compatible; AhrefsBot/7.0; +http://ahrefs.com/robot/)"
52.167.144.150 - - [30/Nov/2025:10:30:53 -0500] "GET /info7759288?kg=0007696837 HTTP/1.1" 200 26313 "-" "Mozilla/5.0 AppleWebKit/537.36 (KHTML, like Gecko; compatible; bingbot/2.0; +http://www.bing.com/bingbot.htm) Chrome/116.0.1938.76 Safari/537.36"
66.29.146.184 - - [30/Nov/2025:10:31:04 -0500] "POST /wp-cron.php?doing_wp_cron=1764516664.6188530921936035156250 HTTP/1.1" 200 0 "-" "WordPress/6.8.3; https://globaltvabuja.com"
3.83.76.234 - - [30/Nov/2025:10:31:04 -0500] "GET /monetary-policy-reform-will-have-positive-effect-on-nigeria-economy-cbn/ HTTP/1.1" 200 206725 "-" "TerraCotta https://github.com/CeramicTeam/CeramicTerracotta"
114.119.145.123 - - [30/Nov/2025:10:31:20 -0500] "GET /info364165048?kg=0361228357 HTTP/1.1" 404 32503 "https://globaltvabuja.com/sitemap-subitems-942.xml" "Mozilla/5.0 (Linux; Android 7.0;) AppleWebKit/537.36 (KHTML, like Gecko) Mobile Safari/537.36 (compatible; PetalBot;+https://webmaster.petalsearch.com/site/petalbot)"
40.77.167.42 - - [30/Nov/2025:10:31:43 -0500] "GET /info325363428?kg=0322739654 HTTP/1.1" 200 24438 "-" "Mozilla/5.0 AppleWebKit/537.36 (KHTML, like Gecko; compatible; bingbot/2.0; +http://www.bing.com/bingbot.htm) Chrome/116.0.1938.76 Safari/537.36"
85.208.96.210 - - [30/Nov/2025:10:31:42 -0500] "GET /tag/10th-nass-leadership/ HTTP/1.1" 200 33892 "-" "Mozilla/5.0 (compatible; SemrushBot/7~bl; +http://www.semrush.com/bot.html)"
146.174.171.239 - - [30/Nov/2025:10:31:46 -0500] "GET /info127762588?kg=0126732368 HTTP/1.1" 404 32515 "-" "Mozilla/5.0 (X11; U; Linux i686; en-US) AppleWebKit/534.1 (KHTML, like Gecko) Chrome/6.0.416.0 Safari/534.1"
52.167.144.150 - - [30/Nov/2025:10:31:47 -0500] "GET /info44243324?kg=0043886648 HTTP/1.1" 200 26267 "-" "Mozilla/5.0 AppleWebKit/537.36 (KHTML, like Gecko; compatible; bingbot/2.0; +http://www.bing.com/bingbot.htm) Chrome/116.0.1938.76 Safari/537.36"
40.77.167.42 - - [30/Nov/2025:10:31:52 -0500] "GET /info354412100?kg=0351554062 HTTP/1.1" 200 24249 "-" "Mozilla/5.0 AppleWebKit/537.36 (KHTML, like Gecko; compatible; bingbot/2.0; +http://www.bing.com/bingbot.htm) Chrome/116.0.1938.76 Safari/537.36"
40.77.167.42 - - [30/Nov/2025:10:31:57 -0500] "GET /info315589056?kg=0313044107 HTTP/1.1" 200 24439 "-" "Mozilla/5.0 AppleWebKit/537.36 (KHTML, like Gecko; compatible; bingbot/2.0; +http://www.bing.com/bingbot.htm) Chrome/116.0.1938.76 Safari/537.36"
