52.167.144.225 - - [30/Nov/2025:08:02:10 -0500] "GET /info78937800?kg=0078301329 HTTP/1.1" 200 26463 "-" "Mozilla/5.0 AppleWebKit/537.36 (KHTML, like Gecko; compatible; bingbot/2.0; +http://www.bing.com/bingbot.htm) Chrome/116.0.1938.76 Safari/537.36"
185.191.171.12 - - [30/Nov/2025:08:02:13 -0500] "GET /breaking-jibrin-babrau-emerges-deputy-senate-president/ HTTP/1.1" 200 40201 "-" "Mozilla/5.0 (compatible; SemrushBot/7~bl; +http://www.semrush.com/bot.html)"
114.119.135.251 - - [30/Nov/2025:08:02:19 -0500] "GET /info364178404?kg=0361241606 HTTP/1.1" 404 32491 "https://globaltvabuja.com/sitemap-subitems-942.xml" "Mozilla/5.0 (Linux; Android 7.0;) AppleWebKit/537.36 (KHTML, like Gecko) Mobile Safari/537.36 (compatible; PetalBot;+https://webmaster.petalsearch.com/site/petalbot)"
66.29.146.184 - - [30/Nov/2025:08:02:57 -0500] "POST /wp-cron.php?doing_wp_cron=1764507777.1358530521392822265625 HTTP/1.1" 200 0 "-" "WordPress/6.8.3; https://globaltvabuja.com"
54.39.136.140 - - [30/Nov/2025:08:02:56 -0500] "GET /naf-neutralises-over-35-terrorists-in-north-east-operation/ HTTP/1.1" 200 33519 "-" "Mozilla/5.0 (compatible; AhrefsBot/7.0; +http://ahrefs.com/robot/)"
17.241.75.22 - - [30/Nov/2025:08:03:21 -0500] "GET /wp-content/uploads/2025/11/WhatsApp-Image-2025-11-25-at-4.17.31-AM.jpeg HTTP/1.1" 200 291908 "-" "Mozilla/5.0 (Macintosh; Intel Mac OS X 10_15_7) AppleWebKit/605.1.15 (KHTML, like Gecko) Version/17.4 Safari/605.1.15 (Applebot/0.1; +http://www.apple.com/go/applebot)"
157.55.39.200 - - [30/Nov/2025:08:03:33 -0500] "GET /info41223016?kg=0040890697 HTTP/1.1" 200 26507 "-" "Mozilla/5.0 AppleWebKit/537.36 (KHTML, like Gecko; compatible; bingbot/2.0; +http://www.bing.com/bingbot.htm) Chrome/116.0.1938.76 Safari/537.36"
52.167.144.225 - - [30/Nov/2025:08:03:38 -0500] "GET /info285910404?kg=0283604798 HTTP/1.1" 200 24343 "-" "Mozilla/5.0 AppleWebKit/537.36 (KHTML, like Gecko; compatible; bingbot/2.0; +http://www.bing.com/bingbot.htm) Chrome/116.0.1938.76 Safari/537.36"
40.77.167.55 - - [30/Nov/2025:08:03:43 -0500] "GET /info7650304?kg=0007588731 HTTP/1.1" 200 26434 "-" "Mozilla/5.0 AppleWebKit/537.36 (KHTML, like Gecko; compatible; bingbot/2.0; +http://www.bing.com/bingbot.htm) Chrome/116.0.1938.76 Safari/537.36"
114.119.129.189 - - [30/Nov/2025:08:03:43 -0500] "GET /info364178272?kg=0361241475 HTTP/1.1" 404 32476 "https://globaltvabuja.com/sitemap-subitems-942.xml" "Mozilla/5.0 (Linux; Android 7.0;) AppleWebKit/537.36 (KHTML, like Gecko) Mobile Safari/537.36 (compatible; PetalBot;+https://webmaster.petalsearch.com/site/petalbot)"
40.77.167.55 - - [30/Nov/2025:08:04:20 -0500] "GET /info8567704?kg=0008498733 HTTP/1.1" 200 26406 "-" "Mozilla/5.0 AppleWebKit/537.36 (KHTML, like Gecko; compatible; bingbot/2.0; +http://www.bing.com/bingbot.htm) Chrome/116.0.1938.76 Safari/537.36"
40.77.167.55 - - [30/Nov/2025:08:04:40 -0500] "GET /info350711540?kg=0347883346 HTTP/1.1" 200 24246 "-" "Mozilla/5.0 AppleWebKit/537.36 (KHTML, like Gecko; compatible; bingbot/2.0; +http://www.bing.com/bingbot.htm) Chrome/116.0.1938.76 Safari/537.36"
66.29.146.184 - - [30/Nov/2025:08:04:45 -0500] "POST /wp-cron.php?doing_wp_cron=1764507885.4260380268096923828125 HTTP/1.1" 200 0 "-" "WordPress/6.8.3; https://globaltvabuja.com"
142.44.220.210 - - [30/Nov/2025:08:04:44 -0500] "GET /info245443808?kg=0243464547 HTTP/1.1" 404 26375 "-" "Mozilla/5.0 (compatible; AhrefsBot/7.0; +http://ahrefs.com/robot/)"
157.55.39.200 - - [30/Nov/2025:08:04:55 -0500] "GET /info72570612?kg=0071985490 HTTP/1.1" 200 26582 "-" "Mozilla/5.0 AppleWebKit/537.36 (KHTML, like Gecko; compatible; bingbot/2.0; +http://www.bing.com/bingbot.htm) Chrome/116.0.1938.76 Safari/537.36"
66.29.146.184 - - [30/Nov/2025:08:05:12 -0500] "POST /wp-cron.php?doing_wp_cron=1764507912.3801081180572509765625 HTTP/1.1" 200 0 "-" "WordPress/6.8.3; https://globaltvabuja.com"
114.119.130.178 - - [30/Nov/2025:08:05:12 -0500] "GET /info364178140?kg=0361241344 HTTP/1.1" 404 32478 "https://globaltvabuja.com/sitemap-subitems-942.xml" "Mozilla/5.0 (Linux; Android 7.0;) AppleWebKit/537.36 (KHTML, like Gecko) Mobile Safari/537.36 (compatible; PetalBot;+https://webmaster.petalsearch.com/site/petalbot)"
202.76.183.218 - - [30/Nov/2025:08:05:18 -0500] "GET /info127691692?kg=0126662044 HTTP/1.1" 404 32472 "-" "Mozilla/5.0 (Macintosh; U; PPC Mac OS X; fr) AppleWebKit/416.12 (KHTML, like Gecko) Safari/412.5"
157.55.39.200 - - [30/Nov/2025:08:05:35 -0500] "GET /info200163772?kg=0198549672 HTTP/1.1" 200 24631 "-" "Mozilla/5.0 AppleWebKit/537.36 (KHTML, like Gecko; compatible; bingbot/2.0; +http://www.bing.com/bingbot.htm) Chrome/116.0.1938.76 Safari/537.36"
157.55.39.200 - - [30/Nov/2025:08:05:44 -0500] "GET /info363843376?kg=0360909279 HTTP/1.1" 200 24439 "-" "Mozilla/5.0 AppleWebKit/537.36 (KHTML, like Gecko; compatible; bingbot/2.0; +http://www.bing.com/bingbot.htm) Chrome/116.0.1938.76 Safari/537.36"
157.55.39.200 - - [30/Nov/2025:08:05:56 -0500] "GET /info259304832?kg=0257213787 HTTP/1.1" 200 24243 "-" "Mozilla/5.0 AppleWebKit/537.36 (KHTML, like Gecko; compatible; bingbot/2.0; +http://www.bing.com/bingbot.htm) Chrome/116.0.1938.76 Safari/537.36"
52.167.144.225 - - [30/Nov/2025:08:06:00 -0500] "GET /info362750320?kg=0359825039 HTTP/1.1" 200 24331 "-" "Mozilla/5.0 AppleWebKit/537.36 (KHTML, like Gecko; compatible; bingbot/2.0; +http://www.bing.com/bingbot.htm) Chrome/116.0.1938.76 Safari/537.36"
52.167.144.225 - - [30/Nov/2025:08:06:01 -0500] "GET /info261324808?kg=0259217473 HTTP/1.1" 200 24610 "-" "Mozilla/5.0 AppleWebKit/537.36 (KHTML, like Gecko; compatible; bingbot/2.0; +http://www.bing.com/bingbot.htm) Chrome/116.0.1938.76 Safari/537.36"
66.29.146.184 - - [30/Nov/2025:08:06:31 -0500] "POST /wp-cron.php?doing_wp_cron=1764507991.3231649398803710937500 HTTP/1.1" 200 0 "-" "WordPress/6.8.3; https://globaltvabuja.com"
114.119.129.189 - - [30/Nov/2025:08:06:30 -0500] "GET /info364178008?kg=0361241213 HTTP/1.1" 404 32500 "https://globaltvabuja.com/sitemap-subitems-942.xml" "Mozilla/5.0 (Linux; Android 7.0;) AppleWebKit/537.36 (KHTML, like Gecko) Mobile Safari/537.36 (compatible; PetalBot;+https://webmaster.petalsearch.com/site/petalbot)"
54.39.6.117 - - [30/Nov/2025:08:06:40 -0500] "GET /info243450948?kg=0241487758 HTTP/1.1" 404 26354 "-" "Mozilla/5.0 (compatible; AhrefsBot/7.0; +http://ahrefs.com/robot/)"
157.55.39.200 - - [30/Nov/2025:08:06:56 -0500] "GET /info96604524?kg=0095825580 HTTP/1.1" 200 26389 "-" "Mozilla/5.0 AppleWebKit/537.36 (KHTML, like Gecko; compatible; bingbot/2.0; +http://www.bing.com/bingbot.htm) Chrome/116.0.1938.76 Safari/537.36"
40.77.167.55 - - [30/Nov/2025:08:07:01 -0500] "GET /info307139996?kg=0304663184 HTTP/1.1" 200 24688 "-" "Mozilla/5.0 AppleWebKit/537.36 (KHTML, like Gecko; compatible; bingbot/2.0; +http://www.bing.com/bingbot.htm) Chrome/116.0.1938.76 Safari/537.36"
66.249.64.230 - - [30/Nov/2025:08:07:37 -0500] "GET /info76332812?kg=0075717348 HTTP/1.1" 200 26700 "-" "Mozilla/5.0 (Linux; Android 6.0.1; Nexus 5X Build/MMB29P) AppleWebKit/537.36 (KHTML, like Gecko) Chrome/141.0.7390.122 Mobile Safari/537.36 (compatible; Googlebot/2.1; +http://www.google.com/bot.html)"
40.77.167.55 - - [30/Nov/2025:08:07:40 -0500] "GET /info315864696?kg=0313317525 HTTP/1.1" 200 24261 "-" "Mozilla/5.0 AppleWebKit/537.36 (KHTML, like Gecko; compatible; bingbot/2.0; +http://www.bing.com/bingbot.htm) Chrome/116.0.1938.76 Safari/537.36"
66.29.146.184 - - [30/Nov/2025:08:07:42 -0500] "POST /wp-cron.php?doing_wp_cron=1764508062.0214810371398925781250 HTTP/1.1" 200 0 "-" "WordPress/6.8.3; https://globaltvabuja.com"
148.113.130.25 - - [30/Nov/2025:08:07:41 -0500] "GET /info243399892?kg=0241437114 HTTP/1.1" 404 26363 "-" "Mozilla/5.0 (compatible; AhrefsBot/7.0; +http://ahrefs.com/robot/)"
66.29.146.184 - - [30/Nov/2025:08:07:51 -0500] "POST /wp-cron.php?doing_wp_cron=1764508071.1682660579681396484375 HTTP/1.1" 200 0 "-" "WordPress/6.8.3; https://globaltvabuja.com"
98.83.72.38 - - [30/Nov/2025:08:07:50 -0500] "GET /author/okerekglobaltvabuja-com/page/2/ HTTP/1.1" 200 40561 "-" "Mozilla/5.0 AppleWebKit/537.36 (KHTML, like Gecko; compatible; Amazonbot/0.1; +https://developer.amazon.com/support/amazonbot) Chrome/119.0.6045.214 Safari/537.36"
114.119.135.251 - - [30/Nov/2025:08:07:54 -0500] "GET /info364177876?kg=0361241082 HTTP/1.1" 404 32530 "https://globaltvabuja.com/sitemap-subitems-942.xml" "Mozilla/5.0 (Linux; Android 7.0;) AppleWebKit/537.36 (KHTML, like Gecko) Mobile Safari/537.36 (compatible; PetalBot;+https://webmaster.petalsearch.com/site/petalbot)"
157.55.39.200 - - [30/Nov/2025:08:08:06 -0500] "GET /info241748148?kg=0239798690 HTTP/1.1" 200 24340 "-" "Mozilla/5.0 AppleWebKit/537.36 (KHTML, like Gecko; compatible; bingbot/2.0; +http://www.bing.com/bingbot.htm) Chrome/116.0.1938.76 Safari/537.36"
157.55.39.200 - - [30/Nov/2025:08:08:36 -0500] "GET /info174979932?kg=0173568928 HTTP/1.1" 200 24586 "-" "Mozilla/5.0 AppleWebKit/537.36 (KHTML, like Gecko; compatible; bingbot/2.0; +http://www.bing.com/bingbot.htm) Chrome/116.0.1938.76 Safari/537.36"
66.29.146.184 - - [30/Nov/2025:08:08:53 -0500] "POST /wp-cron.php?doing_wp_cron=1764508133.5234329700469970703125 HTTP/1.1" 200 0 "-" "WordPress/6.8.3; https://globaltvabuja.com"
54.39.210.60 - - [30/Nov/2025:08:08:53 -0500] "GET /info243396980?kg=0241434226 HTTP/1.1" 404 26351 "-" "Mozilla/5.0 (compatible; AhrefsBot/7.0; +http://ahrefs.com/robot/)"
3.83.76.234 - - [30/Nov/2025:08:09:08 -0500] "GET /nnpc-shipping-stena-bulk-caverton-launch-new-joint-venture-partnership-to-boost-nigeria-africas-energy-maritime-sectors/ HTTP/1.1" 200 212268 "-" "TerraCotta https://github.com/CeramicTeam/CeramicTerracotta"
52.167.144.225 - - [30/Nov/2025:08:09:17 -0500] "GET /info7543828?kg=0007483114 HTTP/1.1" 200 26317 "-" "Mozilla/5.0 AppleWebKit/537.36 (KHTML, like Gecko; compatible; bingbot/2.0; +http://www.bing.com/bingbot.htm) Chrome/116.0.1938.76 Safari/537.36"
114.119.129.189 - - [30/Nov/2025:08:09:18 -0500] "GET /info364177744?kg=0361240951 HTTP/1.1" 404 32489 "https://globaltvabuja.com/sitemap-subitems-942.xml" "Mozilla/5.0 (Linux; Android 7.0;) AppleWebKit/537.36 (KHTML, like Gecko) Mobile Safari/537.36 (compatible; PetalBot;+https://webmaster.petalsearch.com/site/petalbot)"
85.208.96.200 - - [30/Nov/2025:08:09:25 -0500] "GET /tag/president-tinubu-appoints-new-national-coordinator-ceo-of-the-national-social-investment-programmes-agency-nsipa/ HTTP/1.1" 200 34236 "-" "Mozilla/5.0 (compatible; SemrushBot/7~bl; +http://www.semrush.com/bot.html)"
146.174.185.90 - - [30/Nov/2025:08:09:34 -0500] "GET /info127720656?kg=0126690775 HTTP/1.1" 404 32465 "-" "Mozilla/5.0 (Windows; U; Windows NT 6.1; en-US; rv:1.9.2.2) Gecko/20100316 AskTbSPC2/3.9.1.14019 Firefox/3.6.2"
157.55.39.200 - - [30/Nov/2025:08:09:36 -0500] "GET /info200352916?kg=0198737290 HTTP/1.1" 200 25080 "-" "Mozilla/5.0 AppleWebKit/537.36 (KHTML, like Gecko; compatible; bingbot/2.0; +http://www.bing.com/bingbot.htm) Chrome/116.0.1938.76 Safari/537.36"
220.181.108.83 - - [30/Nov/2025:08:09:41 -0500] "GET /tag/lagos-govt-to-partner-customs-on-ports-turnaround/ HTTP/1.1" 200 33982 "-" "Mozilla/5.0 (compatible; Baiduspider/2.0; +http://www.baidu.com/search/spider.html)"
116.179.37.85 - - [30/Nov/2025:08:09:46 -0500] "GET /wp-admin/user-new.php HTTP/1.1" 302 0 "https://globaltvabuja.com/tag/lagos-govt-to-partner-customs-on-ports-turnaround/" "Mozilla/5.0 (compatible; Baiduspider-render/2.0; +http://www.baidu.com/search/spider.html)"
116.179.37.140 - - [30/Nov/2025:08:09:47 -0500] "GET /wp-login.php?redirect_to=https%3A%2F%2Fglobaltvabuja.com%2Fwp-admin%2Fuser-new.php&reauth=1 HTTP/1.1" 200 2098 "https://globaltvabuja.com/tag/lagos-govt-to-partner-customs-on-ports-turnaround/" "Mozilla/5.0 (compatible; Baiduspider-render/2.0; +http://www.baidu.com/search/spider.html)"
116.179.37.109 - - [30/Nov/2025:08:09:48 -0500] "GET /wp-admin/user-new.php HTTP/1.1" 302 0 "https://globaltvabuja.com/tag/lagos-govt-to-partner-customs-on-ports-turnaround/" "Mozilla/5.0 (compatible; Baiduspider-render/2.0; +http://www.baidu.com/search/spider.html)"
116.179.37.85 - - [30/Nov/2025:08:09:49 -0500] "GET /wp-login.php?redirect_to=https%3A%2F%2Fglobaltvabuja.com%2Fwp-admin%2Fuser-new.php&reauth=1 HTTP/1.1" 200 2098 "https://globaltvabuja.com/tag/lagos-govt-to-partner-customs-on-ports-turnaround/" "Mozilla/5.0 (compatible; Baiduspider-render/2.0; +http://www.baidu.com/search/spider.html)"
52.167.144.225 - - [30/Nov/2025:08:09:59 -0500] "GET /info191979908?kg=0190431806 HTTP/1.1" 200 25147 "-" "Mozilla/5.0 AppleWebKit/537.36 (KHTML, like Gecko; compatible; bingbot/2.0; +http://www.bing.com/bingbot.htm) Chrome/116.0.1938.76 Safari/537.36"
66.249.64.230 - - [30/Nov/2025:08:10:18 -0500] "GET /info75336308?kg=0074728882 HTTP/1.1" 200 26488 "-" "Mozilla/5.0 (Linux; Android 6.0.1; Nexus 5X Build/MMB29P) AppleWebKit/537.36 (KHTML, like Gecko) Chrome/141.0.7390.122 Mobile Safari/537.36 (compatible; Googlebot/2.1; +http://www.google.com/bot.html)"
66.29.146.184 - - [30/Nov/2025:08:10:20 -0500] "POST /wp-cron.php?doing_wp_cron=1764508220.8628959655761718750000 HTTP/1.1" 200 0 "-" "WordPress/6.8.3; https://globaltvabuja.com"
54.39.136.12 - - [30/Nov/2025:08:10:20 -0500] "GET /info243386140?kg=0241423472 HTTP/1.1" 404 26356 "-" "Mozilla/5.0 (compatible; AhrefsBot/7.0; +http://ahrefs.com/robot/)"
66.249.64.230 - - [30/Nov/2025:08:10:21 -0500] "GET /info6473128?kg=0006421049 HTTP/1.1" 200 26274 "-" "Mozilla/5.0 (Linux; Android 6.0.1; Nexus 5X Build/MMB29P) AppleWebKit/537.36 (KHTML, like Gecko) Chrome/141.0.7390.122 Mobile Safari/537.36 (compatible; Googlebot/2.1; +http://www.google.com/bot.html)"
68.129.38.243 - - [30/Nov/2025:08:10:22 -0500] "HEAD /wp-content/uploads/2023/06/We-Will-Run-an-Open-Door-Policy-President-Tinubu-Tells-Traditional-Rulers3-300x200.jpg HTTP/1.1" 200 0 "-" "Mozilla/5.0 (Macintosh; Intel Mac OS X 10_15_7) AppleWebKit/537.36 (KHTML, like Gecko) Chrome/137.0.0.0 Safari/537.36"
66.249.64.230 - - [30/Nov/2025:08:10:26 -0500] "GET /info5592100?kg=0005547126 HTTP/1.1" 200 26856 "-" "Mozilla/5.0 (Linux; Android 6.0.1; Nexus 5X Build/MMB29P) AppleWebKit/537.36 (KHTML, like Gecko) Chrome/141.0.7390.122 Mobile Safari/537.36 (compatible; Googlebot/2.1; +http://www.google.com/bot.html)"
157.55.39.200 - - [30/Nov/2025:08:10:27 -0500] "GET /info7391980?kg=0007332492 HTTP/1.1" 200 26283 "-" "Mozilla/5.0 AppleWebKit/537.36 (KHTML, like Gecko; compatible; bingbot/2.0; +http://www.bing.com/bingbot.htm) Chrome/116.0.1938.76 Safari/537.36"
66.249.64.230 - - [30/Nov/2025:08:10:30 -0500] "GET /info6211240?kg=0006161273 HTTP/1.1" 200 26443 "-" "Mozilla/5.0 (Linux; Android 6.0.1; Nexus 5X Build/MMB29P) AppleWebKit/537.36 (KHTML, like Gecko) Chrome/141.0.7390.122 Mobile Safari/537.36 (compatible; Googlebot/2.1; +http://www.google.com/bot.html)"
52.167.144.225 - - [30/Nov/2025:08:10:31 -0500] "GET /info6652348?kg=0006598824 HTTP/1.1" 200 26485 "-" "Mozilla/5.0 AppleWebKit/537.36 (KHTML, like Gecko; compatible; bingbot/2.0; +http://www.bing.com/bingbot.htm) Chrome/116.0.1938.76 Safari/537.36"
68.129.38.243 - - [30/Nov/2025:08:10:33 -0500] "GET /wp-content/uploads/2023/06/We-Will-Run-an-Open-Door-Policy-President-Tinubu-Tells-Traditional-Rulers3-300x200.jpg HTTP/1.1" 200 0 "-" "Mozilla/5.0 (Macintosh; Intel Mac OS X 10_15_7) AppleWebKit/537.36 (KHTML, like Gecko) Chrome/137.0.0.0 Safari/537.36"
66.249.64.230 - - [30/Nov/2025:08:10:33 -0500] "GET /info18328720?kg=0018181031 HTTP/1.1" 200 26778 "-" "Mozilla/5.0 (Linux; Android 6.0.1; Nexus 5X Build/MMB29P) AppleWebKit/537.36 (KHTML, like Gecko) Chrome/141.0.7390.122 Mobile Safari/537.36 (compatible; Googlebot/2.1; +http://www.google.com/bot.html)"
66.249.64.230 - - [30/Nov/2025:08:10:40 -0500] "GET /info18247900?kg=0018100864 HTTP/1.1" 200 26601 "-" "Mozilla/5.0 (Linux; Android 6.0.1; Nexus 5X Build/MMB29P) AppleWebKit/537.36 (KHTML, like Gecko) Chrome/141.0.7390.122 Mobile Safari/537.36 (compatible; Googlebot/2.1; +http://www.google.com/bot.html)"
114.119.139.202 - - [30/Nov/2025:08:10:41 -0500] "GET /info364177612?kg=0361240820 HTTP/1.1" 404 32488 "https://globaltvabuja.com/sitemap-subitems-942.xml" "Mozilla/5.0 (Linux; Android 7.0;) AppleWebKit/537.36 (KHTML, like Gecko) Mobile Safari/537.36 (compatible; PetalBot;+https://webmaster.petalsearch.com/site/petalbot)"
157.55.39.200 - - [30/Nov/2025:08:11:17 -0500] "GET /info363898268?kg=0360963728 HTTP/1.1" 200 24492 "-" "Mozilla/5.0 AppleWebKit/537.36 (KHTML, like Gecko; compatible; bingbot/2.0; +http://www.bing.com/bingbot.htm) Chrome/116.0.1938.76 Safari/537.36"
52.167.144.159 - - [30/Nov/2025:08:11:30 -0500] "GET /info360468720?kg=0357561839 HTTP/1.1" 200 24610 "-" "Mozilla/5.0 AppleWebKit/537.36 (KHTML, like Gecko; compatible; bingbot/2.0; +http://www.bing.com/bingbot.htm) Chrome/116.0.1938.76 Safari/537.36"
66.29.146.184 - - [30/Nov/2025:08:11:52 -0500] "POST /wp-cron.php?doing_wp_cron=1764508312.8816039562225341796875 HTTP/1.1" 200 0 "-" "WordPress/6.8.3; https://globaltvabuja.com"
51.222.95.248 - - [30/Nov/2025:08:11:52 -0500] "GET /info243364708?kg=0241402214 HTTP/1.1" 404 26393 "-" "Mozilla/5.0 (compatible; AhrefsBot/7.0; +http://ahrefs.com/robot/)"
114.119.130.178 - - [30/Nov/2025:08:12:09 -0500] "GET /info364177480?kg=0361240689 HTTP/1.1" 404 32433 "https://globaltvabuja.com/sitemap-subitems-942.xml" "Mozilla/5.0 (Linux; Android 7.0;) AppleWebKit/537.36 (KHTML, like Gecko) Mobile Safari/537.36 (compatible; PetalBot;+https://webmaster.petalsearch.com/site/petalbot)"
52.167.144.159 - - [30/Nov/2025:08:12:10 -0500] "GET /info192351176?kg=0190800081 HTTP/1.1" 200 24652 "-" "Mozilla/5.0 AppleWebKit/537.36 (KHTML, like Gecko; compatible; bingbot/2.0; +http://www.bing.com/bingbot.htm) Chrome/116.0.1938.76 Safari/537.36"
60.106.247.19 - - [30/Nov/2025:08:12:28 -0500] "GET /?info2230676?kg=0002212810 HTTP/1.1" 301 0 "-" "Mozilla/5.0 (iPhone; CPU iPhone OS 18_6_2 like Mac OS X) AppleWebKit/605.1.15 (KHTML, like Gecko) GSA/396.0.833910942 Mobile/15E148 Safari/604.1"
60.106.247.19 - - [30/Nov/2025:08:12:29 -0500] "GET /?info2230676%3Fkg=0002212810 HTTP/1.1" 200 43488 "-" "Mozilla/5.0 (iPhone; CPU iPhone OS 18_6_2 like Mac OS X) AppleWebKit/605.1.15 (KHTML, like Gecko) GSA/396.0.833910942 Mobile/15E148 Safari/604.1"
60.106.247.19 - - [30/Nov/2025:08:12:30 -0500] "GET /wp-content/plugins/wp-letsencrypt-ssl/admin/js/jsredirect.js?ver=7.8.5.5 HTTP/1.1" 200 114 "https://globaltvabuja.com/?info2230676%3Fkg=0002212810" "Mozilla/5.0 (iPhone; CPU iPhone OS 18_6_2 like Mac OS X) AppleWebKit/605.1.15 (KHTML, like Gecko) GSA/396.0.833910942 Mobile/15E148 Safari/604.1"
60.106.247.19 - - [30/Nov/2025:08:12:30 -0500] "GET /wp-includes/css/dist/block-library/style.min.css?ver=6.8.3 HTTP/1.1" 200 14360 "https://globaltvabuja.com/?info2230676%3Fkg=0002212810" "Mozilla/5.0 (iPhone; CPU iPhone OS 18_6_2 like Mac OS X) AppleWebKit/605.1.15 (KHTML, like Gecko) GSA/396.0.833910942 Mobile/15E148 Safari/604.1"
60.106.247.19 - - [30/Nov/2025:08:12:30 -0500] "GET /wp-content/plugins/td-composer/legacy/Newspaper/assets/css/td_legacy_main.css?ver=75663779ceaca21efa8b6f639056c3fd HTTP/1.1" 200 45043 "https://globaltvabuja.com/?info2230676%3Fkg=0002212810" "Mozilla/5.0 (iPhone; CPU iPhone OS 18_6_2 like Mac OS X) AppleWebKit/605.1.15 (KHTML, like Gecko) GSA/396.0.833910942 Mobile/15E148 Safari/604.1"
60.106.247.19 - - [30/Nov/2025:08:12:30 -0500] "GET /wp-content/plugins/td-cloud-library/assets/css/tdb_less_front.css?ver=b609d31b17f396913344a17574b6a2f5 HTTP/1.1" 200 12831 "https://globaltvabuja.com/?info2230676%3Fkg=0002212810" "Mozilla/5.0 (iPhone; CPU iPhone OS 18_6_2 like Mac OS X) AppleWebKit/605.1.15 (KHTML, like Gecko) GSA/396.0.833910942 Mobile/15E148 Safari/604.1"
60.106.247.19 - - [30/Nov/2025:08:12:30 -0500] "GET /wp-content/plugins/td-composer/td-multi-purpose/style.css?ver=75663779ceaca21efa8b6f639056c3fd HTTP/1.1" 200 8624 "https://globaltvabuja.com/?info2230676%3Fkg=0002212810" "Mozilla/5.0 (iPhone; CPU iPhone OS 18_6_2 like Mac OS X) AppleWebKit/605.1.15 (KHTML, like Gecko) GSA/396.0.833910942 Mobile/15E148 Safari/604.1"
60.106.247.19 - - [30/Nov/2025:08:12:30 -0500] "GET /wp-content/themes/Newspaper/style.css?ver=10.3.5 HTTP/1.1" 200 24714 "https://globaltvabuja.com/?info2230676%3Fkg=0002212810" "Mozilla/5.0 (iPhone; CPU iPhone OS 18_6_2 like Mac OS X) AppleWebKit/605.1.15 (KHTML, like Gecko) GSA/396.0.833910942 Mobile/15E148 Safari/604.1"
60.106.247.19 - - [30/Nov/2025:08:12:30 -0500] "GET /wp-includes/js/jquery/jquery.min.js?ver=3.7.1 HTTP/1.1" 200 29744 "https://globaltvabuja.com/?info2230676%3Fkg=0002212810" "Mozilla/5.0 (iPhone; CPU iPhone OS 18_6_2 like Mac OS X) AppleWebKit/605.1.15 (KHTML, like Gecko) GSA/396.0.833910942 Mobile/15E148 Safari/604.1"
60.106.247.19 - - [30/Nov/2025:08:12:30 -0500] "GET /wp-includes/js/jquery/jquery-migrate.min.js?ver=3.4.1 HTTP/1.1" 200 4678 "https://globaltvabuja.com/?info2230676%3Fkg=0002212810" "Mozilla/5.0 (iPhone; CPU iPhone OS 18_6_2 like Mac OS X) AppleWebKit/605.1.15 (KHTML, like Gecko) GSA/396.0.833910942 Mobile/15E148 Safari/604.1"
60.106.247.19 - - [30/Nov/2025:08:12:30 -0500] "GET /wp-content/plugins/td-standard-pack/Newspaper/assets/css/td_standard_pack_main.css?ver=e06dc97a9cdcc3f12ae1599dfcd5b98f HTTP/1.1" 200 47515 "https://globaltvabuja.com/?info2230676%3Fkg=0002212810" "Mozilla/5.0 (iPhone; CPU iPhone OS 18_6_2 like Mac OS X) AppleWebKit/605.1.15 (KHTML, like Gecko) GSA/396.0.833910942 Mobile/15E148 Safari/604.1"
60.106.247.19 - - [30/Nov/2025:08:12:30 -0500] "GET /wp-includes/js/underscore.min.js?ver=1.13.7 HTTP/1.1" 200 7185 "https://globaltvabuja.com/?info2230676%3Fkg=0002212810" "Mozilla/5.0 (iPhone; CPU iPhone OS 18_6_2 like Mac OS X) AppleWebKit/605.1.15 (KHTML, like Gecko) GSA/396.0.833910942 Mobile/15E148 Safari/604.1"
60.106.247.19 - - [30/Nov/2025:08:12:30 -0500] "GET /wp-content/plugins/td-cloud-library/assets/js/js_posts_autoload.min.js?ver=b609d31b17f396913344a17574b6a2f5 HTTP/1.1" 200 1794 "https://globaltvabuja.com/?info2230676%3Fkg=0002212810" "Mozilla/5.0 (iPhone; CPU iPhone OS 18_6_2 like Mac OS X) AppleWebKit/605.1.15 (KHTML, like Gecko) GSA/396.0.833910942 Mobile/15E148 Safari/604.1"
60.106.247.19 - - [30/Nov/2025:08:12:30 -0500] "GET /wp-content/plugins/td-composer/legacy/Newspaper/js/tagdiv_theme.min.js?ver=10.3.5 HTTP/1.1" 200 55357 "https://globaltvabuja.com/?info2230676%3Fkg=0002212810" "Mozilla/5.0 (iPhone; CPU iPhone OS 18_6_2 like Mac OS X) AppleWebKit/605.1.15 (KHTML, like Gecko) GSA/396.0.833910942 Mobile/15E148 Safari/604.1"
60.106.247.19 - - [30/Nov/2025:08:12:30 -0500] "GET /wp-content/plugins/td-cloud-library/assets/js/js_files_for_front.min.js?ver=b609d31b17f396913344a17574b6a2f5 HTTP/1.1" 200 5890 "https://globaltvabuja.com/?info2230676%3Fkg=0002212810" "Mozilla/5.0 (iPhone; CPU iPhone OS 18_6_2 like Mac OS X) AppleWebKit/605.1.15 (KHTML, like Gecko) GSA/396.0.833910942 Mobile/15E148 Safari/604.1"
60.106.247.19 - - [30/Nov/2025:08:12:30 -0500] "GET /wp-content/uploads/2023/11/cropped-Screenshot-2023-11-11-at-3.53.06-am.png HTTP/1.1" 200 228597 "https://globaltvabuja.com/?info2230676%3Fkg=0002212810" "Mozilla/5.0 (iPhone; CPU iPhone OS 18_6_2 like Mac OS X) AppleWebKit/605.1.15 (KHTML, like Gecko) GSA/396.0.833910942 Mobile/15E148 Safari/604.1"
60.106.247.19 - - [30/Nov/2025:08:12:30 -0500] "GET /wp-content/uploads/2023/11/PHOTO-2023-11-13-12-52-17.jpg HTTP/1.1" 200 59712 "https://globaltvabuja.com/?info2230676%3Fkg=0002212810" "Mozilla/5.0 (iPhone; CPU iPhone OS 18_6_2 like Mac OS X) AppleWebKit/605.1.15 (KHTML, like Gecko) GSA/396.0.833910942 Mobile/15E148 Safari/604.1"
60.106.247.19 - - [30/Nov/2025:08:12:30 -0500] "GET /wp-content/themes/Newspaper/images/icons/newspaper.woff?17 HTTP/1.1" 200 123604 "https://globaltvabuja.com/?info2230676%3Fkg=0002212810" "Mozilla/5.0 (iPhone; CPU iPhone OS 18_6_2 like Mac OS X) AppleWebKit/605.1.15 (KHTML, like Gecko) GSA/396.0.833910942 Mobile/15E148 Safari/604.1"
60.106.247.19 - - [30/Nov/2025:08:12:30 -0500] "GET /wp-content/uploads/2023/11/cropped-PHOTO-2023-11-13-12-52-17-300x300.jpg HTTP/1.1" 200 10188 "https://globaltvabuja.com/?info2230676%3Fkg=0002212810" "Mozilla/5.0 (iPhone; CPU iPhone OS 18_6_2 like Mac OS X) AppleWebKit/605.1.15 (KHTML, like Gecko) GSA/396.0.833910942 Mobile/15E148 Safari/604.1"
60.106.247.19 - - [30/Nov/2025:08:12:31 -0500] "GET /wp-content/uploads/2023/11/mobile-bg.jpg HTTP/1.1" 200 0 "https://globaltvabuja.com/?info2230676%3Fkg=0002212810" "Mozilla/5.0 (iPhone; CPU iPhone OS 18_6_2 like Mac OS X) AppleWebKit/605.1.15 (KHTML, like Gecko) GSA/396.0.833910942 Mobile/15E148 Safari/604.1"
60.106.247.19 - - [30/Nov/2025:08:12:31 -0500] "GET /wp-content/plugins/td-composer/legacy/Newspaper/assets/images/sprite/elements@2x.png HTTP/1.1" 200 10839 "https://globaltvabuja.com/?info2230676%3Fkg=0002212810" "Mozilla/5.0 (iPhone; CPU iPhone OS 18_6_2 like Mac OS X) AppleWebKit/605.1.15 (KHTML, like Gecko) GSA/396.0.833910942 Mobile/15E148 Safari/604.1"
60.106.247.19 - - [30/Nov/2025:08:12:31 -0500] "GET /wp-content/uploads/2023/11/footer_bg.jpg HTTP/1.1" 200 0 "https://globaltvabuja.com/?info2230676%3Fkg=0002212810" "Mozilla/5.0 (iPhone; CPU iPhone OS 18_6_2 like Mac OS X) AppleWebKit/605.1.15 (KHTML, like Gecko) GSA/396.0.833910942 Mobile/15E148 Safari/604.1"
60.106.247.19 - - [30/Nov/2025:08:12:33 -0500] "GET /wp-admin/user-new.php HTTP/1.1" 302 0 "https://globaltvabuja.com/?info2230676%3Fkg=0002212810" "Mozilla/5.0 (iPhone; CPU iPhone OS 18_6_2 like Mac OS X) AppleWebKit/605.1.15 (KHTML, like Gecko) GSA/396.0.833910942 Mobile/15E148 Safari/604.1"
60.106.247.19 - - [30/Nov/2025:08:12:33 -0500] "GET /wp-content/uploads/2025/11/WhatsApp-Image-2025-11-25-at-4.17.31-AM-696x696.jpeg HTTP/1.1" 200 122842 "https://globaltvabuja.com/?info2230676%3Fkg=0002212810" "Mozilla/5.0 (iPhone; CPU iPhone OS 18_6_2 like Mac OS X) AppleWebKit/605.1.15 (KHTML, like Gecko) GSA/396.0.833910942 Mobile/15E148 Safari/604.1"
60.106.247.19 - - [30/Nov/2025:08:12:33 -0500] "GET /wp-content/uploads/2025/11/IMG-20251125-WA0001-696x463.jpg HTTP/1.1" 200 63202 "https://globaltvabuja.com/?info2230676%3Fkg=0002212810" "Mozilla/5.0 (iPhone; CPU iPhone OS 18_6_2 like Mac OS X) AppleWebKit/605.1.15 (KHTML, like Gecko) GSA/396.0.833910942 Mobile/15E148 Safari/604.1"
60.106.247.19 - - [30/Nov/2025:08:12:33 -0500] "GET /wp-content/uploads/2025/10/WhatsApp-Image-2025-10-07-at-8.20.51-AM-485x360.jpeg HTTP/1.1" 200 31827 "https://globaltvabuja.com/?info2230676%3Fkg=0002212810" "Mozilla/5.0 (iPhone; CPU iPhone OS 18_6_2 like Mac OS X) AppleWebKit/605.1.15 (KHTML, like Gecko) GSA/396.0.833910942 Mobile/15E148 Safari/604.1"
60.106.247.19 - - [30/Nov/2025:08:12:33 -0500] "GET /wp-content/uploads/2025/08/IMG-20250811-WA0018-218x150.jpg HTTP/1.1" 200 6320 "https://globaltvabuja.com/?info2230676%3Fkg=0002212810" "Mozilla/5.0 (iPhone; CPU iPhone OS 18_6_2 like Mac OS X) AppleWebKit/605.1.15 (KHTML, like Gecko) GSA/396.0.833910942 Mobile/15E148 Safari/604.1"
60.106.247.19 - - [30/Nov/2025:08:12:33 -0500] "GET /wp-content/uploads/2025/11/WhatsApp-Image-2025-11-25-at-4.11.24-AM-696x696.jpeg HTTP/1.1" 200 113064 "https://globaltvabuja.com/?info2230676%3Fkg=0002212810" "Mozilla/5.0 (iPhone; CPU iPhone OS 18_6_2 like Mac OS X) AppleWebKit/605.1.15 (KHTML, like Gecko) GSA/396.0.833910942 Mobile/15E148 Safari/604.1"
60.106.247.19 - - [30/Nov/2025:08:12:33 -0500] "GET /wp-content/uploads/2025/09/Screenshot_20250923-074351-218x150.jpg HTTP/1.1" 200 8625 "https://globaltvabuja.com/?info2230676%3Fkg=0002212810" "Mozilla/5.0 (iPhone; CPU iPhone OS 18_6_2 like Mac OS X) AppleWebKit/605.1.15 (KHTML, like Gecko) GSA/396.0.833910942 Mobile/15E148 Safari/604.1"
60.106.247.19 - - [30/Nov/2025:08:12:33 -0500] "GET /wp-content/uploads/2025/11/WhatsApp-Image-2025-11-24-at-4.25.58-AM-696x696.jpeg HTTP/1.1" 200 70316 "https://globaltvabuja.com/?info2230676%3Fkg=0002212810" "Mozilla/5.0 (iPhone; CPU iPhone OS 18_6_2 like Mac OS X) AppleWebKit/605.1.15 (KHTML, like Gecko) GSA/396.0.833910942 Mobile/15E148 Safari/604.1"
60.106.247.19 - - [30/Nov/2025:08:12:33 -0500] "GET /wp-content/uploads/2025/07/Screenshot_20250728-163734-218x150.jpg HTTP/1.1" 200 6836 "https://globaltvabuja.com/?info2230676%3Fkg=0002212810" "Mozilla/5.0 (iPhone; CPU iPhone OS 18_6_2 like Mac OS X) AppleWebKit/605.1.15 (KHTML, like Gecko) GSA/396.0.833910942 Mobile/15E148 Safari/604.1"
60.106.247.19 - - [30/Nov/2025:08:12:33 -0500] "GET /wp-content/uploads/2025/11/WhatsApp-Image-2025-11-24-at-4.25.58-AM-485x360.jpeg HTTP/1.1" 200 28866 "https://globaltvabuja.com/?info2230676%3Fkg=0002212810" "Mozilla/5.0 (iPhone; CPU iPhone OS 18_6_2 like Mac OS X) AppleWebKit/605.1.15 (KHTML, like Gecko) GSA/396.0.833910942 Mobile/15E148 Safari/604.1"
60.106.247.19 - - [30/Nov/2025:08:12:33 -0500] "GET /wp-content/uploads/2025/11/WhatsApp-Image-2025-11-20-at-8.42.43-AM-485x360.jpeg HTTP/1.1" 200 23740 "https://globaltvabuja.com/?info2230676%3Fkg=0002212810" "Mozilla/5.0 (iPhone; CPU iPhone OS 18_6_2 like Mac OS X) AppleWebKit/605.1.15 (KHTML, like Gecko) GSA/396.0.833910942 Mobile/15E148 Safari/604.1"
60.106.247.19 - - [30/Nov/2025:08:12:33 -0500] "GET /wp-content/plugins/td-composer/legacy/Newspaper/assets/images/no-thumb/td_218x150.png HTTP/1.1" 200 15724 "https://globaltvabuja.com/?info2230676%3Fkg=0002212810" "Mozilla/5.0 (iPhone; CPU iPhone OS 18_6_2 like Mac OS X) AppleWebKit/605.1.15 (KHTML, like Gecko) GSA/396.0.833910942 Mobile/15E148 Safari/604.1"
60.106.247.19 - - [30/Nov/2025:08:12:33 -0500] "GET /wp-content/uploads/2025/11/WhatsApp-Image-2025-11-14-at-1.53.59-AM-218x150.jpeg HTTP/1.1" 200 11885 "https://globaltvabuja.com/?info2230676%3Fkg=0002212810" "Mozilla/5.0 (iPhone; CPU iPhone OS 18_6_2 like Mac OS X) AppleWebKit/605.1.15 (KHTML, like Gecko) GSA/396.0.833910942 Mobile/15E148 Safari/604.1"
60.106.247.19 - - [30/Nov/2025:08:12:34 -0500] "GET /wp-content/uploads/2025/11/WhatsApp-Image-2025-11-06-at-2.48.02-AM-1-218x150.jpeg HTTP/1.1" 200 6365 "https://globaltvabuja.com/?info2230676%3Fkg=0002212810" "Mozilla/5.0 (iPhone; CPU iPhone OS 18_6_2 like Mac OS X) AppleWebKit/605.1.15 (KHTML, like Gecko) GSA/396.0.833910942 Mobile/15E148 Safari/604.1"
60.106.247.19 - - [30/Nov/2025:08:12:34 -0500] "GET /wp-content/uploads/2025/10/ndicLogo-02-218x150.png HTTP/1.1" 200 4121 "https://globaltvabuja.com/?info2230676%3Fkg=0002212810" "Mozilla/5.0 (iPhone; CPU iPhone OS 18_6_2 like Mac OS X) AppleWebKit/605.1.15 (KHTML, like Gecko) GSA/396.0.833910942 Mobile/15E148 Safari/604.1"
60.106.247.19 - - [30/Nov/2025:08:12:34 -0500] "GET /wp-content/uploads/2025/10/WhatsApp-Image-2025-09-30-at-10.07.17-AM-1-485x360.jpeg HTTP/1.1" 200 22444 "https://globaltvabuja.com/?info2230676%3Fkg=0002212810" "Mozilla/5.0 (iPhone; CPU iPhone OS 18_6_2 like Mac OS X) AppleWebKit/605.1.15 (KHTML, like Gecko) GSA/396.0.833910942 Mobile/15E148 Safari/604.1"
60.106.247.19 - - [30/Nov/2025:08:12:33 -0500] "GET /wp-login.php?redirect_to=https%3A%2F%2Fglobaltvabuja.com%2Fwp-admin%2Fuser-new.php&reauth=1 HTTP/1.1" 200 1859 "https://globaltvabuja.com/?info2230676%3Fkg=0002212810" "Mozilla/5.0 (iPhone; CPU iPhone OS 18_6_2 like Mac OS X) AppleWebKit/605.1.15 (KHTML, like Gecko) GSA/396.0.833910942 Mobile/15E148 Safari/604.1"
60.106.247.19 - - [30/Nov/2025:08:12:34 -0500] "GET /wp-content/uploads/2025/10/Tuggar-1zx-485x286.jpg HTTP/1.1" 200 20937 "https://globaltvabuja.com/?info2230676%3Fkg=0002212810" "Mozilla/5.0 (iPhone; CPU iPhone OS 18_6_2 like Mac OS X) AppleWebKit/605.1.15 (KHTML, like Gecko) GSA/396.0.833910942 Mobile/15E148 Safari/604.1"
60.106.247.19 - - [30/Nov/2025:08:12:34 -0500] "GET /wp-content/uploads/2025/10/WhatsApp-Image-2025-10-02-at-4.01.51-AM-485x360.jpeg HTTP/1.1" 200 33933 "https://globaltvabuja.com/?info2230676%3Fkg=0002212810" "Mozilla/5.0 (iPhone; CPU iPhone OS 18_6_2 like Mac OS X) AppleWebKit/605.1.15 (KHTML, like Gecko) GSA/396.0.833910942 Mobile/15E148 Safari/604.1"
60.106.247.19 - - [30/Nov/2025:08:12:34 -0500] "GET /wp-content/uploads/2023/06/hilda-485x360.jpg HTTP/1.1" 200 26724 "https://globaltvabuja.com/?info2230676%3Fkg=0002212810" "Mozilla/5.0 (iPhone; CPU iPhone OS 18_6_2 like Mac OS X) AppleWebKit/605.1.15 (KHTML, like Gecko) GSA/396.0.833910942 Mobile/15E148 Safari/604.1"
60.106.247.19 - - [30/Nov/2025:08:12:34 -0500] "GET /wp-content/uploads/2025/11/IMG-20251125-WA0001-218x150.jpg HTTP/1.1" 200 9995 "https://globaltvabuja.com/?info2230676%3Fkg=0002212810" "Mozilla/5.0 (iPhone; CPU iPhone OS 18_6_2 like Mac OS X) AppleWebKit/605.1.15 (KHTML, like Gecko) GSA/396.0.833910942 Mobile/15E148 Safari/604.1"
60.106.247.19 - - [30/Nov/2025:08:12:34 -0500] "GET /wp-content/uploads/2025/11/IMG-20251119-WA0011-1-218x150.jpg HTTP/1.1" 200 9615 "https://globaltvabuja.com/?info2230676%3Fkg=0002212810" "Mozilla/5.0 (iPhone; CPU iPhone OS 18_6_2 like Mac OS X) AppleWebKit/605.1.15 (KHTML, like Gecko) GSA/396.0.833910942 Mobile/15E148 Safari/604.1"
60.106.247.19 - - [30/Nov/2025:08:12:34 -0500] "GET /wp-content/uploads/2025/11/WhatsApp-Image-2025-11-06-at-5.17.32-AM-218x150.jpeg HTTP/1.1" 200 6259 "https://globaltvabuja.com/?info2230676%3Fkg=0002212810" "Mozilla/5.0 (iPhone; CPU iPhone OS 18_6_2 like Mac OS X) AppleWebKit/605.1.15 (KHTML, like Gecko) GSA/396.0.833910942 Mobile/15E148 Safari/604.1"
60.106.247.19 - - [30/Nov/2025:08:12:34 -0500] "GET /wp-content/uploads/2025/09/WhatsApp-Image-2025-09-17-at-3.11.32-AM-218x150.jpeg HTTP/1.1" 200 3897 "https://globaltvabuja.com/?info2230676%3Fkg=0002212810" "Mozilla/5.0 (iPhone; CPU iPhone OS 18_6_2 like Mac OS X) AppleWebKit/605.1.15 (KHTML, like Gecko) GSA/396.0.833910942 Mobile/15E148 Safari/604.1"
60.106.247.19 - - [30/Nov/2025:08:12:34 -0500] "GET /wp-content/uploads/2025/11/WhatsApp-Image-2025-11-25-at-4.17.31-AM-485x360.jpeg HTTP/1.1" 200 50316 "https://globaltvabuja.com/?info2230676%3Fkg=0002212810" "Mozilla/5.0 (iPhone; CPU iPhone OS 18_6_2 like Mac OS X) AppleWebKit/605.1.15 (KHTML, like Gecko) GSA/396.0.833910942 Mobile/15E148 Safari/604.1"
60.106.247.19 - - [30/Nov/2025:08:12:34 -0500] "GET /wp-content/uploads/2025/08/IMG-20250801-WA0010-218x150.jpg HTTP/1.1" 200 9265 "https://globaltvabuja.com/?info2230676%3Fkg=0002212810" "Mozilla/5.0 (iPhone; CPU iPhone OS 18_6_2 like Mac OS X) AppleWebKit/605.1.15 (KHTML, like Gecko) GSA/396.0.833910942 Mobile/15E148 Safari/604.1"
60.106.247.19 - - [30/Nov/2025:08:12:34 -0500] "GET /wp-content/uploads/2025/11/WhatsApp-Image-2025-11-25-at-4.11.24-AM-218x150.jpeg HTTP/1.1" 200 11434 "https://globaltvabuja.com/?info2230676%3Fkg=0002212810" "Mozilla/5.0 (iPhone; CPU iPhone OS 18_6_2 like Mac OS X) AppleWebKit/605.1.15 (KHTML, like Gecko) GSA/396.0.833910942 Mobile/15E148 Safari/604.1"
60.106.247.19 - - [30/Nov/2025:08:12:35 -0500] "GET /wp-admin/user-new.php HTTP/1.1" 302 0 "https://globaltvabuja.com/?info2230676%3Fkg=0002212810" "Mozilla/5.0 (iPhone; CPU iPhone OS 18_6_2 like Mac OS X) AppleWebKit/605.1.15 (KHTML, like Gecko) GSA/396.0.833910942 Mobile/15E148 Safari/604.1"
66.249.64.230 - - [30/Nov/2025:08:12:35 -0500] "GET /info270138924?kg=0267960508 HTTP/1.1" 200 24158 "-" "Mozilla/5.0 (Linux; Android 6.0.1; Nexus 5X Build/MMB29P) AppleWebKit/537.36 (KHTML, like Gecko) Chrome/141.0.7390.122 Mobile Safari/537.36 (compatible; Googlebot/2.1; +http://www.google.com/bot.html)"
60.106.247.19 - - [30/Nov/2025:08:12:35 -0500] "GET /wp-login.php?redirect_to=https%3A%2F%2Fglobaltvabuja.com%2Fwp-admin%2Fuser-new.php&reauth=1 HTTP/1.1" 200 1859 "https://globaltvabuja.com/?info2230676%3Fkg=0002212810" "Mozilla/5.0 (iPhone; CPU iPhone OS 18_6_2 like Mac OS X) AppleWebKit/605.1.15 (KHTML, like Gecko) GSA/396.0.833910942 Mobile/15E148 Safari/604.1"
66.29.146.184 - - [30/Nov/2025:08:12:51 -0500] "POST /wp-cron.php?doing_wp_cron=1764508371.4077799320220947265625 HTTP/1.1" 200 0 "-" "WordPress/6.8.3; https://globaltvabuja.com"
54.39.0.219 - - [30/Nov/2025:08:12:50 -0500] "GET /info243363916?kg=0241401428 HTTP/1.1" 404 26366 "-" "Mozilla/5.0 (compatible; AhrefsBot/7.0; +http://ahrefs.com/robot/)"
157.55.39.200 - - [30/Nov/2025:08:13:07 -0500] "GET /info357832120?kg=0354946501 HTTP/1.1" 200 24587 "-" "Mozilla/5.0 AppleWebKit/537.36 (KHTML, like Gecko; compatible; bingbot/2.0; +http://www.bing.com/bingbot.htm) Chrome/116.0.1938.76 Safari/537.36"
52.167.144.159 - - [30/Nov/2025:08:13:28 -0500] "GET /wp-content/uploads/2024/08/Pic-1-1536x1024.jpg HTTP/1.1" 200 308235 "-" "Mozilla/5.0 AppleWebKit/537.36 (KHTML, like Gecko; compatible; bingbot/2.0; +http://www.bing.com/bingbot.htm) Chrome/116.0.1938.76 Safari/537.36"
66.29.146.184 - - [30/Nov/2025:08:13:29 -0500] "POST /wp-cron.php?doing_wp_cron=1764508409.1853339672088623046875 HTTP/1.1" 200 0 "-" "WordPress/6.8.3; https://globaltvabuja.com"
114.119.139.202 - - [30/Nov/2025:08:13:28 -0500] "GET /info364177348?kg=0361240558 HTTP/1.1" 404 32506 "https://globaltvabuja.com/sitemap-subitems-942.xml" "Mozilla/5.0 (Linux; Android 7.0;) AppleWebKit/537.36 (KHTML, like Gecko) Mobile Safari/537.36 (compatible; PetalBot;+https://webmaster.petalsearch.com/site/petalbot)"
52.167.144.159 - - [30/Nov/2025:08:13:38 -0500] "GET /info352282340?kg=0349441478 HTTP/1.1" 200 24632 "-" "Mozilla/5.0 AppleWebKit/537.36 (KHTML, like Gecko; compatible; bingbot/2.0; +http://www.bing.com/bingbot.htm) Chrome/116.0.1938.76 Safari/537.36"
85.208.96.203 - - [30/Nov/2025:08:13:39 -0500] "GET /author/bappi/page/17/ HTTP/1.1" 200 39886 "-" "Mozilla/5.0 (compatible; SemrushBot/7~bl; +http://www.semrush.com/bot.html)"
66.249.64.230 - - [30/Nov/2025:08:13:45 -0500] "GET /?info17521228?kg=0017380052 HTTP/1.1" 200 26105 "-" "Mozilla/5.0 (Linux; Android 6.0.1; Nexus 5X Build/MMB29P) AppleWebKit/537.36 (KHTML, like Gecko) Chrome/141.0.7390.122 Mobile Safari/537.36 (compatible; Googlebot/2.1; +http://www.google.com/bot.html)"
66.29.146.184 - - [30/Nov/2025:08:13:52 -0500] "POST /wp-cron.php?doing_wp_cron=1764508432.4291610717773437500000 HTTP/1.1" 200 0 "-" "WordPress/6.8.3; https://globaltvabuja.com"
202.76.164.117 - - [30/Nov/2025:08:13:52 -0500] "GET /info127722908?kg=0126693008 HTTP/1.1" 404 32487 "-" "Mozilla/5.0 (X11; Linux i686) AppleWebKit/535.21 (KHTML, like Gecko) Chrome/19.0.1041.0 Safari/535.21"
54.39.136.188 - - [30/Nov/2025:08:13:58 -0500] "GET /info243358232?kg=0241395789 HTTP/1.1" 404 26345 "-" "Mozilla/5.0 (compatible; AhrefsBot/7.0; +http://ahrefs.com/robot/)"
40.77.167.247 - - [30/Nov/2025:08:14:51 -0500] "GET /info362560128?kg=0359636379 HTTP/1.1" 200 24461 "-" "Mozilla/5.0 AppleWebKit/537.36 (KHTML, like Gecko; compatible; bingbot/2.0; +http://www.bing.com/bingbot.htm) Chrome/116.0.1938.76 Safari/537.36"
66.29.146.184 - - [30/Nov/2025:08:14:51 -0500] "POST /wp-cron.php?doing_wp_cron=1764508491.9129960536956787109375 HTTP/1.1" 200 0 "-" "WordPress/6.8.3; https://globaltvabuja.com"
114.119.129.189 - - [30/Nov/2025:08:14:51 -0500] "GET /info364177216?kg=0361240427 HTTP/1.1" 404 32448 "https://globaltvabuja.com/sitemap-subitems-942.xml" "Mozilla/5.0 (Linux; Android 7.0;) AppleWebKit/537.36 (KHTML, like Gecko) Mobile Safari/537.36 (compatible; PetalBot;+https://webmaster.petalsearch.com/site/petalbot)"
52.167.144.159 - - [30/Nov/2025:08:14:55 -0500] "GET /info310765024?kg=0308258979 HTTP/1.1" 200 24314 "-" "Mozilla/5.0 AppleWebKit/537.36 (KHTML, like Gecko; compatible; bingbot/2.0; +http://www.bing.com/bingbot.htm) Chrome/116.0.1938.76 Safari/537.36"
52.167.144.159 - - [30/Nov/2025:08:14:58 -0500] "GET /info236221912?kg=0234317021 HTTP/1.1" 200 24457 "-" "Mozilla/5.0 AppleWebKit/537.36 (KHTML, like Gecko; compatible; bingbot/2.0; +http://www.bing.com/bingbot.htm) Chrome/116.0.1938.76 Safari/537.36"
207.46.13.6 - - [30/Nov/2025:08:15:01 -0500] "GET /info157672712?kg=0156401281 HTTP/1.1" 200 24558 "-" "Mozilla/5.0 AppleWebKit/537.36 (KHTML, like Gecko; compatible; bingbot/2.0; +http://www.bing.com/bingbot.htm) Chrome/116.0.1938.76 Safari/537.36"
52.167.144.159 - - [30/Nov/2025:08:15:06 -0500] "GET /info309057332?kg=0306565058 HTTP/1.1" 200 24486 "-" "Mozilla/5.0 AppleWebKit/537.36 (KHTML, like Gecko; compatible; bingbot/2.0; +http://www.bing.com/bingbot.htm) Chrome/116.0.1938.76 Safari/537.36"
52.167.144.159 - - [30/Nov/2025:08:15:11 -0500] "GET /info294398484?kg=0292024426 HTTP/1.1" 200 24227 "-" "Mozilla/5.0 AppleWebKit/537.36 (KHTML, like Gecko; compatible; bingbot/2.0; +http://www.bing.com/bingbot.htm) Chrome/116.0.1938.76 Safari/537.36"
52.167.144.159 - - [30/Nov/2025:08:15:14 -0500] "GET /info48576248?kg=0048184629 HTTP/1.1" 200 26844 "-" "Mozilla/5.0 AppleWebKit/537.36 (KHTML, like Gecko; compatible; bingbot/2.0; +http://www.bing.com/bingbot.htm) Chrome/116.0.1938.76 Safari/537.36"
52.167.144.159 - - [30/Nov/2025:08:15:17 -0500] "GET /info226961928?kg=0225131713 HTTP/1.1" 200 24508 "-" "Mozilla/5.0 AppleWebKit/537.36 (KHTML, like Gecko; compatible; bingbot/2.0; +http://www.bing.com/bingbot.htm) Chrome/116.0.1938.76 Safari/537.36"
185.191.171.13 - - [30/Nov/2025:08:15:18 -0500] "GET /tag/turkish-defence-industries-move-to-strengthen-ties/ HTTP/1.1" 200 34007 "-" "Mozilla/5.0 (compatible; SemrushBot/7~bl; +http://www.semrush.com/bot.html)"
54.39.136.23 - - [30/Nov/2025:08:15:24 -0500] "GET /info243353868?kg=0241391460 HTTP/1.1" 404 26359 "-" "Mozilla/5.0 (compatible; AhrefsBot/7.0; +http://ahrefs.com/robot/)"
40.77.167.247 - - [30/Nov/2025:08:15:43 -0500] "GET /info43167468?kg=0042819468 HTTP/1.1" 200 26547 "-" "Mozilla/5.0 AppleWebKit/537.36 (KHTML, like Gecko; compatible; bingbot/2.0; +http://www.bing.com/bingbot.htm) Chrome/116.0.1938.76 Safari/537.36"
52.167.144.159 - - [30/Nov/2025:08:16:05 -0500] "GET /info8462284?kg=0008394164 HTTP/1.1" 200 26773 "-" "Mozilla/5.0 AppleWebKit/537.36 (KHTML, like Gecko; compatible; bingbot/2.0; +http://www.bing.com/bingbot.htm) Chrome/116.0.1938.76 Safari/537.36"
66.29.146.184 - - [30/Nov/2025:08:16:17 -0500] "POST /wp-cron.php?doing_wp_cron=1764508577.4649369716644287109375 HTTP/1.1" 200 0 "-" "WordPress/6.8.3; https://globaltvabuja.com"
114.119.151.50 - - [30/Nov/2025:08:16:17 -0500] "GET /info364177084?kg=0361240296 HTTP/1.1" 404 32471 "https://globaltvabuja.com/sitemap-subitems-942.xml" "Mozilla/5.0 (Linux; Android 7.0;) AppleWebKit/537.36 (KHTML, like Gecko) Mobile Safari/537.36 (compatible; PetalBot;+https://webmaster.petalsearch.com/site/petalbot)"
52.167.144.159 - - [30/Nov/2025:08:16:25 -0500] "GET /info254829588?kg=0252774634 HTTP/1.1" 200 24540 "-" "Mozilla/5.0 AppleWebKit/537.36 (KHTML, like Gecko; compatible; bingbot/2.0; +http://www.bing.com/bingbot.htm) Chrome/116.0.1938.76 Safari/537.36"
207.46.13.6 - - [30/Nov/2025:08:16:40 -0500] "GET /info129183396?kg=0128141718 HTTP/1.1" 200 24620 "-" "Mozilla/5.0 AppleWebKit/537.36 (KHTML, like Gecko; compatible; bingbot/2.0; +http://www.bing.com/bingbot.htm) Chrome/116.0.1938.76 Safari/537.36"
185.191.171.1 - - [30/Nov/2025:08:16:46 -0500] "GET /government-withdraws-criminal-complaints-in-recent-airport-misconduct-cases/ HTTP/1.1" 200 41890 "-" "Mozilla/5.0 (compatible; SemrushBot/7~bl; +http://www.semrush.com/bot.html)"
66.29.146.184 - - [30/Nov/2025:08:16:51 -0500] "POST /wp-cron.php?doing_wp_cron=1764508611.1035990715026855468750 HTTP/1.1" 200 0 "-" "WordPress/6.8.3; https://globaltvabuja.com"
54.39.136.125 - - [30/Nov/2025:08:16:50 -0500] "GET /info242869368?kg=0240910869 HTTP/1.1" 404 26365 "-" "Mozilla/5.0 (compatible; AhrefsBot/7.0; +http://ahrefs.com/robot/)"
207.46.13.6 - - [30/Nov/2025:08:16:52 -0500] "GET /info173511376?kg=0172112215 HTTP/1.1" 200 24640 "-" "Mozilla/5.0 AppleWebKit/537.36 (KHTML, like Gecko; compatible; bingbot/2.0; +http://www.bing.com/bingbot.htm) Chrome/116.0.1938.76 Safari/537.36"
40.77.167.247 - - [30/Nov/2025:08:17:31 -0500] "GET /info353628020?kg=0350776306 HTTP/1.1" 200 24301 "-" "Mozilla/5.0 AppleWebKit/537.36 (KHTML, like Gecko; compatible; bingbot/2.0; +http://www.bing.com/bingbot.htm) Chrome/116.0.1938.76 Safari/537.36"
207.46.13.6 - - [30/Nov/2025:08:17:36 -0500] "GET /info226657052?kg=0224829296 HTTP/1.1" 200 25025 "-" "Mozilla/5.0 AppleWebKit/537.36 (KHTML, like Gecko; compatible; bingbot/2.0; +http://www.bing.com/bingbot.htm) Chrome/116.0.1938.76 Safari/537.36"
114.119.139.202 - - [30/Nov/2025:08:17:39 -0500] "GET /info364176952?kg=0361240165 HTTP/1.1" 404 32445 "https://globaltvabuja.com/sitemap-subitems-942.xml" "Mozilla/5.0 (Linux; Android 7.0;) AppleWebKit/537.36 (KHTML, like Gecko) Mobile Safari/537.36 (compatible; PetalBot;+https://webmaster.petalsearch.com/site/petalbot)"
3.83.76.234 - - [30/Nov/2025:08:17:44 -0500] "GET /tag/apc/ HTTP/1.1" 200 169803 "-" "TerraCotta https://github.com/CeramicTeam/CeramicTerracotta"
15.235.96.82 - - [30/Nov/2025:08:17:48 -0500] "GET /info242852836?kg=0240894470 HTTP/1.1" 404 26370 "-" "Mozilla/5.0 (compatible; AhrefsBot/7.0; +http://ahrefs.com/robot/)"
52.167.144.159 - - [30/Nov/2025:08:18:00 -0500] "GET /info360491868?kg=0357584800 HTTP/1.1" 200 24341 "-" "Mozilla/5.0 AppleWebKit/537.36 (KHTML, like Gecko; compatible; bingbot/2.0; +http://www.bing.com/bingbot.htm) Chrome/116.0.1938.76 Safari/537.36"
66.29.146.184 - - [30/Nov/2025:08:18:09 -0500] "POST /wp-cron.php?doing_wp_cron=1764508689.0981009006500244140625 HTTP/1.1" 200 0 "-" "WordPress/6.8.3; https://globaltvabuja.com"
202.76.170.122 - - [30/Nov/2025:08:18:08 -0500] "GET /info127723964?kg=0126694056 HTTP/1.1" 404 32499 "-" "Mozilla/5.0 (Windows; U; Windows NT 6.1; es-ES; rv:1.9.2.15) Gecko/20110303 Firefox/3.6.15"
40.77.167.247 - - [30/Nov/2025:08:18:11 -0500] "GET /info333168088?kg=0330481373 HTTP/1.1" 200 24587 "-" "Mozilla/5.0 AppleWebKit/537.36 (KHTML, like Gecko; compatible; bingbot/2.0; +http://www.bing.com/bingbot.htm) Chrome/116.0.1938.76 Safari/537.36"
207.46.13.6 - - [30/Nov/2025:08:18:19 -0500] "GET /info131429416?kg=0130369625 HTTP/1.1" 200 24413 "-" "Mozilla/5.0 AppleWebKit/537.36 (KHTML, like Gecko; compatible; bingbot/2.0; +http://www.bing.com/bingbot.htm) Chrome/116.0.1938.76 Safari/537.36"
40.77.167.247 - - [30/Nov/2025:08:18:23 -0500] "GET /info260105568?kg=0258008067 HTTP/1.1" 200 24493 "-" "Mozilla/5.0 AppleWebKit/537.36 (KHTML, like Gecko; compatible; bingbot/2.0; +http://www.bing.com/bingbot.htm) Chrome/116.0.1938.76 Safari/537.36"
207.46.13.6 - - [30/Nov/2025:08:18:52 -0500] "GET /info192309912?kg=0190759149 HTTP/1.1" 200 24365 "-" "Mozilla/5.0 AppleWebKit/537.36 (KHTML, like Gecko; compatible; bingbot/2.0; +http://www.bing.com/bingbot.htm) Chrome/116.0.1938.76 Safari/537.36"
66.29.146.184 - - [30/Nov/2025:08:18:56 -0500] "POST /wp-cron.php?doing_wp_cron=1764508736.9709570407867431640625 HTTP/1.1" 200 0 "-" "WordPress/6.8.3; https://globaltvabuja.com"
167.114.139.123 - - [30/Nov/2025:08:18:56 -0500] "GET /info242803372?kg=0240845404 HTTP/1.1" 404 26370 "-" "Mozilla/5.0 (compatible; AhrefsBot/7.0; +http://ahrefs.com/robot/)"
114.119.145.123 - - [30/Nov/2025:08:19:02 -0500] "GET /info364176820?kg=0361240034 HTTP/1.1" 404 32496 "https://globaltvabuja.com/sitemap-subitems-942.xml" "Mozilla/5.0 (Linux; Android 7.0;) AppleWebKit/537.36 (KHTML, like Gecko) Mobile Safari/537.36 (compatible; PetalBot;+https://webmaster.petalsearch.com/site/petalbot)"
40.77.167.247 - - [30/Nov/2025:08:19:41 -0500] "GET /info368539904?kg=0365567931 HTTP/1.1" 200 24329 "-" "Mozilla/5.0 AppleWebKit/537.36 (KHTML, like Gecko; compatible; bingbot/2.0; +http://www.bing.com/bingbot.htm) Chrome/116.0.1938.76 Safari/537.36"
40.77.167.247 - - [30/Nov/2025:08:19:46 -0500] "GET /info54059760?kg=0053623919 HTTP/1.1" 200 26819 "-" "Mozilla/5.0 AppleWebKit/537.36 (KHTML, like Gecko; compatible; bingbot/2.0; +http://www.bing.com/bingbot.htm) Chrome/116.0.1938.76 Safari/537.36"
66.29.146.184 - - [30/Nov/2025:08:20:00 -0500] "POST /wp-cron.php?doing_wp_cron=1764508800.1683619022369384765625 HTTP/1.1" 200 0 "-" "WordPress/6.8.3; https://globaltvabuja.com"
66.29.146.184 - - [30/Nov/2025:08:20:00 -0500] "POST /wp-cron.php?doing_wp_cron=1764508800.1671469211578369140625 HTTP/1.1" 200 0 "-" "WordPress/6.8.3; https://globaltvabuja.com"
43.173.178.246 - - [30/Nov/2025:08:19:59 -0500] "GET /?p=2903 HTTP/1.1" 301 0 "-" "Mozilla/5.0 (Windows NT 10.0; Win64; x64) AppleWebKit/537.36 (KHTML, like Gecko) Chrome/117.0.0.0 Safari/537.36"
43.173.174.221 - - [30/Nov/2025:08:19:59 -0500] "GET /13-illegal-refining-sites-10-overhead-tanks-tipper-truck-destroyed-by-air-strikes-near-obuzor-and-okoloma/ HTTP/1.1" 200 41809 "-" "Mozilla/5.0 (Windows NT 10.0; Win64; x64) AppleWebKit/537.36 (KHTML, like Gecko) Chrome/108.0.0.0 Safari/537.36"
43.173.178.246 - - [30/Nov/2025:08:20:00 -0500] "GET /cds-reaffirms-armed-forces-commitment-to-peace-and-security-in-northern-nigeria-highlights-key-achievements/ HTTP/1.1" 200 42740 "https://globaltvabuja.com/?p=2903" "Mozilla/5.0 (Windows NT 10.0; Win64; x64) AppleWebKit/537.36 (KHTML, like Gecko) Chrome/117.0.0.0 Safari/537.36"
52.167.144.159 - - [30/Nov/2025:08:20:01 -0500] "GET /info185492756?kg=0183996970 HTTP/1.1" 200 24840 "-" "Mozilla/5.0 AppleWebKit/537.36 (KHTML, like Gecko; compatible; bingbot/2.0; +http://www.bing.com/bingbot.htm) Chrome/116.0.1938.76 Safari/537.36"
207.46.13.6 - - [30/Nov/2025:08:20:12 -0500] "GET /info129439592?kg=0128395849 HTTP/1.1" 200 24753 "-" "Mozilla/5.0 AppleWebKit/537.36 (KHTML, like Gecko; compatible; bingbot/2.0; +http://www.bing.com/bingbot.htm) Chrome/116.0.1938.76 Safari/537.36"
142.44.233.200 - - [30/Nov/2025:08:20:13 -0500] "GET /info242773212?kg=0240815488 HTTP/1.1" 404 26359 "-" "Mozilla/5.0 (compatible; AhrefsBot/7.0; +http://ahrefs.com/robot/)"
52.167.144.159 - - [30/Nov/2025:08:20:16 -0500] "GET /info261575188?kg=0259465834 HTTP/1.1" 200 24468 "-" "Mozilla/5.0 AppleWebKit/537.36 (KHTML, like Gecko; compatible; bingbot/2.0; +http://www.bing.com/bingbot.htm) Chrome/116.0.1938.76 Safari/537.36"
66.249.64.230 - - [30/Nov/2025:08:20:18 -0500] "GET /?info8768216?kg=0008697629 HTTP/1.1" 200 26750 "-" "Mozilla/5.0 (Linux; Android 6.0.1; Nexus 5X Build/MMB29P) AppleWebKit/537.36 (KHTML, like Gecko) Chrome/141.0.7390.122 Mobile Safari/537.36 (compatible; Googlebot/2.1; +http://www.google.com/bot.html)"
