54.39.0.91 - - [30/Nov/2025:07:39:33 -0500] "GET /info353731188?kg=0350878642 HTTP/1.1" 404 26363 "-" "Mozilla/5.0 (compatible; AhrefsBot/7.0; +http://ahrefs.com/robot/)"
40.77.167.75 - - [30/Nov/2025:07:39:37 -0500] "GET /info7983608?kg=0007919349 HTTP/1.1" 200 26645 "-" "Mozilla/5.0 AppleWebKit/537.36 (KHTML, like Gecko; compatible; bingbot/2.0; +http://www.bing.com/bingbot.htm) Chrome/116.0.1938.76 Safari/537.36"
40.77.167.156 - - [30/Nov/2025:07:39:46 -0500] "GET /info322859752?kg=0320256169 HTTP/1.1" 200 24673 "-" "Mozilla/5.0 AppleWebKit/537.36 (KHTML, like Gecko; compatible; bingbot/2.0; +http://www.bing.com/bingbot.htm) Chrome/116.0.1938.76 Safari/537.36"
66.29.146.184 - - [30/Nov/2025:07:40:02 -0500] "POST /wp-cron.php?doing_wp_cron=1764506402.7555708885192871093750 HTTP/1.1" 200 0 "-" "WordPress/6.8.3; https://globaltvabuja.com"
114.119.145.123 - - [30/Nov/2025:07:40:02 -0500] "GET /info364180260?kg=0361243446 HTTP/1.1" 404 32474 "https://globaltvabuja.com/sitemap-subitems-942.xml" "Mozilla/5.0 (Linux; Android 7.0;) AppleWebKit/537.36 (KHTML, like Gecko) Mobile Safari/537.36 (compatible; PetalBot;+https://webmaster.petalsearch.com/site/petalbot)"
66.249.64.230 - - [30/Nov/2025:07:40:13 -0500] "GET /?info76859228?kg=0076239520 HTTP/1.1" 200 26819 "-" "Mozilla/5.0 (Linux; Android 6.0.1; Nexus 5X Build/MMB29P) AppleWebKit/537.36 (KHTML, like Gecko) Chrome/141.0.7390.122 Mobile Safari/537.36 (compatible; Googlebot/2.1; +http://www.google.com/bot.html)"
157.55.39.192 - - [30/Nov/2025:07:40:15 -0500] "GET /info107858968?kg=0106989261 HTTP/1.1" 200 26519 "-" "Mozilla/5.0 AppleWebKit/537.36 (KHTML, like Gecko; compatible; bingbot/2.0; +http://www.bing.com/bingbot.htm) Chrome/116.0.1938.76 Safari/537.36"
66.249.64.230 - - [30/Nov/2025:07:40:16 -0500] "GET /?info76859228?kg=0076239520 HTTP/1.1" 200 26821 "-" "Mozilla/5.0 (Linux; Android 6.0.1; Nexus 5X Build/MMB29P) AppleWebKit/537.36 (KHTML, like Gecko) Chrome/141.0.7390.122 Mobile Safari/537.36 (compatible; Googlebot/2.1; +http://www.google.com/bot.html)"
66.249.64.231 - - [30/Nov/2025:07:40:18 -0500] "GET /?info8124740?kg=0008059342 HTTP/1.1" 200 26315 "-" "Mozilla/5.0 (Linux; Android 6.0.1; Nexus 5X Build/MMB29P) AppleWebKit/537.36 (KHTML, like Gecko) Chrome/141.0.7390.122 Mobile Safari/537.36 (compatible; Googlebot/2.1; +http://www.google.com/bot.html)"
40.77.167.156 - - [30/Nov/2025:07:40:19 -0500] "GET /info131528748?kg=0130468156 HTTP/1.1" 200 24324 "-" "Mozilla/5.0 AppleWebKit/537.36 (KHTML, like Gecko; compatible; bingbot/2.0; +http://www.bing.com/bingbot.htm) Chrome/116.0.1938.76 Safari/537.36"
66.249.64.231 - - [30/Nov/2025:07:40:22 -0500] "GET /info75569760?kg=0074960451 HTTP/1.1" 200 26517 "-" "Mozilla/5.0 (Linux; Android 6.0.1; Nexus 5X Build/MMB29P) AppleWebKit/537.36 (KHTML, like Gecko) Chrome/141.0.7390.122 Mobile Safari/537.36 (compatible; Googlebot/2.1; +http://www.google.com/bot.html)"
66.249.64.230 - - [30/Nov/2025:07:40:24 -0500] "GET /info10283464?kg=0010200657 HTTP/1.1" 200 26373 "-" "Mozilla/5.0 (Linux; Android 6.0.1; Nexus 5X Build/MMB29P) AppleWebKit/537.36 (KHTML, like Gecko) Chrome/141.0.7390.122 Mobile Safari/537.36 (compatible; Googlebot/2.1; +http://www.google.com/bot.html)"
66.249.64.230 - - [30/Nov/2025:07:40:26 -0500] "GET /info17200744?kg=0017062153 HTTP/1.1" 200 26527 "-" "Mozilla/5.0 (Linux; Android 6.0.1; Nexus 5X Build/MMB29P) AppleWebKit/537.36 (KHTML, like Gecko) Chrome/141.0.7390.122 Mobile Safari/537.36 (compatible; Googlebot/2.1; +http://www.google.com/bot.html)"
40.77.167.75 - - [30/Nov/2025:07:40:27 -0500] "GET /info175935296?kg=0174516587 HTTP/1.1" 200 24297 "-" "Mozilla/5.0 AppleWebKit/537.36 (KHTML, like Gecko; compatible; bingbot/2.0; +http://www.bing.com/bingbot.htm) Chrome/116.0.1938.76 Safari/537.36"
40.77.167.75 - - [30/Nov/2025:07:40:31 -0500] "GET /info325427576?kg=0322803285 HTTP/1.1" 200 24607 "-" "Mozilla/5.0 AppleWebKit/537.36 (KHTML, like Gecko; compatible; bingbot/2.0; +http://www.bing.com/bingbot.htm) Chrome/116.0.1938.76 Safari/537.36"
66.249.64.230 - - [30/Nov/2025:07:40:39 -0500] "GET /?info349891360?kg=0347069779 HTTP/1.1" 200 24359 "-" "Mozilla/5.0 (Linux; Android 6.0.1; Nexus 5X Build/MMB29P) AppleWebKit/537.36 (KHTML, like Gecko) Chrome/141.0.7390.122 Mobile Safari/537.36 (compatible; Googlebot/2.1; +http://www.google.com/bot.html)"
66.249.64.230 - - [30/Nov/2025:07:40:40 -0500] "GET /info349623648?kg=0346804227 HTTP/1.1" 200 24447 "-" "Mozilla/5.0 (Linux; Android 6.0.1; Nexus 5X Build/MMB29P) AppleWebKit/537.36 (KHTML, like Gecko) Chrome/141.0.7390.122 Mobile Safari/537.36 (compatible; Googlebot/2.1; +http://www.google.com/bot.html)"
142.44.233.68 - - [30/Nov/2025:07:40:41 -0500] "GET /info353712016?kg=0350859623 HTTP/1.1" 404 26368 "-" "Mozilla/5.0 (compatible; AhrefsBot/7.0; +http://ahrefs.com/robot/)"
66.249.64.230 - - [30/Nov/2025:07:40:42 -0500] "GET /info12658712?kg=0012556749 HTTP/1.1" 200 26584 "-" "Mozilla/5.0 (Linux; Android 6.0.1; Nexus 5X Build/MMB29P) AppleWebKit/537.36 (KHTML, like Gecko) Chrome/141.0.7390.122 Mobile Safari/537.36 (compatible; Googlebot/2.1; +http://www.google.com/bot.html)"
66.249.64.230 - - [30/Nov/2025:07:40:43 -0500] "GET /info16955388?kg=0016818776 HTTP/1.1" 200 26922 "-" "Mozilla/5.0 (Linux; Android 6.0.1; Nexus 5X Build/MMB29P) AppleWebKit/537.36 (KHTML, like Gecko) Chrome/141.0.7390.122 Mobile Safari/537.36 (compatible; Googlebot/2.1; +http://www.google.com/bot.html)"
66.249.64.231 - - [30/Nov/2025:07:40:45 -0500] "GET /info12542848?kg=0012441819 HTTP/1.1" 200 26746 "-" "Mozilla/5.0 (Linux; Android 6.0.1; Nexus 5X Build/MMB29P) AppleWebKit/537.36 (KHTML, like Gecko) Chrome/141.0.7390.122 Mobile Safari/537.36 (compatible; Googlebot/2.1; +http://www.google.com/bot.html)"
66.249.64.230 - - [30/Nov/2025:07:40:49 -0500] "GET /info17161064?kg=0017022793 HTTP/1.1" 200 26607 "-" "Mozilla/5.0 (Linux; Android 6.0.1; Nexus 5X Build/MMB29P) AppleWebKit/537.36 (KHTML, like Gecko) Chrome/141.0.7390.122 Mobile Safari/537.36 (compatible; Googlebot/2.1; +http://www.google.com/bot.html)"
66.249.64.230 - - [30/Nov/2025:07:40:50 -0500] "GET /info17177464?kg=0017039061 HTTP/1.1" 200 26430 "-" "Mozilla/5.0 (Linux; Android 6.0.1; Nexus 5X Build/MMB29P) AppleWebKit/537.36 (KHTML, like Gecko) Chrome/141.0.7390.122 Mobile Safari/537.36 (compatible; Googlebot/2.1; +http://www.google.com/bot.html)"
66.249.64.231 - - [30/Nov/2025:07:40:52 -0500] "GET /info17168868?kg=0017030534 HTTP/1.1" 200 26764 "-" "Mozilla/5.0 (Linux; Android 6.0.1; Nexus 5X Build/MMB29P) AppleWebKit/537.36 (KHTML, like Gecko) Chrome/141.0.7390.122 Mobile Safari/537.36 (compatible; Googlebot/2.1; +http://www.google.com/bot.html)"
66.249.64.231 - - [30/Nov/2025:07:40:55 -0500] "GET /info17177596?kg=0017039192 HTTP/1.1" 200 26460 "-" "Mozilla/5.0 (Linux; Android 6.0.1; Nexus 5X Build/MMB29P) AppleWebKit/537.36 (KHTML, like Gecko) Chrome/141.0.7390.122 Mobile Safari/537.36 (compatible; Googlebot/2.1; +http://www.google.com/bot.html)"
207.46.13.78 - - [30/Nov/2025:07:40:55 -0500] "GET /info129263020?kg=0128220700 HTTP/1.1" 200 25036 "-" "Mozilla/5.0 AppleWebKit/537.36 (KHTML, like Gecko; compatible; bingbot/2.0; +http://www.bing.com/bingbot.htm) Chrome/116.0.1938.76 Safari/537.36"
66.249.64.230 - - [30/Nov/2025:07:40:57 -0500] "GET /info78507144?kg=0077874145 HTTP/1.1" 200 26855 "-" "Mozilla/5.0 (Linux; Android 6.0.1; Nexus 5X Build/MMB29P) AppleWebKit/537.36 (KHTML, like Gecko) Chrome/141.0.7390.122 Mobile Safari/537.36 (compatible; Googlebot/2.1; +http://www.google.com/bot.html)"
66.29.146.184 - - [30/Nov/2025:07:40:58 -0500] "POST /wp-cron.php?doing_wp_cron=1764506458.5683789253234863281250 HTTP/1.1" 200 0 "-" "WordPress/6.8.3; https://globaltvabuja.com"
199.195.253.6 - - [30/Nov/2025:07:40:58 -0500] "GET /wp-login.php HTTP/1.1" 200 1855 "https://globaltvabuja.com/wp-login.php" "Mozilla/5.0 (iPhone; CPU iPhone OS 14_6 like Mac OS X) AppleWebKit/605.1.15 (KHTML, like Gecko) Version/14.1.1 Mobile/15E148 Safari/604.1"
66.249.64.230 - - [30/Nov/2025:07:40:59 -0500] "GET /info349721264?kg=0346901055 HTTP/1.1" 200 24389 "-" "Mozilla/5.0 (Linux; Android 6.0.1; Nexus 5X Build/MMB29P) AppleWebKit/537.36 (KHTML, like Gecko) Chrome/141.0.7390.122 Mobile Safari/537.36 (compatible; Googlebot/2.1; +http://www.google.com/bot.html)"
40.77.167.75 - - [30/Nov/2025:07:41:00 -0500] "GET /info240149704?kg=0238213137 HTTP/1.1" 200 24672 "-" "Mozilla/5.0 AppleWebKit/537.36 (KHTML, like Gecko; compatible; bingbot/2.0; +http://www.bing.com/bingbot.htm) Chrome/116.0.1938.76 Safari/537.36"
66.249.64.230 - - [30/Nov/2025:07:41:02 -0500] "GET /info354599256?kg=0351739709 HTTP/1.1" 200 24455 "-" "Mozilla/5.0 (Linux; Android 6.0.1; Nexus 5X Build/MMB29P) AppleWebKit/537.36 (KHTML, like Gecko) Chrome/141.0.7390.122 Mobile Safari/537.36 (compatible; Googlebot/2.1; +http://www.google.com/bot.html)"
66.249.64.231 - - [30/Nov/2025:07:41:03 -0500] "GET /info16239828?kg=0016108986 HTTP/1.1" 200 26239 "-" "Mozilla/5.0 (Linux; Android 6.0.1; Nexus 5X Build/MMB29P) AppleWebKit/537.36 (KHTML, like Gecko) Chrome/141.0.7390.122 Mobile Safari/537.36 (compatible; Googlebot/2.1; +http://www.google.com/bot.html)"
199.195.253.6 - - [30/Nov/2025:07:41:04 -0500] "POST /wp-login.php HTTP/1.1" 200 1950 "https://globaltvabuja.com/wp-login.php" "Mozilla/5.0 (iPhone; CPU iPhone OS 14_6 like Mac OS X) AppleWebKit/605.1.15 (KHTML, like Gecko) Version/14.1.1 Mobile/15E148 Safari/604.1"
66.249.64.231 - - [30/Nov/2025:07:41:06 -0500] "GET /info16219856?kg=0016089175 HTTP/1.1" 200 26544 "-" "Mozilla/5.0 (Linux; Android 6.0.1; Nexus 5X Build/MMB29P) AppleWebKit/537.36 (KHTML, like Gecko) Chrome/141.0.7390.122 Mobile Safari/537.36 (compatible; Googlebot/2.1; +http://www.google.com/bot.html)"
199.195.253.6 - - [30/Nov/2025:07:41:07 -0500] "GET /wp-admin/ HTTP/1.1" 302 0 "https://globaltvabuja.com/wp-login.php" "Mozilla/5.0 (iPhone; CPU iPhone OS 14_6 like Mac OS X) AppleWebKit/605.1.15 (KHTML, like Gecko) Version/14.1.1 Mobile/15E148 Safari/604.1"
199.195.253.6 - - [30/Nov/2025:07:41:07 -0500] "GET /wp-login.php?redirect_to=https%3A%2F%2Fglobaltvabuja.com%2Fwp-admin%2F&reauth=1 HTTP/1.1" 200 1855 "https://globaltvabuja.com/wp-login.php" "Mozilla/5.0 (iPhone; CPU iPhone OS 14_6 like Mac OS X) AppleWebKit/605.1.15 (KHTML, like Gecko) Version/14.1.1 Mobile/15E148 Safari/604.1"
66.249.64.230 - - [30/Nov/2025:07:41:08 -0500] "GET /info16241024?kg=0016110171 HTTP/1.1" 200 26387 "-" "Mozilla/5.0 (Linux; Android 6.0.1; Nexus 5X Build/MMB29P) AppleWebKit/537.36 (KHTML, like Gecko) Chrome/141.0.7390.122 Mobile Safari/537.36 (compatible; Googlebot/2.1; +http://www.google.com/bot.html)"
66.249.64.230 - - [30/Nov/2025:07:41:10 -0500] "GET /info349741632?kg=0346921259 HTTP/1.1" 200 24923 "-" "Mozilla/5.0 (Linux; Android 6.0.1; Nexus 5X Build/MMB29P) AppleWebKit/537.36 (KHTML, like Gecko) Chrome/141.0.7390.122 Mobile Safari/537.36 (compatible; Googlebot/2.1; +http://www.google.com/bot.html)"
66.249.64.230 - - [30/Nov/2025:07:41:12 -0500] "GET /info10433588?kg=0010349570 HTTP/1.1" 200 26492 "-" "Mozilla/5.0 (Linux; Android 6.0.1; Nexus 5X Build/MMB29P) AppleWebKit/537.36 (KHTML, like Gecko) Chrome/141.0.7390.122 Mobile Safari/537.36 (compatible; Googlebot/2.1; +http://www.google.com/bot.html)"
66.249.64.230 - - [30/Nov/2025:07:41:14 -0500] "GET /info11964708?kg=0011868342 HTTP/1.1" 200 26641 "-" "Mozilla/5.0 (Linux; Android 6.0.1; Nexus 5X Build/MMB29P) AppleWebKit/537.36 (KHTML, like Gecko) Chrome/141.0.7390.122 Mobile Safari/537.36 (compatible; Googlebot/2.1; +http://www.google.com/bot.html)"
66.249.64.230 - - [30/Nov/2025:07:41:15 -0500] "GET /info8456732?kg=0008388656 HTTP/1.1" 200 26493 "-" "Mozilla/5.0 (Linux; Android 6.0.1; Nexus 5X Build/MMB29P) AppleWebKit/537.36 (KHTML, like Gecko) Chrome/141.0.7390.122 Mobile Safari/537.36 (compatible; Googlebot/2.1; +http://www.google.com/bot.html)"
66.249.64.230 - - [30/Nov/2025:07:41:18 -0500] "GET /info8405676?kg=0008338012 HTTP/1.1" 200 26362 "-" "Mozilla/5.0 (Linux; Android 6.0.1; Nexus 5X Build/MMB29P) AppleWebKit/537.36 (KHTML, like Gecko) Chrome/141.0.7390.122 Mobile Safari/537.36 (compatible; Googlebot/2.1; +http://www.google.com/bot.html)"
66.249.64.230 - - [30/Nov/2025:07:41:19 -0500] "GET /info491760?kg=0000487919 HTTP/1.1" 200 26948 "-" "Mozilla/5.0 (Linux; Android 6.0.1; Nexus 5X Build/MMB29P) AppleWebKit/537.36 (KHTML, like Gecko) Chrome/141.0.7390.122 Mobile Safari/537.36 (compatible; Googlebot/2.1; +http://www.google.com/bot.html)"
66.249.64.230 - - [30/Nov/2025:07:41:21 -0500] "GET /info485944?kg=0000482149 HTTP/1.1" 200 26725 "-" "Mozilla/5.0 (Linux; Android 6.0.1; Nexus 5X Build/MMB29P) AppleWebKit/537.36 (KHTML, like Gecko) Chrome/141.0.7390.122 Mobile Safari/537.36 (compatible; Googlebot/2.1; +http://www.google.com/bot.html)"
66.249.64.230 - - [30/Nov/2025:07:41:22 -0500] "GET /?info9189748?kg=0009115762 HTTP/1.1" 200 26160 "-" "Mozilla/5.0 (Linux; Android 6.0.1; Nexus 5X Build/MMB29P) AppleWebKit/537.36 (KHTML, like Gecko) Chrome/141.0.7390.122 Mobile Safari/537.36 (compatible; Googlebot/2.1; +http://www.google.com/bot.html)"
66.249.64.230 - - [30/Nov/2025:07:41:23 -0500] "GET /info8721656?kg=0008651445 HTTP/1.1" 200 26550 "-" "Mozilla/5.0 (Linux; Android 6.0.1; Nexus 5X Build/MMB29P) AppleWebKit/537.36 (KHTML, like Gecko) Chrome/141.0.7390.122 Mobile Safari/537.36 (compatible; Googlebot/2.1; +http://www.google.com/bot.html)"
66.249.64.230 - - [30/Nov/2025:07:41:25 -0500] "GET /info8731844?kg=0008661550 HTTP/1.1" 200 26658 "-" "Mozilla/5.0 (Linux; Android 6.0.1; Nexus 5X Build/MMB29P) AppleWebKit/537.36 (KHTML, like Gecko) Chrome/141.0.7390.122 Mobile Safari/537.36 (compatible; Googlebot/2.1; +http://www.google.com/bot.html)"
114.119.152.134 - - [30/Nov/2025:07:41:26 -0500] "GET /info364180128?kg=0361243315 HTTP/1.1" 404 32463 "https://globaltvabuja.com/sitemap-subitems-942.xml" "Mozilla/5.0 (Linux; Android 7.0;) AppleWebKit/537.36 (KHTML, like Gecko) Mobile Safari/537.36 (compatible; PetalBot;+https://webmaster.petalsearch.com/site/petalbot)"
40.77.167.75 - - [30/Nov/2025:07:41:26 -0500] "GET /info72341004?kg=0071757732 HTTP/1.1" 200 26529 "-" "Mozilla/5.0 AppleWebKit/537.36 (KHTML, like Gecko; compatible; bingbot/2.0; +http://www.bing.com/bingbot.htm) Chrome/116.0.1938.76 Safari/537.36"
66.249.64.231 - - [30/Nov/2025:07:41:27 -0500] "GET /info347280152?kg=0344479629 HTTP/1.1" 200 24427 "-" "Mozilla/5.0 (Linux; Android 6.0.1; Nexus 5X Build/MMB29P) AppleWebKit/537.36 (KHTML, like Gecko) Chrome/141.0.7390.122 Mobile Safari/537.36 (compatible; Googlebot/2.1; +http://www.google.com/bot.html)"
66.249.64.231 - - [30/Nov/2025:07:41:28 -0500] "GET /info8724040?kg=0008653809 HTTP/1.1" 200 26635 "-" "Mozilla/5.0 (Linux; Android 6.0.1; Nexus 5X Build/MMB29P) AppleWebKit/537.36 (KHTML, like Gecko) Chrome/141.0.7390.122 Mobile Safari/537.36 (compatible; Googlebot/2.1; +http://www.google.com/bot.html)"
66.249.64.230 - - [30/Nov/2025:07:41:30 -0500] "GET /info261834956?kg=0259723508 HTTP/1.1" 200 24539 "-" "Mozilla/5.0 (Linux; Android 6.0.1; Nexus 5X Build/MMB29P) AppleWebKit/537.36 (KHTML, like Gecko) Chrome/141.0.7390.122 Mobile Safari/537.36 (compatible; Googlebot/2.1; +http://www.google.com/bot.html)"
66.249.64.231 - - [30/Nov/2025:07:41:33 -0500] "GET /info8070376?kg=0008005417 HTTP/1.1" 200 26984 "-" "Mozilla/5.0 (Linux; Android 6.0.1; Nexus 5X Build/MMB29P) AppleWebKit/537.36 (KHTML, like Gecko) Chrome/141.0.7390.122 Mobile Safari/537.36 (compatible; Googlebot/2.1; +http://www.google.com/bot.html)"
66.249.64.230 - - [30/Nov/2025:07:41:35 -0500] "GET /info8835672?kg=0008764541 HTTP/1.1" 200 26203 "-" "Mozilla/5.0 (Linux; Android 6.0.1; Nexus 5X Build/MMB29P) AppleWebKit/537.36 (KHTML, like Gecko) Chrome/141.0.7390.122 Mobile Safari/537.36 (compatible; Googlebot/2.1; +http://www.google.com/bot.html)"
66.249.64.232 - - [30/Nov/2025:07:41:37 -0500] "GET /info75577960?kg=0074968585 HTTP/1.1" 200 26604 "-" "Mozilla/5.0 (Linux; Android 6.0.1; Nexus 5X Build/MMB29P) AppleWebKit/537.36 (KHTML, like Gecko) Chrome/141.0.7390.122 Mobile Safari/537.36 (compatible; Googlebot/2.1; +http://www.google.com/bot.html)"
66.249.64.232 - - [30/Nov/2025:07:41:39 -0500] "GET /info78502508?kg=0077869548 HTTP/1.1" 200 26218 "-" "Mozilla/5.0 (Linux; Android 6.0.1; Nexus 5X Build/MMB29P) AppleWebKit/537.36 (KHTML, like Gecko) Chrome/141.0.7390.122 Mobile Safari/537.36 (compatible; Googlebot/2.1; +http://www.google.com/bot.html)"
66.249.64.230 - - [30/Nov/2025:07:41:41 -0500] "GET /info78501320?kg=0077868369 HTTP/1.1" 200 26523 "-" "Mozilla/5.0 (Linux; Android 6.0.1; Nexus 5X Build/MMB29P) AppleWebKit/537.36 (KHTML, like Gecko) Chrome/141.0.7390.122 Mobile Safari/537.36 (compatible; Googlebot/2.1; +http://www.google.com/bot.html)"
66.249.64.232 - - [30/Nov/2025:07:41:45 -0500] "GET /info354586164?kg=0351726722 HTTP/1.1" 200 24619 "-" "Mozilla/5.0 (Linux; Android 6.0.1; Nexus 5X Build/MMB29P) AppleWebKit/537.36 (KHTML, like Gecko) Chrome/141.0.7390.122 Mobile Safari/537.36 (compatible; Googlebot/2.1; +http://www.google.com/bot.html)"
142.44.228.190 - - [30/Nov/2025:07:41:45 -0500] "GET /info353707652?kg=0350855294 HTTP/1.1" 404 26381 "-" "Mozilla/5.0 (compatible; AhrefsBot/7.0; +http://ahrefs.com/robot/)"
207.46.13.78 - - [30/Nov/2025:07:41:45 -0500] "GET /info363922208?kg=0360987475 HTTP/1.1" 200 24410 "-" "Mozilla/5.0 AppleWebKit/537.36 (KHTML, like Gecko; compatible; bingbot/2.0; +http://www.bing.com/bingbot.htm) Chrome/116.0.1938.76 Safari/537.36"
66.249.64.232 - - [30/Nov/2025:07:41:47 -0500] "GET /info16726572?kg=0016591804 HTTP/1.1" 200 26398 "-" "Mozilla/5.0 (Linux; Android 6.0.1; Nexus 5X Build/MMB29P) AppleWebKit/537.36 (KHTML, like Gecko) Chrome/141.0.7390.122 Mobile Safari/537.36 (compatible; Googlebot/2.1; +http://www.google.com/bot.html)"
66.249.64.232 - - [30/Nov/2025:07:41:53 -0500] "GET /info349738456?kg=0346918109 HTTP/1.1" 200 24329 "-" "Mozilla/5.0 (Linux; Android 6.0.1; Nexus 5X Build/MMB29P) AppleWebKit/537.36 (KHTML, like Gecko) Chrome/141.0.7390.122 Mobile Safari/537.36 (compatible; Googlebot/2.1; +http://www.google.com/bot.html)"
40.77.167.75 - - [30/Nov/2025:07:42:24 -0500] "GET /info266955128?kg=0264802389 HTTP/1.1" 200 24321 "-" "Mozilla/5.0 AppleWebKit/537.36 (KHTML, like Gecko; compatible; bingbot/2.0; +http://www.bing.com/bingbot.htm) Chrome/116.0.1938.76 Safari/537.36"
40.77.167.156 - - [30/Nov/2025:07:42:27 -0500] "GET /info252072620?kg=0250039900 HTTP/1.1" 200 24724 "-" "Mozilla/5.0 AppleWebKit/537.36 (KHTML, like Gecko; compatible; bingbot/2.0; +http://www.bing.com/bingbot.htm) Chrome/116.0.1938.76 Safari/537.36"
207.46.13.78 - - [30/Nov/2025:07:42:28 -0500] "GET /info130057808?kg=0129009079 HTTP/1.1" 200 24196 "-" "Mozilla/5.0 AppleWebKit/537.36 (KHTML, like Gecko; compatible; bingbot/2.0; +http://www.bing.com/bingbot.htm) Chrome/116.0.1938.76 Safari/537.36"
66.249.64.232 - - [30/Nov/2025:07:42:29 -0500] "GET /info350773444?kg=0347944750 HTTP/1.1" 200 24590 "-" "Mozilla/5.0 (Linux; Android 6.0.1; Nexus 5X Build/MMB29P) AppleWebKit/537.36 (KHTML, like Gecko) Chrome/141.0.7390.122 Mobile Safari/537.36 (compatible; Googlebot/2.1; +http://www.google.com/bot.html)"
66.29.146.184 - - [30/Nov/2025:07:42:33 -0500] "POST /wp-cron.php?doing_wp_cron=1764506553.3094389438629150390625 HTTP/1.1" 200 0 "-" "WordPress/6.8.3; https://globaltvabuja.com"
202.76.191.106 - - [30/Nov/2025:07:42:32 -0500] "GET /info127759676?kg=0126729480 HTTP/1.1" 404 32500 "-" "Mozilla/5.0 (Macintosh; AMD Mac OS X 10_8_2) AppleWebKit/535.22 (KHTML, like Gecko) Chrome/18.6.872"
40.77.167.156 - - [30/Nov/2025:07:42:37 -0500] "GET /info303669844?kg=0301221018 HTTP/1.1" 200 24933 "-" "Mozilla/5.0 AppleWebKit/537.36 (KHTML, like Gecko; compatible; bingbot/2.0; +http://www.bing.com/bingbot.htm) Chrome/116.0.1938.76 Safari/537.36"
66.29.146.184 - - [30/Nov/2025:07:42:50 -0500] "POST /wp-cron.php?doing_wp_cron=1764506570.4342141151428222656250 HTTP/1.1" 200 0 "-" "WordPress/6.8.3; https://globaltvabuja.com"
114.119.145.123 - - [30/Nov/2025:07:42:50 -0500] "GET /info364179996?kg=0361243184 HTTP/1.1" 404 32495 "https://globaltvabuja.com/sitemap-subitems-942.xml" "Mozilla/5.0 (Linux; Android 7.0;) AppleWebKit/537.36 (KHTML, like Gecko) Mobile Safari/537.36 (compatible; PetalBot;+https://webmaster.petalsearch.com/site/petalbot)"
54.39.0.138 - - [30/Nov/2025:07:42:59 -0500] "GET /info353705796?kg=0350853454 HTTP/1.1" 404 26356 "-" "Mozilla/5.0 (compatible; AhrefsBot/7.0; +http://ahrefs.com/robot/)"
66.249.64.231 - - [30/Nov/2025:07:43:10 -0500] "GET /?info351358192?kg=0348524783 HTTP/1.1" 200 24444 "-" "Mozilla/5.0 (Linux; Android 6.0.1; Nexus 5X Build/MMB29P) AppleWebKit/537.36 (KHTML, like Gecko) Chrome/141.0.7390.122 Mobile Safari/537.36 (compatible; Googlebot/2.1; +http://www.google.com/bot.html)"
40.77.167.75 - - [30/Nov/2025:07:43:48 -0500] "GET /info14866240?kg=0014746475 HTTP/1.1" 200 26716 "-" "Mozilla/5.0 AppleWebKit/537.36 (KHTML, like Gecko; compatible; bingbot/2.0; +http://www.bing.com/bingbot.htm) Chrome/116.0.1938.76 Safari/537.36"
207.46.13.78 - - [30/Nov/2025:07:44:07 -0500] "GET /info201300204?kg=0199676940 HTTP/1.1" 200 24806 "-" "Mozilla/5.0 AppleWebKit/537.36 (KHTML, like Gecko; compatible; bingbot/2.0; +http://www.bing.com/bingbot.htm) Chrome/116.0.1938.76 Safari/537.36"
66.249.64.232 - - [30/Nov/2025:07:44:07 -0500] "GET /info7284448?kg=0007225827 HTTP/1.1" 200 26761 "-" "Mozilla/5.0 (Linux; Android 6.0.1; Nexus 5X Build/MMB29P) AppleWebKit/537.36 (KHTML, like Gecko) Chrome/141.0.7390.122 Mobile Safari/537.36 (compatible; Googlebot/2.1; +http://www.google.com/bot.html)"
207.46.13.78 - - [30/Nov/2025:07:44:11 -0500] "GET /info7899356?kg=0007835776 HTTP/1.1" 200 26482 "-" "Mozilla/5.0 AppleWebKit/537.36 (KHTML, like Gecko; compatible; bingbot/2.0; +http://www.bing.com/bingbot.htm) Chrome/116.0.1938.76 Safari/537.36"
66.29.146.184 - - [30/Nov/2025:07:44:13 -0500] "POST /wp-cron.php?doing_wp_cron=1764506653.4454269409179687500000 HTTP/1.1" 200 0 "-" "WordPress/6.8.3; https://globaltvabuja.com"
114.119.130.178 - - [30/Nov/2025:07:44:12 -0500] "GET /info364179864?kg=0361243053 HTTP/1.1" 404 32464 "https://globaltvabuja.com/sitemap-subitems-942.xml" "Mozilla/5.0 (Linux; Android 7.0;) AppleWebKit/537.36 (KHTML, like Gecko) Mobile Safari/537.36 (compatible; PetalBot;+https://webmaster.petalsearch.com/site/petalbot)"
207.46.13.78 - - [30/Nov/2025:07:44:14 -0500] "GET /info15767636?kg=0015640602 HTTP/1.1" 200 26572 "-" "Mozilla/5.0 AppleWebKit/537.36 (KHTML, like Gecko; compatible; bingbot/2.0; +http://www.bing.com/bingbot.htm) Chrome/116.0.1938.76 Safari/537.36"
207.46.13.78 - - [30/Nov/2025:07:44:27 -0500] "GET /info109578960?kg=0108695383 HTTP/1.1" 200 26341 "-" "Mozilla/5.0 AppleWebKit/537.36 (KHTML, like Gecko; compatible; bingbot/2.0; +http://www.bing.com/bingbot.htm) Chrome/116.0.1938.76 Safari/537.36"
51.161.37.66 - - [30/Nov/2025:07:44:27 -0500] "GET /info353703148?kg=0350850828 HTTP/1.1" 404 26395 "-" "Mozilla/5.0 (compatible; AhrefsBot/7.0; +http://ahrefs.com/robot/)"
40.77.167.75 - - [30/Nov/2025:07:44:37 -0500] "GET /info282939956?kg=0280658306 HTTP/1.1" 200 24564 "-" "Mozilla/5.0 AppleWebKit/537.36 (KHTML, like Gecko; compatible; bingbot/2.0; +http://www.bing.com/bingbot.htm) Chrome/116.0.1938.76 Safari/537.36"
40.77.167.75 - - [30/Nov/2025:07:44:58 -0500] "GET /info220503212?kg=0218725084 HTTP/1.1" 200 24816 "-" "Mozilla/5.0 AppleWebKit/537.36 (KHTML, like Gecko; compatible; bingbot/2.0; +http://www.bing.com/bingbot.htm) Chrome/116.0.1938.76 Safari/537.36"
66.29.146.184 - - [30/Nov/2025:07:45:37 -0500] "POST /wp-cron.php?doing_wp_cron=1764506737.2618920803070068359375 HTTP/1.1" 200 0 "-" "WordPress/6.8.3; https://globaltvabuja.com"
114.119.151.50 - - [30/Nov/2025:07:45:36 -0500] "GET /info364179732?kg=0361242922 HTTP/1.1" 404 32487 "https://globaltvabuja.com/sitemap-subitems-942.xml" "Mozilla/5.0 (Linux; Android 7.0;) AppleWebKit/537.36 (KHTML, like Gecko) Mobile Safari/537.36 (compatible; PetalBot;+https://webmaster.petalsearch.com/site/petalbot)"
54.39.210.217 - - [30/Nov/2025:07:45:46 -0500] "GET /info353702752?kg=0350850435 HTTP/1.1" 404 26360 "-" "Mozilla/5.0 (compatible; AhrefsBot/7.0; +http://ahrefs.com/robot/)"
66.29.146.184 - - [30/Nov/2025:07:45:51 -0500] "POST /wp-cron.php?doing_wp_cron=1764506751.4282050132751464843750 HTTP/1.1" 200 0 "-" "WordPress/6.8.3; https://globaltvabuja.com"
202.76.128.134 - - [30/Nov/2025:07:45:50 -0500] "GET /info127676876?kg=0126647348 HTTP/1.1" 404 32502 "-" "Mozilla/5.0 (X11; U; Linux i686; en-US) AppleWebKit/534.16 (KHTML, like Gecko) Ubuntu/10.10 Chromium/10.0.648.133 Chrome/10.0.648.133 Safari/534.16"
185.191.171.5 - - [30/Nov/2025:07:45:54 -0500] "GET /tag/june-12-2023/ HTTP/1.1" 200 33953 "-" "Mozilla/5.0 (compatible; SemrushBot/7~bl; +http://www.semrush.com/bot.html)"
185.191.171.7 - - [30/Nov/2025:07:45:59 -0500] "GET /fcta-set-to-take-possession-of-4794-revoked-properties-exercise-commences-on-monday/ HTTP/1.1" 200 42840 "-" "Mozilla/5.0 (compatible; SemrushBot/7~bl; +http://www.semrush.com/bot.html)"
15.235.96.180 - - [30/Nov/2025:07:46:45 -0500] "GET /info353700640?kg=0350848339 HTTP/1.1" 404 26372 "-" "Mozilla/5.0 (compatible; AhrefsBot/7.0; +http://ahrefs.com/robot/)"
66.29.146.184 - - [30/Nov/2025:07:47:01 -0500] "POST /wp-cron.php?doing_wp_cron=1764506821.6407470703125000000000 HTTP/1.1" 200 0 "-" "WordPress/6.8.3; https://globaltvabuja.com"
114.119.151.50 - - [30/Nov/2025:07:47:01 -0500] "GET /info364179600?kg=0361242791 HTTP/1.1" 404 32494 "https://globaltvabuja.com/sitemap-subitems-942.xml" "Mozilla/5.0 (Linux; Android 7.0;) AppleWebKit/537.36 (KHTML, like Gecko) Mobile Safari/537.36 (compatible; PetalBot;+https://webmaster.petalsearch.com/site/petalbot)"
51.222.168.105 - - [30/Nov/2025:07:47:49 -0500] "GET /info353698784?kg=0350846499 HTTP/1.1" 404 26377 "-" "Mozilla/5.0 (compatible; AhrefsBot/7.0; +http://ahrefs.com/robot/)"
66.29.146.184 - - [30/Nov/2025:07:48:30 -0500] "POST /wp-cron.php?doing_wp_cron=1764506910.3294439315795898437500 HTTP/1.1" 200 0 "-" "WordPress/6.8.3; https://globaltvabuja.com"
114.119.151.50 - - [30/Nov/2025:07:48:29 -0500] "GET /info364179468?kg=0361242660 HTTP/1.1" 404 32502 "https://globaltvabuja.com/sitemap-subitems-942.xml" "Mozilla/5.0 (Linux; Android 7.0;) AppleWebKit/537.36 (KHTML, like Gecko) Mobile Safari/537.36 (compatible; PetalBot;+https://webmaster.petalsearch.com/site/petalbot)"
66.249.64.232 - - [30/Nov/2025:07:48:30 -0500] "GET /?info7047028?kg=0006990322 HTTP/1.1" 200 26626 "-" "Mozilla/5.0 (Linux; Android 6.0.1; Nexus 5X Build/MMB29P) AppleWebKit/537.36 (KHTML, like Gecko) Chrome/141.0.7390.122 Mobile Safari/537.36 (compatible; Googlebot/2.1; +http://www.google.com/bot.html)"
185.191.171.8 - - [30/Nov/2025:07:48:41 -0500] "GET /robots.txt HTTP/1.1" 200 82 "-" "Mozilla/5.0 (compatible; SemrushBot/7~bl; +http://www.semrush.com/bot.html)"
185.191.171.17 - - [30/Nov/2025:07:48:42 -0500] "GET /ncs-conducts-nationwide-promotion-exams-to-enhance-transparency/ HTTP/1.1" 200 41848 "-" "Mozilla/5.0 (compatible; SemrushBot/7~bl; +http://www.semrush.com/bot.html)"
66.29.146.184 - - [30/Nov/2025:07:49:00 -0500] "POST /wp-cron.php?doing_wp_cron=1764506940.2704589366912841796875 HTTP/1.1" 200 0 "-" "WordPress/6.8.3; https://globaltvabuja.com"
146.174.162.216 - - [30/Nov/2025:07:48:59 -0500] "GET /info127688516?kg=0126658894 HTTP/1.1" 404 32482 "-" "Mozilla/5.0 (Windows; U; Windows NT 5.1; pt-PT; rv:1.9.2.7) Gecko/20100713 Firefox/3.6.7 (.NET CLR 3.5.30729)"
51.161.37.131 - - [30/Nov/2025:07:49:01 -0500] "GET /info353697860?kg=0350845582 HTTP/1.1" 404 26357 "-" "Mozilla/5.0 (compatible; AhrefsBot/7.0; +http://ahrefs.com/robot/)"
52.167.144.169 - - [30/Nov/2025:07:49:47 -0500] "GET /info131454676?kg=0130394682 HTTP/1.1" 200 24071 "-" "Mozilla/5.0 AppleWebKit/537.36 (KHTML, like Gecko; compatible; bingbot/2.0; +http://www.bing.com/bingbot.htm) Chrome/116.0.1938.76 Safari/537.36"
114.119.129.189 - - [30/Nov/2025:07:49:48 -0500] "GET /info364179336?kg=0361242529 HTTP/1.1" 404 32498 "https://globaltvabuja.com/sitemap-subitems-942.xml" "Mozilla/5.0 (Linux; Android 7.0;) AppleWebKit/537.36 (KHTML, like Gecko) Mobile Safari/537.36 (compatible; PetalBot;+https://webmaster.petalsearch.com/site/petalbot)"
66.29.146.184 - - [30/Nov/2025:07:49:54 -0500] "POST /wp-cron.php?doing_wp_cron=1764506994.5790579319000244140625 HTTP/1.1" 200 0 "-" "WordPress/6.8.3; https://globaltvabuja.com"
185.191.171.10 - - [30/Nov/2025:07:49:54 -0500] "GET /uzodimma-suspends-entraco-operations-over-fatal-incident/ HTTP/1.1" 200 41412 "-" "Mozilla/5.0 (compatible; SemrushBot/7~bl; +http://www.semrush.com/bot.html)"
207.46.13.78 - - [30/Nov/2025:07:49:59 -0500] "GET /info151732476?kg=0150508952 HTTP/1.1" 200 24897 "-" "Mozilla/5.0 AppleWebKit/537.36 (KHTML, like Gecko; compatible; bingbot/2.0; +http://www.bing.com/bingbot.htm) Chrome/116.0.1938.76 Safari/537.36"
116.179.32.170 - - [30/Nov/2025:07:49:59 -0500] "GET /naicom-collaborates-with-nfiu-on-financial-action-task-force/ HTTP/1.1" 200 41688 "-" "Mozilla/5.0 (compatible; Baiduspider/2.0; +http://www.baidu.com/search/spider.html)"
116.179.37.99 - - [30/Nov/2025:07:50:08 -0500] "GET /wp-content/uploads/2024/07/IMG-20240713-WA0006-696x464.jpg HTTP/1.1" 200 73321 "https://globaltvabuja.com/naicom-collaborates-with-nfiu-on-financial-action-task-force/" "Mozilla/5.0 (compatible; Baiduspider-render/2.0; +http://www.baidu.com/search/spider.html)"
116.179.37.27 - - [30/Nov/2025:07:50:08 -0500] "GET /wp-admin/user-new.php HTTP/1.1" 302 0 "https://globaltvabuja.com/naicom-collaborates-with-nfiu-on-financial-action-task-force/" "Mozilla/5.0 (compatible; Baiduspider-render/2.0; +http://www.baidu.com/search/spider.html)"
116.179.37.221 - - [30/Nov/2025:07:50:09 -0500] "GET /wp-login.php?redirect_to=https%3A%2F%2Fglobaltvabuja.com%2Fwp-admin%2Fuser-new.php&reauth=1 HTTP/1.1" 200 2098 "https://globaltvabuja.com/naicom-collaborates-with-nfiu-on-financial-action-task-force/" "Mozilla/5.0 (compatible; Baiduspider-render/2.0; +http://www.baidu.com/search/spider.html)"
116.179.37.245 - - [30/Nov/2025:07:50:12 -0500] "GET /wp-admin/user-new.php HTTP/1.1" 302 0 "https://globaltvabuja.com/naicom-collaborates-with-nfiu-on-financial-action-task-force/" "Mozilla/5.0 (compatible; Baiduspider-render/2.0; +http://www.baidu.com/search/spider.html)"
116.179.37.137 - - [30/Nov/2025:07:50:13 -0500] "GET /wp-login.php?redirect_to=https%3A%2F%2Fglobaltvabuja.com%2Fwp-admin%2Fuser-new.php&reauth=1 HTTP/1.1" 200 2098 "https://globaltvabuja.com/naicom-collaborates-with-nfiu-on-financial-action-task-force/" "Mozilla/5.0 (compatible; Baiduspider-render/2.0; +http://www.baidu.com/search/spider.html)"
116.179.37.75 - - [30/Nov/2025:07:50:14 -0500] "POST /wp-json/td-cloud-library/ajax_autoload?uid=04caf435-5c3d-165a-a400-6d9005a44c04 HTTP/1.1" 200 1317 "https://globaltvabuja.com/naicom-collaborates-with-nfiu-on-financial-action-task-force/" "Mozilla/5.0 (compatible; Baiduspider-render/2.0; +http://www.baidu.com/search/spider.html)"
116.179.37.104 - - [30/Nov/2025:07:50:15 -0500] "GET /house-committee-on-customs-commends-ncs-for-increase-in-revenue/?tdb_action=tdb_ajax HTTP/1.1" 200 25974 "https://globaltvabuja.com/naicom-collaborates-with-nfiu-on-financial-action-task-force/" "Mozilla/5.0 (compatible; Baiduspider-render/2.0; +http://www.baidu.com/search/spider.html)"
54.39.203.244 - - [30/Nov/2025:07:50:22 -0500] "GET /info353685428?kg=0350833250 HTTP/1.1" 404 26378 "-" "Mozilla/5.0 (compatible; AhrefsBot/7.0; +http://ahrefs.com/robot/)"
79.117.86.10 - - [30/Nov/2025:07:50:25 -0500] "GET /wp-json/wp/v2/categories?per_page=100&parent=0&orderby=count&order=desc HTTP/1.1" 200 0 "-" "Dart/3.5 (dart:io)"
79.117.86.10 - - [30/Nov/2025:07:50:25 -0500] "GET /wp-json/wp/v2/posts?_embed=wp:featuredmedia,wp:term&per_page=10 HTTP/1.1" 200 0 "-" "Dart/3.5 (dart:io)"
79.117.86.10 - - [30/Nov/2025:07:50:25 -0500] "GET /wp-json/wp/v2/posts?_embed=wp:featuredmedia,wp:term&page=1&per_page=10 HTTP/1.1" 200 0 "-" "Dart/3.5 (dart:io)"
52.167.144.169 - - [30/Nov/2025:07:50:38 -0500] "GET /info48869352?kg=0048475369 HTTP/1.1" 200 26757 "-" "Mozilla/5.0 AppleWebKit/537.36 (KHTML, like Gecko; compatible; bingbot/2.0; +http://www.bing.com/bingbot.htm) Chrome/116.0.1938.76 Safari/537.36"
66.249.64.232 - - [30/Nov/2025:07:51:12 -0500] "GET /?info3098868?kg=0003074002 HTTP/1.1" 200 26373 "-" "Mozilla/5.0 (Linux; Android 6.0.1; Nexus 5X Build/MMB29P) AppleWebKit/537.36 (KHTML, like Gecko) Chrome/141.0.7390.122 Mobile Safari/537.36 (compatible; Googlebot/2.1; +http://www.google.com/bot.html)"
66.29.146.184 - - [30/Nov/2025:07:51:13 -0500] "POST /wp-cron.php?doing_wp_cron=1764507073.0889101028442382812500 HTTP/1.1" 200 0 "-" "WordPress/6.8.3; https://globaltvabuja.com"
114.119.139.202 - - [30/Nov/2025:07:51:12 -0500] "GET /info364179204?kg=0361242398 HTTP/1.1" 404 32460 "https://globaltvabuja.com/sitemap-subitems-942.xml" "Mozilla/5.0 (Linux; Android 7.0;) AppleWebKit/537.36 (KHTML, like Gecko) Mobile Safari/537.36 (compatible; PetalBot;+https://webmaster.petalsearch.com/site/petalbot)"
15.235.98.156 - - [30/Nov/2025:07:51:30 -0500] "GET /info353684636?kg=0350832464 HTTP/1.1" 404 26362 "-" "Mozilla/5.0 (compatible; AhrefsBot/7.0; +http://ahrefs.com/robot/)"
52.167.144.225 - - [30/Nov/2025:07:51:39 -0500] "GET /info48886024?kg=0048491905 HTTP/1.1" 200 26368 "-" "Mozilla/5.0 AppleWebKit/537.36 (KHTML, like Gecko; compatible; bingbot/2.0; +http://www.bing.com/bingbot.htm) Chrome/116.0.1938.76 Safari/537.36"
157.55.39.15 - - [30/Nov/2025:07:51:50 -0500] "GET /info134559508?kg=0133474474 HTTP/1.1" 200 24479 "-" "Mozilla/5.0 AppleWebKit/537.36 (KHTML, like Gecko; compatible; bingbot/2.0; +http://www.bing.com/bingbot.htm) Chrome/116.0.1938.76 Safari/537.36"
157.55.39.15 - - [30/Nov/2025:07:51:52 -0500] "GET /info6836064?kg=0006781059 HTTP/1.1" 200 26434 "-" "Mozilla/5.0 AppleWebKit/537.36 (KHTML, like Gecko; compatible; bingbot/2.0; +http://www.bing.com/bingbot.htm) Chrome/116.0.1938.76 Safari/537.36"
66.29.146.184 - - [30/Nov/2025:07:52:08 -0500] "POST /wp-cron.php?doing_wp_cron=1764507128.4225299358367919921875 HTTP/1.1" 200 0 "-" "WordPress/6.8.3; https://globaltvabuja.com"
202.76.141.97 - - [30/Nov/2025:07:52:08 -0500] "GET /info127692352?kg=0126662699 HTTP/1.1" 404 32454 "-" "Mozilla/5.0 (X11; U; Linux x86_64; en-US) AppleWebKit/532.2 (KHTML, like Gecko) Chrome/4.0.223.2 Safari/532.2"
157.55.39.15 - - [30/Nov/2025:07:52:19 -0500] "GET /info276602004?kg=0274371466 HTTP/1.1" 200 24266 "-" "Mozilla/5.0 AppleWebKit/537.36 (KHTML, like Gecko; compatible; bingbot/2.0; +http://www.bing.com/bingbot.htm) Chrome/116.0.1938.76 Safari/537.36"
52.167.144.225 - - [30/Nov/2025:07:52:29 -0500] "GET /info121525816?kg=0120545893 HTTP/1.1" 200 26206 "-" "Mozilla/5.0 AppleWebKit/537.36 (KHTML, like Gecko; compatible; bingbot/2.0; +http://www.bing.com/bingbot.htm) Chrome/116.0.1938.76 Safari/537.36"
66.249.64.232 - - [30/Nov/2025:07:52:31 -0500] "GET /?info349727080?kg=0346906825 HTTP/1.1" 200 24309 "-" "Mozilla/5.0 (Linux; Android 6.0.1; Nexus 5X Build/MMB29P) AppleWebKit/537.36 (KHTML, like Gecko) Chrome/141.0.7390.122 Mobile Safari/537.36 (compatible; Googlebot/2.1; +http://www.google.com/bot.html)"
3.83.76.234 - - [30/Nov/2025:07:52:32 -0500] "GET /fcsc-promotes-30-directorate-cadre-and-others-in-ministry-of-police-affairs/ HTTP/1.1" 200 209102 "-" "TerraCotta https://github.com/CeramicTeam/CeramicTerracotta"
114.119.130.178 - - [30/Nov/2025:07:52:34 -0500] "GET /info364179196?kg=0361242392 HTTP/1.1" 404 32477 "https://globaltvabuja.com/sitemap-subitems-942.xml" "Mozilla/5.0 (Linux; Android 7.0;) AppleWebKit/537.36 (KHTML, like Gecko) Mobile Safari/537.36 (compatible; PetalBot;+https://webmaster.petalsearch.com/site/petalbot)"
185.191.171.8 - - [30/Nov/2025:07:52:39 -0500] "GET /tag/financial-system-stability-ndic-lauds-judiciary-on-better-understanding-of-deposit-insurance-practice/ HTTP/1.1" 200 34169 "-" "Mozilla/5.0 (compatible; SemrushBot/7~bl; +http://www.semrush.com/bot.html)"
52.167.144.169 - - [30/Nov/2025:07:52:48 -0500] "GET /info254195104?kg=0252145267 HTTP/1.1" 200 24476 "-" "Mozilla/5.0 AppleWebKit/537.36 (KHTML, like Gecko; compatible; bingbot/2.0; +http://www.bing.com/bingbot.htm) Chrome/116.0.1938.76 Safari/537.36"
66.29.146.184 - - [30/Nov/2025:07:52:52 -0500] "POST /wp-cron.php?doing_wp_cron=1764507172.1133179664611816406250 HTTP/1.1" 200 0 "-" "WordPress/6.8.3; https://globaltvabuja.com"
54.39.210.53 - - [30/Nov/2025:07:52:51 -0500] "GET /info353675776?kg=0350823675 HTTP/1.1" 404 26375 "-" "Mozilla/5.0 (compatible; AhrefsBot/7.0; +http://ahrefs.com/robot/)"
157.55.39.15 - - [30/Nov/2025:07:53:20 -0500] "GET /info109595096?kg=0108711389 HTTP/1.1" 200 26344 "-" "Mozilla/5.0 AppleWebKit/537.36 (KHTML, like Gecko; compatible; bingbot/2.0; +http://www.bing.com/bingbot.htm) Chrome/116.0.1938.76 Safari/537.36"
66.29.146.184 - - [30/Nov/2025:07:53:59 -0500] "POST /wp-cron.php?doing_wp_cron=1764507239.2509219646453857421875 HTTP/1.1" 200 0 "-" "WordPress/6.8.3; https://globaltvabuja.com"
114.119.139.202 - - [30/Nov/2025:07:53:58 -0500] "GET /info364179072?kg=0361242267 HTTP/1.1" 404 32509 "https://globaltvabuja.com/sitemap-subitems-942.xml" "Mozilla/5.0 (Linux; Android 7.0;) AppleWebKit/537.36 (KHTML, like Gecko) Mobile Safari/537.36 (compatible; PetalBot;+https://webmaster.petalsearch.com/site/petalbot)"
142.44.225.165 - - [30/Nov/2025:07:54:05 -0500] "GET /info353670480?kg=0350818423 HTTP/1.1" 404 26372 "-" "Mozilla/5.0 (compatible; AhrefsBot/7.0; +http://ahrefs.com/robot/)"
52.167.144.225 - - [30/Nov/2025:07:54:48 -0500] "GET /info235529500?kg=0233630192 HTTP/1.1" 200 25136 "-" "Mozilla/5.0 AppleWebKit/537.36 (KHTML, like Gecko; compatible; bingbot/2.0; +http://www.bing.com/bingbot.htm) Chrome/116.0.1938.76 Safari/537.36"
52.167.144.169 - - [30/Nov/2025:07:54:52 -0500] "GET /info343814232?kg=0341041661 HTTP/1.1" 200 24227 "-" "Mozilla/5.0 AppleWebKit/537.36 (KHTML, like Gecko; compatible; bingbot/2.0; +http://www.bing.com/bingbot.htm) Chrome/116.0.1938.76 Safari/537.36"
52.167.144.225 - - [30/Nov/2025:07:55:07 -0500] "GET /info52664220?kg=0052239632 HTTP/1.1" 200 26642 "-" "Mozilla/5.0 AppleWebKit/537.36 (KHTML, like Gecko; compatible; bingbot/2.0; +http://www.bing.com/bingbot.htm) Chrome/116.0.1938.76 Safari/537.36"
52.167.144.169 - - [30/Nov/2025:07:55:11 -0500] "GET /info266961744?kg=0264808951 HTTP/1.1" 200 24684 "-" "Mozilla/5.0 AppleWebKit/537.36 (KHTML, like Gecko; compatible; bingbot/2.0; +http://www.bing.com/bingbot.htm) Chrome/116.0.1938.76 Safari/537.36"
66.29.146.184 - - [30/Nov/2025:07:55:17 -0500] "POST /wp-cron.php?doing_wp_cron=1764507317.3431499004364013671875 HTTP/1.1" 200 0 "-" "WordPress/6.8.3; https://globaltvabuja.com"
202.76.135.51 - - [30/Nov/2025:07:55:16 -0500] "GET /info127696056?kg=0126666373 HTTP/1.1" 404 32485 "-" "Mozilla/5.0 (Windows; U; Windows NT 6.1; es-ES; rv:1.9.2.3) Gecko/20100401 Firefox/3.6.3 GTB7.1"
52.167.144.169 - - [30/Nov/2025:07:55:18 -0500] "GET /info96632828?kg=0095853656 HTTP/1.1" 200 26440 "-" "Mozilla/5.0 AppleWebKit/537.36 (KHTML, like Gecko; compatible; bingbot/2.0; +http://www.bing.com/bingbot.htm) Chrome/116.0.1938.76 Safari/537.36"
114.119.130.178 - - [30/Nov/2025:07:55:21 -0500] "GET /info364179064?kg=0361242261 HTTP/1.1" 404 32486 "https://globaltvabuja.com/sitemap-subitems-942.xml" "Mozilla/5.0 (Linux; Android 7.0;) AppleWebKit/537.36 (KHTML, like Gecko) Mobile Safari/537.36 (compatible; PetalBot;+https://webmaster.petalsearch.com/site/petalbot)"
54.39.203.177 - - [30/Nov/2025:07:55:27 -0500] "GET /info353667436?kg=0350815404 HTTP/1.1" 404 26378 "-" "Mozilla/5.0 (compatible; AhrefsBot/7.0; +http://ahrefs.com/robot/)"
40.77.167.219 - - [30/Nov/2025:07:55:53 -0500] "GET /robots.txt HTTP/1.1" 200 82 "-" "Mozilla/5.0 AppleWebKit/537.36 (KHTML, like Gecko; compatible; bingbot/2.0; +http://www.bing.com/bingbot.htm) Chrome/116.0.1938.76 Safari/537.36"
40.77.167.219 - - [30/Nov/2025:07:55:53 -0500] "GET /robots.txt HTTP/1.1" 200 82 "-" "Mozilla/5.0 AppleWebKit/537.36 (KHTML, like Gecko; compatible; bingbot/2.0; +http://www.bing.com/bingbot.htm) Chrome/116.0.1938.76 Safari/537.36"
52.167.144.225 - - [30/Nov/2025:07:55:59 -0500] "GET /info246526940?kg=0244538944 HTTP/1.1" 200 24503 "-" "Mozilla/5.0 AppleWebKit/537.36 (KHTML, like Gecko; compatible; bingbot/2.0; +http://www.bing.com/bingbot.htm) Chrome/116.0.1938.76 Safari/537.36"
52.167.144.169 - - [30/Nov/2025:07:56:03 -0500] "GET /info310629188?kg=0308124238 HTTP/1.1" 200 24492 "-" "Mozilla/5.0 AppleWebKit/537.36 (KHTML, like Gecko; compatible; bingbot/2.0; +http://www.bing.com/bingbot.htm) Chrome/116.0.1938.76 Safari/537.36"
157.55.39.15 - - [30/Nov/2025:07:56:30 -0500] "GET /shop/goods/search.aspx?search=x&keyword=2026 HTTP/1.1" 200 26338 "-" "Mozilla/5.0 AppleWebKit/537.36 (KHTML, like Gecko; compatible; bingbot/2.0; +http://www.bing.com/bingbot.htm) Chrome/116.0.1938.76 Safari/537.36"
66.29.146.184 - - [30/Nov/2025:07:56:37 -0500] "POST /wp-cron.php?doing_wp_cron=1764507397.7671170234680175781250 HTTP/1.1" 200 0 "-" "WordPress/6.8.3; https://globaltvabuja.com"
148.113.130.49 - - [30/Nov/2025:07:56:37 -0500] "GET /info353654608?kg=0350802679 HTTP/1.1" 404 26380 "-" "Mozilla/5.0 (compatible; AhrefsBot/7.0; +http://ahrefs.com/robot/)"
114.119.135.251 - - [30/Nov/2025:07:56:45 -0500] "GET /info364178932?kg=0361242130 HTTP/1.1" 404 32485 "https://globaltvabuja.com/sitemap-subitems-942.xml" "Mozilla/5.0 (Linux; Android 7.0;) AppleWebKit/537.36 (KHTML, like Gecko) Mobile Safari/537.36 (compatible; PetalBot;+https://webmaster.petalsearch.com/site/petalbot)"
52.167.144.225 - - [30/Nov/2025:07:56:59 -0500] "GET /info353568368?kg=0350717135 HTTP/1.1" 200 24545 "-" "Mozilla/5.0 AppleWebKit/537.36 (KHTML, like Gecko; compatible; bingbot/2.0; +http://www.bing.com/bingbot.htm) Chrome/116.0.1938.76 Safari/537.36"
52.167.144.225 - - [30/Nov/2025:07:57:03 -0500] "GET /info175953552?kg=0174534695 HTTP/1.1" 200 24751 "-" "Mozilla/5.0 AppleWebKit/537.36 (KHTML, like Gecko; compatible; bingbot/2.0; +http://www.bing.com/bingbot.htm) Chrome/116.0.1938.76 Safari/537.36"
52.167.144.225 - - [30/Nov/2025:07:57:28 -0500] "GET /info121933464?kg=0120950253 HTTP/1.1" 200 26415 "-" "Mozilla/5.0 AppleWebKit/537.36 (KHTML, like Gecko; compatible; bingbot/2.0; +http://www.bing.com/bingbot.htm) Chrome/116.0.1938.76 Safari/537.36"
157.55.39.15 - - [30/Nov/2025:07:57:32 -0500] "GET /info354436172?kg=0351577940 HTTP/1.1" 200 24575 "-" "Mozilla/5.0 AppleWebKit/537.36 (KHTML, like Gecko; compatible; bingbot/2.0; +http://www.bing.com/bingbot.htm) Chrome/116.0.1938.76 Safari/537.36"
52.167.144.169 - - [30/Nov/2025:07:57:39 -0500] "GET /info235177668?kg=0233281198 HTTP/1.1" 200 24651 "-" "Mozilla/5.0 AppleWebKit/537.36 (KHTML, like Gecko; compatible; bingbot/2.0; +http://www.bing.com/bingbot.htm) Chrome/116.0.1938.76 Safari/537.36"
66.29.146.184 - - [30/Nov/2025:07:57:43 -0500] "POST /wp-cron.php?doing_wp_cron=1764507463.9555590152740478515625 HTTP/1.1" 200 0 "-" "WordPress/6.8.3; https://globaltvabuja.com"
51.222.95.156 - - [30/Nov/2025:07:57:43 -0500] "GET /info353645616?kg=0350793759 HTTP/1.1" 404 26392 "-" "Mozilla/5.0 (compatible; AhrefsBot/7.0; +http://ahrefs.com/robot/)"
52.167.144.225 - - [30/Nov/2025:07:57:59 -0500] "GET /info61261416?kg=0060767497 HTTP/1.1" 200 27281 "-" "Mozilla/5.0 AppleWebKit/537.36 (KHTML, like Gecko; compatible; bingbot/2.0; +http://www.bing.com/bingbot.htm) Chrome/116.0.1938.76 Safari/537.36"
66.29.146.184 - - [30/Nov/2025:07:58:08 -0500] "POST /wp-cron.php?doing_wp_cron=1764507488.6536600589752197265625 HTTP/1.1" 200 0 "-" "WordPress/6.8.3; https://globaltvabuja.com"
114.119.152.134 - - [30/Nov/2025:07:58:08 -0500] "GET /info364178800?kg=0361241999 HTTP/1.1" 404 32495 "https://globaltvabuja.com/sitemap-subitems-942.xml" "Mozilla/5.0 (Linux; Android 7.0;) AppleWebKit/537.36 (KHTML, like Gecko) Mobile Safari/537.36 (compatible; PetalBot;+https://webmaster.petalsearch.com/site/petalbot)"
3.83.76.234 - - [30/Nov/2025:07:58:25 -0500] "GET /tag/cbn-raises-alarm-over-counterfeit-naira-banknotes-in-circulation/ HTTP/1.1" 200 168456 "-" "TerraCotta https://github.com/CeramicTeam/CeramicTerracotta"
202.76.177.219 - - [30/Nov/2025:07:58:27 -0500] "GET /info127696188?kg=0126666504 HTTP/1.1" 404 32518 "-" "Mozilla/5.0 (X11; U; Linux i686; en-US) AppleWebKit/532.0 (KHTML, like Gecko) Chrome/4.0.212.0 Safari/532.0"
52.167.144.225 - - [30/Nov/2025:07:58:30 -0500] "GET /info145977952?kg=0144800835 HTTP/1.1" 200 24318 "-" "Mozilla/5.0 AppleWebKit/537.36 (KHTML, like Gecko; compatible; bingbot/2.0; +http://www.bing.com/bingbot.htm) Chrome/116.0.1938.76 Safari/537.36"
40.77.167.55 - - [30/Nov/2025:07:58:50 -0500] "GET /info73074020?kg=0072484838 HTTP/1.1" 200 26315 "-" "Mozilla/5.0 AppleWebKit/537.36 (KHTML, like Gecko; compatible; bingbot/2.0; +http://www.bing.com/bingbot.htm) Chrome/116.0.1938.76 Safari/537.36"
66.29.146.184 - - [30/Nov/2025:07:59:04 -0500] "POST /wp-cron.php?doing_wp_cron=1764507544.3556489944458007812500 HTTP/1.1" 200 0 "-" "WordPress/6.8.3; https://globaltvabuja.com"
167.114.139.65 - - [30/Nov/2025:07:59:03 -0500] "GET /info353637812?kg=0350786018 HTTP/1.1" 404 26379 "-" "Mozilla/5.0 (compatible; AhrefsBot/7.0; +http://ahrefs.com/robot/)"
114.119.151.50 - - [30/Nov/2025:07:59:31 -0500] "GET /info364178668?kg=0361241868 HTTP/1.1" 404 32494 "https://globaltvabuja.com/sitemap-subitems-942.xml" "Mozilla/5.0 (Linux; Android 7.0;) AppleWebKit/537.36 (KHTML, like Gecko) Mobile Safari/537.36 (compatible; PetalBot;+https://webmaster.petalsearch.com/site/petalbot)"
40.77.167.55 - - [30/Nov/2025:07:59:50 -0500] "GET /info254913444?kg=0252857814 HTTP/1.1" 200 24724 "-" "Mozilla/5.0 AppleWebKit/537.36 (KHTML, like Gecko; compatible; bingbot/2.0; +http://www.bing.com/bingbot.htm) Chrome/116.0.1938.76 Safari/537.36"
66.29.146.184 - - [30/Nov/2025:08:00:20 -0500] "POST /wp-cron.php?doing_wp_cron=1764507620.1354041099548339843750 HTTP/1.1" 200 0 "-" "WordPress/6.8.3; https://globaltvabuja.com"
54.39.210.176 - - [30/Nov/2025:08:00:19 -0500] "GET /info353635560?kg=0350783785 HTTP/1.1" 404 26372 "-" "Mozilla/5.0 (compatible; AhrefsBot/7.0; +http://ahrefs.com/robot/)"
52.167.144.225 - - [30/Nov/2025:08:00:29 -0500] "GET /info294422688?kg=0292048435 HTTP/1.1" 200 24748 "-" "Mozilla/5.0 AppleWebKit/537.36 (KHTML, like Gecko; compatible; bingbot/2.0; +http://www.bing.com/bingbot.htm) Chrome/116.0.1938.76 Safari/537.36"
52.167.144.225 - - [30/Nov/2025:08:00:34 -0500] "GET /info240738824?kg=0238797505 HTTP/1.1" 200 24712 "-" "Mozilla/5.0 AppleWebKit/537.36 (KHTML, like Gecko; compatible; bingbot/2.0; +http://www.bing.com/bingbot.htm) Chrome/116.0.1938.76 Safari/537.36"
157.55.39.15 - - [30/Nov/2025:08:00:43 -0500] "GET /info184065464?kg=0182581189 HTTP/1.1" 200 24562 "-" "Mozilla/5.0 AppleWebKit/537.36 (KHTML, like Gecko; compatible; bingbot/2.0; +http://www.bing.com/bingbot.htm) Chrome/116.0.1938.76 Safari/537.36"
66.29.146.184 - - [30/Nov/2025:08:00:57 -0500] "POST /wp-cron.php?doing_wp_cron=1764507656.9996280670166015625000 HTTP/1.1" 200 0 "-" "WordPress/6.8.3; https://globaltvabuja.com"
114.119.130.178 - - [30/Nov/2025:08:00:56 -0500] "GET /info364178536?kg=0361241737 HTTP/1.1" 404 32503 "https://globaltvabuja.com/sitemap-subitems-942.xml" "Mozilla/5.0 (Linux; Android 7.0;) AppleWebKit/537.36 (KHTML, like Gecko) Mobile Safari/537.36 (compatible; PetalBot;+https://webmaster.petalsearch.com/site/petalbot)"
40.77.167.55 - - [30/Nov/2025:08:01:00 -0500] "GET /?info332934372?kg=0330249542 HTTP/1.1" 200 24691 "-" "Mozilla/5.0 AppleWebKit/537.36 (KHTML, like Gecko; compatible; bingbot/2.0; +http://www.bing.com/bingbot.htm) Chrome/116.0.1938.76 Safari/537.36"
146.174.167.253 - - [30/Nov/2025:08:01:00 -0500] "GET /info127685208?kg=0126655613 HTTP/1.1" 404 32520 "-" "Mozilla/5.0 (X11; Linux ppc; rv:5.0) Gecko/20100101 Firefox/5.0"
40.77.167.55 - - [30/Nov/2025:08:01:18 -0500] "GET /info332815992?kg=0330132117 HTTP/1.1" 200 24623 "-" "Mozilla/5.0 AppleWebKit/537.36 (KHTML, like Gecko; compatible; bingbot/2.0; +http://www.bing.com/bingbot.htm) Chrome/116.0.1938.76 Safari/537.36"
54.39.203.249 - - [30/Nov/2025:08:01:32 -0500] "GET /info352067540?kg=0349228410 HTTP/1.1" 404 26366 "-" "Mozilla/5.0 (compatible; AhrefsBot/7.0; +http://ahrefs.com/robot/)"
40.77.167.55 - - [30/Nov/2025:08:01:40 -0500] "GET /info199952148?kg=0198339754 HTTP/1.1" 200 24468 "-" "Mozilla/5.0 AppleWebKit/537.36 (KHTML, like Gecko; compatible; bingbot/2.0; +http://www.bing.com/bingbot.htm) Chrome/116.0.1938.76 Safari/537.36"
157.55.39.15 - - [30/Nov/2025:08:01:44 -0500] "GET /info189441048?kg=0187913421 HTTP/1.1" 200 24592 "-" "Mozilla/5.0 AppleWebKit/537.36 (KHTML, like Gecko; compatible; bingbot/2.0; +http://www.bing.com/bingbot.htm) Chrome/116.0.1938.76 Safari/537.36"
85.208.96.212 - - [30/Nov/2025:08:01:45 -0500] "GET /ncs-says-its-reviewing-enforcement-strategy-by-streamlining-structure/ HTTP/1.1" 200 42343 "-" "Mozilla/5.0 (compatible; SemrushBot/7~bl; +http://www.semrush.com/bot.html)"
66.29.146.184 - - [30/Nov/2025:08:01:52 -0500] "POST /wp-cron.php?doing_wp_cron=1764507712.1041629314422607421875 HTTP/1.1" 200 0 "-" "WordPress/6.8.3; https://globaltvabuja.com"
143.105.174.122 - - [30/Nov/2025:08:01:51 -0500] "GET /wp-json/wp/v2/categories?per_page=100&parent=0&orderby=count&order=desc HTTP/1.1" 200 116604 "-" "Dart/3.5 (dart:io)"
143.105.174.122 - - [30/Nov/2025:08:01:51 -0500] "GET /wp-json/wp/v2/posts?_embed=wp:featuredmedia,wp:term&page=1&per_page=10 HTTP/1.1" 200 299480 "-" "Dart/3.5 (dart:io)"
143.105.174.122 - - [30/Nov/2025:08:01:51 -0500] "GET /wp-json/wp/v2/posts?_embed=wp:featuredmedia,wp:term&per_page=10 HTTP/1.1" 200 299480 "-" "Dart/3.5 (dart:io)"
40.77.167.55 - - [30/Nov/2025:08:01:59 -0500] "GET /info350693028?kg=0347864982 HTTP/1.1" 200 24906 "-" "Mozilla/5.0 AppleWebKit/537.36 (KHTML, like Gecko; compatible; bingbot/2.0; +http://www.bing.com/bingbot.htm) Chrome/116.0.1938.76 Safari/537.36"
