66.249.64.230 - - [30/Nov/2025:09:33:11 -0500] "GET /info6078704?kg=0006029807 HTTP/1.1" 200 26574 "-" "Mozilla/5.0 (Linux; Android 6.0.1; Nexus 5X Build/MMB29P) AppleWebKit/537.36 (KHTML, like Gecko) Chrome/141.0.7390.122 Mobile Safari/537.36 (compatible; Googlebot/2.1; +http://www.google.com/bot.html)"
66.249.64.230 - - [30/Nov/2025:09:33:17 -0500] "GET /info6098016?kg=0006048963 HTTP/1.1" 200 26164 "-" "Mozilla/5.0 (Linux; Android 6.0.1; Nexus 5X Build/MMB29P) AppleWebKit/537.36 (KHTML, like Gecko) Chrome/141.0.7390.122 Mobile Safari/537.36 (compatible; Googlebot/2.1; +http://www.google.com/bot.html)"
66.249.64.230 - - [30/Nov/2025:09:33:18 -0500] "GET /info18920348?kg=0018767888 HTTP/1.1" 200 26603 "-" "Mozilla/5.0 (Linux; Android 6.0.1; Nexus 5X Build/MMB29P) AppleWebKit/537.36 (KHTML, like Gecko) Chrome/141.0.7390.122 Mobile Safari/537.36 (compatible; Googlebot/2.1; +http://www.google.com/bot.html)"
66.249.64.230 - - [30/Nov/2025:09:33:23 -0500] "GET /info17518984?kg=0017377825 HTTP/1.1" 200 26589 "-" "Mozilla/5.0 (Linux; Android 6.0.1; Nexus 5X Build/MMB29P) AppleWebKit/537.36 (KHTML, like Gecko) Chrome/141.0.7390.122 Mobile Safari/537.36 (compatible; Googlebot/2.1; +http://www.google.com/bot.html)"
185.191.171.13 - - [30/Nov/2025:09:33:28 -0500] "GET /world-ntd-day-who-urges-global-action-to-eliminate-neglected-tropical-diseases/ HTTP/1.1" 200 42096 "-" "Mozilla/5.0 (compatible; SemrushBot/7~bl; +http://www.semrush.com/bot.html)"
66.249.64.230 - - [30/Nov/2025:09:33:29 -0500] "GET /info76019340?kg=0075406404 HTTP/1.1" 200 26303 "-" "Mozilla/5.0 (Linux; Android 6.0.1; Nexus 5X Build/MMB29P) AppleWebKit/537.36 (KHTML, like Gecko) Chrome/141.0.7390.122 Mobile Safari/537.36 (compatible; Googlebot/2.1; +http://www.google.com/bot.html)"
66.249.64.230 - - [30/Nov/2025:09:33:33 -0500] "GET /info265611172?kg=0263469270 HTTP/1.1" 200 24825 "-" "Mozilla/5.0 (Linux; Android 6.0.1; Nexus 5X Build/MMB29P) AppleWebKit/537.36 (KHTML, like Gecko) Chrome/141.0.7390.122 Mobile Safari/537.36 (compatible; Googlebot/2.1; +http://www.google.com/bot.html)"
66.249.64.230 - - [30/Nov/2025:09:33:34 -0500] "GET /info17529560?kg=0017388317 HTTP/1.1" 200 26589 "-" "Mozilla/5.0 (Linux; Android 6.0.1; Nexus 5X Build/MMB29P) AppleWebKit/537.36 (KHTML, like Gecko) Chrome/141.0.7390.122 Mobile Safari/537.36 (compatible; Googlebot/2.1; +http://www.google.com/bot.html)"
66.249.64.231 - - [30/Nov/2025:09:33:36 -0500] "GET /info6075272?kg=0006026401 HTTP/1.1" 200 26242 "-" "Mozilla/5.0 (Linux; Android 6.0.1; Nexus 5X Build/MMB29P) AppleWebKit/537.36 (KHTML, like Gecko) Chrome/141.0.7390.122 Mobile Safari/537.36 (compatible; Googlebot/2.1; +http://www.google.com/bot.html)"
66.249.64.230 - - [30/Nov/2025:09:33:41 -0500] "GET /?info265355760?kg=0263215919 HTTP/1.1" 200 24566 "-" "Mozilla/5.0 (Linux; Android 6.0.1; Nexus 5X Build/MMB29P) AppleWebKit/537.36 (KHTML, like Gecko) Chrome/141.0.7390.122 Mobile Safari/537.36 (compatible; Googlebot/2.1; +http://www.google.com/bot.html)"
66.249.64.231 - - [30/Nov/2025:09:33:42 -0500] "GET /info5727012?kg=0005680950 HTTP/1.1" 200 26491 "-" "Mozilla/5.0 (Linux; Android 6.0.1; Nexus 5X Build/MMB29P) AppleWebKit/537.36 (KHTML, like Gecko) Chrome/141.0.7390.122 Mobile Safari/537.36 (compatible; Googlebot/2.1; +http://www.google.com/bot.html)"
66.249.64.230 - - [30/Nov/2025:09:33:48 -0500] "GET /info17525064?kg=0017383857 HTTP/1.1" 200 26332 "-" "Mozilla/5.0 (Linux; Android 6.0.1; Nexus 5X Build/MMB29P) AppleWebKit/537.36 (KHTML, like Gecko) Chrome/141.0.7390.122 Mobile Safari/537.36 (compatible; Googlebot/2.1; +http://www.google.com/bot.html)"
66.249.64.230 - - [30/Nov/2025:09:33:49 -0500] "GET /info5549508?kg=0005504878 HTTP/1.1" 200 27196 "-" "Mozilla/5.0 (Linux; Android 6.0.1; Nexus 5X Build/MMB29P) AppleWebKit/537.36 (KHTML, like Gecko) Chrome/141.0.7390.122 Mobile Safari/537.36 (compatible; Googlebot/2.1; +http://www.google.com/bot.html)"
66.29.146.184 - - [30/Nov/2025:09:33:51 -0500] "POST /wp-cron.php?doing_wp_cron=1764513230.9983270168304443359375 HTTP/1.1" 200 0 "-" "WordPress/6.8.3; https://globaltvabuja.com"
15.235.96.27 - - [30/Nov/2025:09:33:50 -0500] "GET /info189609420?kg=0188080436 HTTP/1.1" 404 26370 "-" "Mozilla/5.0 (compatible; AhrefsBot/7.0; +http://ahrefs.com/robot/)"
66.249.64.231 - - [30/Nov/2025:09:33:51 -0500] "GET /?info77334860?kg=0076711316 HTTP/1.1" 200 26626 "-" "Mozilla/5.0 (Linux; Android 6.0.1; Nexus 5X Build/MMB29P) AppleWebKit/537.36 (KHTML, like Gecko) Chrome/141.0.7390.122 Mobile Safari/537.36 (compatible; Googlebot/2.1; +http://www.google.com/bot.html)"
66.249.64.230 - - [30/Nov/2025:09:33:53 -0500] "GET /info5732828?kg=0005686720 HTTP/1.1" 200 26230 "-" "Mozilla/5.0 (Linux; Android 6.0.1; Nexus 5X Build/MMB29P) AppleWebKit/537.36 (KHTML, like Gecko) Chrome/141.0.7390.122 Mobile Safari/537.36 (compatible; Googlebot/2.1; +http://www.google.com/bot.html)"
66.249.64.231 - - [30/Nov/2025:09:33:56 -0500] "GET /info4078172?kg=0004045408 HTTP/1.1" 200 26673 "-" "Mozilla/5.0 (Linux; Android 6.0.1; Nexus 5X Build/MMB29P) AppleWebKit/537.36 (KHTML, like Gecko) Chrome/141.0.7390.122 Mobile Safari/537.36 (compatible; Googlebot/2.1; +http://www.google.com/bot.html)"
66.249.64.232 - - [30/Nov/2025:09:33:57 -0500] "GET /info5748700?kg=0005702464 HTTP/1.1" 200 26616 "-" "Mozilla/5.0 (Linux; Android 6.0.1; Nexus 5X Build/MMB29P) AppleWebKit/537.36 (KHTML, like Gecko) Chrome/141.0.7390.122 Mobile Safari/537.36 (compatible; Googlebot/2.1; +http://www.google.com/bot.html)"
52.167.144.187 - - [30/Nov/2025:09:33:58 -0500] "GET /info211841992?kg=0210133713 HTTP/1.1" 200 24262 "-" "Mozilla/5.0 AppleWebKit/537.36 (KHTML, like Gecko; compatible; bingbot/2.0; +http://www.bing.com/bingbot.htm) Chrome/116.0.1938.76 Safari/537.36"
40.77.167.76 - - [30/Nov/2025:09:34:08 -0500] "GET /info201635768?kg=0200009797 HTTP/1.1" 200 24498 "-" "Mozilla/5.0 AppleWebKit/537.36 (KHTML, like Gecko; compatible; bingbot/2.0; +http://www.bing.com/bingbot.htm) Chrome/116.0.1938.76 Safari/537.36"
114.119.145.123 - - [30/Nov/2025:09:34:15 -0500] "GET /info364170204?kg=0361233472 HTTP/1.1" 404 32492 "https://globaltvabuja.com/sitemap-subitems-942.xml" "Mozilla/5.0 (Linux; Android 7.0;) AppleWebKit/537.36 (KHTML, like Gecko) Mobile Safari/537.36 (compatible; PetalBot;+https://webmaster.petalsearch.com/site/petalbot)"
157.55.39.57 - - [30/Nov/2025:09:34:59 -0500] "GET /info183575544?kg=0182095221 HTTP/1.1" 200 24219 "-" "Mozilla/5.0 AppleWebKit/537.36 (KHTML, like Gecko; compatible; bingbot/2.0; +http://www.bing.com/bingbot.htm) Chrome/116.0.1938.76 Safari/537.36"
66.29.146.184 - - [30/Nov/2025:09:35:06 -0500] "POST /wp-cron.php?doing_wp_cron=1764513306.3633239269256591796875 HTTP/1.1" 200 0 "-" "WordPress/6.8.3; https://globaltvabuja.com"
185.191.171.10 - - [30/Nov/2025:09:35:05 -0500] "GET /fg-partners-with-cilss-to-bolster-food-and-nutritional-security/ HTTP/1.1" 200 41531 "-" "Mozilla/5.0 (compatible; SemrushBot/7~bl; +http://www.semrush.com/bot.html)"
54.39.210.212 - - [30/Nov/2025:09:35:09 -0500] "GET /info189606904?kg=0188077941 HTTP/1.1" 404 26354 "-" "Mozilla/5.0 (compatible; AhrefsBot/7.0; +http://ahrefs.com/robot/)"
40.77.167.76 - - [30/Nov/2025:09:35:38 -0500] "GET /info48577576?kg=0048185945 HTTP/1.1" 200 26193 "-" "Mozilla/5.0 AppleWebKit/537.36 (KHTML, like Gecko; compatible; bingbot/2.0; +http://www.bing.com/bingbot.htm) Chrome/116.0.1938.76 Safari/537.36"
114.119.130.178 - - [30/Nov/2025:09:35:39 -0500] "GET /info364170072?kg=0361233341 HTTP/1.1" 404 32461 "https://globaltvabuja.com/sitemap-subitems-942.xml" "Mozilla/5.0 (Linux; Android 7.0;) AppleWebKit/537.36 (KHTML, like Gecko) Mobile Safari/537.36 (compatible; PetalBot;+https://webmaster.petalsearch.com/site/petalbot)"
157.55.39.57 - - [30/Nov/2025:09:35:49 -0500] "GET /info266964392?kg=0264811577 HTTP/1.1" 200 24732 "-" "Mozilla/5.0 AppleWebKit/537.36 (KHTML, like Gecko; compatible; bingbot/2.0; +http://www.bing.com/bingbot.htm) Chrome/116.0.1938.76 Safari/537.36"
52.167.144.187 - - [30/Nov/2025:09:35:50 -0500] "GET /info349032416?kg=0346217763 HTTP/1.1" 200 24369 "-" "Mozilla/5.0 AppleWebKit/537.36 (KHTML, like Gecko; compatible; bingbot/2.0; +http://www.bing.com/bingbot.htm) Chrome/116.0.1938.76 Safari/537.36"
40.77.167.76 - - [30/Nov/2025:09:35:53 -0500] "GET /info309044768?kg=0306552595 HTTP/1.1" 200 24542 "-" "Mozilla/5.0 AppleWebKit/537.36 (KHTML, like Gecko; compatible; bingbot/2.0; +http://www.bing.com/bingbot.htm) Chrome/116.0.1938.76 Safari/537.36"
52.167.144.187 - - [30/Nov/2025:09:36:00 -0500] "GET /info235506088?kg=0233606969 HTTP/1.1" 200 24675 "-" "Mozilla/5.0 AppleWebKit/537.36 (KHTML, like Gecko; compatible; bingbot/2.0; +http://www.bing.com/bingbot.htm) Chrome/116.0.1938.76 Safari/537.36"
40.77.167.76 - - [30/Nov/2025:09:36:09 -0500] "GET /info122601408?kg=0121612811 HTTP/1.1" 200 26472 "-" "Mozilla/5.0 AppleWebKit/537.36 (KHTML, like Gecko; compatible; bingbot/2.0; +http://www.bing.com/bingbot.htm) Chrome/116.0.1938.76 Safari/537.36"
66.29.146.184 - - [30/Nov/2025:09:36:15 -0500] "POST /wp-cron.php?doing_wp_cron=1764513375.5072629451751708984375 HTTP/1.1" 200 0 "-" "WordPress/6.8.3; https://globaltvabuja.com"
142.44.225.100 - - [30/Nov/2025:09:36:15 -0500] "GET /info189602012?kg=0188073088 HTTP/1.1" 404 26369 "-" "Mozilla/5.0 (compatible; AhrefsBot/7.0; +http://ahrefs.com/robot/)"
157.55.39.57 - - [30/Nov/2025:09:36:30 -0500] "GET /info7286172?kg=0007227536 HTTP/1.1" 200 26331 "-" "Mozilla/5.0 AppleWebKit/537.36 (KHTML, like Gecko; compatible; bingbot/2.0; +http://www.bing.com/bingbot.htm) Chrome/116.0.1938.76 Safari/537.36"
157.55.39.57 - - [30/Nov/2025:09:36:40 -0500] "GET /info62950200?kg=0062442661 HTTP/1.1" 200 26454 "-" "Mozilla/5.0 AppleWebKit/537.36 (KHTML, like Gecko; compatible; bingbot/2.0; +http://www.bing.com/bingbot.htm) Chrome/116.0.1938.76 Safari/537.36"
146.174.179.68 - - [30/Nov/2025:09:36:45 -0500] "GET /info127680052?kg=0126650498 HTTP/1.1" 404 32499 "-" "Mozilla/5.0 (Windows NT 6.1; WOW64; rv:21.0) Gecko/20130331 Firefox/21.0"
66.29.146.184 - - [30/Nov/2025:09:37:02 -0500] "POST /wp-cron.php?doing_wp_cron=1764513421.9953010082244873046875 HTTP/1.1" 200 0 "-" "WordPress/6.8.3; https://globaltvabuja.com"
114.119.135.251 - - [30/Nov/2025:09:37:01 -0500] "GET /info364169940?kg=0361233210 HTTP/1.1" 404 32522 "https://globaltvabuja.com/sitemap-subitems-942.xml" "Mozilla/5.0 (Linux; Android 7.0;) AppleWebKit/537.36 (KHTML, like Gecko) Mobile Safari/537.36 (compatible; PetalBot;+https://webmaster.petalsearch.com/site/petalbot)"
142.44.233.101 - - [30/Nov/2025:09:37:20 -0500] "GET /info189590108?kg=0188061280 HTTP/1.1" 404 26371 "-" "Mozilla/5.0 (compatible; AhrefsBot/7.0; +http://ahrefs.com/robot/)"
52.167.144.187 - - [30/Nov/2025:09:37:37 -0500] "GET /info43825232?kg=0043471927 HTTP/1.1" 200 26882 "-" "Mozilla/5.0 AppleWebKit/537.36 (KHTML, like Gecko; compatible; bingbot/2.0; +http://www.bing.com/bingbot.htm) Chrome/116.0.1938.76 Safari/537.36"
157.55.39.57 - - [30/Nov/2025:09:37:41 -0500] "GET /info185491428?kg=0183995654 HTTP/1.1" 200 24653 "-" "Mozilla/5.0 AppleWebKit/537.36 (KHTML, like Gecko; compatible; bingbot/2.0; +http://www.bing.com/bingbot.htm) Chrome/116.0.1938.76 Safari/537.36"
52.167.144.187 - - [30/Nov/2025:09:37:47 -0500] "GET /info36960592?kg=0036662647 HTTP/1.1" 200 26833 "-" "Mozilla/5.0 AppleWebKit/537.36 (KHTML, like Gecko; compatible; bingbot/2.0; +http://www.bing.com/bingbot.htm) Chrome/116.0.1938.76 Safari/537.36"
66.249.64.232 - - [30/Nov/2025:09:37:52 -0500] "GET /?info1533892?kg=0001521646 HTTP/1.1" 200 25914 "-" "Mozilla/5.0 (Linux; Android 6.0.1; Nexus 5X Build/MMB29P) AppleWebKit/537.36 (KHTML, like Gecko) Chrome/141.0.7390.122 Mobile Safari/537.36 (compatible; Googlebot/2.1; +http://www.google.com/bot.html)"
52.167.144.187 - - [30/Nov/2025:09:37:57 -0500] "GET /info51751448?kg=0051334221 HTTP/1.1" 200 26600 "-" "Mozilla/5.0 AppleWebKit/537.36 (KHTML, like Gecko; compatible; bingbot/2.0; +http://www.bing.com/bingbot.htm) Chrome/116.0.1938.76 Safari/537.36"
66.29.146.184 - - [30/Nov/2025:09:38:04 -0500] "POST /wp-cron.php?doing_wp_cron=1764513484.9392600059509277343750 HTTP/1.1" 200 0 "-" "WordPress/6.8.3; https://globaltvabuja.com"
47.128.112.123 - - [30/Nov/2025:09:38:04 -0500] "GET /nepza-public-account-cttee-to-enforce-regulations-on-ftzs-businesses/ HTTP/1.1" 200 34395 "-" "Mozilla/5.0 (compatible; Bytespider; spider-feedback@bytedance.com) AppleWebKit/537.36 (KHTML, like Gecko) Chrome/70.0.0.0 Safari/537.36"
47.128.112.123 - - [30/Nov/2025:09:38:05 -0500] "GET /wp-content/plugins/td-composer/td-multi-purpose/style.css?ver=75663779ceaca21efa8b6f639056c3fd HTTP/1.1" 200 8624 "https://globaltvabuja.com/nepza-public-account-cttee-to-enforce-regulations-on-ftzs-businesses/" "Mozilla/5.0 (compatible; Bytespider; spider-feedback@bytedance.com) AppleWebKit/537.36 (KHTML, like Gecko) Chrome/70.0.0.0 Safari/537.36"
47.128.112.123 - - [30/Nov/2025:09:38:06 -0500] "GET /wp-includes/css/dist/block-library/style.min.css?ver=6.8.3 HTTP/1.1" 200 14360 "https://globaltvabuja.com/nepza-public-account-cttee-to-enforce-regulations-on-ftzs-businesses/" "Mozilla/5.0 (compatible; Bytespider; spider-feedback@bytedance.com) AppleWebKit/537.36 (KHTML, like Gecko) Chrome/70.0.0.0 Safari/537.36"
47.128.112.123 - - [30/Nov/2025:09:38:06 -0500] "GET /wp-content/themes/Newspaper/style.css?ver=10.3.5 HTTP/1.1" 200 24714 "https://globaltvabuja.com/nepza-public-account-cttee-to-enforce-regulations-on-ftzs-businesses/" "Mozilla/5.0 (compatible; Bytespider; spider-feedback@bytedance.com) AppleWebKit/537.36 (KHTML, like Gecko) Chrome/70.0.0.0 Safari/537.36"
47.128.112.123 - - [30/Nov/2025:09:38:06 -0500] "GET /wp-content/plugins/td-standard-pack/Newspaper/assets/css/td_standard_pack_main.css?ver=e06dc97a9cdcc3f12ae1599dfcd5b98f HTTP/1.1" 200 47515 "https://globaltvabuja.com/nepza-public-account-cttee-to-enforce-regulations-on-ftzs-businesses/" "Mozilla/5.0 (compatible; Bytespider; spider-feedback@bytedance.com) AppleWebKit/537.36 (KHTML, like Gecko) Chrome/70.0.0.0 Safari/537.36"
47.128.112.123 - - [30/Nov/2025:09:38:06 -0500] "GET /wp-content/plugins/td-cloud-library/assets/css/tdb_less_front.css?ver=b609d31b17f396913344a17574b6a2f5 HTTP/1.1" 200 12831 "https://globaltvabuja.com/nepza-public-account-cttee-to-enforce-regulations-on-ftzs-businesses/" "Mozilla/5.0 (compatible; Bytespider; spider-feedback@bytedance.com) AppleWebKit/537.36 (KHTML, like Gecko) Chrome/70.0.0.0 Safari/537.36"
47.128.112.123 - - [30/Nov/2025:09:38:06 -0500] "GET /wp-content/plugins/td-composer/legacy/Newspaper/assets/css/td_legacy_main.css?ver=75663779ceaca21efa8b6f639056c3fd HTTP/1.1" 200 45043 "https://globaltvabuja.com/nepza-public-account-cttee-to-enforce-regulations-on-ftzs-businesses/" "Mozilla/5.0 (compatible; Bytespider; spider-feedback@bytedance.com) AppleWebKit/537.36 (KHTML, like Gecko) Chrome/70.0.0.0 Safari/537.36"
47.128.112.123 - - [30/Nov/2025:09:38:06 -0500] "GET /wp-content/uploads/2023/11/cropped-Screenshot-2023-11-11-at-3.53.06-am.png HTTP/1.1" 206 500 "https://globaltvabuja.com/nepza-public-account-cttee-to-enforce-regulations-on-ftzs-businesses/" "Mozilla/5.0 (compatible; Bytespider; spider-feedback@bytedance.com) AppleWebKit/537.36 (KHTML, like Gecko) Chrome/70.0.0.0 Safari/537.36"
47.128.112.123 - - [30/Nov/2025:09:38:06 -0500] "GET /wp-content/uploads/2023/11/PHOTO-2023-11-13-12-52-17.jpg HTTP/1.1" 206 500 "https://globaltvabuja.com/nepza-public-account-cttee-to-enforce-regulations-on-ftzs-businesses/" "Mozilla/5.0 (compatible; Bytespider; spider-feedback@bytedance.com) AppleWebKit/537.36 (KHTML, like Gecko) Chrome/70.0.0.0 Safari/537.36"
47.128.112.123 - - [30/Nov/2025:09:38:06 -0500] "GET /wp-content/uploads/2023/11/mobile-bg.jpg HTTP/1.1" 200 0 "https://globaltvabuja.com/nepza-public-account-cttee-to-enforce-regulations-on-ftzs-businesses/" "Mozilla/5.0 (compatible; Bytespider; spider-feedback@bytedance.com) AppleWebKit/537.36 (KHTML, like Gecko) Chrome/70.0.0.0 Safari/537.36"
47.128.112.123 - - [30/Nov/2025:09:38:06 -0500] "GET /wp-content/uploads/2023/11/footer_bg.jpg HTTP/1.1" 200 0 "https://globaltvabuja.com/nepza-public-account-cttee-to-enforce-regulations-on-ftzs-businesses/" "Mozilla/5.0 (compatible; Bytespider; spider-feedback@bytedance.com) AppleWebKit/537.36 (KHTML, like Gecko) Chrome/70.0.0.0 Safari/537.36"
66.249.64.232 - - [30/Nov/2025:09:38:06 -0500] "GET /info5729256?kg=0005683177 HTTP/1.1" 200 26803 "-" "Mozilla/5.0 (Linux; Android 6.0.1; Nexus 5X Build/MMB29P) AppleWebKit/537.36 (KHTML, like Gecko) Chrome/141.0.7390.122 Mobile Safari/537.36 (compatible; Googlebot/2.1; +http://www.google.com/bot.html)"
47.128.112.123 - - [30/Nov/2025:09:38:06 -0500] "GET /wp-content/uploads/2025/05/IMG-20250530-WA0003-696x464.jpg HTTP/1.1" 206 500 "https://globaltvabuja.com/nepza-public-account-cttee-to-enforce-regulations-on-ftzs-businesses/" "Mozilla/5.0 (compatible; Bytespider; spider-feedback@bytedance.com) AppleWebKit/537.36 (KHTML, like Gecko) Chrome/70.0.0.0 Safari/537.36"
66.249.64.231 - - [30/Nov/2025:09:38:09 -0500] "GET /info354808768?kg=0351947531 HTTP/1.1" 200 24489 "-" "Mozilla/5.0 (Linux; Android 6.0.1; Nexus 5X Build/MMB29P) AppleWebKit/537.36 (KHTML, like Gecko) Chrome/141.0.7390.122 Mobile Safari/537.36 (compatible; Googlebot/2.1; +http://www.google.com/bot.html)"
3.83.76.234 - - [30/Nov/2025:09:38:14 -0500] "GET /messi-joins-major-league-soccers-inter-miami/ HTTP/1.1" 200 203620 "-" "TerraCotta https://github.com/CeramicTeam/CeramicTerracotta"
52.167.144.187 - - [30/Nov/2025:09:38:17 -0500] "GET /info348996572?kg=0346182208 HTTP/1.1" 200 24668 "-" "Mozilla/5.0 AppleWebKit/537.36 (KHTML, like Gecko; compatible; bingbot/2.0; +http://www.bing.com/bingbot.htm) Chrome/116.0.1938.76 Safari/537.36"
51.222.168.173 - - [30/Nov/2025:09:38:22 -0500] "GET /info188974936?kg=0187451069 HTTP/1.1" 404 26373 "-" "Mozilla/5.0 (compatible; AhrefsBot/7.0; +http://ahrefs.com/robot/)"
114.119.135.251 - - [30/Nov/2025:09:38:24 -0500] "GET /info364169808?kg=0361233079 HTTP/1.1" 404 32488 "https://globaltvabuja.com/sitemap-subitems-942.xml" "Mozilla/5.0 (Linux; Android 7.0;) AppleWebKit/537.36 (KHTML, like Gecko) Mobile Safari/537.36 (compatible; PetalBot;+https://webmaster.petalsearch.com/site/petalbot)"
47.128.51.12 - - [30/Nov/2025:09:38:26 -0500] "GET /robots.txt HTTP/1.1" 200 82 "-" "Mozilla/5.0 (Linux; Android 5.0) AppleWebKit/537.36 (KHTML, like Gecko) Mobile Safari/537.36 (compatible; Bytespider; spider-feedback@bytedance.com)"
157.55.39.57 - - [30/Nov/2025:09:38:41 -0500] "GET /info333118096?kg=0330431783 HTTP/1.1" 200 24394 "-" "Mozilla/5.0 AppleWebKit/537.36 (KHTML, like Gecko; compatible; bingbot/2.0; +http://www.bing.com/bingbot.htm) Chrome/116.0.1938.76 Safari/537.36"
66.29.146.184 - - [30/Nov/2025:09:38:55 -0500] "POST /wp-cron.php?doing_wp_cron=1764513535.9077489376068115234375 HTTP/1.1" 200 0 "-" "WordPress/6.8.3; https://globaltvabuja.com"
3.83.76.234 - - [30/Nov/2025:09:38:55 -0500] "GET /tag/escravos-host-communities-to-shun-violence/ HTTP/1.1" 200 168102 "-" "TerraCotta https://github.com/CeramicTeam/CeramicTerracotta"
52.167.144.137 - - [30/Nov/2025:09:39:18 -0500] "GET /info363866656?kg=0360932371 HTTP/1.1" 200 24960 "-" "Mozilla/5.0 AppleWebKit/537.36 (KHTML, like Gecko; compatible; bingbot/2.0; +http://www.bing.com/bingbot.htm) Chrome/116.0.1938.76 Safari/537.36"
51.222.95.26 - - [30/Nov/2025:09:39:33 -0500] "GET /info188973880?kg=0187450021 HTTP/1.1" 404 26386 "-" "Mozilla/5.0 (compatible; AhrefsBot/7.0; +http://ahrefs.com/robot/)"
114.119.145.123 - - [30/Nov/2025:09:39:48 -0500] "GET /info364169676?kg=0361232948 HTTP/1.1" 404 32506 "https://globaltvabuja.com/sitemap-subitems-942.xml" "Mozilla/5.0 (Linux; Android 7.0;) AppleWebKit/537.36 (KHTML, like Gecko) Mobile Safari/537.36 (compatible; PetalBot;+https://webmaster.petalsearch.com/site/petalbot)"
157.55.39.57 - - [30/Nov/2025:09:39:52 -0500] "GET /info257881376?kg=0255801811 HTTP/1.1" 200 24505 "-" "Mozilla/5.0 AppleWebKit/537.36 (KHTML, like Gecko; compatible; bingbot/2.0; +http://www.bing.com/bingbot.htm) Chrome/116.0.1938.76 Safari/537.36"
52.167.144.137 - - [30/Nov/2025:09:40:10 -0500] "GET /info41384120?kg=0041050501 HTTP/1.1" 200 26601 "-" "Mozilla/5.0 AppleWebKit/537.36 (KHTML, like Gecko; compatible; bingbot/2.0; +http://www.bing.com/bingbot.htm) Chrome/116.0.1938.76 Safari/537.36"
66.29.146.184 - - [30/Nov/2025:09:40:15 -0500] "POST /wp-cron.php?doing_wp_cron=1764513615.2499771118164062500000 HTTP/1.1" 200 0 "-" "WordPress/6.8.3; https://globaltvabuja.com"
116.179.32.76 - - [30/Nov/2025:09:40:14 -0500] "GET /tag/abel-aboh/ HTTP/1.1" 200 34008 "-" "Mozilla/5.0 (compatible; Baiduspider/2.0; +http://www.baidu.com/search/spider.html)"
116.179.37.202 - - [30/Nov/2025:09:40:18 -0500] "GET /wp-admin/user-new.php HTTP/1.1" 302 0 "https://globaltvabuja.com/tag/abel-aboh/" "Mozilla/5.0 (compatible; Baiduspider-render/2.0; +http://www.baidu.com/search/spider.html)"
116.179.37.247 - - [30/Nov/2025:09:40:21 -0500] "GET /wp-login.php?redirect_to=https%3A%2F%2Fglobaltvabuja.com%2Fwp-admin%2Fuser-new.php&reauth=1 HTTP/1.1" 200 2098 "https://globaltvabuja.com/tag/abel-aboh/" "Mozilla/5.0 (compatible; Baiduspider-render/2.0; +http://www.baidu.com/search/spider.html)"
116.179.37.60 - - [30/Nov/2025:09:40:22 -0500] "GET /wp-admin/user-new.php HTTP/1.1" 302 0 "https://globaltvabuja.com/tag/abel-aboh/" "Mozilla/5.0 (compatible; Baiduspider-render/2.0; +http://www.baidu.com/search/spider.html)"
116.179.37.223 - - [30/Nov/2025:09:40:23 -0500] "GET /wp-login.php?redirect_to=https%3A%2F%2Fglobaltvabuja.com%2Fwp-admin%2Fuser-new.php&reauth=1 HTTP/1.1" 200 2098 "https://globaltvabuja.com/tag/abel-aboh/" "Mozilla/5.0 (compatible; Baiduspider-render/2.0; +http://www.baidu.com/search/spider.html)"
52.167.144.137 - - [30/Nov/2025:09:40:28 -0500] "GET /info43124224?kg=0042776571 HTTP/1.1" 200 26380 "-" "Mozilla/5.0 AppleWebKit/537.36 (KHTML, like Gecko; compatible; bingbot/2.0; +http://www.bing.com/bingbot.htm) Chrome/116.0.1938.76 Safari/537.36"
148.113.128.19 - - [30/Nov/2025:09:40:32 -0500] "GET /info188968064?kg=0187444251 HTTP/1.1" 404 26365 "-" "Mozilla/5.0 (compatible; AhrefsBot/7.0; +http://ahrefs.com/robot/)"
157.55.39.57 - - [30/Nov/2025:09:40:42 -0500] "GET /info107866244?kg=0106996478 HTTP/1.1" 200 26490 "-" "Mozilla/5.0 AppleWebKit/537.36 (KHTML, like Gecko; compatible; bingbot/2.0; +http://www.bing.com/bingbot.htm) Chrome/116.0.1938.76 Safari/537.36"
157.55.39.57 - - [30/Nov/2025:09:40:46 -0500] "GET /info80171056?kg=0079524639 HTTP/1.1" 200 25799 "-" "Mozilla/5.0 AppleWebKit/537.36 (KHTML, like Gecko; compatible; bingbot/2.0; +http://www.bing.com/bingbot.htm) Chrome/116.0.1938.76 Safari/537.36"
66.249.64.231 - - [30/Nov/2025:09:40:49 -0500] "GET /info354837336?kg=0351975869 HTTP/1.1" 200 24652 "-" "Mozilla/5.0 (Linux; Android 6.0.1; Nexus 5X Build/MMB29P) AppleWebKit/537.36 (KHTML, like Gecko) Chrome/141.0.7390.122 Mobile Safari/537.36 (compatible; Googlebot/2.1; +http://www.google.com/bot.html)"
66.249.64.231 - - [30/Nov/2025:09:40:55 -0500] "GET /info15923584?kg=0015795291 HTTP/1.1" 200 26622 "-" "Mozilla/5.0 (Linux; Android 6.0.1; Nexus 5X Build/MMB29P) AppleWebKit/537.36 (KHTML, like Gecko) Chrome/141.0.7390.122 Mobile Safari/537.36 (compatible; Googlebot/2.1; +http://www.google.com/bot.html)"
66.249.64.231 - - [30/Nov/2025:09:41:00 -0500] "GET /info354809428?kg=0351948186 HTTP/1.1" 200 24735 "-" "Mozilla/5.0 (Linux; Android 6.0.1; Nexus 5X Build/MMB29P) AppleWebKit/537.36 (KHTML, like Gecko) Chrome/141.0.7390.122 Mobile Safari/537.36 (compatible; Googlebot/2.1; +http://www.google.com/bot.html)"
157.55.39.57 - - [30/Nov/2025:09:41:03 -0500] "GET /info321110796?kg=0318521316 HTTP/1.1" 200 24339 "-" "Mozilla/5.0 AppleWebKit/537.36 (KHTML, like Gecko; compatible; bingbot/2.0; +http://www.bing.com/bingbot.htm) Chrome/116.0.1938.76 Safari/537.36"
66.29.146.184 - - [30/Nov/2025:09:41:11 -0500] "POST /wp-cron.php?doing_wp_cron=1764513671.7443099021911621093750 HTTP/1.1" 200 0 "-" "WordPress/6.8.3; https://globaltvabuja.com"
114.119.130.178 - - [30/Nov/2025:09:41:11 -0500] "GET /info364169544?kg=0361232817 HTTP/1.1" 404 32495 "https://globaltvabuja.com/sitemap-subitems-942.xml" "Mozilla/5.0 (Linux; Android 7.0;) AppleWebKit/537.36 (KHTML, like Gecko) Mobile Safari/537.36 (compatible; PetalBot;+https://webmaster.petalsearch.com/site/petalbot)"
3.83.76.234 - - [30/Nov/2025:09:41:15 -0500] "GET /customs-cg-pledges-collaboration-with-public-account-committee-promises-transparency-in-account-auditing/ HTTP/1.1" 200 210206 "-" "TerraCotta https://github.com/CeramicTeam/CeramicTerracotta"
15.235.98.91 - - [30/Nov/2025:09:41:35 -0500] "GET /info188963032?kg=0187439261 HTTP/1.1" 404 26379 "-" "Mozilla/5.0 (compatible; AhrefsBot/7.0; +http://ahrefs.com/robot/)"
52.167.144.191 - - [30/Nov/2025:09:41:38 -0500] "GET /info92506644?kg=0091760746 HTTP/1.1" 200 26456 "-" "Mozilla/5.0 AppleWebKit/537.36 (KHTML, like Gecko; compatible; bingbot/2.0; +http://www.bing.com/bingbot.htm) Chrome/116.0.1938.76 Safari/537.36"
157.55.39.63 - - [30/Nov/2025:09:41:53 -0500] "GET /info299847472?kg=0297429471 HTTP/1.1" 200 24665 "-" "Mozilla/5.0 AppleWebKit/537.36 (KHTML, like Gecko; compatible; bingbot/2.0; +http://www.bing.com/bingbot.htm) Chrome/116.0.1938.76 Safari/537.36"
66.29.146.184 - - [30/Nov/2025:09:41:56 -0500] "POST /wp-cron.php?doing_wp_cron=1764513716.7482190132141113281250 HTTP/1.1" 200 0 "-" "WordPress/6.8.3; https://globaltvabuja.com"
85.208.96.212 - - [30/Nov/2025:09:41:56 -0500] "GET /tag/ready-to-transfer-technology-to-naf/ HTTP/1.1" 200 34042 "-" "Mozilla/5.0 (compatible; SemrushBot/7~bl; +http://www.semrush.com/bot.html)"
52.167.144.191 - - [30/Nov/2025:09:41:59 -0500] "GET /info45269188?kg=0044904238 HTTP/1.1" 200 26266 "-" "Mozilla/5.0 AppleWebKit/537.36 (KHTML, like Gecko; compatible; bingbot/2.0; +http://www.bing.com/bingbot.htm) Chrome/116.0.1938.76 Safari/537.36"
52.167.144.191 - - [30/Nov/2025:09:42:07 -0500] "GET /info330947204?kg=0328278398 HTTP/1.1" 200 24483 "-" "Mozilla/5.0 AppleWebKit/537.36 (KHTML, like Gecko; compatible; bingbot/2.0; +http://www.bing.com/bingbot.htm) Chrome/116.0.1938.76 Safari/537.36"
202.76.169.147 - - [30/Nov/2025:09:42:13 -0500] "GET /info127701740?kg=0126672012 HTTP/1.1" 404 32500 "-" "Mozilla/5.0 (X11; U; Linux i686; en-US) AppleWebKit/534.15 (KHTML, like Gecko) Ubuntu/10.10 Chromium/10.0.611.0 Chrome/10.0.611.0 Safari/534.15"
66.249.64.230 - - [30/Nov/2025:09:42:13 -0500] "GET /info17829676?kg=0017686012 HTTP/1.1" 200 26611 "-" "Mozilla/5.0 (Linux; Android 6.0.1; Nexus 5X Build/MMB29P) AppleWebKit/537.36 (KHTML, like Gecko) Chrome/141.0.7390.122 Mobile Safari/537.36 (compatible; Googlebot/2.1; +http://www.google.com/bot.html)"
66.249.64.230 - - [30/Nov/2025:09:42:19 -0500] "GET /info17832588?kg=0017688900 HTTP/1.1" 200 26546 "-" "Mozilla/5.0 (Linux; Android 6.0.1; Nexus 5X Build/MMB29P) AppleWebKit/537.36 (KHTML, like Gecko) Chrome/141.0.7390.122 Mobile Safari/537.36 (compatible; Googlebot/2.1; +http://www.google.com/bot.html)"
66.249.64.230 - - [30/Nov/2025:09:42:24 -0500] "GET /info5589320?kg=0005544369 HTTP/1.1" 200 26582 "-" "Mozilla/5.0 (Linux; Android 6.0.1; Nexus 5X Build/MMB29P) AppleWebKit/537.36 (KHTML, like Gecko) Chrome/141.0.7390.122 Mobile Safari/537.36 (compatible; Googlebot/2.1; +http://www.google.com/bot.html)"
52.167.144.191 - - [30/Nov/2025:09:42:30 -0500] "GET /info98544348?kg=0097749760 HTTP/1.1" 200 26714 "-" "Mozilla/5.0 AppleWebKit/537.36 (KHTML, like Gecko; compatible; bingbot/2.0; +http://www.bing.com/bingbot.htm) Chrome/116.0.1938.76 Safari/537.36"
66.249.64.230 - - [30/Nov/2025:09:42:30 -0500] "GET /info12926944?kg=0012822819 HTTP/1.1" 200 26581 "-" "Mozilla/5.0 (Linux; Android 6.0.1; Nexus 5X Build/MMB29P) AppleWebKit/537.36 (KHTML, like Gecko) Chrome/141.0.7390.122 Mobile Safari/537.36 (compatible; Googlebot/2.1; +http://www.google.com/bot.html)"
85.208.96.212 - - [30/Nov/2025:09:42:31 -0500] "GET /tag/customs-boss-unveils-2024-budget/ HTTP/1.1" 200 34059 "-" "Mozilla/5.0 (compatible; SemrushBot/7~bl; +http://www.semrush.com/bot.html)"
66.249.64.230 - - [30/Nov/2025:09:42:33 -0500] "GET /info354853340?kg=0351991744 HTTP/1.1" 200 24439 "-" "Mozilla/5.0 (Linux; Android 6.0.1; Nexus 5X Build/MMB29P) AppleWebKit/537.36 (KHTML, like Gecko) Chrome/141.0.7390.122 Mobile Safari/537.36 (compatible; Googlebot/2.1; +http://www.google.com/bot.html)"
114.119.130.178 - - [30/Nov/2025:09:42:36 -0500] "GET /info364169412?kg=0361232686 HTTP/1.1" 404 32508 "https://globaltvabuja.com/sitemap-subitems-942.xml" "Mozilla/5.0 (Linux; Android 7.0;) AppleWebKit/537.36 (KHTML, like Gecko) Mobile Safari/537.36 (compatible; PetalBot;+https://webmaster.petalsearch.com/site/petalbot)"
85.208.96.208 - - [30/Nov/2025:09:42:38 -0500] "GET /category/security/page/10/ HTTP/1.1" 200 41003 "-" "Mozilla/5.0 (compatible; SemrushBot/7~bl; +http://www.semrush.com/bot.html)"
54.39.210.46 - - [30/Nov/2025:09:42:38 -0500] "GET /info188954304?kg=0187430603 HTTP/1.1" 404 26365 "-" "Mozilla/5.0 (compatible; AhrefsBot/7.0; +http://ahrefs.com/robot/)"
66.249.64.230 - - [30/Nov/2025:09:42:40 -0500] "GET /info347297344?kg=0344496683 HTTP/1.1" 200 24596 "-" "Mozilla/5.0 (Linux; Android 6.0.1; Nexus 5X Build/MMB29P) AppleWebKit/537.36 (KHTML, like Gecko) Chrome/141.0.7390.122 Mobile Safari/537.36 (compatible; Googlebot/2.1; +http://www.google.com/bot.html)"
66.249.64.230 - - [30/Nov/2025:09:42:45 -0500] "GET /info12938320?kg=0012834103 HTTP/1.1" 200 26770 "-" "Mozilla/5.0 (Linux; Android 6.0.1; Nexus 5X Build/MMB29P) AppleWebKit/537.36 (KHTML, like Gecko) Chrome/141.0.7390.122 Mobile Safari/537.36 (compatible; Googlebot/2.1; +http://www.google.com/bot.html)"
66.249.64.230 - - [30/Nov/2025:09:42:48 -0500] "GET /info352770272?kg=0349925475 HTTP/1.1" 200 24492 "-" "Mozilla/5.0 (Linux; Android 6.0.1; Nexus 5X Build/MMB29P) AppleWebKit/537.36 (KHTML, like Gecko) Chrome/141.0.7390.122 Mobile Safari/537.36 (compatible; Googlebot/2.1; +http://www.google.com/bot.html)"
66.249.64.230 - - [30/Nov/2025:09:42:55 -0500] "GET /info4921244?kg=0004881680 HTTP/1.1" 200 26696 "-" "Mozilla/5.0 (Linux; Android 6.0.1; Nexus 5X Build/MMB29P) AppleWebKit/537.36 (KHTML, like Gecko) Chrome/141.0.7390.122 Mobile Safari/537.36 (compatible; Googlebot/2.1; +http://www.google.com/bot.html)"
66.249.64.230 - - [30/Nov/2025:09:42:57 -0500] "GET /info263820408?kg=0261692949 HTTP/1.1" 200 24405 "-" "Mozilla/5.0 (Linux; Android 6.0.1; Nexus 5X Build/MMB29P) AppleWebKit/537.36 (KHTML, like Gecko) Chrome/141.0.7390.122 Mobile Safari/537.36 (compatible; Googlebot/2.1; +http://www.google.com/bot.html)"
66.249.64.232 - - [30/Nov/2025:09:43:00 -0500] "GET /info17268200?kg=0017129065 HTTP/1.1" 200 26669 "-" "Mozilla/5.0 (Linux; Android 6.0.1; Nexus 5X Build/MMB29P) AppleWebKit/537.36 (KHTML, like Gecko) Chrome/141.0.7390.122 Mobile Safari/537.36 (compatible; Googlebot/2.1; +http://www.google.com/bot.html)"
66.249.64.232 - - [30/Nov/2025:09:43:03 -0500] "GET /info263815384?kg=0261687965 HTTP/1.1" 200 24537 "-" "Mozilla/5.0 (Linux; Android 6.0.1; Nexus 5X Build/MMB29P) AppleWebKit/537.36 (KHTML, like Gecko) Chrome/141.0.7390.122 Mobile Safari/537.36 (compatible; Googlebot/2.1; +http://www.google.com/bot.html)"
66.249.64.231 - - [30/Nov/2025:09:43:09 -0500] "GET /info263841444?kg=0261713814 HTTP/1.1" 200 24718 "-" "Mozilla/5.0 (Linux; Android 6.0.1; Nexus 5X Build/MMB29P) AppleWebKit/537.36 (KHTML, like Gecko) Chrome/141.0.7390.122 Mobile Safari/537.36 (compatible; Googlebot/2.1; +http://www.google.com/bot.html)"
66.249.64.230 - - [30/Nov/2025:09:43:12 -0500] "GET /info263817768?kg=0261690329 HTTP/1.1" 200 24508 "-" "Mozilla/5.0 (Linux; Android 6.0.1; Nexus 5X Build/MMB29P) AppleWebKit/537.36 (KHTML, like Gecko) Chrome/141.0.7390.122 Mobile Safari/537.36 (compatible; Googlebot/2.1; +http://www.google.com/bot.html)"
66.249.64.230 - - [30/Nov/2025:09:43:16 -0500] "GET /info352774768?kg=0349929935 HTTP/1.1" 200 24530 "-" "Mozilla/5.0 (Linux; Android 6.0.1; Nexus 5X Build/MMB29P) AppleWebKit/537.36 (KHTML, like Gecko) Chrome/141.0.7390.122 Mobile Safari/537.36 (compatible; Googlebot/2.1; +http://www.google.com/bot.html)"
66.249.64.230 - - [30/Nov/2025:09:43:17 -0500] "GET /?info7418436?kg=0007358734 HTTP/1.1" 200 26469 "-" "Mozilla/5.0 (Linux; Android 6.0.1; Nexus 5X Build/MMB29P) AppleWebKit/537.36 (KHTML, like Gecko) Chrome/141.0.7390.122 Mobile Safari/537.36 (compatible; Googlebot/2.1; +http://www.google.com/bot.html)"
66.249.64.230 - - [30/Nov/2025:09:43:18 -0500] "GET /info18094080?kg=0017948283 HTTP/1.1" 200 25951 "-" "Mozilla/5.0 (Linux; Android 6.0.1; Nexus 5X Build/MMB29P) AppleWebKit/537.36 (KHTML, like Gecko) Chrome/141.0.7390.122 Mobile Safari/537.36 (compatible; Googlebot/2.1; +http://www.google.com/bot.html)"
52.167.144.137 - - [30/Nov/2025:09:43:20 -0500] "GET /info276637180?kg=0274406360 HTTP/1.1" 200 24688 "-" "Mozilla/5.0 AppleWebKit/537.36 (KHTML, like Gecko; compatible; bingbot/2.0; +http://www.bing.com/bingbot.htm) Chrome/116.0.1938.76 Safari/537.36"
66.249.64.230 - - [30/Nov/2025:09:43:21 -0500] "GET /info263832716?kg=0261705156 HTTP/1.1" 200 24617 "-" "Mozilla/5.0 (Linux; Android 6.0.1; Nexus 5X Build/MMB29P) AppleWebKit/537.36 (KHTML, like Gecko) Chrome/141.0.7390.122 Mobile Safari/537.36 (compatible; Googlebot/2.1; +http://www.google.com/bot.html)"
66.249.64.230 - - [30/Nov/2025:09:43:22 -0500] "GET /info17302592?kg=0017163179 HTTP/1.1" 200 26000 "-" "Mozilla/5.0 (Linux; Android 6.0.1; Nexus 5X Build/MMB29P) AppleWebKit/537.36 (KHTML, like Gecko) Chrome/141.0.7390.122 Mobile Safari/537.36 (compatible; Googlebot/2.1; +http://www.google.com/bot.html)"
66.249.64.230 - - [30/Nov/2025:09:43:25 -0500] "GET /info4901008?kg=0004861607 HTTP/1.1" 200 26208 "-" "Mozilla/5.0 (Linux; Android 6.0.1; Nexus 5X Build/MMB29P) AppleWebKit/537.36 (KHTML, like Gecko) Chrome/141.0.7390.122 Mobile Safari/537.36 (compatible; Googlebot/2.1; +http://www.google.com/bot.html)"
157.55.39.63 - - [30/Nov/2025:09:43:26 -0500] "GET /info294632860?kg=0292256912 HTTP/1.1" 200 24662 "-" "Mozilla/5.0 AppleWebKit/537.36 (KHTML, like Gecko; compatible; bingbot/2.0; +http://www.bing.com/bingbot.htm) Chrome/116.0.1938.76 Safari/537.36"
66.249.64.230 - - [30/Nov/2025:09:43:28 -0500] "GET /info17269264?kg=0017130119 HTTP/1.1" 200 26609 "-" "Mozilla/5.0 (Linux; Android 6.0.1; Nexus 5X Build/MMB29P) AppleWebKit/537.36 (KHTML, like Gecko) Chrome/141.0.7390.122 Mobile Safari/537.36 (compatible; Googlebot/2.1; +http://www.google.com/bot.html)"
52.167.144.191 - - [30/Nov/2025:09:43:30 -0500] "GET /info109555944?kg=0108672553 HTTP/1.1" 200 27091 "-" "Mozilla/5.0 AppleWebKit/537.36 (KHTML, like Gecko; compatible; bingbot/2.0; +http://www.bing.com/bingbot.htm) Chrome/116.0.1938.76 Safari/537.36"
66.249.64.231 - - [30/Nov/2025:09:43:30 -0500] "GET /info5420420?kg=0005376830 HTTP/1.1" 200 26301 "-" "Mozilla/5.0 (Linux; Android 6.0.1; Nexus 5X Build/MMB29P) AppleWebKit/537.36 (KHTML, like Gecko) Chrome/141.0.7390.122 Mobile Safari/537.36 (compatible; Googlebot/2.1; +http://www.google.com/bot.html)"
66.249.64.230 - - [30/Nov/2025:09:43:33 -0500] "GET /info5590640?kg=0005545679 HTTP/1.1" 200 26302 "-" "Mozilla/5.0 (Linux; Android 6.0.1; Nexus 5X Build/MMB29P) AppleWebKit/537.36 (KHTML, like Gecko) Chrome/141.0.7390.122 Mobile Safari/537.36 (compatible; Googlebot/2.1; +http://www.google.com/bot.html)"
157.55.39.63 - - [30/Nov/2025:09:43:35 -0500] "GET /info202503044?kg=0200870078 HTTP/1.1" 200 24587 "-" "Mozilla/5.0 AppleWebKit/537.36 (KHTML, like Gecko; compatible; bingbot/2.0; +http://www.bing.com/bingbot.htm) Chrome/116.0.1938.76 Safari/537.36"
66.249.64.231 - - [30/Nov/2025:09:43:36 -0500] "GET /info16475796?kg=0016343050 HTTP/1.1" 200 26273 "-" "Mozilla/5.0 (Linux; Android 6.0.1; Nexus 5X Build/MMB29P) AppleWebKit/537.36 (KHTML, like Gecko) Chrome/141.0.7390.122 Mobile Safari/537.36 (compatible; Googlebot/2.1; +http://www.google.com/bot.html)"
66.249.64.231 - - [30/Nov/2025:09:43:36 -0500] "GET /info11280224?kg=0011189379 HTTP/1.1" 200 26531 "-" "Mozilla/5.0 (Linux; Android 6.0.1; Nexus 5X Build/MMB29P) AppleWebKit/537.36 (KHTML, like Gecko) Chrome/141.0.7390.122 Mobile Safari/537.36 (compatible; Googlebot/2.1; +http://www.google.com/bot.html)"
66.249.64.230 - - [30/Nov/2025:09:43:39 -0500] "GET /info5294500?kg=0005251926 HTTP/1.1" 200 26493 "-" "Mozilla/5.0 (Linux; Android 6.0.1; Nexus 5X Build/MMB29P) AppleWebKit/537.36 (KHTML, like Gecko) Chrome/141.0.7390.122 Mobile Safari/537.36 (compatible; Googlebot/2.1; +http://www.google.com/bot.html)"
66.249.64.231 - - [30/Nov/2025:09:43:45 -0500] "GET /info352088700?kg=0349249400 HTTP/1.1" 200 24553 "-" "Mozilla/5.0 (Linux; Android 6.0.1; Nexus 5X Build/MMB29P) AppleWebKit/537.36 (KHTML, like Gecko) Chrome/141.0.7390.122 Mobile Safari/537.36 (compatible; Googlebot/2.1; +http://www.google.com/bot.html)"
66.249.64.231 - - [30/Nov/2025:09:43:47 -0500] "GET /info262284528?kg=0260169455 HTTP/1.1" 200 24543 "-" "Mozilla/5.0 (Linux; Android 6.0.1; Nexus 5X Build/MMB29P) AppleWebKit/537.36 (KHTML, like Gecko) Chrome/141.0.7390.122 Mobile Safari/537.36 (compatible; Googlebot/2.1; +http://www.google.com/bot.html)"
66.29.146.184 - - [30/Nov/2025:09:43:48 -0500] "POST /wp-cron.php?doing_wp_cron=1764513828.1748929023742675781250 HTTP/1.1" 200 0 "-" "WordPress/6.8.3; https://globaltvabuja.com"
142.44.225.15 - - [30/Nov/2025:09:43:47 -0500] "GET /info188942400?kg=0187418795 HTTP/1.1" 404 26380 "-" "Mozilla/5.0 (compatible; AhrefsBot/7.0; +http://ahrefs.com/robot/)"
66.249.64.231 - - [30/Nov/2025:09:43:50 -0500] "GET /info5370552?kg=0005327365 HTTP/1.1" 200 26511 "-" "Mozilla/5.0 (Linux; Android 6.0.1; Nexus 5X Build/MMB29P) AppleWebKit/537.36 (KHTML, like Gecko) Chrome/141.0.7390.122 Mobile Safari/537.36 (compatible; Googlebot/2.1; +http://www.google.com/bot.html)"
66.249.64.230 - - [30/Nov/2025:09:43:52 -0500] "GET /info16461772?kg=0016329140 HTTP/1.1" 200 26567 "-" "Mozilla/5.0 (Linux; Android 6.0.1; Nexus 5X Build/MMB29P) AppleWebKit/537.36 (KHTML, like Gecko) Chrome/141.0.7390.122 Mobile Safari/537.36 (compatible; Googlebot/2.1; +http://www.google.com/bot.html)"
66.249.64.231 - - [30/Nov/2025:09:43:54 -0500] "GET /info9409844?kg=0009334082 HTTP/1.1" 200 26651 "-" "Mozilla/5.0 (Linux; Android 6.0.1; Nexus 5X Build/MMB29P) AppleWebKit/537.36 (KHTML, like Gecko) Chrome/141.0.7390.122 Mobile Safari/537.36 (compatible; Googlebot/2.1; +http://www.google.com/bot.html)"
66.249.64.231 - - [30/Nov/2025:09:43:57 -0500] "GET /info5428620?kg=0005384964 HTTP/1.1" 200 26322 "-" "Mozilla/5.0 (Linux; Android 6.0.1; Nexus 5X Build/MMB29P) AppleWebKit/537.36 (KHTML, like Gecko) Chrome/141.0.7390.122 Mobile Safari/537.36 (compatible; Googlebot/2.1; +http://www.google.com/bot.html)"
66.29.146.184 - - [30/Nov/2025:09:43:59 -0500] "POST /wp-cron.php?doing_wp_cron=1764513839.5801560878753662109375 HTTP/1.1" 200 0 "-" "WordPress/6.8.3; https://globaltvabuja.com"
114.119.152.134 - - [30/Nov/2025:09:43:59 -0500] "GET /info364169280?kg=0361232555 HTTP/1.1" 404 32525 "https://globaltvabuja.com/sitemap-subitems-942.xml" "Mozilla/5.0 (Linux; Android 7.0;) AppleWebKit/537.36 (KHTML, like Gecko) Mobile Safari/537.36 (compatible; PetalBot;+https://webmaster.petalsearch.com/site/petalbot)"
66.249.64.232 - - [30/Nov/2025:09:44:00 -0500] "GET /info5513268?kg=0005468930 HTTP/1.1" 200 25997 "-" "Mozilla/5.0 (Linux; Android 6.0.1; Nexus 5X Build/MMB29P) AppleWebKit/537.36 (KHTML, like Gecko) Chrome/141.0.7390.122 Mobile Safari/537.36 (compatible; Googlebot/2.1; +http://www.google.com/bot.html)"
157.55.39.63 - - [30/Nov/2025:09:44:36 -0500] "GET /info122769384?kg=0121779433 HTTP/1.1" 200 26602 "-" "Mozilla/5.0 AppleWebKit/537.36 (KHTML, like Gecko; compatible; bingbot/2.0; +http://www.bing.com/bingbot.htm) Chrome/116.0.1938.76 Safari/537.36"
66.29.146.184 - - [30/Nov/2025:09:44:55 -0500] "POST /wp-cron.php?doing_wp_cron=1764513895.3931438922882080078125 HTTP/1.1" 200 0 "-" "WordPress/6.8.3; https://globaltvabuja.com"
15.235.27.126 - - [30/Nov/2025:09:44:54 -0500] "GET /info188912240?kg=0187388879 HTTP/1.1" 404 26382 "-" "Mozilla/5.0 (compatible; AhrefsBot/7.0; +http://ahrefs.com/robot/)"
157.55.39.63 - - [30/Nov/2025:09:45:06 -0500] "GET /info303076104?kg=0300632065 HTTP/1.1" 200 24681 "-" "Mozilla/5.0 AppleWebKit/537.36 (KHTML, like Gecko; compatible; bingbot/2.0; +http://www.bing.com/bingbot.htm) Chrome/116.0.1938.76 Safari/537.36"
114.119.135.251 - - [30/Nov/2025:09:45:22 -0500] "GET /info364169148?kg=0361232424 HTTP/1.1" 404 32493 "https://globaltvabuja.com/sitemap-subitems-942.xml" "Mozilla/5.0 (Linux; Android 7.0;) AppleWebKit/537.36 (KHTML, like Gecko) Mobile Safari/537.36 (compatible; PetalBot;+https://webmaster.petalsearch.com/site/petalbot)"
45.227.253.15 - - [30/Nov/2025:09:45:43 -0500] "GET /index.php/jk HTTP/1.1" 200 63 "-" "Mozilla/5.0 (Macintosh; Intel Mac OS X 10.15; rv:82.0) Gecko/20100101 Firefox/82.0"
52.167.144.191 - - [30/Nov/2025:09:46:00 -0500] "GET /info26569456?kg=0026355311 HTTP/1.1" 200 26139 "-" "Mozilla/5.0 AppleWebKit/537.36 (KHTML, like Gecko; compatible; bingbot/2.0; +http://www.bing.com/bingbot.htm) Chrome/116.0.1938.76 Safari/537.36"
66.29.146.184 - - [30/Nov/2025:09:46:05 -0500] "POST /wp-cron.php?doing_wp_cron=1764513965.2881429195404052734375 HTTP/1.1" 200 0 "-" "WordPress/6.8.3; https://globaltvabuja.com"
142.44.233.243 - - [30/Nov/2025:09:46:04 -0500] "GET /info188903644?kg=0187380352 HTTP/1.1" 404 26365 "-" "Mozilla/5.0 (compatible; AhrefsBot/7.0; +http://ahrefs.com/robot/)"
157.55.39.63 - - [30/Nov/2025:09:46:08 -0500] "GET /info122805492?kg=0121815250 HTTP/1.1" 200 26303 "-" "Mozilla/5.0 AppleWebKit/537.36 (KHTML, like Gecko; compatible; bingbot/2.0; +http://www.bing.com/bingbot.htm) Chrome/116.0.1938.76 Safari/537.36"
157.55.39.63 - - [30/Nov/2025:09:46:16 -0500] "GET /info53960692?kg=0053525650 HTTP/1.1" 200 26337 "-" "Mozilla/5.0 AppleWebKit/537.36 (KHTML, like Gecko; compatible; bingbot/2.0; +http://www.bing.com/bingbot.htm) Chrome/116.0.1938.76 Safari/537.36"
185.191.171.3 - - [30/Nov/2025:09:46:34 -0500] "GET /author/okerekglobaltvabuja-com/page/4/ HTTP/1.1" 200 40145 "-" "Mozilla/5.0 (compatible; SemrushBot/7~bl; +http://www.semrush.com/bot.html)"
114.119.152.134 - - [30/Nov/2025:09:46:46 -0500] "GET /info364169016?kg=0361232293 HTTP/1.1" 404 32515 "https://globaltvabuja.com/sitemap-subitems-942.xml" "Mozilla/5.0 (Linux; Android 7.0;) AppleWebKit/537.36 (KHTML, like Gecko) Mobile Safari/537.36 (compatible; PetalBot;+https://webmaster.petalsearch.com/site/petalbot)"
157.55.39.63 - - [30/Nov/2025:09:47:08 -0500] "GET /info308756556?kg=0306266708 HTTP/1.1" 200 24416 "-" "Mozilla/5.0 AppleWebKit/537.36 (KHTML, like Gecko; compatible; bingbot/2.0; +http://www.bing.com/bingbot.htm) Chrome/116.0.1938.76 Safari/537.36"
66.29.146.184 - - [30/Nov/2025:09:47:13 -0500] "POST /wp-cron.php?doing_wp_cron=1764514033.7051889896392822265625 HTTP/1.1" 200 0 "-" "WordPress/6.8.3; https://globaltvabuja.com"
148.113.130.15 - - [30/Nov/2025:09:47:13 -0500] "GET /info188901400?kg=0187378125 HTTP/1.1" 404 26364 "-" "Mozilla/5.0 (compatible; AhrefsBot/7.0; +http://ahrefs.com/robot/)"
52.167.144.191 - - [30/Nov/2025:09:47:29 -0500] "GET /info118773740?kg=0117816012 HTTP/1.1" 200 26606 "-" "Mozilla/5.0 AppleWebKit/537.36 (KHTML, like Gecko; compatible; bingbot/2.0; +http://www.bing.com/bingbot.htm) Chrome/116.0.1938.76 Safari/537.36"
202.76.143.20 - - [30/Nov/2025:09:47:39 -0500] "GET /info127708356?kg=0126678574 HTTP/1.1" 404 32448 "-" "Mozilla/5.0 (ipad Windows; U; Windows NT 6.1; en-US) AppleWebKit/534.6 (KHTML, like Gecko) Chrome/7.0.498.0 Safari/534.6"
157.55.39.63 - - [30/Nov/2025:09:47:59 -0500] "GET /info329323888?kg=0326668175 HTTP/1.1" 200 24338 "-" "Mozilla/5.0 AppleWebKit/537.36 (KHTML, like Gecko; compatible; bingbot/2.0; +http://www.bing.com/bingbot.htm) Chrome/116.0.1938.76 Safari/537.36"
157.55.39.63 - - [30/Nov/2025:09:48:09 -0500] "GET /info134505672?kg=0133421073 HTTP/1.1" 200 25142 "-" "Mozilla/5.0 AppleWebKit/537.36 (KHTML, like Gecko; compatible; bingbot/2.0; +http://www.bing.com/bingbot.htm) Chrome/116.0.1938.76 Safari/537.36"
66.29.146.184 - - [30/Nov/2025:09:48:10 -0500] "POST /wp-cron.php?doing_wp_cron=1764514090.5487220287322998046875 HTTP/1.1" 200 0 "-" "WordPress/6.8.3; https://globaltvabuja.com"
114.119.130.178 - - [30/Nov/2025:09:48:10 -0500] "GET /info364168884?kg=0361232162 HTTP/1.1" 404 32496 "https://globaltvabuja.com/sitemap-subitems-942.xml" "Mozilla/5.0 (Linux; Android 7.0;) AppleWebKit/537.36 (KHTML, like Gecko) Mobile Safari/537.36 (compatible; PetalBot;+https://webmaster.petalsearch.com/site/petalbot)"
52.167.144.137 - - [30/Nov/2025:09:48:13 -0500] "GET /info233048972?kg=0231169668 HTTP/1.1" 200 24421 "-" "Mozilla/5.0 AppleWebKit/537.36 (KHTML, like Gecko; compatible; bingbot/2.0; +http://www.bing.com/bingbot.htm) Chrome/116.0.1938.76 Safari/537.36"
157.55.39.63 - - [30/Nov/2025:09:48:18 -0500] "GET /info356369776?kg=0353495951 HTTP/1.1" 200 24641 "-" "Mozilla/5.0 AppleWebKit/537.36 (KHTML, like Gecko; compatible; bingbot/2.0; +http://www.bing.com/bingbot.htm) Chrome/116.0.1938.76 Safari/537.36"
54.39.210.239 - - [30/Nov/2025:09:48:21 -0500] "GET /info188898752?kg=0187375499 HTTP/1.1" 404 26353 "-" "Mozilla/5.0 (compatible; AhrefsBot/7.0; +http://ahrefs.com/robot/)"
40.77.167.43 - - [30/Nov/2025:09:48:24 -0500] "GET /info273140580?kg=0270937958 HTTP/1.1" 200 24575 "-" "Mozilla/5.0 AppleWebKit/537.36 (KHTML, like Gecko; compatible; bingbot/2.0; +http://www.bing.com/bingbot.htm) Chrome/116.0.1938.76 Safari/537.36"
157.55.39.63 - - [30/Nov/2025:09:48:28 -0500] "GET /info265509456?kg=0263368375 HTTP/1.1" 200 24709 "-" "Mozilla/5.0 AppleWebKit/537.36 (KHTML, like Gecko; compatible; bingbot/2.0; +http://www.bing.com/bingbot.htm) Chrome/116.0.1938.76 Safari/537.36"
157.55.39.63 - - [30/Nov/2025:09:48:33 -0500] "GET /info6891484?kg=0006836032 HTTP/1.1" 200 26679 "-" "Mozilla/5.0 AppleWebKit/537.36 (KHTML, like Gecko; compatible; bingbot/2.0; +http://www.bing.com/bingbot.htm) Chrome/116.0.1938.76 Safari/537.36"
52.167.144.137 - - [30/Nov/2025:09:48:42 -0500] "GET /info73813132?kg=0073217988 HTTP/1.1" 200 26453 "-" "Mozilla/5.0 AppleWebKit/537.36 (KHTML, like Gecko; compatible; bingbot/2.0; +http://www.bing.com/bingbot.htm) Chrome/116.0.1938.76 Safari/537.36"
40.77.167.43 - - [30/Nov/2025:09:49:00 -0500] "GET /info129480996?kg=0128436918 HTTP/1.1" 200 24641 "-" "Mozilla/5.0 AppleWebKit/537.36 (KHTML, like Gecko; compatible; bingbot/2.0; +http://www.bing.com/bingbot.htm) Chrome/116.0.1938.76 Safari/537.36"
52.167.144.137 - - [30/Nov/2025:09:49:04 -0500] "GET /info12448936?kg=0012348665 HTTP/1.1" 200 26540 "-" "Mozilla/5.0 AppleWebKit/537.36 (KHTML, like Gecko; compatible; bingbot/2.0; +http://www.bing.com/bingbot.htm) Chrome/116.0.1938.76 Safari/537.36"
66.29.146.184 - - [30/Nov/2025:09:49:24 -0500] "POST /wp-cron.php?doing_wp_cron=1764514164.1572499275207519531250 HTTP/1.1" 200 0 "-" "WordPress/6.8.3; https://globaltvabuja.com"
54.39.203.78 - - [30/Nov/2025:09:49:23 -0500] "GET /info188886980?kg=0187363822 HTTP/1.1" 404 26375 "-" "Mozilla/5.0 (compatible; AhrefsBot/7.0; +http://ahrefs.com/robot/)"
114.119.152.134 - - [30/Nov/2025:09:49:34 -0500] "GET /info364168752?kg=0361232031 HTTP/1.1" 404 32488 "https://globaltvabuja.com/sitemap-subitems-942.xml" "Mozilla/5.0 (Linux; Android 7.0;) AppleWebKit/537.36 (KHTML, like Gecko) Mobile Safari/537.36 (compatible; PetalBot;+https://webmaster.petalsearch.com/site/petalbot)"
52.167.144.137 - - [30/Nov/2025:09:49:40 -0500] "GET /info52045872?kg=0051626271 HTTP/1.1" 200 26496 "-" "Mozilla/5.0 AppleWebKit/537.36 (KHTML, like Gecko; compatible; bingbot/2.0; +http://www.bing.com/bingbot.htm) Chrome/116.0.1938.76 Safari/537.36"
66.29.146.184 - - [30/Nov/2025:09:50:12 -0500] "POST /wp-cron.php?doing_wp_cron=1764514212.2311990261077880859375 HTTP/1.1" 200 0 "-" "WordPress/6.8.3; https://globaltvabuja.com"
222.189.173.215 - - [30/Nov/2025:09:50:11 -0500] "GET /nigeria-immigration-service-investigates-torn-passport-incident-at-mmia-lagos/ HTTP/1.1" 200 40965 "-" "Sogou web spider/4.0(+http://www.sogou.com/docs/help/webmasters.htm#07)"
40.77.167.16 - - [30/Nov/2025:09:50:19 -0500] "GET /info52405508?kg=0051983006 HTTP/1.1" 200 26545 "-" "Mozilla/5.0 AppleWebKit/537.36 (KHTML, like Gecko; compatible; bingbot/2.0; +http://www.bing.com/bingbot.htm) Chrome/116.0.1938.76 Safari/537.36"
40.77.167.43 - - [30/Nov/2025:09:50:30 -0500] "GET /info110328120?kg=0109438501 HTTP/1.1" 200 26438 "-" "Mozilla/5.0 AppleWebKit/537.36 (KHTML, like Gecko; compatible; bingbot/2.0; +http://www.bing.com/bingbot.htm) Chrome/116.0.1938.76 Safari/537.36"
167.114.139.162 - - [30/Nov/2025:09:50:31 -0500] "GET /info188883408?kg=0187360279 HTTP/1.1" 404 26371 "-" "Mozilla/5.0 (compatible; AhrefsBot/7.0; +http://ahrefs.com/robot/)"
66.29.146.184 - - [30/Nov/2025:09:50:57 -0500] "POST /wp-cron.php?doing_wp_cron=1764514257.8327219486236572265625 HTTP/1.1" 200 0 "-" "WordPress/6.8.3; https://globaltvabuja.com"
114.119.139.202 - - [30/Nov/2025:09:50:57 -0500] "GET /info364168620?kg=0361231900 HTTP/1.1" 404 32535 "https://globaltvabuja.com/sitemap-subitems-942.xml" "Mozilla/5.0 (Linux; Android 7.0;) AppleWebKit/537.36 (KHTML, like Gecko) Mobile Safari/537.36 (compatible; PetalBot;+https://webmaster.petalsearch.com/site/petalbot)"
3.83.76.234 - - [30/Nov/2025:09:51:02 -0500] "GET /category/education/page/2/ HTTP/1.1" 200 201127 "-" "TerraCotta https://github.com/CeramicTeam/CeramicTerracotta"
40.77.167.16 - - [30/Nov/2025:09:51:18 -0500] "GET /info122597440?kg=0121608875 HTTP/1.1" 200 26535 "-" "Mozilla/5.0 AppleWebKit/537.36 (KHTML, like Gecko; compatible; bingbot/2.0; +http://www.bing.com/bingbot.htm) Chrome/116.0.1938.76 Safari/537.36"
40.77.167.43 - - [30/Nov/2025:09:51:23 -0500] "GET /info226822512?kg=0224993423 HTTP/1.1" 200 24693 "-" "Mozilla/5.0 AppleWebKit/537.36 (KHTML, like Gecko; compatible; bingbot/2.0; +http://www.bing.com/bingbot.htm) Chrome/116.0.1938.76 Safari/537.36"
