74.7.243.195 - - [30/Nov/2025:09:16:03 -0500] "GET /wk/admin.php?dir=//proc/546933/root/var/softaculous/unmark/php53 HTTP/1.1" 200 1976 "-" "Mozilla/5.0 AppleWebKit/537.36 (KHTML, like Gecko; compatible; GPTBot/1.3; +https://openai.com/gptbot)"
3.216.13.10 - - [30/Nov/2025:09:16:05 -0500] "GET /wk/admin.php?action=chmod&dir=//home/bappguir/lscache/d/f/a&item=dfa5faedc4e5abcc HTTP/1.1" 200 9993 "-" "Mozilla/5.0 AppleWebKit/537.36 (KHTML, like Gecko; compatible; Amazonbot/0.1; +https://developer.amazon.com/support/amazonbot) Chrome/119.0.6045.214 Safari/537.36"
74.7.243.195 - - [30/Nov/2025:09:16:05 -0500] "GET /wk/admin.php?dir=//proc/546933/root/var/softaculous/kohana/php53 HTTP/1.1" 200 1976 "-" "Mozilla/5.0 AppleWebKit/537.36 (KHTML, like Gecko; compatible; GPTBot/1.3; +https://openai.com/gptbot)"
105.235.130.115 - - [30/Nov/2025:09:16:06 -0500] "POST /wk/admin.php?dir=/home/bappguir/public_html HTTP/1.1" 200 2868 "https://calloffcancer.org/wk/admin.php?dir=/home/bappguir/public_html" "Mozilla/5.0 (Windows NT 10.0; Win64; x64) AppleWebKit/537.36 (KHTML, like Gecko) Chrome/109.0.0.0 Safari/537.36"
145.239.65.236 - - [30/Nov/2025:09:16:06 -0500] "GET /wk/admin.php?dir=//sbin&item=dnssec-verify&action=edit HTTP/1.1" 200 4742 "-" "Mozilla/5.0 (compatible; MJ12bot/v1.4.8; http://mj12bot.com/)"
107.23.62.75 - - [30/Nov/2025:09:16:07 -0500] "GET /wk/admin.php?action=chmod&dir=//home/bappguir/lscache/1/f/a&item=1fafb5407cc9c7e8 HTTP/1.1" 200 9098 "-" "Mozilla/5.0 AppleWebKit/537.36 (KHTML, like Gecko; compatible; Amazonbot/0.1; +https://developer.amazon.com/support/amazonbot) Chrome/119.0.6045.214 Safari/537.36"
74.7.243.195 - - [30/Nov/2025:09:16:08 -0500] "GET /wk/admin.php?dir=//proc/546933/root/var/softaculous/cscart/php56 HTTP/1.1" 200 1976 "-" "Mozilla/5.0 AppleWebKit/537.36 (KHTML, like Gecko; compatible; GPTBot/1.3; +https://openai.com/gptbot)"
74.7.230.51 - - [30/Nov/2025:09:16:10 -0500] "GET /robots.txt HTTP/1.1" 404 1251 "-" "Mozilla/5.0 (Macintosh; Intel Mac OS X 10_15_7) AppleWebKit/537.36 (KHTML, like Gecko) Chrome/131.0.0.0 Safari/537.36; compatible; OAI-SearchBot/1.3; robots.txt; +https://openai.com/searchbot"
145.239.65.236 - - [30/Nov/2025:09:16:10 -0500] "GET /wk/admin.php?dir=//sbin&item=dnssec-verify&action=rename HTTP/1.1" 200 4715 "-" "Mozilla/5.0 (compatible; MJ12bot/v1.4.8; http://mj12bot.com/)"
74.7.243.195 - - [30/Nov/2025:09:16:10 -0500] "GET /wk/admin.php?dir=//proc/546933/root/var/softaculous/ftools/php56 HTTP/1.1" 200 1974 "-" "Mozilla/5.0 AppleWebKit/537.36 (KHTML, like Gecko; compatible; GPTBot/1.3; +https://openai.com/gptbot)"
105.235.130.115 - - [30/Nov/2025:09:16:12 -0500] "GET / HTTP/1.1" 200 1471 "-" "Mozilla/5.0 (Windows NT 10.0; Win64; x64) AppleWebKit/537.36 (KHTML, like Gecko) Chrome/109.0.0.0 Safari/537.36"
74.7.243.195 - - [30/Nov/2025:09:16:12 -0500] "GET /wk/admin.php?dir=//proc/546933/root/var/softaculous/presta/php56 HTTP/1.1" 200 1977 "-" "Mozilla/5.0 AppleWebKit/537.36 (KHTML, like Gecko; compatible; GPTBot/1.3; +https://openai.com/gptbot)"
145.239.65.236 - - [30/Nov/2025:09:16:13 -0500] "GET /wk/admin.php?dir=//sbin&item=dnssec-verify&action=view HTTP/1.1" 200 4752 "-" "Mozilla/5.0 (compatible; MJ12bot/v1.4.8; http://mj12bot.com/)"
74.7.243.195 - - [30/Nov/2025:09:16:14 -0500] "GET /wk/admin.php?dir=//proc/546933/root/var/softaculous/avactis/php56 HTTP/1.1" 200 1977 "-" "Mozilla/5.0 AppleWebKit/537.36 (KHTML, like Gecko; compatible; GPTBot/1.3; +https://openai.com/gptbot)"
3.213.85.234 - - [30/Nov/2025:09:16:15 -0500] "GET /wk/admin.php?action=chmod&dir=//home/bappguir/lscache/e/b/c&item=ebc1c04af07b0023 HTTP/1.1" 200 8053 "-" "Mozilla/5.0 AppleWebKit/537.36 (KHTML, like Gecko; compatible; Amazonbot/0.1; +https://developer.amazon.com/support/amazonbot) Chrome/119.0.6045.214 Safari/537.36"
52.207.47.227 - - [30/Nov/2025:09:16:15 -0500] "GET /wk/admin.php?action=chmod&dir=//home/bappguir/lscache/b/a/3&item=ba3e9cefaca0269e HTTP/1.1" 200 9260 "-" "Mozilla/5.0 AppleWebKit/537.36 (KHTML, like Gecko; compatible; Amazonbot/0.1; +https://developer.amazon.com/support/amazonbot) Chrome/119.0.6045.214 Safari/537.36"
145.239.65.236 - - [30/Nov/2025:09:16:16 -0500] "GET /wk/admin.php?dir=//sbin&item=exim&action=chmod HTTP/1.1" 200 4723 "-" "Mozilla/5.0 (compatible; MJ12bot/v1.4.8; http://mj12bot.com/)"
74.7.243.195 - - [30/Nov/2025:09:16:17 -0500] "GET /wk/admin.php?dir=//proc/546933/root/var/softaculous/saurus/php56 HTTP/1.1" 200 1975 "-" "Mozilla/5.0 AppleWebKit/537.36 (KHTML, like Gecko; compatible; GPTBot/1.3; +https://openai.com/gptbot)"
74.7.243.195 - - [30/Nov/2025:09:16:19 -0500] "GET /wk/admin.php?dir=//proc/546933/root/var/softaculous/pmwiki/php53 HTTP/1.1" 200 1976 "-" "Mozilla/5.0 AppleWebKit/537.36 (KHTML, like Gecko; compatible; GPTBot/1.3; +https://openai.com/gptbot)"
44.217.177.142 - - [30/Nov/2025:09:16:19 -0500] "GET /wk/admin.php?action=chmod&dir=//home/bappguir/lscache/f/d/d&item=fdd2d5b0c34aec05 HTTP/1.1" 200 8523 "-" "Mozilla/5.0 AppleWebKit/537.36 (KHTML, like Gecko; compatible; Amazonbot/0.1; +https://developer.amazon.com/support/amazonbot) Chrome/119.0.6045.214 Safari/537.36"
145.239.65.236 - - [30/Nov/2025:09:16:20 -0500] "GET /wk/admin.php?dir=//sbin&item=exim&action=edit HTTP/1.1" 200 5326 "-" "Mozilla/5.0 (compatible; MJ12bot/v1.4.8; http://mj12bot.com/)"
74.7.243.195 - - [30/Nov/2025:09:16:21 -0500] "GET /wk/admin.php?dir=//proc/546933/root/var/softaculous/jorani/php53 HTTP/1.1" 200 1976 "-" "Mozilla/5.0 AppleWebKit/537.36 (KHTML, like Gecko; compatible; GPTBot/1.3; +https://openai.com/gptbot)"
145.239.65.236 - - [30/Nov/2025:09:16:23 -0500] "GET /wk/admin.php?dir=//sbin&item=exim&action=rename HTTP/1.1" 200 4821 "-" "Mozilla/5.0 (compatible; MJ12bot/v1.4.8; http://mj12bot.com/)"
74.7.243.195 - - [30/Nov/2025:09:16:23 -0500] "GET /wk/admin.php?dir=//proc/546933/root/var/softaculous/mahara/php56 HTTP/1.1" 200 1976 "-" "Mozilla/5.0 AppleWebKit/537.36 (KHTML, like Gecko; compatible; GPTBot/1.3; +https://openai.com/gptbot)"
105.235.130.115 - - [30/Nov/2025:09:16:24 -0500] "GET /wk/admin.php?dir=/home/bappguir/public_html&item=index.html&action=rename HTTP/1.1" 200 2969 "https://calloffcancer.org/wk/admin.php?dir=/home/bappguir/public_html" "Mozilla/5.0 (Windows NT 10.0; Win64; x64) AppleWebKit/537.36 (KHTML, like Gecko) Chrome/109.0.0.0 Safari/537.36"
52.205.222.214 - - [30/Nov/2025:09:16:24 -0500] "GET /wk/admin.php?action=chmod&dir=//home/bappguir/lscache/d/2/d&item=d2d24f65a83d002a HTTP/1.1" 200 8195 "-" "Mozilla/5.0 AppleWebKit/537.36 (KHTML, like Gecko; compatible; Amazonbot/0.1; +https://developer.amazon.com/support/amazonbot) Chrome/119.0.6045.214 Safari/537.36"
74.7.243.195 - - [30/Nov/2025:09:16:26 -0500] "GET /wk/admin.php?dir=//proc/546933/root/var/softaculous/txtpat/php56 HTTP/1.1" 200 1976 "-" "Mozilla/5.0 AppleWebKit/537.36 (KHTML, like Gecko; compatible; GPTBot/1.3; +https://openai.com/gptbot)"
145.239.65.236 - - [30/Nov/2025:09:16:27 -0500] "GET /wk/admin.php?dir=//sbin&item=exim&action=view HTTP/1.1" 200 5243 "-" "Mozilla/5.0 (compatible; MJ12bot/v1.4.8; http://mj12bot.com/)"
54.85.126.86 - - [30/Nov/2025:09:16:27 -0500] "GET /wk/admin.php?action=chmod&dir=//home/bappguir/lscache/b/8/c&item=b8c2ee929e7e886b HTTP/1.1" 200 8251 "-" "Mozilla/5.0 AppleWebKit/537.36 (KHTML, like Gecko; compatible; Amazonbot/0.1; +https://developer.amazon.com/support/amazonbot) Chrome/119.0.6045.214 Safari/537.36"
74.7.243.195 - - [30/Nov/2025:09:16:28 -0500] "GET /wk/admin.php?dir=//proc/546933/root/var/softaculous/plikli/php53 HTTP/1.1" 200 1976 "-" "Mozilla/5.0 AppleWebKit/537.36 (KHTML, like Gecko; compatible; GPTBot/1.3; +https://openai.com/gptbot)"
105.235.130.115 - - [30/Nov/2025:09:16:29 -0500] "POST /wk/admin.php?dir=/home/bappguir/public_html&item=index.html&action=rename HTTP/1.1" 200 54 "https://calloffcancer.org/wk/admin.php?dir=/home/bappguir/public_html&item=index.html&action=rename" "Mozilla/5.0 (Windows NT 10.0; Win64; x64) AppleWebKit/537.36 (KHTML, like Gecko) Chrome/109.0.0.0 Safari/537.36"
145.239.65.236 - - [30/Nov/2025:09:16:30 -0500] "GET /wk/admin.php?dir=//sbin&item=faillock&action=chmod HTTP/1.1" 200 4824 "-" "Mozilla/5.0 (compatible; MJ12bot/v1.4.8; http://mj12bot.com/)"
74.7.243.195 - - [30/Nov/2025:09:16:30 -0500] "GET /wk/admin.php?dir=//proc/546933/root/var/softaculous/obcard/php53 HTTP/1.1" 200 1976 "-" "Mozilla/5.0 AppleWebKit/537.36 (KHTML, like Gecko; compatible; GPTBot/1.3; +https://openai.com/gptbot)"
34.225.24.180 - - [30/Nov/2025:09:16:30 -0500] "GET /wk/admin.php?action=chmod&dir=//home/bappguir/lscache/f/b/a&item=fba03cb2c398e87b HTTP/1.1" 200 8804 "-" "Mozilla/5.0 AppleWebKit/537.36 (KHTML, like Gecko; compatible; Amazonbot/0.1; +https://developer.amazon.com/support/amazonbot) Chrome/119.0.6045.214 Safari/537.36"
74.7.243.195 - - [30/Nov/2025:09:16:33 -0500] "GET /wk/admin.php?dir=//proc/546933/root/var/softaculous/toaster/php56 HTTP/1.1" 200 1977 "-" "Mozilla/5.0 AppleWebKit/537.36 (KHTML, like Gecko; compatible; GPTBot/1.3; +https://openai.com/gptbot)"
145.239.65.236 - - [30/Nov/2025:09:16:33 -0500] "GET /wk/admin.php?dir=//sbin&item=faillock&action=edit HTTP/1.1" 200 4628 "-" "Mozilla/5.0 (compatible; MJ12bot/v1.4.8; http://mj12bot.com/)"
74.7.243.195 - - [30/Nov/2025:09:16:35 -0500] "GET /wk/admin.php?dir=//proc/546933/root/var/softaculous/vision/php53 HTTP/1.1" 200 1978 "-" "Mozilla/5.0 AppleWebKit/537.36 (KHTML, like Gecko; compatible; GPTBot/1.3; +https://openai.com/gptbot)"
105.235.130.115 - - [30/Nov/2025:09:16:36 -0500] "GET /wk/admin.php HTTP/1.1" 200 0 "-" "Mozilla/5.0 (Windows NT 10.0; Win64; x64) AppleWebKit/537.36 (KHTML, like Gecko) Chrome/109.0.0.0 Safari/537.36"
105.235.130.115 - - [30/Nov/2025:09:16:37 -0500] "GET / HTTP/1.1" 200 1473 "-" "Mozilla/5.0 (Windows NT 10.0; Win64; x64) AppleWebKit/537.36 (KHTML, like Gecko) Chrome/109.0.0.0 Safari/537.36"
52.71.203.206 - - [30/Nov/2025:09:16:35 -0500] "GET /wk/admin.php?action=chmod&dir=//home/bappguir/lscache/e/2/c&item=e2c152ee6666c367 HTTP/1.1" 200 9841 "-" "Mozilla/5.0 AppleWebKit/537.36 (KHTML, like Gecko; compatible; Amazonbot/0.1; +https://developer.amazon.com/support/amazonbot) Chrome/119.0.6045.214 Safari/537.36"
105.235.130.115 - - [30/Nov/2025:09:16:39 -0500] "GET / HTTP/1.1" 200 1473 "-" "Mozilla/5.0 (Windows NT 10.0; Win64; x64) AppleWebKit/537.36 (KHTML, like Gecko) Chrome/109.0.0.0 Safari/537.36"
74.7.243.195 - - [30/Nov/2025:09:16:37 -0500] "GET /wk/admin.php?dir=//proc/546933/root/var/softaculous/jamroom/php56 HTTP/1.1" 200 1978 "-" "Mozilla/5.0 AppleWebKit/537.36 (KHTML, like Gecko; compatible; GPTBot/1.3; +https://openai.com/gptbot)"
145.239.65.236 - - [30/Nov/2025:09:16:37 -0500] "GET /wk/admin.php?dir=//sbin&item=faillock&action=rename HTTP/1.1" 200 4746 "-" "Mozilla/5.0 (compatible; MJ12bot/v1.4.8; http://mj12bot.com/)"
74.7.243.195 - - [30/Nov/2025:09:16:39 -0500] "GET /wk/admin.php?dir=//proc/546933/root/var/softaculous/kohana/php56 HTTP/1.1" 200 1976 "-" "Mozilla/5.0 AppleWebKit/537.36 (KHTML, like Gecko; compatible; GPTBot/1.3; +https://openai.com/gptbot)"
105.235.130.115 - - [30/Nov/2025:09:16:40 -0500] "GET /wk/admin.php?dir=/home/bappguir/public_html&item=index.html&action=rename HTTP/1.1" 200 0 "https://calloffcancer.org/wk/admin.php?dir=/home/bappguir/public_html" "Mozilla/5.0 (Windows NT 10.0; Win64; x64) AppleWebKit/537.36 (KHTML, like Gecko) Chrome/109.0.0.0 Safari/537.36"
23.21.179.27 - - [30/Nov/2025:09:16:40 -0500] "GET /wk/admin.php?action=chmod&dir=//home/bappguir/lscache/c/3/f&item=c3fa3c50cc316368 HTTP/1.1" 200 8830 "-" "Mozilla/5.0 AppleWebKit/537.36 (KHTML, like Gecko; compatible; Amazonbot/0.1; +https://developer.amazon.com/support/amazonbot) Chrome/119.0.6045.214 Safari/537.36"
145.239.65.236 - - [30/Nov/2025:09:16:40 -0500] "GET /wk/admin.php?dir=//sbin&item=faillock&action=view HTTP/1.1" 200 4811 "-" "Mozilla/5.0 (compatible; MJ12bot/v1.4.8; http://mj12bot.com/)"
105.235.130.115 - - [30/Nov/2025:09:16:41 -0500] "GET /wk/admin.php?dir=/home/bappguir/public_html&item=index.html&action=rename HTTP/1.1" 200 2934 "-" "Mozilla/5.0 (Windows NT 10.0; Win64; x64) AppleWebKit/537.36 (KHTML, like Gecko) Chrome/109.0.0.0 Safari/537.36"
74.7.243.195 - - [30/Nov/2025:09:16:42 -0500] "GET /wk/admin.php?dir=//proc/546933/root/var/softaculous/chamilo/php53 HTTP/1.1" 200 1978 "-" "Mozilla/5.0 AppleWebKit/537.36 (KHTML, like Gecko; compatible; GPTBot/1.3; +https://openai.com/gptbot)"
100.28.57.133 - - [30/Nov/2025:09:16:42 -0500] "GET /wk/admin.php?action=chmod&dir=//home/bappguir/lscache/c/e/f&item=cefae4a003a0b228 HTTP/1.1" 200 8515 "-" "Mozilla/5.0 AppleWebKit/537.36 (KHTML, like Gecko; compatible; Amazonbot/0.1; +https://developer.amazon.com/support/amazonbot) Chrome/119.0.6045.214 Safari/537.36"
145.239.65.236 - - [30/Nov/2025:09:16:44 -0500] "GET /wk/admin.php?dir=//sbin&item=genrandom&action=chmod HTTP/1.1" 200 4818 "-" "Mozilla/5.0 (compatible; MJ12bot/v1.4.8; http://mj12bot.com/)"
74.7.243.195 - - [30/Nov/2025:09:16:44 -0500] "GET /wk/admin.php?dir=//proc/546933/root/var/softaculous/fusion/php53 HTTP/1.1" 200 1978 "-" "Mozilla/5.0 AppleWebKit/537.36 (KHTML, like Gecko; compatible; GPTBot/1.3; +https://openai.com/gptbot)"
74.7.243.195 - - [30/Nov/2025:09:16:46 -0500] "GET /wk/admin.php?dir=//proc/546933/root/var/softaculous/mantis/php53 HTTP/1.1" 200 1975 "-" "Mozilla/5.0 AppleWebKit/537.36 (KHTML, like Gecko; compatible; GPTBot/1.3; +https://openai.com/gptbot)"
54.204.12.115 - - [30/Nov/2025:09:16:47 -0500] "GET /wk/admin.php?action=chmod&dir=//home/bappguir/lscache/0/c/b&item=0cb66e60d2e46aba HTTP/1.1" 200 9326 "-" "Mozilla/5.0 AppleWebKit/537.36 (KHTML, like Gecko; compatible; Amazonbot/0.1; +https://developer.amazon.com/support/amazonbot) Chrome/119.0.6045.214 Safari/537.36"
145.239.65.236 - - [30/Nov/2025:09:16:47 -0500] "GET /wk/admin.php?dir=//sbin&item=genrandom&action=edit HTTP/1.1" 200 4818 "-" "Mozilla/5.0 (compatible; MJ12bot/v1.4.8; http://mj12bot.com/)"
105.235.130.115 - - [30/Nov/2025:09:16:50 -0500] "GET / HTTP/1.1" 200 1473 "-" "Mozilla/5.0 (Windows NT 10.0; Win64; x64) AppleWebKit/537.36 (KHTML, like Gecko) Chrome/109.0.0.0 Safari/537.36"
74.7.243.195 - - [30/Nov/2025:09:16:49 -0500] "GET /wk/admin.php?dir=//proc/546933/root/var/softaculous/mootools/php71 HTTP/1.1" 200 1982 "-" "Mozilla/5.0 AppleWebKit/537.36 (KHTML, like Gecko; compatible; GPTBot/1.3; +https://openai.com/gptbot)"
105.235.130.115 - - [30/Nov/2025:09:16:51 -0500] "GET / HTTP/1.1" 200 1472 "-" "Mozilla/5.0 (Windows NT 10.0; Win64; x64) AppleWebKit/537.36 (KHTML, like Gecko) Chrome/109.0.0.0 Safari/537.36"
52.202.52.82 - - [30/Nov/2025:09:16:50 -0500] "GET /wk/admin.php?action=chmod&dir=//home/bappguir/lscache/c/f/d&item=cfde4abe5bd5b1eb HTTP/1.1" 200 9119 "-" "Mozilla/5.0 AppleWebKit/537.36 (KHTML, like Gecko; compatible; Amazonbot/0.1; +https://developer.amazon.com/support/amazonbot) Chrome/119.0.6045.214 Safari/537.36"
145.239.65.236 - - [30/Nov/2025:09:16:50 -0500] "GET /wk/admin.php?dir=//sbin&item=genrandom&action=rename HTTP/1.1" 200 4694 "-" "Mozilla/5.0 (compatible; MJ12bot/v1.4.8; http://mj12bot.com/)"
74.7.243.195 - - [30/Nov/2025:09:16:51 -0500] "GET /wk/admin.php?dir=//proc/546933/root/var/softaculous/piwigo/php53 HTTP/1.1" 200 1976 "-" "Mozilla/5.0 AppleWebKit/537.36 (KHTML, like Gecko; compatible; GPTBot/1.3; +https://openai.com/gptbot)"
74.7.243.195 - - [30/Nov/2025:09:16:53 -0500] "GET /wk/admin.php?dir=//proc/546933/root/var/softaculous/obcard/php56 HTTP/1.1" 200 1976 "-" "Mozilla/5.0 AppleWebKit/537.36 (KHTML, like Gecko; compatible; GPTBot/1.3; +https://openai.com/gptbot)"
145.239.65.236 - - [30/Nov/2025:09:16:54 -0500] "GET /wk/admin.php?dir=//sbin&item=genrandom&action=view HTTP/1.1" 200 4567 "-" "Mozilla/5.0 (compatible; MJ12bot/v1.4.8; http://mj12bot.com/)"
18.215.49.176 - - [30/Nov/2025:09:16:55 -0500] "GET /wk/admin.php?action=chmod&dir=//home/bappguir/lscache/c/2/2&item=c22cffd1de2443dc HTTP/1.1" 200 8355 "-" "Mozilla/5.0 AppleWebKit/537.36 (KHTML, like Gecko; compatible; Amazonbot/0.1; +https://developer.amazon.com/support/amazonbot) Chrome/119.0.6045.214 Safari/537.36"
74.7.243.195 - - [30/Nov/2025:09:16:55 -0500] "GET /wk/admin.php?dir=//proc/546933/root/var/softaculous/cscart/php53 HTTP/1.1" 200 1976 "-" "Mozilla/5.0 AppleWebKit/537.36 (KHTML, like Gecko; compatible; GPTBot/1.3; +https://openai.com/gptbot)"
145.239.65.236 - - [30/Nov/2025:09:16:57 -0500] "GET /wk/admin.php?dir=//sbin&item=ip&action=chmod HTTP/1.1" 200 4794 "-" "Mozilla/5.0 (compatible; MJ12bot/v1.4.8; http://mj12bot.com/)"
74.7.243.195 - - [30/Nov/2025:09:16:58 -0500] "GET /wk/admin.php?dir=//proc/546933/root/var/softaculous/croogo/php56 HTTP/1.1" 200 1976 "-" "Mozilla/5.0 AppleWebKit/537.36 (KHTML, like Gecko; compatible; GPTBot/1.3; +https://openai.com/gptbot)"
3.93.98.99 - - [30/Nov/2025:09:16:59 -0500] "GET /wk/admin.php?action=chmod&dir=//home/bappguir/lscache/0/d/f&item=0df64d104da8a2cc HTTP/1.1" 200 8381 "-" "Mozilla/5.0 AppleWebKit/537.36 (KHTML, like Gecko; compatible; Amazonbot/0.1; +https://developer.amazon.com/support/amazonbot) Chrome/119.0.6045.214 Safari/537.36"
74.7.243.195 - - [30/Nov/2025:09:17:00 -0500] "GET /wk/admin.php?dir=//proc/546933/root/var/softaculous/popoji/php56 HTTP/1.1" 200 1976 "-" "Mozilla/5.0 AppleWebKit/537.36 (KHTML, like Gecko; compatible; GPTBot/1.3; +https://openai.com/gptbot)"
145.239.65.236 - - [30/Nov/2025:09:17:01 -0500] "GET /wk/admin.php?dir=//sbin&item=ip&action=edit HTTP/1.1" 200 4745 "-" "Mozilla/5.0 (compatible; MJ12bot/v1.4.8; http://mj12bot.com/)"
74.7.243.195 - - [30/Nov/2025:09:17:02 -0500] "GET /wk/admin.php?dir=//proc/546933/root/var/softaculous/monsta/php53 HTTP/1.1" 200 1976 "-" "Mozilla/5.0 AppleWebKit/537.36 (KHTML, like Gecko; compatible; GPTBot/1.3; +https://openai.com/gptbot)"
98.83.8.142 - - [30/Nov/2025:09:17:03 -0500] "GET /wk/admin.php?action=chmod&dir=//home/bappguir/lscache/c/8/b&item=c8b8f82ddf6e1fd9 HTTP/1.1" 200 8145 "-" "Mozilla/5.0 AppleWebKit/537.36 (KHTML, like Gecko; compatible; Amazonbot/0.1; +https://developer.amazon.com/support/amazonbot) Chrome/119.0.6045.214 Safari/537.36"
145.239.65.236 - - [30/Nov/2025:09:17:04 -0500] "GET /wk/admin.php?dir=//sbin&item=ip&action=rename HTTP/1.1" 200 4580 "-" "Mozilla/5.0 (compatible; MJ12bot/v1.4.8; http://mj12bot.com/)"
74.7.243.195 - - [30/Nov/2025:09:17:05 -0500] "GET /wk/admin.php?dir=//proc/546933/root/var/softaculous/flarum/php53 HTTP/1.1" 200 1976 "-" "Mozilla/5.0 AppleWebKit/537.36 (KHTML, like Gecko; compatible; GPTBot/1.3; +https://openai.com/gptbot)"
34.205.170.13 - - [30/Nov/2025:09:17:06 -0500] "GET /wk/admin.php?action=chmod&dir=//usr/share/locale/ja/LC_MESSAGES&item=gcc.mo HTTP/1.1" 200 8996 "-" "Mozilla/5.0 AppleWebKit/537.36 (KHTML, like Gecko; compatible; Amazonbot/0.1; +https://developer.amazon.com/support/amazonbot) Chrome/119.0.6045.214 Safari/537.36"
74.7.243.195 - - [30/Nov/2025:09:17:07 -0500] "GET /wk/admin.php?dir=//proc/546933/root/var/softaculous/plikli/php56 HTTP/1.1" 200 1976 "-" "Mozilla/5.0 AppleWebKit/537.36 (KHTML, like Gecko; compatible; GPTBot/1.3; +https://openai.com/gptbot)"
145.239.65.236 - - [30/Nov/2025:09:17:07 -0500] "GET /wk/admin.php?dir=//sbin&item=ip&action=view HTTP/1.1" 200 4770 "-" "Mozilla/5.0 (compatible; MJ12bot/v1.4.8; http://mj12bot.com/)"
74.7.243.195 - - [30/Nov/2025:09:17:09 -0500] "GET /wk/admin.php?dir=//proc/546933/root/var/softaculous/ftools/php53 HTTP/1.1" 200 1974 "-" "Mozilla/5.0 AppleWebKit/537.36 (KHTML, like Gecko; compatible; GPTBot/1.3; +https://openai.com/gptbot)"
3.226.34.98 - - [30/Nov/2025:09:17:10 -0500] "GET /wk/admin.php?action=chmod&dir=//home/bappguir/lscache/b/d/f&item=bdf2ef5c8fa49b5a HTTP/1.1" 200 8849 "-" "Mozilla/5.0 AppleWebKit/537.36 (KHTML, like Gecko; compatible; Amazonbot/0.1; +https://developer.amazon.com/support/amazonbot) Chrome/119.0.6045.214 Safari/537.36"
145.239.65.236 - - [30/Nov/2025:09:17:11 -0500] "GET /wk/admin.php?dir=//sbin&item=isc-hmac-fixup&action=chmod HTTP/1.1" 200 4686 "-" "Mozilla/5.0 (compatible; MJ12bot/v1.4.8; http://mj12bot.com/)"
74.7.243.195 - - [30/Nov/2025:09:17:12 -0500] "GET /wk/admin.php?dir=//proc/546933/root/var/softaculous/presta178 HTTP/1.1" 200 1967 "-" "Mozilla/5.0 AppleWebKit/537.36 (KHTML, like Gecko; compatible; GPTBot/1.3; +https://openai.com/gptbot)"
74.7.243.195 - - [30/Nov/2025:09:17:14 -0500] "GET /wk/admin.php?dir=//proc/546933/root/var/softaculous/phpsch/php56 HTTP/1.1" 200 1975 "-" "Mozilla/5.0 AppleWebKit/537.36 (KHTML, like Gecko; compatible; GPTBot/1.3; +https://openai.com/gptbot)"
107.22.208.39 - - [30/Nov/2025:09:17:14 -0500] "GET /wk/admin.php?action=chmod&dir=//home/bappguir/lscache/1/0/f&item=10fa2a7f1e762d8a HTTP/1.1" 200 10051 "-" "Mozilla/5.0 AppleWebKit/537.36 (KHTML, like Gecko; compatible; Amazonbot/0.1; +https://developer.amazon.com/support/amazonbot) Chrome/119.0.6045.214 Safari/537.36"
145.239.65.236 - - [30/Nov/2025:09:17:14 -0500] "GET /wk/admin.php?dir=//sbin&item=isc-hmac-fixup&action=edit HTTP/1.1" 200 4845 "-" "Mozilla/5.0 (compatible; MJ12bot/v1.4.8; http://mj12bot.com/)"
74.7.243.195 - - [30/Nov/2025:09:17:16 -0500] "GET /wk/admin.php?dir=//proc/546933/root/var/softaculous/phplot/php56 HTTP/1.1" 200 1973 "-" "Mozilla/5.0 AppleWebKit/537.36 (KHTML, like Gecko; compatible; GPTBot/1.3; +https://openai.com/gptbot)"
145.239.65.236 - - [30/Nov/2025:09:17:18 -0500] "GET /wk/admin.php?dir=//sbin&item=isc-hmac-fixup&action=rename HTTP/1.1" 200 4808 "-" "Mozilla/5.0 (compatible; MJ12bot/v1.4.8; http://mj12bot.com/)"
74.7.243.195 - - [30/Nov/2025:09:17:18 -0500] "GET /wk/admin.php?dir=//proc/546933/root/var/softaculous/phpcol/php56 HTTP/1.1" 200 1974 "-" "Mozilla/5.0 AppleWebKit/537.36 (KHTML, like Gecko; compatible; GPTBot/1.3; +https://openai.com/gptbot)"
98.84.60.17 - - [30/Nov/2025:09:17:19 -0500] "GET /wk/admin.php?action=chmod&dir=//home/bappguir/lscache/2/0/2&item=202ee022a0f52c5c HTTP/1.1" 200 8732 "-" "Mozilla/5.0 AppleWebKit/537.36 (KHTML, like Gecko; compatible; Amazonbot/0.1; +https://developer.amazon.com/support/amazonbot) Chrome/119.0.6045.214 Safari/537.36"
74.7.243.195 - - [30/Nov/2025:09:17:21 -0500] "GET /wk/admin.php?dir=//proc/546933/root/var/softaculous/savsoft/php53 HTTP/1.1" 200 1977 "-" "Mozilla/5.0 AppleWebKit/537.36 (KHTML, like Gecko; compatible; GPTBot/1.3; +https://openai.com/gptbot)"
145.239.65.236 - - [30/Nov/2025:09:17:21 -0500] "GET /wk/admin.php?dir=//sbin&item=isc-hmac-fixup&action=view HTTP/1.1" 200 4826 "-" "Mozilla/5.0 (compatible; MJ12bot/v1.4.8; http://mj12bot.com/)"
74.7.243.195 - - [30/Nov/2025:09:17:23 -0500] "GET /wk/admin.php?dir=//proc/546933/root/var/softaculous/phproj/php56 HTTP/1.1" 200 1974 "-" "Mozilla/5.0 AppleWebKit/537.36 (KHTML, like Gecko; compatible; GPTBot/1.3; +https://openai.com/gptbot)"
98.83.226.125 - - [30/Nov/2025:09:17:23 -0500] "GET /wk/admin.php?action=chmod&dir=//home/bappguir/lscache/f/e/3&item=fe3c02e6420c5be6 HTTP/1.1" 200 9854 "-" "Mozilla/5.0 AppleWebKit/537.36 (KHTML, like Gecko; compatible; Amazonbot/0.1; +https://developer.amazon.com/support/amazonbot) Chrome/119.0.6045.214 Safari/537.36"
145.239.65.236 - - [30/Nov/2025:09:17:25 -0500] "GET /wk/admin.php?dir=//sbin&item=ldconfig&action=chmod HTTP/1.1" 200 4821 "-" "Mozilla/5.0 (compatible; MJ12bot/v1.4.8; http://mj12bot.com/)"
74.7.243.195 - - [30/Nov/2025:09:17:25 -0500] "GET /wk/admin.php?dir=//proc/546933/root/var/softaculous/savsoft/php56 HTTP/1.1" 200 1977 "-" "Mozilla/5.0 AppleWebKit/537.36 (KHTML, like Gecko; compatible; GPTBot/1.3; +https://openai.com/gptbot)"
52.200.93.170 - - [30/Nov/2025:09:17:26 -0500] "GET /wk/admin.php?action=chmod&dir=//home/bappguir/lscache/a/e/2&item=ae291f89a8deed5d HTTP/1.1" 200 8903 "-" "Mozilla/5.0 AppleWebKit/537.36 (KHTML, like Gecko; compatible; Amazonbot/0.1; +https://developer.amazon.com/support/amazonbot) Chrome/119.0.6045.214 Safari/537.36"
74.7.243.195 - - [30/Nov/2025:09:17:28 -0500] "GET /wk/admin.php?dir=//proc/546933/root/var/softaculous/phpaddr/php71 HTTP/1.1" 200 1975 "-" "Mozilla/5.0 AppleWebKit/537.36 (KHTML, like Gecko; compatible; GPTBot/1.3; +https://openai.com/gptbot)"
145.239.65.236 - - [30/Nov/2025:09:17:28 -0500] "GET /wk/admin.php?dir=//sbin&item=ldconfig&action=edit HTTP/1.1" 200 4808 "-" "Mozilla/5.0 (compatible; MJ12bot/v1.4.8; http://mj12bot.com/)"
74.7.243.195 - - [30/Nov/2025:09:17:30 -0500] "GET /wk/admin.php?dir=//proc/546933/root/var/softaculous/prototype/php53 HTTP/1.1" 200 1988 "-" "Mozilla/5.0 AppleWebKit/537.36 (KHTML, like Gecko; compatible; GPTBot/1.3; +https://openai.com/gptbot)"
44.221.37.41 - - [30/Nov/2025:09:17:30 -0500] "GET /wk/admin.php?action=chmod&dir=//home/bappguir/lscache/c/c/6&item=cc62fb944c3a158c HTTP/1.1" 200 10422 "-" "Mozilla/5.0 AppleWebKit/537.36 (KHTML, like Gecko; compatible; Amazonbot/0.1; +https://developer.amazon.com/support/amazonbot) Chrome/119.0.6045.214 Safari/537.36"
145.239.65.236 - - [30/Nov/2025:09:17:31 -0500] "GET /wk/admin.php?dir=//sbin&item=ldconfig&action=rename HTTP/1.1" 200 4795 "-" "Mozilla/5.0 (compatible; MJ12bot/v1.4.8; http://mj12bot.com/)"
74.7.243.195 - - [30/Nov/2025:09:17:32 -0500] "GET /wk/admin.php?dir=//proc/546933/root/var/softaculous/phppoll/php71 HTTP/1.1" 200 1977 "-" "Mozilla/5.0 AppleWebKit/537.36 (KHTML, like Gecko; compatible; GPTBot/1.3; +https://openai.com/gptbot)"
3.218.103.254 - - [30/Nov/2025:09:17:34 -0500] "GET /wk/admin.php?action=chmod&dir=//home/bappguir/lscache/c/f/a&item=cfada241e33df18f HTTP/1.1" 200 8042 "-" "Mozilla/5.0 AppleWebKit/537.36 (KHTML, like Gecko; compatible; Amazonbot/0.1; +https://developer.amazon.com/support/amazonbot) Chrome/119.0.6045.214 Safari/537.36"
74.7.243.195 - - [30/Nov/2025:09:17:34 -0500] "GET /wk/admin.php?dir=//proc/546933/root/var/softaculous/phplist/php53 HTTP/1.1" 200 1975 "-" "Mozilla/5.0 AppleWebKit/537.36 (KHTML, like Gecko; compatible; GPTBot/1.3; +https://openai.com/gptbot)"
145.239.65.236 - - [30/Nov/2025:09:17:35 -0500] "GET /wk/admin.php?dir=//sbin&item=ldconfig&action=view HTTP/1.1" 200 4600 "-" "Mozilla/5.0 (compatible; MJ12bot/v1.4.8; http://mj12bot.com/)"
74.7.243.195 - - [30/Nov/2025:09:17:37 -0500] "GET /wk/admin.php?dir=//proc/546933/root/var/softaculous/phpaddr/php81 HTTP/1.1" 200 1975 "-" "Mozilla/5.0 AppleWebKit/537.36 (KHTML, like Gecko; compatible; GPTBot/1.3; +https://openai.com/gptbot)"
145.239.65.236 - - [30/Nov/2025:09:17:38 -0500] "GET /wk/admin.php?dir=//sbin&item=mkhomedir_helper&action=chmod HTTP/1.1" 200 4828 "-" "Mozilla/5.0 (compatible; MJ12bot/v1.4.8; http://mj12bot.com/)"
34.231.156.59 - - [30/Nov/2025:09:17:38 -0500] "GET /wk/admin.php?action=chmod&dir=//home/bappguir/lscache/e/c/2&item=ec2969ea8a0d050a HTTP/1.1" 200 9386 "-" "Mozilla/5.0 AppleWebKit/537.36 (KHTML, like Gecko; compatible; Amazonbot/0.1; +https://developer.amazon.com/support/amazonbot) Chrome/119.0.6045.214 Safari/537.36"
74.7.243.195 - - [30/Nov/2025:09:17:39 -0500] "GET /wk/admin.php?dir=//proc/546933/root/var/softaculous/prototype/php56 HTTP/1.1" 200 1988 "-" "Mozilla/5.0 AppleWebKit/537.36 (KHTML, like Gecko; compatible; GPTBot/1.3; +https://openai.com/gptbot)"
74.7.243.195 - - [30/Nov/2025:09:17:41 -0500] "GET /wk/admin.php?dir=//proc/546933/root/var/softaculous/phppoll/php81 HTTP/1.1" 200 1977 "-" "Mozilla/5.0 AppleWebKit/537.36 (KHTML, like Gecko; compatible; GPTBot/1.3; +https://openai.com/gptbot)"
145.239.65.236 - - [30/Nov/2025:09:17:42 -0500] "GET /wk/admin.php?dir=//sbin&item=mkhomedir_helper&action=edit HTTP/1.1" 200 4801 "-" "Mozilla/5.0 (compatible; MJ12bot/v1.4.8; http://mj12bot.com/)"
18.205.127.11 - - [30/Nov/2025:09:17:42 -0500] "GET /wk/admin.php?action=view&dir=//proc/sys/kernel/sched_domain/cpu2/domain0&item=cache_nice_tries HTTP/1.1" 200 3147 "-" "Mozilla/5.0 AppleWebKit/537.36 (KHTML, like Gecko; compatible; Amazonbot/0.1; +https://developer.amazon.com/support/amazonbot) Chrome/119.0.6045.214 Safari/537.36"
74.7.243.195 - - [30/Nov/2025:09:17:44 -0500] "GET /wk/admin.php?dir=//proc/546933/root/var/softaculous/phproj/php53 HTTP/1.1" 200 1974 "-" "Mozilla/5.0 AppleWebKit/537.36 (KHTML, like Gecko; compatible; GPTBot/1.3; +https://openai.com/gptbot)"
145.239.65.236 - - [30/Nov/2025:09:17:45 -0500] "GET /wk/admin.php?dir=//sbin&item=mkhomedir_helper&action=rename HTTP/1.1" 200 4794 "-" "Mozilla/5.0 (compatible; MJ12bot/v1.4.8; http://mj12bot.com/)"
74.7.243.195 - - [30/Nov/2025:09:17:46 -0500] "GET /wk/admin.php?dir=//proc/546933/root/var/softaculous/phplist/php56 HTTP/1.1" 200 1975 "-" "Mozilla/5.0 AppleWebKit/537.36 (KHTML, like Gecko; compatible; GPTBot/1.3; +https://openai.com/gptbot)"
50.16.248.61 - - [30/Nov/2025:09:17:46 -0500] "GET /wk/admin.php?action=chmod&dir=//home/bappguir/lscache/c/2/2&item=c22c66ca491c5e03 HTTP/1.1" 200 8268 "-" "Mozilla/5.0 AppleWebKit/537.36 (KHTML, like Gecko; compatible; Amazonbot/0.1; +https://developer.amazon.com/support/amazonbot) Chrome/119.0.6045.214 Safari/537.36"
74.7.243.195 - - [30/Nov/2025:09:17:48 -0500] "GET /wk/admin.php?action=view&dir=//proc/546933/root/lib/firmware/cirrus&item=cs35l41-dsp1-spk-prot-10433e00-spkid0-l0.bin HTTP/1.1" 200 2078 "-" "Mozilla/5.0 AppleWebKit/537.36 (KHTML, like Gecko; compatible; GPTBot/1.3; +https://openai.com/gptbot)"
145.239.65.236 - - [30/Nov/2025:09:17:49 -0500] "GET /wk/admin.php?dir=//sbin&item=mkhomedir_helper&action=view HTTP/1.1" 200 4806 "-" "Mozilla/5.0 (compatible; MJ12bot/v1.4.8; http://mj12bot.com/)"
52.54.249.218 - - [30/Nov/2025:09:17:50 -0500] "GET /wk/admin.php?dir=//opt/alt/php80/usr/include/php/ext/date HTTP/1.1" 200 2749 "-" "Mozilla/5.0 AppleWebKit/537.36 (KHTML, like Gecko; compatible; Amazonbot/0.1; +https://developer.amazon.com/support/amazonbot) Chrome/119.0.6045.214 Safari/537.36"
74.7.243.195 - - [30/Nov/2025:09:17:51 -0500] "GET /wk/admin.php?action=view&dir=//proc/546933/root/lib/firmware/cirrus&item=cs35l41-dsp1-spk-prot-10280cc2-spkid1-l0.bin HTTP/1.1" 200 2079 "-" "Mozilla/5.0 AppleWebKit/537.36 (KHTML, like Gecko; compatible; GPTBot/1.3; +https://openai.com/gptbot)"
145.239.65.236 - - [30/Nov/2025:09:17:52 -0500] "GET /wk/admin.php?dir=//sbin&item=named-checkzone&action=chmod HTTP/1.1" 200 4797 "-" "Mozilla/5.0 (compatible; MJ12bot/v1.4.8; http://mj12bot.com/)"
74.7.243.195 - - [30/Nov/2025:09:17:53 -0500] "GET /wk/admin.php?action=view&dir=//proc/546933/root/lib/firmware/cirrus&item=cs35l41-dsp1-spk-prot-10431f62-spkid1-r0.bin HTTP/1.1" 200 2079 "-" "Mozilla/5.0 AppleWebKit/537.36 (KHTML, like Gecko; compatible; GPTBot/1.3; +https://openai.com/gptbot)"
34.234.197.175 - - [30/Nov/2025:09:17:54 -0500] "GET /wk/admin.php?action=chmod&dir=//home/bappguir/lscache/c/e/a&item=cea0cfb291c870a3 HTTP/1.1" 200 9547 "-" "Mozilla/5.0 AppleWebKit/537.36 (KHTML, like Gecko; compatible; Amazonbot/0.1; +https://developer.amazon.com/support/amazonbot) Chrome/119.0.6045.214 Safari/537.36"
74.7.243.195 - - [30/Nov/2025:09:17:55 -0500] "GET /wk/admin.php?action=view&dir=//proc/546933/root/lib/firmware/cirrus&item=cs35l41-dsp1-spk-prot-10433d78-spkid1-r0.bin HTTP/1.1" 200 2079 "-" "Mozilla/5.0 AppleWebKit/537.36 (KHTML, like Gecko; compatible; GPTBot/1.3; +https://openai.com/gptbot)"
145.239.65.236 - - [30/Nov/2025:09:17:55 -0500] "GET /wk/admin.php?dir=//sbin&item=named-checkzone&action=edit HTTP/1.1" 200 4821 "-" "Mozilla/5.0 (compatible; MJ12bot/v1.4.8; http://mj12bot.com/)"
74.7.243.195 - - [30/Nov/2025:09:17:58 -0500] "GET /wk/admin.php?dir=//proc/546932/root/opt/cloudlinux/venv/usr/bin HTTP/1.1" 200 1993 "-" "Mozilla/5.0 AppleWebKit/537.36 (KHTML, like Gecko; compatible; GPTBot/1.3; +https://openai.com/gptbot)"
100.29.34.97 - - [30/Nov/2025:09:17:58 -0500] "GET /wk/admin.php?action=chmod&dir=//home/bappguir/lscache/0/3/d&item=03d6cd0d6aad6e6a HTTP/1.1" 200 9560 "-" "Mozilla/5.0 AppleWebKit/537.36 (KHTML, like Gecko; compatible; Amazonbot/0.1; +https://developer.amazon.com/support/amazonbot) Chrome/119.0.6045.214 Safari/537.36"
145.239.65.236 - - [30/Nov/2025:09:17:59 -0500] "GET /wk/admin.php?dir=//sbin&item=named-checkzone&action=rename HTTP/1.1" 200 4745 "-" "Mozilla/5.0 (compatible; MJ12bot/v1.4.8; http://mj12bot.com/)"
74.7.243.195 - - [30/Nov/2025:09:18:00 -0500] "GET /wk/admin.php?action=rename&dir=//proc/546933/root/lib/firmware&item=iwlwifi-QuZ-a0-hr-b0-50.ucode HTTP/1.1" 200 2038 "-" "Mozilla/5.0 AppleWebKit/537.36 (KHTML, like Gecko; compatible; GPTBot/1.3; +https://openai.com/gptbot)"
74.7.243.195 - - [30/Nov/2025:09:18:02 -0500] "GET /wk/admin.php?dir=//proc/546933/root/lib/firmware/nvidia/gp10b HTTP/1.1" 200 1978 "-" "Mozilla/5.0 AppleWebKit/537.36 (KHTML, like Gecko; compatible; GPTBot/1.3; +https://openai.com/gptbot)"
34.205.163.103 - - [30/Nov/2025:09:18:02 -0500] "GET /wk/admin.php?action=chmod&dir=//home/bappguir/lscache/e/c/d&item=ecdb94f6fe8e904c HTTP/1.1" 200 8559 "-" "Mozilla/5.0 AppleWebKit/537.36 (KHTML, like Gecko; compatible; Amazonbot/0.1; +https://developer.amazon.com/support/amazonbot) Chrome/119.0.6045.214 Safari/537.36"
145.239.65.236 - - [30/Nov/2025:09:18:02 -0500] "GET /wk/admin.php?dir=//sbin&item=named-checkzone&action=view HTTP/1.1" 200 4838 "-" "Mozilla/5.0 (compatible; MJ12bot/v1.4.8; http://mj12bot.com/)"
74.7.243.195 - - [30/Nov/2025:09:18:04 -0500] "GET /wk/admin.php?dir=//proc/546933/root/lib/firmware/nvidia/gk20a HTTP/1.1" 200 1981 "-" "Mozilla/5.0 AppleWebKit/537.36 (KHTML, like Gecko; compatible; GPTBot/1.3; +https://openai.com/gptbot)"
145.239.65.236 - - [30/Nov/2025:09:18:06 -0500] "GET /wk/admin.php?dir=//sbin&item=named-compilezone&action=edit HTTP/1.1" 200 4848 "-" "Mozilla/5.0 (compatible; MJ12bot/v1.4.8; http://mj12bot.com/)"
3.232.39.98 - - [30/Nov/2025:09:18:07 -0500] "GET /wk/admin.php?action=chmod&dir=//home/bappguir/lscache/0/b/d&item=0bde9e7131a759f2 HTTP/1.1" 200 10004 "-" "Mozilla/5.0 AppleWebKit/537.36 (KHTML, like Gecko; compatible; Amazonbot/0.1; +https://developer.amazon.com/support/amazonbot) Chrome/119.0.6045.214 Safari/537.36"
74.7.243.195 - - [30/Nov/2025:09:18:07 -0500] "GET /wk/admin.php?dir=//proc/546932/root/opt/cloudlinux/venv/lib64 HTTP/1.1" 200 1976 "-" "Mozilla/5.0 AppleWebKit/537.36 (KHTML, like Gecko; compatible; GPTBot/1.3; +https://openai.com/gptbot)"
74.7.243.195 - - [30/Nov/2025:09:18:09 -0500] "GET /wk/admin.php?dir=//proc/546933/root/lib/firmware/nvidia/gm20b HTTP/1.1" 200 1977 "-" "Mozilla/5.0 AppleWebKit/537.36 (KHTML, like Gecko; compatible; GPTBot/1.3; +https://openai.com/gptbot)"
18.209.137.234 - - [30/Nov/2025:09:18:10 -0500] "GET /wk/admin.php?action=chmod&dir=//proc/thread-self/root/usr/lib/firmware&item=s5p-mfc-v8.fw HTTP/1.1" 200 26376 "-" "Mozilla/5.0 AppleWebKit/537.36 (KHTML, like Gecko; compatible; Amazonbot/0.1; +https://developer.amazon.com/support/amazonbot) Chrome/119.0.6045.214 Safari/537.36"
74.7.243.195 - - [30/Nov/2025:09:18:11 -0500] "GET /wk/admin.php?dir=//proc/546933/root/var/softaculous/arfooo/php81 HTTP/1.1" 200 1975 "-" "Mozilla/5.0 AppleWebKit/537.36 (KHTML, like Gecko; compatible; GPTBot/1.3; +https://openai.com/gptbot)"
74.7.243.195 - - [30/Nov/2025:09:18:14 -0500] "GET /wk/admin.php?dir=//proc/546933/root/var/softaculous/mw28 HTTP/1.1" 200 1978 "-" "Mozilla/5.0 AppleWebKit/537.36 (KHTML, like Gecko; compatible; GPTBot/1.3; +https://openai.com/gptbot)"
23.23.213.182 - - [30/Nov/2025:09:18:14 -0500] "GET /wk/admin.php?action=rename&dir=//proc/thread-self/root/var/www/html&item=index.html HTTP/1.1" 200 3409 "-" "Mozilla/5.0 AppleWebKit/537.36 (KHTML, like Gecko; compatible; Amazonbot/0.1; +https://developer.amazon.com/support/amazonbot) Chrome/119.0.6045.214 Safari/537.36"
74.7.243.195 - - [30/Nov/2025:09:18:16 -0500] "GET /wk/admin.php?action=view&dir=//proc/546933/root/lib/.build-id/56&item=1967ecdc65389d736e33c1cca5aeda96c029eb HTTP/1.1" 200 2068 "-" "Mozilla/5.0 AppleWebKit/537.36 (KHTML, like Gecko; compatible; GPTBot/1.3; +https://openai.com/gptbot)"
74.7.243.195 - - [30/Nov/2025:09:18:18 -0500] "GET /wk/admin.php?dir=//proc/546933/root/var/softaculous/moodle43 HTTP/1.1" 200 1964 "-" "Mozilla/5.0 AppleWebKit/537.36 (KHTML, like Gecko; compatible; GPTBot/1.3; +https://openai.com/gptbot)"
54.84.147.79 - - [30/Nov/2025:09:18:18 -0500] "GET /wk/admin.php?action=chmod&dir=//lib/node_modules/npm/node_modules/execa/node_modules/get-stream&item=package.json HTTP/1.1" 200 3042 "-" "Mozilla/5.0 AppleWebKit/537.36 (KHTML, like Gecko; compatible; Amazonbot/0.1; +https://developer.amazon.com/support/amazonbot) Chrome/119.0.6045.214 Safari/537.36"
74.7.243.195 - - [30/Nov/2025:09:18:20 -0500] "GET /wk/admin.php?dir=//proc/546933/root/var/softaculous/moodle38 HTTP/1.1" 200 1963 "-" "Mozilla/5.0 AppleWebKit/537.36 (KHTML, like Gecko; compatible; GPTBot/1.3; +https://openai.com/gptbot)"
74.7.243.195 - - [30/Nov/2025:09:18:23 -0500] "GET /wk/admin.php?dir=//proc/546933/root/var/softaculous/conc85 HTTP/1.1" 200 1963 "-" "Mozilla/5.0 AppleWebKit/537.36 (KHTML, like Gecko; compatible; GPTBot/1.3; +https://openai.com/gptbot)"
3.224.104.67 - - [30/Nov/2025:09:18:22 -0500] "GET /wk/admin.php?action=chmod&dir=//home/bappguir/tmp/awstats/ssl&item=awstats122024.iasolution.farm.bappikabir.com.txt HTTP/1.1" 200 18147 "-" "Mozilla/5.0 AppleWebKit/537.36 (KHTML, like Gecko; compatible; Amazonbot/0.1; +https://developer.amazon.com/support/amazonbot) Chrome/119.0.6045.214 Safari/537.36"
74.7.243.195 - - [30/Nov/2025:09:18:25 -0500] "GET /wk/admin.php?dir=//proc/546933/root/var/softaculous/whmcs89 HTTP/1.1" 200 1962 "-" "Mozilla/5.0 AppleWebKit/537.36 (KHTML, like Gecko; compatible; GPTBot/1.3; +https://openai.com/gptbot)"
54.156.55.147 - - [30/Nov/2025:09:18:26 -0500] "GET /wk/admin.php?action=chmod&dir=//home/bappguir/lscache/b/a/1&item=ba1cc00bc8c3d948 HTTP/1.1" 200 9313 "-" "Mozilla/5.0 AppleWebKit/537.36 (KHTML, like Gecko; compatible; Amazonbot/0.1; +https://developer.amazon.com/support/amazonbot) Chrome/119.0.6045.214 Safari/537.36"
74.7.243.195 - - [30/Nov/2025:09:18:27 -0500] "GET /wk/admin.php?dir=//proc/546933/root/var/softaculous/tiki22 HTTP/1.1" 200 1963 "-" "Mozilla/5.0 AppleWebKit/537.36 (KHTML, like Gecko; compatible; GPTBot/1.3; +https://openai.com/gptbot)"
74.7.243.195 - - [30/Nov/2025:09:18:29 -0500] "GET /wk/admin.php?dir=//proc/546933/root/var/softaculous/tiki10 HTTP/1.1" 200 1963 "-" "Mozilla/5.0 AppleWebKit/537.36 (KHTML, like Gecko; compatible; GPTBot/1.3; +https://openai.com/gptbot)"
3.213.85.234 - - [30/Nov/2025:09:18:30 -0500] "GET /wk/admin.php?action=chmod&dir=//home/bappguir/lscache/e/e/1&item=ee1cc0d779e9cc9f HTTP/1.1" 200 8837 "-" "Mozilla/5.0 AppleWebKit/537.36 (KHTML, like Gecko; compatible; Amazonbot/0.1; +https://developer.amazon.com/support/amazonbot) Chrome/119.0.6045.214 Safari/537.36"
74.7.243.195 - - [30/Nov/2025:09:18:31 -0500] "GET /wk/admin.php?dir=//proc/546933/root/var/softaculous/moodle30 HTTP/1.1" 200 1964 "-" "Mozilla/5.0 AppleWebKit/537.36 (KHTML, like Gecko; compatible; GPTBot/1.3; +https://openai.com/gptbot)"
74.7.243.195 - - [30/Nov/2025:09:18:34 -0500] "GET /wk/admin.php?dir=//proc/546933/root/var/softaculous/tiki24 HTTP/1.1" 200 1963 "-" "Mozilla/5.0 AppleWebKit/537.36 (KHTML, like Gecko; compatible; GPTBot/1.3; +https://openai.com/gptbot)"
3.89.170.186 - - [30/Nov/2025:09:18:34 -0500] "GET /wk/admin.php?action=chmod&dir=//home/bappguir/lscache/b/e/e&item=beea83ec216dc14c HTTP/1.1" 200 9452 "-" "Mozilla/5.0 AppleWebKit/537.36 (KHTML, like Gecko; compatible; Amazonbot/0.1; +https://developer.amazon.com/support/amazonbot) Chrome/119.0.6045.214 Safari/537.36"
74.7.243.195 - - [30/Nov/2025:09:18:36 -0500] "GET /wk/admin.php?dir=//proc/546933/root/var/softaculous/moodle45 HTTP/1.1" 200 1964 "-" "Mozilla/5.0 AppleWebKit/537.36 (KHTML, like Gecko; compatible; GPTBot/1.3; +https://openai.com/gptbot)"
3.213.106.226 - - [30/Nov/2025:09:18:38 -0500] "GET /wk/admin.php?action=chmod&dir=//home/bappguir/lscache/c/6/b&item=c6b050a9b09a9ef8 HTTP/1.1" 200 8624 "-" "Mozilla/5.0 AppleWebKit/537.36 (KHTML, like Gecko; compatible; Amazonbot/0.1; +https://developer.amazon.com/support/amazonbot) Chrome/119.0.6045.214 Safari/537.36"
74.7.243.195 - - [30/Nov/2025:09:18:39 -0500] "GET /wk/admin.php?dir=//proc/546933/root/var/softaculous/drupal10 HTTP/1.1" 200 1964 "-" "Mozilla/5.0 AppleWebKit/537.36 (KHTML, like Gecko; compatible; GPTBot/1.3; +https://openai.com/gptbot)"
74.7.243.195 - - [30/Nov/2025:09:18:41 -0500] "GET /wk/admin.php?dir=//proc/546933/root/var/softaculous/joomla54 HTTP/1.1" 200 1964 "-" "Mozilla/5.0 AppleWebKit/537.36 (KHTML, like Gecko; compatible; GPTBot/1.3; +https://openai.com/gptbot)"
52.71.216.196 - - [30/Nov/2025:09:18:42 -0500] "GET /wk/admin.php?action=chmod&dir=//usr/share/locale/ja/LC_MESSAGES&item=libsecret.mo HTTP/1.1" 200 8944 "-" "Mozilla/5.0 AppleWebKit/537.36 (KHTML, like Gecko; compatible; Amazonbot/0.1; +https://developer.amazon.com/support/amazonbot) Chrome/119.0.6045.214 Safari/537.36"
74.7.243.195 - - [30/Nov/2025:09:18:43 -0500] "GET /wk/admin.php?dir=//proc/546933/root/var/softaculous/moodle29 HTTP/1.1" 200 1963 "-" "Mozilla/5.0 AppleWebKit/537.36 (KHTML, like Gecko; compatible; GPTBot/1.3; +https://openai.com/gptbot)"
74.7.243.195 - - [30/Nov/2025:09:18:46 -0500] "GET /wk/admin.php?dir=//proc/546933/root/var/softaculous/joomla16 HTTP/1.1" 200 1964 "-" "Mozilla/5.0 AppleWebKit/537.36 (KHTML, like Gecko; compatible; GPTBot/1.3; +https://openai.com/gptbot)"
54.162.69.192 - - [30/Nov/2025:09:18:46 -0500] "GET /wk/admin.php?action=chmod&dir=//home/bappguir/lscache/b/f/d&item=bfdad57a4b13b95c HTTP/1.1" 200 7852 "-" "Mozilla/5.0 AppleWebKit/537.36 (KHTML, like Gecko; compatible; Amazonbot/0.1; +https://developer.amazon.com/support/amazonbot) Chrome/119.0.6045.214 Safari/537.36"
74.7.243.195 - - [30/Nov/2025:09:18:48 -0500] "GET /wk/admin.php?dir=//proc/546933/root/var/softaculous/ostic14 HTTP/1.1" 200 1961 "-" "Mozilla/5.0 AppleWebKit/537.36 (KHTML, like Gecko; compatible; GPTBot/1.3; +https://openai.com/gptbot)"
74.7.243.195 - - [30/Nov/2025:09:18:50 -0500] "GET /wk/admin.php?dir=//proc/546933/root/var/softaculous/moodle50 HTTP/1.1" 200 1964 "-" "Mozilla/5.0 AppleWebKit/537.36 (KHTML, like Gecko; compatible; GPTBot/1.3; +https://openai.com/gptbot)"
23.23.103.31 - - [30/Nov/2025:09:18:50 -0500] "GET /wk/admin.php?action=chmod&dir=//home/bappguir/lscache/e/5/0&item=e5020442aa05e8e7 HTTP/1.1" 200 9512 "-" "Mozilla/5.0 AppleWebKit/537.36 (KHTML, like Gecko; compatible; Amazonbot/0.1; +https://developer.amazon.com/support/amazonbot) Chrome/119.0.6045.214 Safari/537.36"
74.7.243.195 - - [30/Nov/2025:09:18:52 -0500] "GET /wk/admin.php?dir=//proc/546933/root/var/softaculous/tiki15 HTTP/1.1" 200 1963 "-" "Mozilla/5.0 AppleWebKit/537.36 (KHTML, like Gecko; compatible; GPTBot/1.3; +https://openai.com/gptbot)"
3.220.70.171 - - [30/Nov/2025:09:18:54 -0500] "GET /wk/admin.php?action=chmod&dir=//home/bappguir/lscache/c/0/e&item=c0e4e65e053d919f HTTP/1.1" 200 9171 "-" "Mozilla/5.0 AppleWebKit/537.36 (KHTML, like Gecko; compatible; Amazonbot/0.1; +https://developer.amazon.com/support/amazonbot) Chrome/119.0.6045.214 Safari/537.36"
74.7.243.195 - - [30/Nov/2025:09:18:55 -0500] "GET /wk/admin.php?dir=//proc/546933/root/var/softaculous/drupal89 HTTP/1.1" 200 1964 "-" "Mozilla/5.0 AppleWebKit/537.36 (KHTML, like Gecko; compatible; GPTBot/1.3; +https://openai.com/gptbot)"
74.7.243.195 - - [30/Nov/2025:09:18:57 -0500] "GET /wk/admin.php?dir=//proc/546933/root/var/softaculous/moodle39 HTTP/1.1" 200 1963 "-" "Mozilla/5.0 AppleWebKit/537.36 (KHTML, like Gecko; compatible; GPTBot/1.3; +https://openai.com/gptbot)"
34.236.135.14 - - [30/Nov/2025:09:18:58 -0500] "GET /wk/admin.php?action=chmod&dir=//home/bappguir/lscache/e/0/1&item=e01500c996aba03f HTTP/1.1" 200 8822 "-" "Mozilla/5.0 AppleWebKit/537.36 (KHTML, like Gecko; compatible; Amazonbot/0.1; +https://developer.amazon.com/support/amazonbot) Chrome/119.0.6045.214 Safari/537.36"
74.7.243.195 - - [30/Nov/2025:09:18:59 -0500] "GET /wk/admin.php?dir=//proc/546933/root/var/softaculous/moodle44 HTTP/1.1" 200 1964 "-" "Mozilla/5.0 AppleWebKit/537.36 (KHTML, like Gecko; compatible; GPTBot/1.3; +https://openai.com/gptbot)"
74.7.243.195 - - [30/Nov/2025:09:19:02 -0500] "GET /wk/admin.php?dir=//proc/546933/root/var/softaculous/moodle41 HTTP/1.1" 200 1963 "-" "Mozilla/5.0 AppleWebKit/537.36 (KHTML, like Gecko; compatible; GPTBot/1.3; +https://openai.com/gptbot)"
3.222.190.107 - - [30/Nov/2025:09:19:02 -0500] "GET /wk/admin.php?action=chmod&dir=//home/bappguir/lscache/0/e/3&item=0e390b8fb4f2dba1 HTTP/1.1" 200 9020 "-" "Mozilla/5.0 AppleWebKit/537.36 (KHTML, like Gecko; compatible; Amazonbot/0.1; +https://developer.amazon.com/support/amazonbot) Chrome/119.0.6045.214 Safari/537.36"
74.7.243.195 - - [30/Nov/2025:09:19:04 -0500] "GET /wk/admin.php?dir=//proc/546933/root/var/softaculous/ostic17 HTTP/1.1" 200 1961 "-" "Mozilla/5.0 AppleWebKit/537.36 (KHTML, like Gecko; compatible; GPTBot/1.3; +https://openai.com/gptbot)"
74.7.243.195 - - [30/Nov/2025:09:19:06 -0500] "GET /wk/admin.php?dir=//proc/546933/root/var/softaculous/moodle40 HTTP/1.1" 200 1964 "-" "Mozilla/5.0 AppleWebKit/537.36 (KHTML, like Gecko; compatible; GPTBot/1.3; +https://openai.com/gptbot)"
52.0.63.151 - - [30/Nov/2025:09:19:06 -0500] "GET /wk/admin.php?action=chmod&dir=//home/bappguir/lscache/b/0/2&item=b02e6de04b5463f2 HTTP/1.1" 200 8326 "-" "Mozilla/5.0 AppleWebKit/537.36 (KHTML, like Gecko; compatible; Amazonbot/0.1; +https://developer.amazon.com/support/amazonbot) Chrome/119.0.6045.214 Safari/537.36"
74.7.243.195 - - [30/Nov/2025:09:19:08 -0500] "GET /wk/admin.php?dir=//proc/546933/root/var/softaculous/joomla30 HTTP/1.1" 200 1964 "-" "Mozilla/5.0 AppleWebKit/537.36 (KHTML, like Gecko; compatible; GPTBot/1.3; +https://openai.com/gptbot)"
3.221.244.28 - - [30/Nov/2025:09:19:10 -0500] "GET /wk/admin.php?action=chmod&dir=//home/bappguir/lscache/c/8/b&item=c8b8000ecf10ea51 HTTP/1.1" 200 8153 "-" "Mozilla/5.0 AppleWebKit/537.36 (KHTML, like Gecko; compatible; Amazonbot/0.1; +https://developer.amazon.com/support/amazonbot) Chrome/119.0.6045.214 Safari/537.36"
74.7.243.195 - - [30/Nov/2025:09:19:11 -0500] "GET /wk/admin.php?dir=//proc/546933/root/var/softaculous/whmcs83 HTTP/1.1" 200 1962 "-" "Mozilla/5.0 AppleWebKit/537.36 (KHTML, like Gecko; compatible; GPTBot/1.3; +https://openai.com/gptbot)"
74.7.243.195 - - [30/Nov/2025:09:19:13 -0500] "GET /wk/admin.php?dir=//proc/546933/root/lib/firmware/nvidia/tu10x HTTP/1.1" 200 1977 "-" "Mozilla/5.0 AppleWebKit/537.36 (KHTML, like Gecko; compatible; GPTBot/1.3; +https://openai.com/gptbot)"
3.212.205.90 - - [30/Nov/2025:09:19:14 -0500] "GET /wk/admin.php?action=chmod&dir=//home/bappguir/lscache/e/1/1&item=e11ae5b3b32f33fe HTTP/1.1" 200 9234 "-" "Mozilla/5.0 AppleWebKit/537.36 (KHTML, like Gecko; compatible; Amazonbot/0.1; +https://developer.amazon.com/support/amazonbot) Chrome/119.0.6045.214 Safari/537.36"
74.7.243.195 - - [30/Nov/2025:09:19:15 -0500] "GET /wk/admin.php?dir=//proc/546933/root/var/softaculous/moodle42 HTTP/1.1" 200 1964 "-" "Mozilla/5.0 AppleWebKit/537.36 (KHTML, like Gecko; compatible; GPTBot/1.3; +https://openai.com/gptbot)"
74.7.243.195 - - [30/Nov/2025:09:19:18 -0500] "GET /wk/admin.php?action=chmod&dir=//proc/546933/root/var/softaculous&item=genix HTTP/1.1" 200 2026 "-" "Mozilla/5.0 AppleWebKit/537.36 (KHTML, like Gecko; compatible; GPTBot/1.3; +https://openai.com/gptbot)"
34.195.248.30 - - [30/Nov/2025:09:19:18 -0500] "GET /wk/admin.php?action=chmod&dir=//home/bappguir/lscache/b/f/0&item=bf02e83322c911e9 HTTP/1.1" 200 9732 "-" "Mozilla/5.0 AppleWebKit/537.36 (KHTML, like Gecko; compatible; Amazonbot/0.1; +https://developer.amazon.com/support/amazonbot) Chrome/119.0.6045.214 Safari/537.36"
74.7.243.195 - - [30/Nov/2025:09:19:20 -0500] "GET /wk/admin.php?dir=//proc/546933/root/var/softaculous/magento17 HTTP/1.1" 200 1966 "-" "Mozilla/5.0 AppleWebKit/537.36 (KHTML, like Gecko; compatible; GPTBot/1.3; +https://openai.com/gptbot)"
74.7.243.195 - - [30/Nov/2025:09:19:22 -0500] "GET /wk/admin.php?dir=//proc/546933/root/var/softaculous/magento18 HTTP/1.1" 200 1966 "-" "Mozilla/5.0 AppleWebKit/537.36 (KHTML, like Gecko; compatible; GPTBot/1.3; +https://openai.com/gptbot)"
18.213.102.186 - - [30/Nov/2025:09:19:22 -0500] "GET /wk/admin.php?action=chmod&dir=//proc/thread-self/root/opt/hc_python/bin&item=nodeenv HTTP/1.1" 200 3962 "-" "Mozilla/5.0 AppleWebKit/537.36 (KHTML, like Gecko; compatible; Amazonbot/0.1; +https://developer.amazon.com/support/amazonbot) Chrome/119.0.6045.214 Safari/537.36"
74.7.243.195 - - [30/Nov/2025:09:19:24 -0500] "GET /wk/admin.php?dir=//proc/546932/root/opt/cloudlinux/venv/include/python3.11 HTTP/1.1" 200 1989 "-" "Mozilla/5.0 AppleWebKit/537.36 (KHTML, like Gecko; compatible; GPTBot/1.3; +https://openai.com/gptbot)"
54.166.126.132 - - [30/Nov/2025:09:19:27 -0500] "GET /wk/admin.php?action=chmod&dir=//usr/share/locale/sr@latin/LC_MESSAGES&item=NetworkManager.mo HTTP/1.1" 200 4889 "-" "Mozilla/5.0 AppleWebKit/537.36 (KHTML, like Gecko; compatible; Amazonbot/0.1; +https://developer.amazon.com/support/amazonbot) Chrome/119.0.6045.214 Safari/537.36"
74.7.243.195 - - [30/Nov/2025:09:19:27 -0500] "GET /wk/admin.php?dir=//proc/546933/root/lib/firmware/rtw88 HTTP/1.1" 200 1962 "-" "Mozilla/5.0 AppleWebKit/537.36 (KHTML, like Gecko; compatible; GPTBot/1.3; +https://openai.com/gptbot)"
74.7.243.195 - - [30/Nov/2025:09:19:29 -0500] "GET /wk/admin.php?dir=//proc/546933/root/lib/firmware/emi26 HTTP/1.1" 200 1960 "-" "Mozilla/5.0 AppleWebKit/537.36 (KHTML, like Gecko; compatible; GPTBot/1.3; +https://openai.com/gptbot)"
54.163.169.168 - - [30/Nov/2025:09:19:30 -0500] "GET /wk/admin.php?action=chmod&dir=//home/bappguir/lscache/c/4/e&item=c4e1f1c87d1f3039 HTTP/1.1" 200 7944 "-" "Mozilla/5.0 AppleWebKit/537.36 (KHTML, like Gecko; compatible; Amazonbot/0.1; +https://developer.amazon.com/support/amazonbot) Chrome/119.0.6045.214 Safari/537.36"
74.7.243.195 - - [30/Nov/2025:09:19:31 -0500] "GET /wk/admin.php?dir=//proc/546933/root/lib/firmware/emi62 HTTP/1.1" 200 1960 "-" "Mozilla/5.0 AppleWebKit/537.36 (KHTML, like Gecko; compatible; GPTBot/1.3; +https://openai.com/gptbot)"
