135.181.213.219 - - [30/Nov/2025:07:54:55 -0500] "GET /wk/admin.php?dir=//usr&item=local&action=rename HTTP/1.1" 200 2683 "-" "Mozilla/5.0 (compatible; MJ12bot/v1.4.8; http://mj12bot.com/)"
74.7.243.195 - - [30/Nov/2025:07:54:55 -0500] "GET /wk/admin.php?dir=//proc/546933/root/var/softaculous/vtiger HTTP/1.1" 200 3766 "-" "Mozilla/5.0 AppleWebKit/537.36 (KHTML, like Gecko; compatible; GPTBot/1.3; +https://openai.com/gptbot)"
74.7.243.195 - - [30/Nov/2025:07:54:58 -0500] "GET /wk/admin.php?dir=//proc/546933/root/var/softaculous/zikula HTTP/1.1" 200 3604 "-" "Mozilla/5.0 AppleWebKit/537.36 (KHTML, like Gecko; compatible; GPTBot/1.3; +https://openai.com/gptbot)"
3.230.69.161 - - [30/Nov/2025:07:54:58 -0500] "GET /wk/admin.php?action=chmod&dir=//home/bappguir/lscache/c/6/e&item=c6e83c410f4dd68b HTTP/1.1" 200 9550 "-" "Mozilla/5.0 AppleWebKit/537.36 (KHTML, like Gecko; compatible; Amazonbot/0.1; +https://developer.amazon.com/support/amazonbot) Chrome/119.0.6045.214 Safari/537.36"
135.181.213.219 - - [30/Nov/2025:07:54:59 -0500] "GET /wk/admin.php?dir=//usr&item=sbin&action=chmod HTTP/1.1" 200 2691 "-" "Mozilla/5.0 (compatible; MJ12bot/v1.4.8; http://mj12bot.com/)"
74.7.243.195 - - [30/Nov/2025:07:55:00 -0500] "GET /wk/admin.php?dir=//proc/546933/root/var/softaculous/phpaddr HTTP/1.1" 200 3050 "-" "Mozilla/5.0 AppleWebKit/537.36 (KHTML, like Gecko; compatible; GPTBot/1.3; +https://openai.com/gptbot)"
3.230.69.161 - - [30/Nov/2025:07:55:02 -0500] "GET /wk/admin.php?dir=//opt/alt/php53/var/lib/php/session HTTP/1.1" 200 2498 "-" "Mozilla/5.0 AppleWebKit/537.36 (KHTML, like Gecko; compatible; Amazonbot/0.1; +https://developer.amazon.com/support/amazonbot) Chrome/119.0.6045.214 Safari/537.36"
74.7.243.195 - - [30/Nov/2025:07:55:02 -0500] "GET /wk/admin.php?action=view&dir=//proc/546933/root/var/softaculous/croogo&item=edit.xml HTTP/1.1" 200 3390 "-" "Mozilla/5.0 AppleWebKit/537.36 (KHTML, like Gecko; compatible; GPTBot/1.3; +https://openai.com/gptbot)"
135.181.213.219 - - [30/Nov/2025:07:55:03 -0500] "GET /wk/admin.php?dir=//usr&item=sbin&action=rename HTTP/1.1" 200 2668 "-" "Mozilla/5.0 (compatible; MJ12bot/v1.4.8; http://mj12bot.com/)"
74.7.243.195 - - [30/Nov/2025:07:55:04 -0500] "GET /wk/admin.php?dir=//proc/546933/root/var/softaculous/cszcms HTTP/1.1" 200 3453 "-" "Mozilla/5.0 AppleWebKit/537.36 (KHTML, like Gecko; compatible; GPTBot/1.3; +https://openai.com/gptbot)"
52.204.81.148 - - [30/Nov/2025:07:55:06 -0500] "GET /wk/admin.php?action=view&dir=//home/bappguir/mail/globaltvabuja.com/accounts&item=dovecot.mailbox.log HTTP/1.1" 200 4201 "-" "Mozilla/5.0 AppleWebKit/537.36 (KHTML, like Gecko; compatible; Amazonbot/0.1; +https://developer.amazon.com/support/amazonbot) Chrome/119.0.6045.214 Safari/537.36"
74.7.243.195 - - [30/Nov/2025:07:55:07 -0500] "GET /wk/admin.php?dir=//proc/546933/root/var/softaculous/dhtmlx HTTP/1.1" 200 2910 "-" "Mozilla/5.0 AppleWebKit/537.36 (KHTML, like Gecko; compatible; GPTBot/1.3; +https://openai.com/gptbot)"
135.181.213.219 - - [30/Nov/2025:07:55:07 -0500] "GET /wk/admin.php?dir=//usr&item=selector&action=chmod HTTP/1.1" 200 2635 "-" "Mozilla/5.0 (compatible; MJ12bot/v1.4.8; http://mj12bot.com/)"
52.71.46.142 - - [30/Nov/2025:07:55:10 -0500] "GET /wk/admin.php?action=chmod&dir=//home/bappguir/lscache/a/f/1&item=af1f1b771050e1fb HTTP/1.1" 200 8555 "-" "Mozilla/5.0 AppleWebKit/537.36 (KHTML, like Gecko; compatible; Amazonbot/0.1; +https://developer.amazon.com/support/amazonbot) Chrome/119.0.6045.214 Safari/537.36"
135.181.213.219 - - [30/Nov/2025:07:55:11 -0500] "GET /wk/admin.php?dir=//usr&item=selector&action=rename HTTP/1.1" 200 2653 "-" "Mozilla/5.0 (compatible; MJ12bot/v1.4.8; http://mj12bot.com/)"
74.7.243.195 - - [30/Nov/2025:07:55:09 -0500] "GET /wk/admin.php?dir=//proc/546933/root/var/softaculous/zwiicms HTTP/1.1" 200 3399 "-" "Mozilla/5.0 AppleWebKit/537.36 (KHTML, like Gecko; compatible; GPTBot/1.3; +https://openai.com/gptbot)"
34.226.89.140 - - [30/Nov/2025:07:55:14 -0500] "GET /wk/admin.php?action=chmod&dir=//home/bappguir/lscache/e/2/c&item=e2ca9e267457c5e7 HTTP/1.1" 200 9840 "-" "Mozilla/5.0 AppleWebKit/537.36 (KHTML, like Gecko; compatible; Amazonbot/0.1; +https://developer.amazon.com/support/amazonbot) Chrome/119.0.6045.214 Safari/537.36"
135.181.213.219 - - [30/Nov/2025:07:55:15 -0500] "GET /wk/admin.php?dir=//usr&item=selector.etc&action=chmod HTTP/1.1" 200 2695 "-" "Mozilla/5.0 (compatible; MJ12bot/v1.4.8; http://mj12bot.com/)"
74.7.243.195 - - [30/Nov/2025:07:55:16 -0500] "GET /wk/admin.php?action=view&dir=//proc/546933/root/var/softaculous/zikula&item=generated.yml HTTP/1.1" 200 3993 "-" "Mozilla/5.0 AppleWebKit/537.36 (KHTML, like Gecko; compatible; GPTBot/1.3; +https://openai.com/gptbot)"
18.213.27.222 - - [30/Nov/2025:07:55:18 -0500] "GET /wk/admin.php?action=chmod&dir=//usr/share/locale/anp/LC_MESSAGES&item=Linux-PAM.mo HTTP/1.1" 200 2761 "-" "Mozilla/5.0 AppleWebKit/537.36 (KHTML, like Gecko; compatible; Amazonbot/0.1; +https://developer.amazon.com/support/amazonbot) Chrome/119.0.6045.214 Safari/537.36"
74.7.243.195 - - [30/Nov/2025:07:55:18 -0500] "GET /wk/admin.php?dir=//proc/546933/root/var/softaculous/luxcal HTTP/1.1" 200 3371 "-" "Mozilla/5.0 AppleWebKit/537.36 (KHTML, like Gecko; compatible; GPTBot/1.3; +https://openai.com/gptbot)"
135.181.213.219 - - [30/Nov/2025:07:55:19 -0500] "GET /wk/admin.php?dir=//usr&item=selector.etc&action=rename HTTP/1.1" 200 2641 "-" "Mozilla/5.0 (compatible; MJ12bot/v1.4.8; http://mj12bot.com/)"
74.7.243.195 - - [30/Nov/2025:07:55:20 -0500] "GET /wk/admin.php?dir=//proc/546933/root/var/softaculous/uvdesk HTTP/1.1" 200 3515 "-" "Mozilla/5.0 AppleWebKit/537.36 (KHTML, like Gecko; compatible; GPTBot/1.3; +https://openai.com/gptbot)"
34.205.170.13 - - [30/Nov/2025:07:55:22 -0500] "GET /wk/admin.php?action=chmod&dir=//home/bappguir/lscache/e/2/c&item=e2c426aea9ed93d3 HTTP/1.1" 200 9839 "-" "Mozilla/5.0 AppleWebKit/537.36 (KHTML, like Gecko; compatible; Amazonbot/0.1; +https://developer.amazon.com/support/amazonbot) Chrome/119.0.6045.214 Safari/537.36"
74.7.243.195 - - [30/Nov/2025:07:55:23 -0500] "GET /wk/admin.php?dir=//proc/546933/root/var/softaculous/stripe HTTP/1.1" 200 3637 "-" "Mozilla/5.0 AppleWebKit/537.36 (KHTML, like Gecko; compatible; GPTBot/1.3; +https://openai.com/gptbot)"
135.181.213.219 - - [30/Nov/2025:07:55:23 -0500] "GET /wk/admin.php?dir=//usr&item=share&action=chmod HTTP/1.1" 200 2700 "-" "Mozilla/5.0 (compatible; MJ12bot/v1.4.8; http://mj12bot.com/)"
74.7.243.195 - - [30/Nov/2025:07:55:25 -0500] "GET /wk/admin.php?dir=//proc/546933/root/var/softaculous/gibbon HTTP/1.1" 200 3391 "-" "Mozilla/5.0 AppleWebKit/537.36 (KHTML, like Gecko; compatible; GPTBot/1.3; +https://openai.com/gptbot)"
44.215.231.15 - - [30/Nov/2025:07:55:26 -0500] "GET /wk/admin.php?action=chmod&dir=//home/bappguir/lscache/0/e/2&item=0e2acc81ad3d372d HTTP/1.1" 200 8626 "-" "Mozilla/5.0 AppleWebKit/537.36 (KHTML, like Gecko; compatible; Amazonbot/0.1; +https://developer.amazon.com/support/amazonbot) Chrome/119.0.6045.214 Safari/537.36"
135.181.213.219 - - [30/Nov/2025:07:55:27 -0500] "GET /wk/admin.php?dir=//usr&item=share&action=rename HTTP/1.1" 200 2640 "-" "Mozilla/5.0 (compatible; MJ12bot/v1.4.8; http://mj12bot.com/)"
74.7.243.195 - - [30/Nov/2025:07:55:27 -0500] "GET /wk/admin.php?dir=//proc/546933/root/var/softaculous/yourls HTTP/1.1" 200 3587 "-" "Mozilla/5.0 AppleWebKit/537.36 (KHTML, like Gecko; compatible; GPTBot/1.3; +https://openai.com/gptbot)"
74.7.243.195 - - [30/Nov/2025:07:55:29 -0500] "GET /wk/admin.php?dir=//proc/546933/root/var/softaculous/jorani HTTP/1.1" 200 3156 "-" "Mozilla/5.0 AppleWebKit/537.36 (KHTML, like Gecko; compatible; GPTBot/1.3; +https://openai.com/gptbot)"
54.84.93.8 - - [30/Nov/2025:07:55:30 -0500] "GET /wk/admin.php?dir=//proc/self/root/opt/alt/openssl/share/doc HTTP/1.1" 200 2677 "-" "Mozilla/5.0 AppleWebKit/537.36 (KHTML, like Gecko; compatible; Amazonbot/0.1; +https://developer.amazon.com/support/amazonbot) Chrome/119.0.6045.214 Safari/537.36"
135.181.213.219 - - [30/Nov/2025:07:55:31 -0500] "GET /wk/admin.php?dir=//usr&item=src&action=chmod HTTP/1.1" 200 2651 "-" "Mozilla/5.0 (compatible; MJ12bot/v1.4.8; http://mj12bot.com/)"
74.7.243.195 - - [30/Nov/2025:07:55:31 -0500] "GET /wk/admin.php?dir=//proc/546933/root/var/softaculous/tcexam HTTP/1.1" 200 3614 "-" "Mozilla/5.0 AppleWebKit/537.36 (KHTML, like Gecko; compatible; GPTBot/1.3; +https://openai.com/gptbot)"
74.7.243.195 - - [30/Nov/2025:07:55:34 -0500] "GET /wk/admin.php?dir=//proc/546933/root/var/softaculous/weberp HTTP/1.1" 200 3265 "-" "Mozilla/5.0 AppleWebKit/537.36 (KHTML, like Gecko; compatible; GPTBot/1.3; +https://openai.com/gptbot)"
52.7.13.143 - - [30/Nov/2025:07:55:34 -0500] "GET /wk/admin.php?action=chmod&dir=//home/bappguir/lscache/0/c/5&item=0c5e123aa44200de HTTP/1.1" 200 9755 "-" "Mozilla/5.0 AppleWebKit/537.36 (KHTML, like Gecko; compatible; Amazonbot/0.1; +https://developer.amazon.com/support/amazonbot) Chrome/119.0.6045.214 Safari/537.36"
135.181.213.219 - - [30/Nov/2025:07:55:35 -0500] "GET /wk/admin.php?dir=//usr&item=src&action=rename HTTP/1.1" 200 2677 "-" "Mozilla/5.0 (compatible; MJ12bot/v1.4.8; http://mj12bot.com/)"
74.7.243.195 - - [30/Nov/2025:07:55:36 -0500] "GET /wk/admin.php?dir=//proc/546933/root/var/softaculous/stripe/php53 HTTP/1.1" 200 2510 "-" "Mozilla/5.0 AppleWebKit/537.36 (KHTML, like Gecko; compatible; GPTBot/1.3; +https://openai.com/gptbot)"
54.157.84.74 - - [30/Nov/2025:07:55:38 -0500] "GET /wk/admin.php?action=chmod&dir=//home/bappguir/lscache/d/2/d&item=d2dc7d1d12e213e8 HTTP/1.1" 200 8202 "-" "Mozilla/5.0 AppleWebKit/537.36 (KHTML, like Gecko; compatible; Amazonbot/0.1; +https://developer.amazon.com/support/amazonbot) Chrome/119.0.6045.214 Safari/537.36"
74.7.243.195 - - [30/Nov/2025:07:55:38 -0500] "GET /wk/admin.php?dir=//proc/546933/root/var/softaculous/alegro HTTP/1.1" 200 3227 "-" "Mozilla/5.0 AppleWebKit/537.36 (KHTML, like Gecko; compatible; GPTBot/1.3; +https://openai.com/gptbot)"
135.181.213.219 - - [30/Nov/2025:07:55:39 -0500] "GET /wk/admin.php?dir=//usr/bin HTTP/1.1" 200 26507 "-" "Mozilla/5.0 (compatible; MJ12bot/v1.4.8; http://mj12bot.com/)"
74.7.243.195 - - [30/Nov/2025:07:55:41 -0500] "GET /wk/admin.php?dir=//proc/546933/root/var/softaculous/firefly HTTP/1.1" 200 3712 "-" "Mozilla/5.0 AppleWebKit/537.36 (KHTML, like Gecko; compatible; GPTBot/1.3; +https://openai.com/gptbot)"
74.7.230.51 - - [30/Nov/2025:07:55:43 -0500] "GET /robots.txt HTTP/1.1" 404 1251 "-" "Mozilla/5.0 (Macintosh; Intel Mac OS X 10_15_7) AppleWebKit/537.36 (KHTML, like Gecko) Chrome/131.0.0.0 Safari/537.36; compatible; OAI-SearchBot/1.3; robots.txt; +https://openai.com/searchbot"
18.206.47.187 - - [30/Nov/2025:07:55:42 -0500] "GET /wk/admin.php?action=view&dir=//proc/self/root/proc/self/root/bin&item=mytop HTTP/1.1" 200 56155 "-" "Mozilla/5.0 AppleWebKit/537.36 (KHTML, like Gecko; compatible; Amazonbot/0.1; +https://developer.amazon.com/support/amazonbot) Chrome/119.0.6045.214 Safari/537.36"
74.7.243.195 - - [30/Nov/2025:07:55:43 -0500] "GET /wk/admin.php?action=view&dir=//proc/546933/root/var/softaculous/yourls&item=yourls.sql HTTP/1.1" 200 4607 "-" "Mozilla/5.0 AppleWebKit/537.36 (KHTML, like Gecko; compatible; GPTBot/1.3; +https://openai.com/gptbot)"
135.181.213.219 - - [30/Nov/2025:07:55:43 -0500] "GET /wk/admin.php?dir=//usr/include HTTP/1.1" 200 15309 "-" "Mozilla/5.0 (compatible; MJ12bot/v1.4.8; http://mj12bot.com/)"
74.7.243.195 - - [30/Nov/2025:07:55:45 -0500] "GET /wk/admin.php?dir=//proc/546933/root/var/softaculous/schlix HTTP/1.1" 200 3476 "-" "Mozilla/5.0 AppleWebKit/537.36 (KHTML, like Gecko; compatible; GPTBot/1.3; +https://openai.com/gptbot)"
54.152.163.42 - - [30/Nov/2025:07:55:46 -0500] "GET /wk/admin.php?action=chmod&dir=//home/bappguir/lscache/f/5/e&item=f5e9c68d01be5741 HTTP/1.1" 200 8853 "-" "Mozilla/5.0 AppleWebKit/537.36 (KHTML, like Gecko; compatible; Amazonbot/0.1; +https://developer.amazon.com/support/amazonbot) Chrome/119.0.6045.214 Safari/537.36"
135.181.213.219 - - [30/Nov/2025:07:55:47 -0500] "GET /wk/admin.php?dir=//usr/lib HTTP/1.1" 200 3951 "-" "Mozilla/5.0 (compatible; MJ12bot/v1.4.8; http://mj12bot.com/)"
74.7.243.195 - - [30/Nov/2025:07:55:47 -0500] "GET /wk/admin.php?dir=//proc/546933/root/var/softaculous/pagekit HTTP/1.1" 200 3241 "-" "Mozilla/5.0 AppleWebKit/537.36 (KHTML, like Gecko; compatible; GPTBot/1.3; +https://openai.com/gptbot)"
74.7.243.195 - - [30/Nov/2025:07:55:50 -0500] "GET /wk/admin.php?dir=//proc/546933/root/var/softaculous/igniter HTTP/1.1" 200 3266 "-" "Mozilla/5.0 AppleWebKit/537.36 (KHTML, like Gecko; compatible; GPTBot/1.3; +https://openai.com/gptbot)"
135.181.213.219 - - [30/Nov/2025:07:55:51 -0500] "GET /wk/admin.php?dir=//usr/lib64 HTTP/1.1" 200 78567 "-" "Mozilla/5.0 (compatible; MJ12bot/v1.4.8; http://mj12bot.com/)"
74.7.243.195 - - [30/Nov/2025:07:55:52 -0500] "GET /wk/admin.php?dir=//proc/546933/root/var/softaculous/kopage HTTP/1.1" 200 3023 "-" "Mozilla/5.0 AppleWebKit/537.36 (KHTML, like Gecko; compatible; GPTBot/1.3; +https://openai.com/gptbot)"
52.207.47.227 - - [30/Nov/2025:07:55:54 -0500] "GET /wk/admin.php?action=chmod&dir=//home/bappguir/lscache/d/a/1&item=da1dbe44fe2c477f HTTP/1.1" 200 8899 "-" "Mozilla/5.0 AppleWebKit/537.36 (KHTML, like Gecko; compatible; Amazonbot/0.1; +https://developer.amazon.com/support/amazonbot) Chrome/119.0.6045.214 Safari/537.36"
74.7.243.195 - - [30/Nov/2025:07:55:54 -0500] "GET /wk/admin.php?action=view&dir=//proc/546933/root/var/softaculous/firefly&item=edit.xml HTTP/1.1" 200 4011 "-" "Mozilla/5.0 AppleWebKit/537.36 (KHTML, like Gecko; compatible; GPTBot/1.3; +https://openai.com/gptbot)"
34.239.197.197 - - [30/Nov/2025:07:55:55 -0500] "GET /wk/admin.php?action=view&dir=//opt/alt/php80/usr/include/php/main/streams&item=php_stream_context.h HTTP/1.1" 200 4923 "-" "Mozilla/5.0 AppleWebKit/537.36 (KHTML, like Gecko; compatible; Amazonbot/0.1; +https://developer.amazon.com/support/amazonbot) Chrome/119.0.6045.214 Safari/537.36"
135.181.213.219 - - [30/Nov/2025:07:55:56 -0500] "GET /wk/admin.php?dir=//usr/libexec HTTP/1.1" 200 2923 "-" "Mozilla/5.0 (compatible; MJ12bot/v1.4.8; http://mj12bot.com/)"
44.217.177.142 - - [30/Nov/2025:07:55:58 -0500] "GET /wk/admin.php?action=chmod&dir=//home/bappguir/lscache/b/0/1&item=b01f7781cc50dc3a HTTP/1.1" 200 10711 "-" "Mozilla/5.0 AppleWebKit/537.36 (KHTML, like Gecko; compatible; Amazonbot/0.1; +https://developer.amazon.com/support/amazonbot) Chrome/119.0.6045.214 Safari/537.36"
135.181.213.219 - - [30/Nov/2025:07:56:00 -0500] "GET /wk/admin.php?dir=//usr/local HTTP/1.1" 200 2565 "-" "Mozilla/5.0 (compatible; MJ12bot/v1.4.8; http://mj12bot.com/)"
74.7.243.195 - - [30/Nov/2025:07:55:57 -0500] "GET /wk/admin.php?dir=//proc/546933/root/var/softaculous/orange HTTP/1.1" 200 3593 "-" "Mozilla/5.0 AppleWebKit/537.36 (KHTML, like Gecko; compatible; GPTBot/1.3; +https://openai.com/gptbot)"
54.225.199.17 - - [30/Nov/2025:07:56:02 -0500] "GET /wk/admin.php?action=chmod&dir=//home/bappguir/lscache/e/d/d&item=eddaf89d1dbd2c8d HTTP/1.1" 200 8980 "-" "Mozilla/5.0 AppleWebKit/537.36 (KHTML, like Gecko; compatible; Amazonbot/0.1; +https://developer.amazon.com/support/amazonbot) Chrome/119.0.6045.214 Safari/537.36"
74.7.243.195 - - [30/Nov/2025:07:56:03 -0500] "GET /wk/admin.php?dir=//proc/546933/root/var/softaculous/pivotx HTTP/1.1" 200 3249 "-" "Mozilla/5.0 AppleWebKit/537.36 (KHTML, like Gecko; compatible; GPTBot/1.3; +https://openai.com/gptbot)"
135.181.213.219 - - [30/Nov/2025:07:56:04 -0500] "GET /wk/admin.php?dir=//usr/sbin HTTP/1.1" 200 4546 "-" "Mozilla/5.0 (compatible; MJ12bot/v1.4.8; http://mj12bot.com/)"
74.7.243.195 - - [30/Nov/2025:07:56:06 -0500] "GET /wk/admin.php?dir=//proc/546933/root/var/softaculous/oxwall HTTP/1.1" 200 3347 "-" "Mozilla/5.0 AppleWebKit/537.36 (KHTML, like Gecko; compatible; GPTBot/1.3; +https://openai.com/gptbot)"
44.214.19.8 - - [30/Nov/2025:07:56:06 -0500] "GET /wk/admin.php?action=chmod&dir=//home/bappguir/lscache/2/1/2&item=212c15e7509a9e0a HTTP/1.1" 200 9695 "-" "Mozilla/5.0 AppleWebKit/537.36 (KHTML, like Gecko; compatible; Amazonbot/0.1; +https://developer.amazon.com/support/amazonbot) Chrome/119.0.6045.214 Safari/537.36"
135.181.213.219 - - [30/Nov/2025:07:56:08 -0500] "GET /wk/admin.php?dir=//usr/selector HTTP/1.1" 200 2355 "-" "Mozilla/5.0 (compatible; MJ12bot/v1.4.8; http://mj12bot.com/)"
74.7.243.195 - - [30/Nov/2025:07:56:08 -0500] "GET /wk/admin.php?action=view&dir=//proc/546933/root/var/softaculous/pagekit&item=info.xml HTTP/1.1" 200 4717 "-" "Mozilla/5.0 AppleWebKit/537.36 (KHTML, like Gecko; compatible; GPTBot/1.3; +https://openai.com/gptbot)"
74.7.243.195 - - [30/Nov/2025:07:56:10 -0500] "GET /wk/admin.php?action=rename&dir=//proc/546933/root/var/softaculous/igniter&item=igniter.zip HTTP/1.1" 200 3363 "-" "Mozilla/5.0 AppleWebKit/537.36 (KHTML, like Gecko; compatible; GPTBot/1.3; +https://openai.com/gptbot)"
23.21.175.228 - - [30/Nov/2025:07:56:10 -0500] "GET /wk/admin.php?action=chmod&dir=//home/bappguir/lscache/f/a/a&item=faad86efa2e9386e HTTP/1.1" 200 10305 "-" "Mozilla/5.0 AppleWebKit/537.36 (KHTML, like Gecko; compatible; Amazonbot/0.1; +https://developer.amazon.com/support/amazonbot) Chrome/119.0.6045.214 Safari/537.36"
135.181.213.219 - - [30/Nov/2025:07:56:12 -0500] "GET /wk/admin.php?dir=//usr/selector.etc HTTP/1.1" 200 2283 "-" "Mozilla/5.0 (compatible; MJ12bot/v1.4.8; http://mj12bot.com/)"
74.7.243.195 - - [30/Nov/2025:07:56:13 -0500] "GET /wk/admin.php?dir=//proc/546933/root/var/softaculous/krayin HTTP/1.1" 200 3366 "-" "Mozilla/5.0 AppleWebKit/537.36 (KHTML, like Gecko; compatible; GPTBot/1.3; +https://openai.com/gptbot)"
54.147.238.89 - - [30/Nov/2025:07:56:14 -0500] "GET /wk/admin.php?action=chmod&dir=//home/bappguir/lscache/c/1/3&item=c139a41de188c18c HTTP/1.1" 200 10193 "-" "Mozilla/5.0 AppleWebKit/537.36 (KHTML, like Gecko; compatible; Amazonbot/0.1; +https://developer.amazon.com/support/amazonbot) Chrome/119.0.6045.214 Safari/537.36"
74.7.243.195 - - [30/Nov/2025:07:56:15 -0500] "GET /wk/admin.php?action=view&dir=//proc/546933/root/var/softaculous/orange&item=extend.php HTTP/1.1" 200 10403 "-" "Mozilla/5.0 AppleWebKit/537.36 (KHTML, like Gecko; compatible; GPTBot/1.3; +https://openai.com/gptbot)"
135.181.213.219 - - [30/Nov/2025:07:56:16 -0500] "GET /wk/admin.php?dir=//usr/share HTTP/1.1" 200 4348 "-" "Mozilla/5.0 (compatible; MJ12bot/v1.4.8; http://mj12bot.com/)"
74.7.243.195 - - [30/Nov/2025:07:56:17 -0500] "GET /wk/admin.php?dir=//proc/546933/root/var/softaculous/igniter/php81 HTTP/1.1" 200 2477 "-" "Mozilla/5.0 AppleWebKit/537.36 (KHTML, like Gecko; compatible; GPTBot/1.3; +https://openai.com/gptbot)"
23.23.212.212 - - [30/Nov/2025:07:56:18 -0500] "GET /wk/admin.php?action=chmod&dir=//home/bappguir/lscache/a/f/0&item=af05a2b9ccec97d6 HTTP/1.1" 200 8784 "-" "Mozilla/5.0 AppleWebKit/537.36 (KHTML, like Gecko; compatible; Amazonbot/0.1; +https://developer.amazon.com/support/amazonbot) Chrome/119.0.6045.214 Safari/537.36"
74.7.243.195 - - [30/Nov/2025:07:56:19 -0500] "GET /wk/admin.php?dir=//proc/546933/root/var/softaculous/hubzilla HTTP/1.1" 200 3176 "-" "Mozilla/5.0 AppleWebKit/537.36 (KHTML, like Gecko; compatible; GPTBot/1.3; +https://openai.com/gptbot)"
135.181.213.219 - - [30/Nov/2025:07:56:20 -0500] "GET /wk/admin.php?dir=//usr/src HTTP/1.1" 200 2257 "-" "Mozilla/5.0 (compatible; MJ12bot/v1.4.8; http://mj12bot.com/)"
74.7.243.195 - - [30/Nov/2025:07:56:22 -0500] "GET /wk/admin.php?dir=//proc/546933/root/var/softaculous/bbpress HTTP/1.1" 200 3821 "-" "Mozilla/5.0 AppleWebKit/537.36 (KHTML, like Gecko; compatible; GPTBot/1.3; +https://openai.com/gptbot)"
52.200.58.199 - - [30/Nov/2025:07:56:22 -0500] "GET /wk/admin.php?action=chmod&dir=//proc/thread-self/root/opt/alt/tests&item=alt-php82-pecl-redis_5.3.7-3.el8 HTTP/1.1" 200 18780 "-" "Mozilla/5.0 AppleWebKit/537.36 (KHTML, like Gecko; compatible; Amazonbot/0.1; +https://developer.amazon.com/support/amazonbot) Chrome/119.0.6045.214 Safari/537.36"
135.181.213.219 - - [30/Nov/2025:07:56:24 -0500] "GET /wk/admin.php?dir=//var&item=.cagefs&action=chmod HTTP/1.1" 200 2811 "-" "Mozilla/5.0 (compatible; MJ12bot/v1.4.8; http://mj12bot.com/)"
74.7.243.195 - - [30/Nov/2025:07:56:24 -0500] "GET /wk/admin.php?dir=//proc/546933/root/var/softaculous/blesta HTTP/1.1" 200 3275 "-" "Mozilla/5.0 AppleWebKit/537.36 (KHTML, like Gecko; compatible; GPTBot/1.3; +https://openai.com/gptbot)"
74.7.243.195 - - [30/Nov/2025:07:56:26 -0500] "GET /wk/admin.php?dir=//proc/546933/root/var/softaculous/smarty HTTP/1.1" 200 3011 "-" "Mozilla/5.0 AppleWebKit/537.36 (KHTML, like Gecko; compatible; GPTBot/1.3; +https://openai.com/gptbot)"
23.21.250.48 - - [30/Nov/2025:07:56:27 -0500] "GET /wk/admin.php?action=chmod&dir=//home/bappguir/lscache/f/e/1&item=fe1de925af48c35c HTTP/1.1" 200 8956 "-" "Mozilla/5.0 AppleWebKit/537.36 (KHTML, like Gecko; compatible; Amazonbot/0.1; +https://developer.amazon.com/support/amazonbot) Chrome/119.0.6045.214 Safari/537.36"
135.181.213.219 - - [30/Nov/2025:07:56:28 -0500] "GET /wk/admin.php?dir=//var&item=.cagefs&action=rename HTTP/1.1" 200 2766 "-" "Mozilla/5.0 (compatible; MJ12bot/v1.4.8; http://mj12bot.com/)"
74.7.243.195 - - [30/Nov/2025:07:56:28 -0500] "GET /wk/admin.php?dir=//proc/546933/root/var/softaculous/crafty HTTP/1.1" 200 3321 "-" "Mozilla/5.0 AppleWebKit/537.36 (KHTML, like Gecko; compatible; GPTBot/1.3; +https://openai.com/gptbot)"
3.210.223.61 - - [30/Nov/2025:07:56:30 -0500] "GET /wk/admin.php?action=rename&dir=//proc/self/root/proc/self/cwd&item=admin.php HTTP/1.1" 200 2792 "-" "Mozilla/5.0 AppleWebKit/537.36 (KHTML, like Gecko; compatible; Amazonbot/0.1; +https://developer.amazon.com/support/amazonbot) Chrome/119.0.6045.214 Safari/537.36"
74.7.243.195 - - [30/Nov/2025:07:56:30 -0500] "GET /wk/admin.php?dir=//proc/546933/root/var/softaculous/zencart HTTP/1.1" 200 3480 "-" "Mozilla/5.0 AppleWebKit/537.36 (KHTML, like Gecko; compatible; GPTBot/1.3; +https://openai.com/gptbot)"
135.181.213.219 - - [30/Nov/2025:07:56:32 -0500] "GET /wk/admin.php?dir=//var&item=cache&action=chmod HTTP/1.1" 200 2802 "-" "Mozilla/5.0 (compatible; MJ12bot/v1.4.8; http://mj12bot.com/)"
74.7.243.195 - - [30/Nov/2025:07:56:33 -0500] "GET /wk/admin.php?action=rename&dir=//proc/546933/root/var/softaculous/hubzilla&item=md5 HTTP/1.1" 200 3252 "-" "Mozilla/5.0 AppleWebKit/537.36 (KHTML, like Gecko; compatible; GPTBot/1.3; +https://openai.com/gptbot)"
54.157.99.244 - - [30/Nov/2025:07:56:34 -0500] "GET /wk/admin.php?action=chmod&dir=//home/bappguir/lscache/a/3/f&item=a3f9cbe43f1e9ecd HTTP/1.1" 200 8422 "-" "Mozilla/5.0 AppleWebKit/537.36 (KHTML, like Gecko; compatible; Amazonbot/0.1; +https://developer.amazon.com/support/amazonbot) Chrome/119.0.6045.214 Safari/537.36"
74.7.243.195 - - [30/Nov/2025:07:56:35 -0500] "GET /wk/admin.php?dir=//proc/546933/root/var/softaculous/egroup HTTP/1.1" 200 3476 "-" "Mozilla/5.0 AppleWebKit/537.36 (KHTML, like Gecko; compatible; GPTBot/1.3; +https://openai.com/gptbot)"
135.181.213.219 - - [30/Nov/2025:07:56:36 -0500] "GET /wk/admin.php?dir=//var&item=cache&action=rename HTTP/1.1" 200 2800 "-" "Mozilla/5.0 (compatible; MJ12bot/v1.4.8; http://mj12bot.com/)"
74.7.243.195 - - [30/Nov/2025:07:56:37 -0500] "GET /wk/admin.php?action=chmod&dir=//proc/546933/root/var/softaculous/bbpress&item=_htaccess HTTP/1.1" 200 3856 "-" "Mozilla/5.0 AppleWebKit/537.36 (KHTML, like Gecko; compatible; GPTBot/1.3; +https://openai.com/gptbot)"
44.217.177.142 - - [30/Nov/2025:07:56:38 -0500] "GET /wk/admin.php?action=chmod&dir=//home/bappguir/lscache/c/6/d&item=c6d808084470c2fb HTTP/1.1" 200 9457 "-" "Mozilla/5.0 AppleWebKit/537.36 (KHTML, like Gecko; compatible; Amazonbot/0.1; +https://developer.amazon.com/support/amazonbot) Chrome/119.0.6045.214 Safari/537.36"
74.7.243.195 - - [30/Nov/2025:07:56:39 -0500] "GET /wk/admin.php?action=rename&dir=//proc/546933/root/var/softaculous/blesta&item=install.js HTTP/1.1" 200 3336 "-" "Mozilla/5.0 AppleWebKit/537.36 (KHTML, like Gecko; compatible; GPTBot/1.3; +https://openai.com/gptbot)"
135.181.213.219 - - [30/Nov/2025:07:56:40 -0500] "GET /wk/admin.php?dir=//var&item=cpanel&action=chmod HTTP/1.1" 200 2778 "-" "Mozilla/5.0 (compatible; MJ12bot/v1.4.8; http://mj12bot.com/)"
74.7.243.195 - - [30/Nov/2025:07:56:42 -0500] "GET /wk/admin.php?dir=//proc/546933/root/var/softaculous/pluxml HTTP/1.1" 200 3066 "-" "Mozilla/5.0 AppleWebKit/537.36 (KHTML, like Gecko; compatible; GPTBot/1.3; +https://openai.com/gptbot)"
98.83.226.125 - - [30/Nov/2025:07:56:42 -0500] "GET /wk/admin.php?action=chmod&dir=//home/bappguir/lscache/c/1/c&item=c1c6da9accb7bf72 HTTP/1.1" 200 10499 "-" "Mozilla/5.0 AppleWebKit/537.36 (KHTML, like Gecko; compatible; Amazonbot/0.1; +https://developer.amazon.com/support/amazonbot) Chrome/119.0.6045.214 Safari/537.36"
74.7.243.195 - - [30/Nov/2025:07:56:44 -0500] "GET /wk/admin.php?dir=//proc/546933/root/var/softaculous/burden HTTP/1.1" 200 3035 "-" "Mozilla/5.0 AppleWebKit/537.36 (KHTML, like Gecko; compatible; GPTBot/1.3; +https://openai.com/gptbot)"
135.181.213.219 - - [30/Nov/2025:07:56:44 -0500] "GET /wk/admin.php?dir=//var&item=cpanel&action=rename HTTP/1.1" 200 2815 "-" "Mozilla/5.0 (compatible; MJ12bot/v1.4.8; http://mj12bot.com/)"
74.7.243.195 - - [30/Nov/2025:07:56:46 -0500] "GET /wk/admin.php?dir=//proc/546933/root/var/softaculous/zentao HTTP/1.1" 200 3380 "-" "Mozilla/5.0 AppleWebKit/537.36 (KHTML, like Gecko; compatible; GPTBot/1.3; +https://openai.com/gptbot)"
54.225.148.123 - - [30/Nov/2025:07:56:46 -0500] "GET /wk/admin.php?action=chmod&dir=//home/bappguir/lscache/e/8/e&item=e8e845467d9b7d1c HTTP/1.1" 200 10522 "-" "Mozilla/5.0 AppleWebKit/537.36 (KHTML, like Gecko; compatible; Amazonbot/0.1; +https://developer.amazon.com/support/amazonbot) Chrome/119.0.6045.214 Safari/537.36"
135.181.213.219 - - [30/Nov/2025:07:56:48 -0500] "GET /wk/admin.php?dir=//var&item=imunify360&action=chmod HTTP/1.1" 200 2814 "-" "Mozilla/5.0 (compatible; MJ12bot/v1.4.8; http://mj12bot.com/)"
74.7.243.195 - - [30/Nov/2025:07:56:48 -0500] "GET /wk/admin.php?dir=//proc/546933/root/var/softaculous/zenario HTTP/1.1" 200 3509 "-" "Mozilla/5.0 AppleWebKit/537.36 (KHTML, like Gecko; compatible; GPTBot/1.3; +https://openai.com/gptbot)"
52.3.127.170 - - [30/Nov/2025:07:56:50 -0500] "GET /wk/admin.php?action=chmod&dir=//home/bappguir/lscache/1/d/1&item=1d1b95c25c52f080 HTTP/1.1" 200 9626 "-" "Mozilla/5.0 AppleWebKit/537.36 (KHTML, like Gecko; compatible; Amazonbot/0.1; +https://developer.amazon.com/support/amazonbot) Chrome/119.0.6045.214 Safari/537.36"
74.7.243.195 - - [30/Nov/2025:07:56:51 -0500] "GET /wk/admin.php?dir=//proc/546933/root/var/softaculous/magento HTTP/1.1" 200 3198 "-" "Mozilla/5.0 AppleWebKit/537.36 (KHTML, like Gecko; compatible; GPTBot/1.3; +https://openai.com/gptbot)"
135.181.213.219 - - [30/Nov/2025:07:56:52 -0500] "GET /wk/admin.php?dir=//var&item=imunify360&action=rename HTTP/1.1" 200 2768 "-" "Mozilla/5.0 (compatible; MJ12bot/v1.4.8; http://mj12bot.com/)"
74.7.243.195 - - [30/Nov/2025:07:56:53 -0500] "GET /wk/admin.php?dir=//proc/546933/root/var/softaculous/advpoll HTTP/1.1" 200 3180 "-" "Mozilla/5.0 AppleWebKit/537.36 (KHTML, like Gecko; compatible; GPTBot/1.3; +https://openai.com/gptbot)"
54.225.181.161 - - [30/Nov/2025:07:56:54 -0500] "GET /wk/admin.php?action=chmod&dir=//home/bappguir/lscache/e/5/0&item=e50a75655e5a0c58 HTTP/1.1" 200 9515 "-" "Mozilla/5.0 AppleWebKit/537.36 (KHTML, like Gecko; compatible; Amazonbot/0.1; +https://developer.amazon.com/support/amazonbot) Chrome/119.0.6045.214 Safari/537.36"
74.7.243.195 - - [30/Nov/2025:07:56:55 -0500] "GET /wk/admin.php?dir=//proc/546933/root/var/softaculous/bootstrap HTTP/1.1" 200 3014 "-" "Mozilla/5.0 AppleWebKit/537.36 (KHTML, like Gecko; compatible; GPTBot/1.3; +https://openai.com/gptbot)"
135.181.213.219 - - [30/Nov/2025:07:56:56 -0500] "GET /wk/admin.php?dir=//var&item=lib&action=chmod HTTP/1.1" 200 2769 "-" "Mozilla/5.0 (compatible; MJ12bot/v1.4.8; http://mj12bot.com/)"
74.7.243.195 - - [30/Nov/2025:07:56:57 -0500] "GET /wk/admin.php?dir=//proc/546933/root/var/softaculous/sofawiki HTTP/1.1" 200 3174 "-" "Mozilla/5.0 AppleWebKit/537.36 (KHTML, like Gecko; compatible; GPTBot/1.3; +https://openai.com/gptbot)"
98.82.63.147 - - [30/Nov/2025:07:56:58 -0500] "GET /wk/admin.php?action=chmod&dir=//home/bappguir/lscache/e/4/e&item=e4e9e4e91f2b813f HTTP/1.1" 200 9982 "-" "Mozilla/5.0 AppleWebKit/537.36 (KHTML, like Gecko; compatible; Amazonbot/0.1; +https://developer.amazon.com/support/amazonbot) Chrome/119.0.6045.214 Safari/537.36"
74.7.243.195 - - [30/Nov/2025:07:57:00 -0500] "GET /wk/admin.php?dir=//proc/546933/root/var/softaculous/precurio HTTP/1.1" 200 3192 "-" "Mozilla/5.0 AppleWebKit/537.36 (KHTML, like Gecko; compatible; GPTBot/1.3; +https://openai.com/gptbot)"
135.181.213.219 - - [30/Nov/2025:07:57:00 -0500] "GET /wk/admin.php?dir=//var&item=lib&action=rename HTTP/1.1" 200 2808 "-" "Mozilla/5.0 (compatible; MJ12bot/v1.4.8; http://mj12bot.com/)"
74.7.243.195 - - [30/Nov/2025:07:57:02 -0500] "GET /wk/admin.php?dir=//proc/546933/root/var/softaculous/jamroom HTTP/1.1" 200 3451 "-" "Mozilla/5.0 AppleWebKit/537.36 (KHTML, like Gecko; compatible; GPTBot/1.3; +https://openai.com/gptbot)"
3.212.219.113 - - [30/Nov/2025:07:57:02 -0500] "GET /wk/admin.php?action=chmod&dir=//home/bappguir/lscache/c/0/c&item=c0ccaba4653b478c HTTP/1.1" 200 8236 "-" "Mozilla/5.0 AppleWebKit/537.36 (KHTML, like Gecko; compatible; Amazonbot/0.1; +https://developer.amazon.com/support/amazonbot) Chrome/119.0.6045.214 Safari/537.36"
135.181.213.219 - - [30/Nov/2025:07:57:04 -0500] "GET /wk/admin.php?dir=//var&item=log&action=chmod HTTP/1.1" 200 2814 "-" "Mozilla/5.0 (compatible; MJ12bot/v1.4.8; http://mj12bot.com/)"
74.7.243.195 - - [30/Nov/2025:07:57:04 -0500] "GET /wk/admin.php?dir=//proc/546933/root/var/softaculous/phppoll HTTP/1.1" 200 3037 "-" "Mozilla/5.0 AppleWebKit/537.36 (KHTML, like Gecko; compatible; GPTBot/1.3; +https://openai.com/gptbot)"
35.168.238.50 - - [30/Nov/2025:07:57:06 -0500] "GET /wk/admin.php?action=chmod&dir=//home/bappguir/lscache/e/2/4&item=e24def1eac4dcf64 HTTP/1.1" 200 9336 "-" "Mozilla/5.0 AppleWebKit/537.36 (KHTML, like Gecko; compatible; Amazonbot/0.1; +https://developer.amazon.com/support/amazonbot) Chrome/119.0.6045.214 Safari/537.36"
74.7.243.195 - - [30/Nov/2025:07:57:06 -0500] "GET /wk/admin.php?dir=//proc/546933/root/var/softaculous/magento/php53 HTTP/1.1" 200 2588 "-" "Mozilla/5.0 AppleWebKit/537.36 (KHTML, like Gecko; compatible; GPTBot/1.3; +https://openai.com/gptbot)"
135.181.213.219 - - [30/Nov/2025:07:57:08 -0500] "GET /wk/admin.php?dir=//var&item=log&action=rename HTTP/1.1" 200 2768 "-" "Mozilla/5.0 (compatible; MJ12bot/v1.4.8; http://mj12bot.com/)"
74.7.243.195 - - [30/Nov/2025:07:57:09 -0500] "GET /wk/admin.php?action=view&dir=//proc/546933/root/var/softaculous/advpoll&item=upgrade.xml HTTP/1.1" 200 3468 "-" "Mozilla/5.0 AppleWebKit/537.36 (KHTML, like Gecko; compatible; GPTBot/1.3; +https://openai.com/gptbot)"
100.28.133.214 - - [30/Nov/2025:07:57:10 -0500] "GET /wk/admin.php?action=chmod&dir=//home/bappguir/lscache/0/1/e&item=01e3f79dd0a5df45 HTTP/1.1" 200 9125 "-" "Mozilla/5.0 AppleWebKit/537.36 (KHTML, like Gecko; compatible; Amazonbot/0.1; +https://developer.amazon.com/support/amazonbot) Chrome/119.0.6045.214 Safari/537.36"
74.7.243.195 - - [30/Nov/2025:07:57:11 -0500] "GET /wk/admin.php?dir=//proc/546933/root/var/softaculous/bootstrap/php81 HTTP/1.1" 200 2453 "-" "Mozilla/5.0 AppleWebKit/537.36 (KHTML, like Gecko; compatible; GPTBot/1.3; +https://openai.com/gptbot)"
135.181.213.219 - - [30/Nov/2025:07:57:12 -0500] "GET /wk/admin.php?dir=//var&item=lve&action=chmod HTTP/1.1" 200 2815 "-" "Mozilla/5.0 (compatible; MJ12bot/v1.4.8; http://mj12bot.com/)"
74.7.243.195 - - [30/Nov/2025:07:57:13 -0500] "GET /wk/admin.php?dir=//proc/546933/root/var/softaculous/owncloud HTTP/1.1" 200 3752 "-" "Mozilla/5.0 AppleWebKit/537.36 (KHTML, like Gecko; compatible; GPTBot/1.3; +https://openai.com/gptbot)"
23.21.175.228 - - [30/Nov/2025:07:57:14 -0500] "GET /wk/admin.php?action=chmod&dir=//home/bappguir/lscache/e/4/a&item=e4a6ea648e1f103e HTTP/1.1" 200 9273 "-" "Mozilla/5.0 AppleWebKit/537.36 (KHTML, like Gecko; compatible; Amazonbot/0.1; +https://developer.amazon.com/support/amazonbot) Chrome/119.0.6045.214 Safari/537.36"
74.7.243.195 - - [30/Nov/2025:07:57:15 -0500] "GET /wk/admin.php?dir=//proc/546933/root/var/softaculous/phpcol HTTP/1.1" 200 3305 "-" "Mozilla/5.0 AppleWebKit/537.36 (KHTML, like Gecko; compatible; GPTBot/1.3; +https://openai.com/gptbot)"
135.181.213.219 - - [30/Nov/2025:07:57:16 -0500] "GET /wk/admin.php?dir=//var&item=lve&action=rename HTTP/1.1" 200 2769 "-" "Mozilla/5.0 (compatible; MJ12bot/v1.4.8; http://mj12bot.com/)"
74.7.243.195 - - [30/Nov/2025:07:57:18 -0500] "GET /wk/admin.php?dir=//proc/546933/root/var/softaculous/dotproj HTTP/1.1" 200 3194 "-" "Mozilla/5.0 AppleWebKit/537.36 (KHTML, like Gecko; compatible; GPTBot/1.3; +https://openai.com/gptbot)"
98.82.63.147 - - [30/Nov/2025:07:57:18 -0500] "GET /wk/admin.php?action=chmod&dir=//home/bappguir/lscache/e/1/c&item=e1cb93175f91b9a7 HTTP/1.1" 200 8091 "-" "Mozilla/5.0 AppleWebKit/537.36 (KHTML, like Gecko; compatible; Amazonbot/0.1; +https://developer.amazon.com/support/amazonbot) Chrome/119.0.6045.214 Safari/537.36"
135.181.213.219 - - [30/Nov/2025:07:57:20 -0500] "GET /wk/admin.php?dir=//var&item=php&action=chmod HTTP/1.1" 200 2783 "-" "Mozilla/5.0 (compatible; MJ12bot/v1.4.8; http://mj12bot.com/)"
74.7.243.195 - - [30/Nov/2025:07:57:20 -0500] "GET /wk/admin.php?dir=//proc/546933/root/var/softaculous/phplist HTTP/1.1" 200 3422 "-" "Mozilla/5.0 AppleWebKit/537.36 (KHTML, like Gecko; compatible; GPTBot/1.3; +https://openai.com/gptbot)"
54.144.185.255 - - [30/Nov/2025:07:57:22 -0500] "GET /wk/admin.php?action=chmod&dir=//home/bappguir/lscache/c/c/6&item=cc60c5e24a30e599 HTTP/1.1" 200 10121 "-" "Mozilla/5.0 AppleWebKit/537.36 (KHTML, like Gecko; compatible; Amazonbot/0.1; +https://developer.amazon.com/support/amazonbot) Chrome/119.0.6045.214 Safari/537.36"
74.7.243.195 - - [30/Nov/2025:07:57:22 -0500] "GET /wk/admin.php?dir=//proc/546933/root/var/softaculous/phproj HTTP/1.1" 200 3209 "-" "Mozilla/5.0 AppleWebKit/537.36 (KHTML, like Gecko; compatible; GPTBot/1.3; +https://openai.com/gptbot)"
135.181.213.219 - - [30/Nov/2025:07:57:24 -0500] "GET /wk/admin.php?dir=//var&item=php&action=rename HTTP/1.1" 200 2814 "-" "Mozilla/5.0 (compatible; MJ12bot/v1.4.8; http://mj12bot.com/)"
74.7.243.195 - - [30/Nov/2025:07:57:25 -0500] "GET /wk/admin.php?dir=//proc/546933/root/var/softaculous/phplot HTTP/1.1" 200 2775 "-" "Mozilla/5.0 AppleWebKit/537.36 (KHTML, like Gecko; compatible; GPTBot/1.3; +https://openai.com/gptbot)"
34.205.170.13 - - [30/Nov/2025:07:57:26 -0500] "GET /wk/admin.php?action=chmod&dir=//home/bappguir/lscache/e/f/3&item=ef30a34e47be8f0a HTTP/1.1" 200 8525 "-" "Mozilla/5.0 AppleWebKit/537.36 (KHTML, like Gecko; compatible; Amazonbot/0.1; +https://developer.amazon.com/support/amazonbot) Chrome/119.0.6045.214 Safari/537.36"
74.7.243.195 - - [30/Nov/2025:07:57:27 -0500] "GET /wk/admin.php?dir=//proc/546933/root/var/softaculous/savsoft HTTP/1.1" 200 3022 "-" "Mozilla/5.0 AppleWebKit/537.36 (KHTML, like Gecko; compatible; GPTBot/1.3; +https://openai.com/gptbot)"
135.181.213.219 - - [30/Nov/2025:07:57:28 -0500] "GET /wk/admin.php?dir=//var&item=run&action=chmod HTTP/1.1" 200 2773 "-" "Mozilla/5.0 (compatible; MJ12bot/v1.4.8; http://mj12bot.com/)"
74.7.243.195 - - [30/Nov/2025:07:57:29 -0500] "GET /wk/admin.php?action=chmod&dir=//proc/546933/root/var/softaculous/phpcol&item=md5 HTTP/1.1" 200 3311 "-" "Mozilla/5.0 AppleWebKit/537.36 (KHTML, like Gecko; compatible; GPTBot/1.3; +https://openai.com/gptbot)"
18.213.27.222 - - [30/Nov/2025:07:57:30 -0500] "GET /wk/admin.php?action=chmod&dir=//home/bappguir/lscache/e/a/3&item=ea3cfb3e90a46b6b HTTP/1.1" 200 8325 "-" "Mozilla/5.0 AppleWebKit/537.36 (KHTML, like Gecko; compatible; Amazonbot/0.1; +https://developer.amazon.com/support/amazonbot) Chrome/119.0.6045.214 Safari/537.36"
74.7.243.195 - - [30/Nov/2025:07:57:31 -0500] "GET /wk/admin.php?action=view&dir=//proc/546933/root/var/softaculous/dotproj&item=import.php HTTP/1.1" 200 5677 "-" "Mozilla/5.0 AppleWebKit/537.36 (KHTML, like Gecko; compatible; GPTBot/1.3; +https://openai.com/gptbot)"
135.181.213.219 - - [30/Nov/2025:07:57:32 -0500] "GET /wk/admin.php?dir=//var&item=run&action=rename HTTP/1.1" 200 2770 "-" "Mozilla/5.0 (compatible; MJ12bot/v1.4.8; http://mj12bot.com/)"
74.7.243.195 - - [30/Nov/2025:07:57:33 -0500] "GET /wk/admin.php?action=view&dir=//proc/546933/root/var/softaculous/phpcol&item=fileindex.php HTTP/1.1" 200 3624 "-" "Mozilla/5.0 AppleWebKit/537.36 (KHTML, like Gecko; compatible; GPTBot/1.3; +https://openai.com/gptbot)"
52.44.229.124 - - [30/Nov/2025:07:57:34 -0500] "GET /wk/admin.php?action=chmod&dir=//home/bappguir/lscache/b/d/c&item=bdc59e930ef6d7e2 HTTP/1.1" 200 9585 "-" "Mozilla/5.0 AppleWebKit/537.36 (KHTML, like Gecko; compatible; Amazonbot/0.1; +https://developer.amazon.com/support/amazonbot) Chrome/119.0.6045.214 Safari/537.36"
74.7.243.195 - - [30/Nov/2025:07:57:36 -0500] "GET /wk/admin.php?dir=//proc/546933/root/var/softaculous/jquery HTTP/1.1" 200 3067 "-" "Mozilla/5.0 AppleWebKit/537.36 (KHTML, like Gecko; compatible; GPTBot/1.3; +https://openai.com/gptbot)"
135.181.213.219 - - [30/Nov/2025:07:57:36 -0500] "GET /wk/admin.php?dir=//var&item=softaculous&action=chmod HTTP/1.1" 200 2816 "-" "Mozilla/5.0 (compatible; MJ12bot/v1.4.8; http://mj12bot.com/)"
74.7.243.195 - - [30/Nov/2025:07:57:38 -0500] "GET /wk/admin.php?dir=//proc/546933/root/var/softaculous/phpsch HTTP/1.1" 200 3256 "-" "Mozilla/5.0 AppleWebKit/537.36 (KHTML, like Gecko; compatible; GPTBot/1.3; +https://openai.com/gptbot)"
34.195.60.66 - - [30/Nov/2025:07:57:38 -0500] "GET /wk/admin.php?action=chmod&dir=//home/bappguir/lscache/e/a/3&item=ea310b1dd05d49c0 HTTP/1.1" 200 8083 "-" "Mozilla/5.0 AppleWebKit/537.36 (KHTML, like Gecko; compatible; Amazonbot/0.1; +https://developer.amazon.com/support/amazonbot) Chrome/119.0.6045.214 Safari/537.36"
135.181.213.219 - - [30/Nov/2025:07:57:40 -0500] "GET /wk/admin.php?dir=//var&item=softaculous&action=rename HTTP/1.1" 200 2770 "-" "Mozilla/5.0 (compatible; MJ12bot/v1.4.8; http://mj12bot.com/)"
74.7.243.195 - - [30/Nov/2025:07:57:40 -0500] "GET /wk/admin.php?dir=//proc/546933/root/var/softaculous/ninja4 HTTP/1.1" 200 3467 "-" "Mozilla/5.0 AppleWebKit/537.36 (KHTML, like Gecko; compatible; GPTBot/1.3; +https://openai.com/gptbot)"
44.194.134.53 - - [30/Nov/2025:07:57:42 -0500] "GET /wk/admin.php?action=chmod&dir=//proc/thread-self/root/lib/locale/en_NZ.utf8&item=LC_NUMERIC HTTP/1.1" 200 3475 "-" "Mozilla/5.0 AppleWebKit/537.36 (KHTML, like Gecko; compatible; Amazonbot/0.1; +https://developer.amazon.com/support/amazonbot) Chrome/119.0.6045.214 Safari/537.36"
74.7.243.195 - - [30/Nov/2025:07:57:42 -0500] "GET /wk/admin.php?dir=//proc/546933/root/var/softaculous/4images HTTP/1.1" 200 3292 "-" "Mozilla/5.0 AppleWebKit/537.36 (KHTML, like Gecko; compatible; GPTBot/1.3; +https://openai.com/gptbot)"
135.181.213.219 - - [30/Nov/2025:07:57:44 -0500] "GET /wk/admin.php?dir=//var&item=spool&action=chmod HTTP/1.1" 200 2804 "-" "Mozilla/5.0 (compatible; MJ12bot/v1.4.8; http://mj12bot.com/)"
74.7.243.195 - - [30/Nov/2025:07:57:44 -0500] "GET /wk/admin.php?dir=//proc/546933/root/var/softaculous/prototype HTTP/1.1" 200 2802 "-" "Mozilla/5.0 AppleWebKit/537.36 (KHTML, like Gecko; compatible; GPTBot/1.3; +https://openai.com/gptbot)"
18.213.102.186 - - [30/Nov/2025:07:57:46 -0500] "GET /wk/admin.php?action=chmod&dir=//home/bappguir/lscache/d/3/1&item=d31593c6fce7ff3c HTTP/1.1" 200 9553 "-" "Mozilla/5.0 AppleWebKit/537.36 (KHTML, like Gecko; compatible; Amazonbot/0.1; +https://developer.amazon.com/support/amazonbot) Chrome/119.0.6045.214 Safari/537.36"
74.7.243.195 - - [30/Nov/2025:07:57:47 -0500] "GET /wk/admin.php?dir=//proc/546933/root/var/softaculous/phplite HTTP/1.1" 200 2975 "-" "Mozilla/5.0 AppleWebKit/537.36 (KHTML, like Gecko; compatible; GPTBot/1.3; +https://openai.com/gptbot)"
135.181.213.219 - - [30/Nov/2025:07:57:48 -0500] "GET /wk/admin.php?dir=//var&item=spool&action=rename HTTP/1.1" 200 2805 "-" "Mozilla/5.0 (compatible; MJ12bot/v1.4.8; http://mj12bot.com/)"
74.7.243.195 - - [30/Nov/2025:07:57:49 -0500] "GET /wk/admin.php?dir=//proc/546933/root/var/softaculous/vanilla HTTP/1.1" 200 3348 "-" "Mozilla/5.0 AppleWebKit/537.36 (KHTML, like Gecko; compatible; GPTBot/1.3; +https://openai.com/gptbot)"
184.73.167.217 - - [30/Nov/2025:07:57:50 -0500] "GET /wk/admin.php?action=chmod&dir=//home/bappguir/lscache/c/8/f&item=c8fdaea11fb139af HTTP/1.1" 200 9755 "-" "Mozilla/5.0 AppleWebKit/537.36 (KHTML, like Gecko; compatible; Amazonbot/0.1; +https://developer.amazon.com/support/amazonbot) Chrome/119.0.6045.214 Safari/537.36"
74.7.243.195 - - [30/Nov/2025:07:57:51 -0500] "GET /wk/admin.php?action=chmod&dir=//proc/546933/root/var/softaculous/jquery&item=jquery.js HTTP/1.1" 200 3153 "-" "Mozilla/5.0 AppleWebKit/537.36 (KHTML, like Gecko; compatible; GPTBot/1.3; +https://openai.com/gptbot)"
135.181.213.219 - - [30/Nov/2025:07:57:52 -0500] "GET /wk/admin.php?dir=//var&item=tmp&action=chmod HTTP/1.1" 200 2819 "-" "Mozilla/5.0 (compatible; MJ12bot/v1.4.8; http://mj12bot.com/)"
74.7.243.195 - - [30/Nov/2025:07:57:53 -0500] "GET /wk/admin.php?dir=//proc/546933/root/var/softaculous/roundcube HTTP/1.1" 200 3336 "-" "Mozilla/5.0 AppleWebKit/537.36 (KHTML, like Gecko; compatible; GPTBot/1.3; +https://openai.com/gptbot)"
44.215.231.15 - - [30/Nov/2025:07:57:54 -0500] "GET /wk/admin.php?action=chmod&dir=//home/bappguir/lscache/b/1/2&item=b122a1ca4f0a30bb HTTP/1.1" 200 8497 "-" "Mozilla/5.0 AppleWebKit/537.36 (KHTML, like Gecko; compatible; Amazonbot/0.1; +https://developer.amazon.com/support/amazonbot) Chrome/119.0.6045.214 Safari/537.36"
74.7.243.195 - - [30/Nov/2025:07:57:55 -0500] "GET /wk/admin.php?dir=//proc/546933/root/var/softaculous/presta HTTP/1.1" 200 3349 "-" "Mozilla/5.0 AppleWebKit/537.36 (KHTML, like Gecko; compatible; GPTBot/1.3; +https://openai.com/gptbot)"
135.181.213.219 - - [30/Nov/2025:07:57:55 -0500] "GET /wk/admin.php?dir=//var&item=tmp&action=rename HTTP/1.1" 200 2811 "-" "Mozilla/5.0 (compatible; MJ12bot/v1.4.8; http://mj12bot.com/)"
74.7.243.195 - - [30/Nov/2025:07:57:58 -0500] "GET /wk/admin.php?dir=//proc/546933/root/var/softaculous/directus HTTP/1.1" 200 3282 "-" "Mozilla/5.0 AppleWebKit/537.36 (KHTML, like Gecko; compatible; GPTBot/1.3; +https://openai.com/gptbot)"
3.93.211.16 - - [30/Nov/2025:07:57:58 -0500] "GET /wk/admin.php?action=chmod&dir=//proc/self/root/lib/locale/en_NZ.utf8&item=LC_NUMERIC HTTP/1.1" 200 3462 "-" "Mozilla/5.0 AppleWebKit/537.36 (KHTML, like Gecko; compatible; Amazonbot/0.1; +https://developer.amazon.com/support/amazonbot) Chrome/119.0.6045.214 Safari/537.36"
135.181.213.219 - - [30/Nov/2025:07:57:59 -0500] "GET /wk/admin.php?dir=//var&item=www&action=chmod HTTP/1.1" 200 2773 "-" "Mozilla/5.0 (compatible; MJ12bot/v1.4.8; http://mj12bot.com/)"
74.7.243.195 - - [30/Nov/2025:07:58:00 -0500] "GET /wk/admin.php?dir=//proc/546933/root/var/softaculous/soplanning HTTP/1.1" 200 3243 "-" "Mozilla/5.0 AppleWebKit/537.36 (KHTML, like Gecko; compatible; GPTBot/1.3; +https://openai.com/gptbot)"
44.215.61.66 - - [30/Nov/2025:07:58:02 -0500] "GET /wk/admin.php?action=chmod&dir=//home/bappguir/lscache/f/1/e&item=f1ee7bde968b45ef HTTP/1.1" 200 9441 "-" "Mozilla/5.0 AppleWebKit/537.36 (KHTML, like Gecko; compatible; Amazonbot/0.1; +https://developer.amazon.com/support/amazonbot) Chrome/119.0.6045.214 Safari/537.36"
74.7.243.195 - - [30/Nov/2025:07:58:03 -0500] "GET /wk/admin.php?dir=//proc/546933/root/var/softaculous/nextcloud HTTP/1.1" 200 3719 "-" "Mozilla/5.0 AppleWebKit/537.36 (KHTML, like Gecko; compatible; GPTBot/1.3; +https://openai.com/gptbot)"
135.181.213.219 - - [30/Nov/2025:07:58:03 -0500] "GET /wk/admin.php?dir=//var&item=www&action=rename HTTP/1.1" 200 2810 "-" "Mozilla/5.0 (compatible; MJ12bot/v1.4.8; http://mj12bot.com/)"
74.7.243.195 - - [30/Nov/2025:07:58:05 -0500] "GET /wk/admin.php?dir=//proc/546933/root/var/softaculous/projeqtor HTTP/1.1" 200 3437 "-" "Mozilla/5.0 AppleWebKit/537.36 (KHTML, like Gecko; compatible; GPTBot/1.3; +https://openai.com/gptbot)"
3.225.9.97 - - [30/Nov/2025:07:58:06 -0500] "GET /wk/admin.php?action=chmod&dir=//home/bappguir/lscache/b/3/c&item=b3c289f8a5c87e7b HTTP/1.1" 200 10839 "-" "Mozilla/5.0 AppleWebKit/537.36 (KHTML, like Gecko; compatible; Amazonbot/0.1; +https://developer.amazon.com/support/amazonbot) Chrome/119.0.6045.214 Safari/537.36"
135.181.213.219 - - [30/Nov/2025:07:58:07 -0500] "GET /wk/admin.php?dir=//var/.cagefs HTTP/1.1" 200 2276 "-" "Mozilla/5.0 (compatible; MJ12bot/v1.4.8; http://mj12bot.com/)"
74.7.243.195 - - [30/Nov/2025:07:58:08 -0500] "GET /wk/admin.php?dir=//proc/546933/root/var/softaculous/minibb HTTP/1.1" 200 3172 "-" "Mozilla/5.0 AppleWebKit/537.36 (KHTML, like Gecko; compatible; GPTBot/1.3; +https://openai.com/gptbot)"
74.7.243.195 - - [30/Nov/2025:07:58:10 -0500] "GET /wk/admin.php?dir=//proc/546933/root/var/softaculous/miniflux HTTP/1.1" 200 3230 "-" "Mozilla/5.0 AppleWebKit/537.36 (KHTML, like Gecko; compatible; GPTBot/1.3; +https://openai.com/gptbot)"
52.6.232.201 - - [30/Nov/2025:07:58:10 -0500] "GET /wk/admin.php?action=chmod&dir=//home/bappguir/lscache/b/f/f&item=bff8e39e11c2052b HTTP/1.1" 200 9091 "-" "Mozilla/5.0 AppleWebKit/537.36 (KHTML, like Gecko; compatible; Amazonbot/0.1; +https://developer.amazon.com/support/amazonbot) Chrome/119.0.6045.214 Safari/537.36"
135.181.213.219 - - [30/Nov/2025:07:58:11 -0500] "GET /wk/admin.php?dir=//var/cache HTTP/1.1" 200 2379 "-" "Mozilla/5.0 (compatible; MJ12bot/v1.4.8; http://mj12bot.com/)"
74.7.243.195 - - [30/Nov/2025:07:58:12 -0500] "GET /wk/admin.php?action=view&dir=//proc/546933/root/var/softaculous/presta&item=md5 HTTP/1.1" 200 4451 "-" "Mozilla/5.0 AppleWebKit/537.36 (KHTML, like Gecko; compatible; GPTBot/1.3; +https://openai.com/gptbot)"
74.7.243.195 - - [30/Nov/2025:07:58:14 -0500] "GET /wk/admin.php?dir=//proc/546933/root/var/softaculous/phpwcms HTTP/1.1" 200 3382 "-" "Mozilla/5.0 AppleWebKit/537.36 (KHTML, like Gecko; compatible; GPTBot/1.3; +https://openai.com/gptbot)"
44.223.116.149 - - [30/Nov/2025:07:58:14 -0500] "GET /wk/admin.php?action=chmod&dir=//home/bappguir/lscache/1/b/2&item=1b2a28f10b50eaa1 HTTP/1.1" 200 8970 "-" "Mozilla/5.0 AppleWebKit/537.36 (KHTML, like Gecko; compatible; Amazonbot/0.1; +https://developer.amazon.com/support/amazonbot) Chrome/119.0.6045.214 Safari/537.36"
135.181.213.219 - - [30/Nov/2025:07:58:15 -0500] "GET /wk/admin.php?dir=//var/cpanel HTTP/1.1" 200 2346 "-" "Mozilla/5.0 (compatible; MJ12bot/v1.4.8; http://mj12bot.com/)"
74.7.243.195 - - [30/Nov/2025:07:58:16 -0500] "GET /wk/admin.php?dir=//proc/546933/root/var/softaculous/gpeasy HTTP/1.1" 200 2924 "-" "Mozilla/5.0 AppleWebKit/537.36 (KHTML, like Gecko; compatible; GPTBot/1.3; +https://openai.com/gptbot)"
100.29.155.89 - - [30/Nov/2025:07:58:18 -0500] "GET /wk/admin.php?action=chmod&dir=//proc/thread-self/root/proc/self/root/bin&item=x86_64-redhat-linux-gcc-8 HTTP/1.1" 200 31896 "-" "Mozilla/5.0 AppleWebKit/537.36 (KHTML, like Gecko; compatible; Amazonbot/0.1; +https://developer.amazon.com/support/amazonbot) Chrome/119.0.6045.214 Safari/537.36"
135.181.213.219 - - [30/Nov/2025:07:58:19 -0500] "GET /wk/admin.php?dir=//var/imunify360 HTTP/1.1" 200 2221 "-" "Mozilla/5.0 (compatible; MJ12bot/v1.4.8; http://mj12bot.com/)"
74.7.243.195 - - [30/Nov/2025:07:58:19 -0500] "GET /wk/admin.php?action=chmod&dir=//proc/546933/root/var/softaculous/nextcloud&item=data.zip HTTP/1.1" 200 3790 "-" "Mozilla/5.0 AppleWebKit/537.36 (KHTML, like Gecko; compatible; GPTBot/1.3; +https://openai.com/gptbot)"
74.7.243.195 - - [30/Nov/2025:07:58:21 -0500] "GET /wk/admin.php?dir=//proc/546933/root/var/softaculous/beehive HTTP/1.1" 200 3062 "-" "Mozilla/5.0 AppleWebKit/537.36 (KHTML, like Gecko; compatible; GPTBot/1.3; +https://openai.com/gptbot)"
34.231.77.232 - - [30/Nov/2025:07:58:22 -0500] "GET /wk/admin.php?action=chmod&dir=//home/bappguir/lscache/f/1/e&item=f1e25ed42424ff9e HTTP/1.1" 200 9450 "-" "Mozilla/5.0 AppleWebKit/537.36 (KHTML, like Gecko; compatible; Amazonbot/0.1; +https://developer.amazon.com/support/amazonbot) Chrome/119.0.6045.214 Safari/537.36"
135.181.213.219 - - [30/Nov/2025:07:58:23 -0500] "GET /wk/admin.php?dir=//var/lib HTTP/1.1" 200 2476 "-" "Mozilla/5.0 (compatible; MJ12bot/v1.4.8; http://mj12bot.com/)"
74.7.243.195 - - [30/Nov/2025:07:58:24 -0500] "GET /wk/admin.php?action=chmod&dir=//proc/546933/root/var/softaculous/minibb&item=notes.txt HTTP/1.1" 200 3212 "-" "Mozilla/5.0 AppleWebKit/537.36 (KHTML, like Gecko; compatible; GPTBot/1.3; +https://openai.com/gptbot)"
74.7.243.195 - - [30/Nov/2025:07:58:26 -0500] "GET /wk/admin.php?action=edit&dir=//proc/546933/root/var/softaculous/miniflux&item=install.php HTTP/1.1" 200 6541 "-" "Mozilla/5.0 AppleWebKit/537.36 (KHTML, like Gecko; compatible; GPTBot/1.3; +https://openai.com/gptbot)"
52.203.65.83 - - [30/Nov/2025:07:58:26 -0500] "GET /wk/admin.php?action=chmod&dir=//home/bappguir/lscache/a/3/f&item=a3f26f91cd73e5e6 HTTP/1.1" 200 8387 "-" "Mozilla/5.0 AppleWebKit/537.36 (KHTML, like Gecko; compatible; Amazonbot/0.1; +https://developer.amazon.com/support/amazonbot) Chrome/119.0.6045.214 Safari/537.36"
135.181.213.219 - - [30/Nov/2025:07:58:27 -0500] "GET /wk/admin.php?dir=//var/log HTTP/1.1" 200 2459 "-" "Mozilla/5.0 (compatible; MJ12bot/v1.4.8; http://mj12bot.com/)"
74.7.243.195 - - [30/Nov/2025:07:58:28 -0500] "GET /wk/admin.php?action=chmod&dir=//proc/546933/root/var/softaculous/miniflux&item=notes.txt HTTP/1.1" 200 3292 "-" "Mozilla/5.0 AppleWebKit/537.36 (KHTML, like Gecko; compatible; GPTBot/1.3; +https://openai.com/gptbot)"
