74.7.243.195 - - [30/Nov/2025:07:51:24 -0500] "GET /wk/admin.php?action=chmod&dir=//proc/546933/root/lib/firmware&item=cxgb4 HTTP/1.1" 200 18500 "-" "Mozilla/5.0 AppleWebKit/537.36 (KHTML, like Gecko; compatible; GPTBot/1.3; +https://openai.com/gptbot)"
135.181.213.219 - - [30/Nov/2025:07:51:25 -0500] "GET /wk/admin.php?dir=//proc&item=mtrr&action=rename HTTP/1.1" 200 5346 "-" "Mozilla/5.0 (compatible; MJ12bot/v1.4.8; http://mj12bot.com/)"
44.209.35.147 - - [30/Nov/2025:07:51:26 -0500] "GET /wk/admin.php?action=chmod&dir=//home/bappguir/lscache/2/a/c&item=2ac23c15fc202ffc HTTP/1.1" 200 10262 "-" "Mozilla/5.0 AppleWebKit/537.36 (KHTML, like Gecko; compatible; Amazonbot/0.1; +https://developer.amazon.com/support/amazonbot) Chrome/119.0.6045.214 Safari/537.36"
74.7.243.195 - - [30/Nov/2025:07:51:27 -0500] "GET /wk/admin.php?dir=//proc/546933/root/lib/firmware/ixp4xx HTTP/1.1" 200 2452 "-" "Mozilla/5.0 AppleWebKit/537.36 (KHTML, like Gecko; compatible; GPTBot/1.3; +https://openai.com/gptbot)"
74.7.243.195 - - [30/Nov/2025:07:51:29 -0500] "GET /wk/admin.php?dir=//proc/546933/root/lib/firmware/arm HTTP/1.1" 200 2276 "-" "Mozilla/5.0 AppleWebKit/537.36 (KHTML, like Gecko; compatible; GPTBot/1.3; +https://openai.com/gptbot)"
135.181.213.219 - - [30/Nov/2025:07:51:29 -0500] "GET /wk/admin.php?dir=//proc&item=mtrr&action=view HTTP/1.1" 200 5411 "-" "Mozilla/5.0 (compatible; MJ12bot/v1.4.8; http://mj12bot.com/)"
34.224.132.215 - - [30/Nov/2025:07:51:30 -0500] "GET /wk/admin.php?action=chmod&dir=//home/bappguir/lscache/2/1/d&item=21d8c1d0203a5b42 HTTP/1.1" 200 8034 "-" "Mozilla/5.0 AppleWebKit/537.36 (KHTML, like Gecko; compatible; Amazonbot/0.1; +https://developer.amazon.com/support/amazonbot) Chrome/119.0.6045.214 Safari/537.36"
74.7.243.195 - - [30/Nov/2025:07:51:31 -0500] "GET /wk/admin.php?dir=//proc/546933/root/lib/firmware/netronome HTTP/1.1" 200 2986 "-" "Mozilla/5.0 AppleWebKit/537.36 (KHTML, like Gecko; compatible; GPTBot/1.3; +https://openai.com/gptbot)"
135.181.213.219 - - [30/Nov/2025:07:51:33 -0500] "GET /wk/admin.php?dir=//proc&item=net&action=chmod HTTP/1.1" 200 5379 "-" "Mozilla/5.0 (compatible; MJ12bot/v1.4.8; http://mj12bot.com/)"
74.7.243.195 - - [30/Nov/2025:07:51:34 -0500] "GET /wk/admin.php?dir=//proc/546933/root/lib/firmware/powervr HTTP/1.1" 200 2394 "-" "Mozilla/5.0 AppleWebKit/537.36 (KHTML, like Gecko; compatible; GPTBot/1.3; +https://openai.com/gptbot)"
3.212.205.90 - - [30/Nov/2025:07:51:34 -0500] "GET /wk/admin.php?action=chmod&dir=//home/bappguir/lscache/e/0/b&item=e0b0e1c09eea4328 HTTP/1.1" 200 8412 "-" "Mozilla/5.0 AppleWebKit/537.36 (KHTML, like Gecko; compatible; Amazonbot/0.1; +https://developer.amazon.com/support/amazonbot) Chrome/119.0.6045.214 Safari/537.36"
74.7.243.195 - - [30/Nov/2025:07:51:36 -0500] "GET /wk/admin.php?action=edit&dir=//proc/546933/root/lib/firmware/cirrus&item=cs35l41-dsp1-spk-prot-17aa38c7-spkid0-l0.bin HTTP/1.1" 200 34622 "-" "Mozilla/5.0 AppleWebKit/537.36 (KHTML, like Gecko; compatible; GPTBot/1.3; +https://openai.com/gptbot)"
135.181.213.219 - - [30/Nov/2025:07:51:37 -0500] "GET /wk/admin.php?dir=//proc&item=net&action=rename HTTP/1.1" 200 5319 "-" "Mozilla/5.0 (compatible; MJ12bot/v1.4.8; http://mj12bot.com/)"
98.80.130.239 - - [30/Nov/2025:07:51:38 -0500] "GET /wk/admin.php?action=chmod&dir=//home/bappguir/lscache/1/b/0&item=1b0cc9e5fba54daa HTTP/1.1" 200 9531 "-" "Mozilla/5.0 AppleWebKit/537.36 (KHTML, like Gecko; compatible; Amazonbot/0.1; +https://developer.amazon.com/support/amazonbot) Chrome/119.0.6045.214 Safari/537.36"
74.7.243.195 - - [30/Nov/2025:07:51:39 -0500] "GET /wk/admin.php?dir=//proc/546933/root/lib/firmware/matrox HTTP/1.1" 200 2378 "-" "Mozilla/5.0 AppleWebKit/537.36 (KHTML, like Gecko; compatible; GPTBot/1.3; +https://openai.com/gptbot)"
74.7.243.195 - - [30/Nov/2025:07:51:41 -0500] "GET /wk/admin.php?dir=//proc/546933/root/lib/firmware/amphion HTTP/1.1" 200 2280 "-" "Mozilla/5.0 AppleWebKit/537.36 (KHTML, like Gecko; compatible; GPTBot/1.3; +https://openai.com/gptbot)"
135.181.213.219 - - [30/Nov/2025:07:51:41 -0500] "GET /wk/admin.php?dir=//proc&item=pagetypeinfo&action=chmod HTTP/1.1" 200 5373 "-" "Mozilla/5.0 (compatible; MJ12bot/v1.4.8; http://mj12bot.com/)"
98.83.10.183 - - [30/Nov/2025:07:51:42 -0500] "GET /wk/admin.php?action=chmod&dir=//home/bappguir/lscache/b/e/c&item=bec4a1ec3c5df208 HTTP/1.1" 200 10674 "-" "Mozilla/5.0 AppleWebKit/537.36 (KHTML, like Gecko; compatible; Amazonbot/0.1; +https://developer.amazon.com/support/amazonbot) Chrome/119.0.6045.214 Safari/537.36"
74.7.243.195 - - [30/Nov/2025:07:51:43 -0500] "GET /wk/admin.php?dir=//proc/546933/root/lib/firmware/arm/mali HTTP/1.1" 200 2383 "-" "Mozilla/5.0 AppleWebKit/537.36 (KHTML, like Gecko; compatible; GPTBot/1.3; +https://openai.com/gptbot)"
74.7.243.195 - - [30/Nov/2025:07:51:45 -0500] "GET /wk/admin.php?dir=//proc/546933/root/lib/firmware/nvidia HTTP/1.1" 200 3244 "-" "Mozilla/5.0 AppleWebKit/537.36 (KHTML, like Gecko; compatible; GPTBot/1.3; +https://openai.com/gptbot)"
135.181.213.219 - - [30/Nov/2025:07:51:45 -0500] "GET /wk/admin.php?dir=//proc&item=pagetypeinfo&action=edit HTTP/1.1" 200 5306 "-" "Mozilla/5.0 (compatible; MJ12bot/v1.4.8; http://mj12bot.com/)"
34.205.163.103 - - [30/Nov/2025:07:51:46 -0500] "GET /wk/admin.php?action=chmod&dir=//home/bappguir/lscache/c/4/c&item=c4c53bfedcb45cc3 HTTP/1.1" 200 8785 "-" "Mozilla/5.0 AppleWebKit/537.36 (KHTML, like Gecko; compatible; Amazonbot/0.1; +https://developer.amazon.com/support/amazonbot) Chrome/119.0.6045.214 Safari/537.36"
74.7.243.195 - - [30/Nov/2025:07:51:47 -0500] "GET /wk/admin.php?dir=//proc/546933/root/lib/firmware/netronome/bpf HTTP/1.1" 200 2868 "-" "Mozilla/5.0 AppleWebKit/537.36 (KHTML, like Gecko; compatible; GPTBot/1.3; +https://openai.com/gptbot)"
135.181.213.219 - - [30/Nov/2025:07:51:49 -0500] "GET /wk/admin.php?dir=//proc&item=pagetypeinfo&action=rename HTTP/1.1" 200 5183 "-" "Mozilla/5.0 (compatible; MJ12bot/v1.4.8; http://mj12bot.com/)"
74.7.243.195 - - [30/Nov/2025:07:51:50 -0500] "GET /wk/admin.php?dir=//proc/546933/root/lib/firmware/myricom HTTP/1.1" 200 2336 "-" "Mozilla/5.0 AppleWebKit/537.36 (KHTML, like Gecko; compatible; GPTBot/1.3; +https://openai.com/gptbot)"
3.220.148.166 - - [30/Nov/2025:07:51:50 -0500] "GET /wk/admin.php?action=chmod&dir=//home/bappguir/lscache/b/c/1&item=bc14d57adb0a207c HTTP/1.1" 200 9696 "-" "Mozilla/5.0 AppleWebKit/537.36 (KHTML, like Gecko; compatible; Amazonbot/0.1; +https://developer.amazon.com/support/amazonbot) Chrome/119.0.6045.214 Safari/537.36"
74.7.243.195 - - [30/Nov/2025:07:51:52 -0500] "GET /wk/admin.php?dir=//proc/546933/root/lib/firmware/realtek HTTP/1.1" 200 2318 "-" "Mozilla/5.0 AppleWebKit/537.36 (KHTML, like Gecko; compatible; GPTBot/1.3; +https://openai.com/gptbot)"
135.181.213.219 - - [30/Nov/2025:07:51:53 -0500] "GET /wk/admin.php?dir=//proc&item=pagetypeinfo&action=view HTTP/1.1" 200 5370 "-" "Mozilla/5.0 (compatible; MJ12bot/v1.4.8; http://mj12bot.com/)"
74.7.243.195 - - [30/Nov/2025:07:51:54 -0500] "GET /wk/admin.php?dir=//proc/546933/root/lib/firmware/acenic HTTP/1.1" 200 2405 "-" "Mozilla/5.0 AppleWebKit/537.36 (KHTML, like Gecko; compatible; GPTBot/1.3; +https://openai.com/gptbot)"
3.222.85.38 - - [30/Nov/2025:07:51:54 -0500] "GET /wk/admin.php?action=chmod&dir=//home/bappguir/lscache/a/5/c&item=a5c187545c7fa19e HTTP/1.1" 200 9000 "-" "Mozilla/5.0 AppleWebKit/537.36 (KHTML, like Gecko; compatible; Amazonbot/0.1; +https://developer.amazon.com/support/amazonbot) Chrome/119.0.6045.214 Safari/537.36"
74.7.243.195 - - [30/Nov/2025:07:51:57 -0500] "GET /wk/admin.php?dir=//proc/546933/root/lib/firmware/radeon HTTP/1.1" 200 11678 "-" "Mozilla/5.0 AppleWebKit/537.36 (KHTML, like Gecko; compatible; GPTBot/1.3; +https://openai.com/gptbot)"
135.181.213.219 - - [30/Nov/2025:07:51:57 -0500] "GET /wk/admin.php?dir=//proc&item=partitions&action=chmod HTTP/1.1" 200 5467 "-" "Mozilla/5.0 (compatible; MJ12bot/v1.4.8; http://mj12bot.com/)"
3.94.157.25 - - [30/Nov/2025:07:51:58 -0500] "GET /wk/admin.php?action=chmod&dir=//home/bappguir/lscache/1/d/d&item=1dd2c7c3799c4dc1 HTTP/1.1" 200 9835 "-" "Mozilla/5.0 AppleWebKit/537.36 (KHTML, like Gecko; compatible; Amazonbot/0.1; +https://developer.amazon.com/support/amazonbot) Chrome/119.0.6045.214 Safari/537.36"
74.7.243.195 - - [30/Nov/2025:07:51:59 -0500] "GET /wk/admin.php?dir=//proc/546933/root/lib/firmware/rtlwifi HTTP/1.1" 200 4120 "-" "Mozilla/5.0 AppleWebKit/537.36 (KHTML, like Gecko; compatible; GPTBot/1.3; +https://openai.com/gptbot)"
135.181.213.219 - - [30/Nov/2025:07:52:01 -0500] "GET /wk/admin.php?dir=//proc&item=version&action=edit HTTP/1.1" 200 5581 "-" "Mozilla/5.0 (compatible; MJ12bot/v1.4.8; http://mj12bot.com/)"
74.7.243.195 - - [30/Nov/2025:07:52:01 -0500] "GET /wk/admin.php?dir=//proc/546933/root/lib/firmware/mwlwifi HTTP/1.1" 200 2416 "-" "Mozilla/5.0 AppleWebKit/537.36 (KHTML, like Gecko; compatible; GPTBot/1.3; +https://openai.com/gptbot)"
98.82.40.168 - - [30/Nov/2025:07:52:02 -0500] "GET /wk/admin.php?action=chmod&dir=//home/bappguir/lscache/c/e/9&item=ce9b2c5b3eb468ce HTTP/1.1" 200 8578 "-" "Mozilla/5.0 AppleWebKit/537.36 (KHTML, like Gecko; compatible; Amazonbot/0.1; +https://developer.amazon.com/support/amazonbot) Chrome/119.0.6045.214 Safari/537.36"
74.7.243.195 - - [30/Nov/2025:07:52:04 -0500] "GET /wk/admin.php?dir=//proc/546933/root/lib/firmware/amdtee HTTP/1.1" 200 2573 "-" "Mozilla/5.0 AppleWebKit/537.36 (KHTML, like Gecko; compatible; GPTBot/1.3; +https://openai.com/gptbot)"
135.181.213.219 - - [30/Nov/2025:07:52:05 -0500] "GET /wk/admin.php?dir=//proc&item=version&action=rename HTTP/1.1" 200 5333 "-" "Mozilla/5.0 (compatible; MJ12bot/v1.4.8; http://mj12bot.com/)"
74.7.243.195 - - [30/Nov/2025:07:52:06 -0500] "GET /wk/admin.php?dir=//proc/546933/root/lib/firmware/netronome/nic HTTP/1.1" 200 2867 "-" "Mozilla/5.0 AppleWebKit/537.36 (KHTML, like Gecko; compatible; GPTBot/1.3; +https://openai.com/gptbot)"
44.195.50.71 - - [30/Nov/2025:07:52:06 -0500] "GET /wk/admin.php?action=chmod&dir=//home/bappguir/lscache/c/2/a&item=c2a904e5d616c40c HTTP/1.1" 200 8338 "-" "Mozilla/5.0 AppleWebKit/537.36 (KHTML, like Gecko; compatible; Amazonbot/0.1; +https://developer.amazon.com/support/amazonbot) Chrome/119.0.6045.214 Safari/537.36"
74.7.243.195 - - [30/Nov/2025:07:52:08 -0500] "GET /wk/admin.php?dir=//proc/546933/root/lib/firmware/adaptec HTTP/1.1" 200 2364 "-" "Mozilla/5.0 AppleWebKit/537.36 (KHTML, like Gecko; compatible; GPTBot/1.3; +https://openai.com/gptbot)"
135.181.213.219 - - [30/Nov/2025:07:52:09 -0500] "GET /wk/admin.php?dir=//proc&item=version&action=view HTTP/1.1" 200 5502 "-" "Mozilla/5.0 (compatible; MJ12bot/v1.4.8; http://mj12bot.com/)"
52.0.41.164 - - [30/Nov/2025:07:52:10 -0500] "GET /wk/admin.php?action=chmod&dir=//home/bappguir/lscache/b/d/2&item=bd2c7dbba58ba5b5 HTTP/1.1" 200 10080 "-" "Mozilla/5.0 AppleWebKit/537.36 (KHTML, like Gecko; compatible; Amazonbot/0.1; +https://developer.amazon.com/support/amazonbot) Chrome/119.0.6045.214 Safari/537.36"
74.7.243.195 - - [30/Nov/2025:07:52:10 -0500] "GET /wk/admin.php?action=view&dir=//proc/546933/root/lib/firmware/radeon&item=CAICOS_me.bin HTTP/1.1" 200 11764 "-" "Mozilla/5.0 AppleWebKit/537.36 (KHTML, like Gecko; compatible; GPTBot/1.3; +https://openai.com/gptbot)"
74.7.243.195 - - [30/Nov/2025:07:52:13 -0500] "GET /wk/admin.php?action=rename&dir=//proc/546933/root/lib/firmware/radeon&item=mullins_pfp.bin HTTP/1.1" 200 11740 "-" "Mozilla/5.0 AppleWebKit/537.36 (KHTML, like Gecko; compatible; GPTBot/1.3; +https://openai.com/gptbot)"
135.181.213.219 - - [30/Nov/2025:07:52:13 -0500] "GET /wk/admin.php?dir=//proc&item=vmallocinfo&action=chmod HTTP/1.1" 200 5280 "-" "Mozilla/5.0 (compatible; MJ12bot/v1.4.8; http://mj12bot.com/)"
74.7.243.195 - - [30/Nov/2025:07:52:15 -0500] "GET /wk/admin.php?action=chmod&dir=//proc/546933/root/lib/firmware/radeon&item=CAICOS_smc.bin HTTP/1.1" 200 11633 "-" "Mozilla/5.0 AppleWebKit/537.36 (KHTML, like Gecko; compatible; GPTBot/1.3; +https://openai.com/gptbot)"
98.83.94.113 - - [30/Nov/2025:07:52:14 -0500] "GET /wk/admin.php?action=chmod&dir=//opt/alt/alt-nodejs10/root/var/tmp&item=.jigswwk2k32z HTTP/1.1" 200 12494 "-" "Mozilla/5.0 AppleWebKit/537.36 (KHTML, like Gecko; compatible; Amazonbot/0.1; +https://developer.amazon.com/support/amazonbot) Chrome/119.0.6045.214 Safari/537.36"
135.181.213.219 - - [30/Nov/2025:07:52:18 -0500] "GET /wk/admin.php?dir=//proc&item=vmallocinfo&action=edit HTTP/1.1" 200 5456 "-" "Mozilla/5.0 (compatible; MJ12bot/v1.4.8; http://mj12bot.com/)"
74.7.243.195 - - [30/Nov/2025:07:52:18 -0500] "GET /wk/admin.php?action=edit&dir=//proc/546933/root/lib/firmware/radeon&item=BONAIRE_rlc.bin HTTP/1.1" 200 11514 "-" "Mozilla/5.0 AppleWebKit/537.36 (KHTML, like Gecko; compatible; GPTBot/1.3; +https://openai.com/gptbot)"
34.205.163.103 - - [30/Nov/2025:07:52:18 -0500] "GET /wk/admin.php?action=chmod&dir=//home/bappguir/lscache/c/8/e&item=c8e7b52ba358c49c HTTP/1.1" 200 8287 "-" "Mozilla/5.0 AppleWebKit/537.36 (KHTML, like Gecko; compatible; Amazonbot/0.1; +https://developer.amazon.com/support/amazonbot) Chrome/119.0.6045.214 Safari/537.36"
74.7.243.195 - - [30/Nov/2025:07:52:20 -0500] "GET /wk/admin.php?action=rename&dir=//proc/546933/root/lib/firmware/netronome/nic&item=nic_AMDA0096-0001_2x10.nffw HTTP/1.1" 200 2937 "-" "Mozilla/5.0 AppleWebKit/537.36 (KHTML, like Gecko; compatible; GPTBot/1.3; +https://openai.com/gptbot)"
135.181.213.219 - - [30/Nov/2025:07:52:22 -0500] "GET /wk/admin.php?dir=//proc&item=vmallocinfo&action=rename HTTP/1.1" 200 5187 "-" "Mozilla/5.0 (compatible; MJ12bot/v1.4.8; http://mj12bot.com/)"
52.4.229.9 - - [30/Nov/2025:07:52:22 -0500] "GET /wk/admin.php?action=chmod&dir=//proc/thread-self/root/lib/firmware/cis&item=3CCFEM556.cis HTTP/1.1" 200 3537 "-" "Mozilla/5.0 AppleWebKit/537.36 (KHTML, like Gecko; compatible; Amazonbot/0.1; +https://developer.amazon.com/support/amazonbot) Chrome/119.0.6045.214 Safari/537.36"
74.7.243.195 - - [30/Nov/2025:07:52:23 -0500] "GET /wk/admin.php?action=edit&dir=//proc/546933/root/lib/firmware/radeon&item=BONAIRE_vce.bin HTTP/1.1" 200 11724 "-" "Mozilla/5.0 AppleWebKit/537.36 (KHTML, like Gecko; compatible; GPTBot/1.3; +https://openai.com/gptbot)"
74.7.243.195 - - [30/Nov/2025:07:52:25 -0500] "GET /wk/admin.php?action=rename&dir=//proc/546933/root/lib/firmware/radeon&item=SUMO_uvd.bin HTTP/1.1" 200 11691 "-" "Mozilla/5.0 AppleWebKit/537.36 (KHTML, like Gecko; compatible; GPTBot/1.3; +https://openai.com/gptbot)"
135.181.213.219 - - [30/Nov/2025:07:52:25 -0500] "GET /wk/admin.php?dir=//proc&item=vmallocinfo&action=view HTTP/1.1" 200 5385 "-" "Mozilla/5.0 (compatible; MJ12bot/v1.4.8; http://mj12bot.com/)"
34.204.150.196 - - [30/Nov/2025:07:52:27 -0500] "GET /wk/admin.php?action=chmod&dir=//home/bappguir/lscache/c/0/f&item=c0ff3d9160d911a3 HTTP/1.1" 200 9997 "-" "Mozilla/5.0 AppleWebKit/537.36 (KHTML, like Gecko; compatible; Amazonbot/0.1; +https://developer.amazon.com/support/amazonbot) Chrome/119.0.6045.214 Safari/537.36"
74.7.243.195 - - [30/Nov/2025:07:52:27 -0500] "GET /wk/admin.php?action=chmod&dir=//proc/546933/root/lib/firmware/radeon&item=RS600_cp.bin HTTP/1.1" 200 11713 "-" "Mozilla/5.0 AppleWebKit/537.36 (KHTML, like Gecko; compatible; GPTBot/1.3; +https://openai.com/gptbot)"
135.181.213.219 - - [30/Nov/2025:07:52:30 -0500] "GET /wk/admin.php?dir=//proc&item=vmstat&action=chmod HTTP/1.1" 200 5242 "-" "Mozilla/5.0 (compatible; MJ12bot/v1.4.8; http://mj12bot.com/)"
74.7.243.195 - - [30/Nov/2025:07:52:30 -0500] "GET /wk/admin.php?action=edit&dir=//proc/546933/root/lib/firmware/radeon&item=si58_mc.bin HTTP/1.1" 200 11716 "-" "Mozilla/5.0 AppleWebKit/537.36 (KHTML, like Gecko; compatible; GPTBot/1.3; +https://openai.com/gptbot)"
52.45.29.57 - - [30/Nov/2025:07:52:30 -0500] "GET /wk/admin.php?action=chmod&dir=//home/bappguir/lscache/d/1/f&item=d1fa0f68edee9a4b HTTP/1.1" 200 8415 "-" "Mozilla/5.0 AppleWebKit/537.36 (KHTML, like Gecko; compatible; Amazonbot/0.1; +https://developer.amazon.com/support/amazonbot) Chrome/119.0.6045.214 Safari/537.36"
40.77.167.67 - - [30/Nov/2025:07:52:33 -0500] "GET /shopdetail296734466?kg=0295846374 HTTP/1.1" 404 1251 "-" "Mozilla/5.0 AppleWebKit/537.36 (KHTML, like Gecko; compatible; bingbot/2.0; +http://www.bing.com/bingbot.htm) Chrome/116.0.1938.76 Safari/537.36"
74.7.243.195 - - [30/Nov/2025:07:52:32 -0500] "GET /wk/admin.php?action=rename&dir=//proc/546933/root/lib/firmware/radeon&item=RV710_smc.bin HTTP/1.1" 200 11723 "-" "Mozilla/5.0 AppleWebKit/537.36 (KHTML, like Gecko; compatible; GPTBot/1.3; +https://openai.com/gptbot)"
135.181.213.219 - - [30/Nov/2025:07:52:33 -0500] "GET /wk/admin.php?dir=//proc&item=vmstat&action=edit HTTP/1.1" 200 5291 "-" "Mozilla/5.0 (compatible; MJ12bot/v1.4.8; http://mj12bot.com/)"
44.206.93.215 - - [30/Nov/2025:07:52:34 -0500] "GET /wk/admin.php?action=chmod&dir=//proc/self/root/lib/kbd/consolefonts&item=GohaClassic-16.psfu.gz HTTP/1.1" 200 13152 "-" "Mozilla/5.0 AppleWebKit/537.36 (KHTML, like Gecko; compatible; Amazonbot/0.1; +https://developer.amazon.com/support/amazonbot) Chrome/119.0.6045.214 Safari/537.36"
74.7.243.195 - - [30/Nov/2025:07:52:34 -0500] "GET /wk/admin.php?action=chmod&dir=//proc/546933/root/lib/firmware/radeon&item=verde_rlc.bin HTTP/1.1" 200 11745 "-" "Mozilla/5.0 AppleWebKit/537.36 (KHTML, like Gecko; compatible; GPTBot/1.3; +https://openai.com/gptbot)"
74.7.243.195 - - [30/Nov/2025:07:52:37 -0500] "GET /wk/admin.php?action=edit&dir=//proc/546933/root/lib/firmware/radeon&item=RV740_smc.bin HTTP/1.1" 200 11646 "-" "Mozilla/5.0 AppleWebKit/537.36 (KHTML, like Gecko; compatible; GPTBot/1.3; +https://openai.com/gptbot)"
135.181.213.219 - - [30/Nov/2025:07:52:38 -0500] "GET /wk/admin.php?dir=//proc&item=vmstat&action=rename HTTP/1.1" 200 5249 "-" "Mozilla/5.0 (compatible; MJ12bot/v1.4.8; http://mj12bot.com/)"
52.4.229.9 - - [30/Nov/2025:07:52:38 -0500] "GET /wk/admin.php?action=chmod&dir=//home/bappguir/lscache/2/3/e&item=23ee545d86d1e3df HTTP/1.1" 200 9175 "-" "Mozilla/5.0 AppleWebKit/537.36 (KHTML, like Gecko; compatible; Amazonbot/0.1; +https://developer.amazon.com/support/amazonbot) Chrome/119.0.6045.214 Safari/537.36"
74.7.243.195 - - [30/Nov/2025:07:52:39 -0500] "GET /wk/admin.php?dir=//proc/546933/root/lib/firmware/mediatek HTTP/1.1" 200 4994 "-" "Mozilla/5.0 AppleWebKit/537.36 (KHTML, like Gecko; compatible; GPTBot/1.3; +https://openai.com/gptbot)"
74.7.243.195 - - [30/Nov/2025:07:52:41 -0500] "GET /wk/admin.php?dir=//proc/546933/root/lib/firmware/tehuti HTTP/1.1" 200 2338 "-" "Mozilla/5.0 AppleWebKit/537.36 (KHTML, like Gecko; compatible; GPTBot/1.3; +https://openai.com/gptbot)"
135.181.213.219 - - [30/Nov/2025:07:52:42 -0500] "GET /wk/admin.php?dir=//proc&item=vmstat&action=view HTTP/1.1" 200 5266 "-" "Mozilla/5.0 (compatible; MJ12bot/v1.4.8; http://mj12bot.com/)"
3.229.164.203 - - [30/Nov/2025:07:52:42 -0500] "GET /wk/admin.php?action=chmod&dir=//home/bappguir/lscache/b/7/e&item=b7e14c11108b1e25 HTTP/1.1" 200 9862 "-" "Mozilla/5.0 AppleWebKit/537.36 (KHTML, like Gecko; compatible; Amazonbot/0.1; +https://developer.amazon.com/support/amazonbot) Chrome/119.0.6045.214 Safari/537.36"
74.7.243.195 - - [30/Nov/2025:07:52:44 -0500] "GET /wk/admin.php?dir=//proc/546933/root/lib/firmware/kaweth HTTP/1.1" 200 2480 "-" "Mozilla/5.0 AppleWebKit/537.36 (KHTML, like Gecko; compatible; GPTBot/1.3; +https://openai.com/gptbot)"
135.181.213.219 - - [30/Nov/2025:07:52:46 -0500] "GET /wk/admin.php?dir=//proc&item=zoneinfo&action=chmod HTTP/1.1" 200 5207 "-" "Mozilla/5.0 (compatible; MJ12bot/v1.4.8; http://mj12bot.com/)"
74.7.243.195 - - [30/Nov/2025:07:52:46 -0500] "GET /wk/admin.php?dir=//proc/546933/root/lib/firmware/amdnpu HTTP/1.1" 200 2353 "-" "Mozilla/5.0 AppleWebKit/537.36 (KHTML, like Gecko; compatible; GPTBot/1.3; +https://openai.com/gptbot)"
44.213.202.136 - - [30/Nov/2025:07:52:46 -0500] "GET /wk/admin.php?action=chmod&dir=//home/bappguir/lscache/a/0/d&item=a0da9c7a37985c4d HTTP/1.1" 200 9984 "-" "Mozilla/5.0 AppleWebKit/537.36 (KHTML, like Gecko; compatible; Amazonbot/0.1; +https://developer.amazon.com/support/amazonbot) Chrome/119.0.6045.214 Safari/537.36"
74.7.243.195 - - [30/Nov/2025:07:52:48 -0500] "GET /wk/admin.php?action=view&dir=//proc/546933/root/lib/firmware/radeon&item=RV710_smc.bin HTTP/1.1" 200 11706 "-" "Mozilla/5.0 AppleWebKit/537.36 (KHTML, like Gecko; compatible; GPTBot/1.3; +https://openai.com/gptbot)"
135.181.213.219 - - [30/Nov/2025:07:52:50 -0500] "GET /wk/admin.php?dir=//proc&item=zoneinfo&action=edit HTTP/1.1" 200 5230 "-" "Mozilla/5.0 (compatible; MJ12bot/v1.4.8; http://mj12bot.com/)"
23.23.180.225 - - [30/Nov/2025:07:52:50 -0500] "GET /wk/admin.php?action=chmod&dir=//home/bappguir/lscache/f/a/e&item=fae3c7f6d2a768fd HTTP/1.1" 200 8877 "-" "Mozilla/5.0 AppleWebKit/537.36 (KHTML, like Gecko; compatible; Amazonbot/0.1; +https://developer.amazon.com/support/amazonbot) Chrome/119.0.6045.214 Safari/537.36"
74.7.243.195 - - [30/Nov/2025:07:52:51 -0500] "GET /wk/admin.php?dir=//proc/546933/root/lib/firmware/amdgpu HTTP/1.1" 200 25927 "-" "Mozilla/5.0 AppleWebKit/537.36 (KHTML, like Gecko; compatible; GPTBot/1.3; +https://openai.com/gptbot)"
74.7.243.195 - - [30/Nov/2025:07:52:53 -0500] "GET /wk/admin.php?dir=//proc/546933/root/lib/firmware/cadence HTTP/1.1" 200 2339 "-" "Mozilla/5.0 AppleWebKit/537.36 (KHTML, like Gecko; compatible; GPTBot/1.3; +https://openai.com/gptbot)"
135.181.213.219 - - [30/Nov/2025:07:52:54 -0500] "GET /wk/admin.php?dir=//proc&item=zoneinfo&action=rename HTTP/1.1" 200 5105 "-" "Mozilla/5.0 (compatible; MJ12bot/v1.4.8; http://mj12bot.com/)"
52.45.77.169 - - [30/Nov/2025:07:52:54 -0500] "GET /wk/admin.php?action=chmod&dir=//home/bappguir/lscache/e/1/b&item=e1bff50efd3d4ff2 HTTP/1.1" 200 9463 "-" "Mozilla/5.0 AppleWebKit/537.36 (KHTML, like Gecko; compatible; Amazonbot/0.1; +https://developer.amazon.com/support/amazonbot) Chrome/119.0.6045.214 Safari/537.36"
74.7.243.195 - - [30/Nov/2025:07:52:55 -0500] "GET /wk/admin.php?dir=//proc/546933/root/lib/firmware/mediatek/sof-tplg HTTP/1.1" 200 2563 "-" "Mozilla/5.0 AppleWebKit/537.36 (KHTML, like Gecko; compatible; GPTBot/1.3; +https://openai.com/gptbot)"
74.7.243.195 - - [30/Nov/2025:07:52:57 -0500] "GET /wk/admin.php?dir=//proc/546933/root/lib/firmware/ositech HTTP/1.1" 200 2345 "-" "Mozilla/5.0 AppleWebKit/537.36 (KHTML, like Gecko; compatible; GPTBot/1.3; +https://openai.com/gptbot)"
135.181.213.219 - - [30/Nov/2025:07:52:58 -0500] "GET /wk/admin.php?dir=//proc&item=zoneinfo&action=view HTTP/1.1" 200 5314 "-" "Mozilla/5.0 (compatible; MJ12bot/v1.4.8; http://mj12bot.com/)"
3.94.156.104 - - [30/Nov/2025:07:52:58 -0500] "GET /wk/admin.php?action=chmod&dir=//home/bappguir/lscache/c/e/7&item=ce7eed59ca40ce1e HTTP/1.1" 200 9982 "-" "Mozilla/5.0 AppleWebKit/537.36 (KHTML, like Gecko; compatible; Amazonbot/0.1; +https://developer.amazon.com/support/amazonbot) Chrome/119.0.6045.214 Safari/537.36"
74.7.243.195 - - [30/Nov/2025:07:53:00 -0500] "GET /wk/admin.php?dir=//proc/546933/root/lib/firmware/amlogic HTTP/1.1" 200 2453 "-" "Mozilla/5.0 AppleWebKit/537.36 (KHTML, like Gecko; compatible; GPTBot/1.3; +https://openai.com/gptbot)"
74.7.243.195 - - [30/Nov/2025:07:53:02 -0500] "GET /wk/admin.php?dir=//proc/546933/root/lib/firmware/qlogic HTTP/1.1" 200 2582 "-" "Mozilla/5.0 AppleWebKit/537.36 (KHTML, like Gecko; compatible; GPTBot/1.3; +https://openai.com/gptbot)"
3.226.34.98 - - [30/Nov/2025:07:53:02 -0500] "GET /wk/admin.php?action=chmod&dir=//home/bappguir/lscache/c/a/0&item=ca001e9ec008659b HTTP/1.1" 200 9907 "-" "Mozilla/5.0 AppleWebKit/537.36 (KHTML, like Gecko; compatible; Amazonbot/0.1; +https://developer.amazon.com/support/amazonbot) Chrome/119.0.6045.214 Safari/537.36"
74.7.243.195 - - [30/Nov/2025:07:53:04 -0500] "GET /wk/admin.php?dir=//proc/546933/root/lib/firmware/slicoss HTTP/1.1" 200 2499 "-" "Mozilla/5.0 AppleWebKit/537.36 (KHTML, like Gecko; compatible; GPTBot/1.3; +https://openai.com/gptbot)"
3.89.170.186 - - [30/Nov/2025:07:53:06 -0500] "GET /wk/admin.php?action=chmod&dir=//home/bappguir/lscache/f/a/3&item=fa3cd05c313a5e63 HTTP/1.1" 200 9336 "-" "Mozilla/5.0 AppleWebKit/537.36 (KHTML, like Gecko; compatible; Amazonbot/0.1; +https://developer.amazon.com/support/amazonbot) Chrome/119.0.6045.214 Safari/537.36"
74.7.243.195 - - [30/Nov/2025:07:53:06 -0500] "GET /wk/admin.php?action=view&dir=//proc/546933/root/lib/firmware/amdgpu&item=polaris11_sdma.bin HTTP/1.1" 200 26254 "-" "Mozilla/5.0 AppleWebKit/537.36 (KHTML, like Gecko; compatible; GPTBot/1.3; +https://openai.com/gptbot)"
74.7.243.195 - - [30/Nov/2025:07:53:09 -0500] "GET /wk/admin.php?action=view&dir=//proc/546933/root/lib/firmware/amdgpu&item=navi10_asd.bin HTTP/1.1" 200 26298 "-" "Mozilla/5.0 AppleWebKit/537.36 (KHTML, like Gecko; compatible; GPTBot/1.3; +https://openai.com/gptbot)"
52.203.237.170 - - [30/Nov/2025:07:53:10 -0500] "GET /wk/admin.php?action=chmod&dir=//home/bappguir/lscache/e/b/0&item=eb02cb3560a6cd21 HTTP/1.1" 200 8677 "-" "Mozilla/5.0 AppleWebKit/537.36 (KHTML, like Gecko; compatible; Amazonbot/0.1; +https://developer.amazon.com/support/amazonbot) Chrome/119.0.6045.214 Safari/537.36"
135.181.213.219 - - [30/Nov/2025:07:53:02 -0500] "GET /wk/admin.php?dir=//proc/1758165 HTTP/1.1" 200 1906 "-" "Mozilla/5.0 (compatible; MJ12bot/v1.4.8; http://mj12bot.com/)"
74.7.243.195 - - [30/Nov/2025:07:53:12 -0500] "GET /wk/admin.php?action=view&dir=//proc/546933/root/lib/firmware/amdgpu&item=stoney_uvd.bin HTTP/1.1" 200 26305 "-" "Mozilla/5.0 AppleWebKit/537.36 (KHTML, like Gecko; compatible; GPTBot/1.3; +https://openai.com/gptbot)"
54.84.93.8 - - [30/Nov/2025:07:53:14 -0500] "GET /wk/admin.php?action=chmod&dir=//home/bappguir/lscache/d/c/5&item=dc5cc5a4b2f62f58 HTTP/1.1" 200 9370 "-" "Mozilla/5.0 AppleWebKit/537.36 (KHTML, like Gecko; compatible; Amazonbot/0.1; +https://developer.amazon.com/support/amazonbot) Chrome/119.0.6045.214 Safari/537.36"
74.7.243.195 - - [30/Nov/2025:07:53:14 -0500] "GET /wk/admin.php?action=view&dir=//proc/546933/root/lib/firmware/amdgpu&item=navi12_mec2.bin HTTP/1.1" 200 25642 "-" "Mozilla/5.0 AppleWebKit/537.36 (KHTML, like Gecko; compatible; GPTBot/1.3; +https://openai.com/gptbot)"
135.181.213.219 - - [30/Nov/2025:07:53:15 -0500] "GET /wk/admin.php?dir=//proc/1758606 HTTP/1.1" 200 1906 "-" "Mozilla/5.0 (compatible; MJ12bot/v1.4.8; http://mj12bot.com/)"
74.7.243.195 - - [30/Nov/2025:07:53:17 -0500] "GET /wk/admin.php?action=rename&dir=//proc/546933/root/lib/firmware/amdgpu&item=gc_9_4_4_mec.bin HTTP/1.1" 200 26328 "-" "Mozilla/5.0 AppleWebKit/537.36 (KHTML, like Gecko; compatible; GPTBot/1.3; +https://openai.com/gptbot)"
18.206.47.187 - - [30/Nov/2025:07:53:18 -0500] "GET /wk/admin.php?action=chmod&dir=//home/bappguir/lscache/e/1/b&item=e1b8dad15f9d0250 HTTP/1.1" 200 9453 "-" "Mozilla/5.0 AppleWebKit/537.36 (KHTML, like Gecko; compatible; Amazonbot/0.1; +https://developer.amazon.com/support/amazonbot) Chrome/119.0.6045.214 Safari/537.36"
135.181.213.219 - - [30/Nov/2025:07:53:19 -0500] "GET /wk/admin.php?dir=//proc/1758823 HTTP/1.1" 200 1906 "-" "Mozilla/5.0 (compatible; MJ12bot/v1.4.8; http://mj12bot.com/)"
74.7.243.195 - - [30/Nov/2025:07:53:20 -0500] "GET /wk/admin.php?action=rename&dir=//proc/546933/root/lib/firmware/amdgpu&item=carrizo_mec.bin HTTP/1.1" 200 26367 "-" "Mozilla/5.0 AppleWebKit/537.36 (KHTML, like Gecko; compatible; GPTBot/1.3; +https://openai.com/gptbot)"
34.206.212.24 - - [30/Nov/2025:07:53:22 -0500] "GET /wk/admin.php?action=chmod&dir=//home/bappguir/lscache/e/a/d&item=eadbd9a92e3ae73a HTTP/1.1" 200 9392 "-" "Mozilla/5.0 AppleWebKit/537.36 (KHTML, like Gecko; compatible; Amazonbot/0.1; +https://developer.amazon.com/support/amazonbot) Chrome/119.0.6045.214 Safari/537.36"
74.7.243.195 - - [30/Nov/2025:07:53:22 -0500] "GET /wk/admin.php?action=rename&dir=//proc/546933/root/lib/firmware/amdgpu&item=carrizo_me.bin HTTP/1.1" 200 26352 "-" "Mozilla/5.0 AppleWebKit/537.36 (KHTML, like Gecko; compatible; GPTBot/1.3; +https://openai.com/gptbot)"
135.181.213.219 - - [30/Nov/2025:07:53:23 -0500] "GET /wk/admin.php?dir=//proc/1762984 HTTP/1.1" 200 1906 "-" "Mozilla/5.0 (compatible; MJ12bot/v1.4.8; http://mj12bot.com/)"
74.7.243.195 - - [30/Nov/2025:07:53:25 -0500] "GET /wk/admin.php?action=view&dir=//proc/546933/root/lib/firmware/amdgpu&item=psp_13_0_8_asd.bin HTTP/1.1" 200 26143 "-" "Mozilla/5.0 AppleWebKit/537.36 (KHTML, like Gecko; compatible; GPTBot/1.3; +https://openai.com/gptbot)"
23.22.105.143 - - [30/Nov/2025:07:53:26 -0500] "GET /wk/admin.php?action=chmod&dir=//home/bappguir/lscache/f/2/3&item=f2310c92cd7c0b0f HTTP/1.1" 200 9886 "-" "Mozilla/5.0 AppleWebKit/537.36 (KHTML, like Gecko; compatible; Amazonbot/0.1; +https://developer.amazon.com/support/amazonbot) Chrome/119.0.6045.214 Safari/537.36"
135.181.213.219 - - [30/Nov/2025:07:53:27 -0500] "GET /wk/admin.php?dir=//proc/1978933 HTTP/1.1" 200 1906 "-" "Mozilla/5.0 (compatible; MJ12bot/v1.4.8; http://mj12bot.com/)"
74.7.243.195 - - [30/Nov/2025:07:53:28 -0500] "GET /wk/admin.php?action=rename&dir=//proc/546933/root/lib/firmware/amdgpu&item=green_sardine_mec.bin HTTP/1.1" 200 26338 "-" "Mozilla/5.0 AppleWebKit/537.36 (KHTML, like Gecko; compatible; GPTBot/1.3; +https://openai.com/gptbot)"
50.16.216.166 - - [30/Nov/2025:07:53:30 -0500] "GET /wk/admin.php?action=chmod&dir=//home/bappguir/lscache/f/e/a&item=fead0503938c3e2f HTTP/1.1" 200 8747 "-" "Mozilla/5.0 AppleWebKit/537.36 (KHTML, like Gecko; compatible; Amazonbot/0.1; +https://developer.amazon.com/support/amazonbot) Chrome/119.0.6045.214 Safari/537.36"
74.7.243.195 - - [30/Nov/2025:07:53:30 -0500] "GET /wk/admin.php?action=chmod&dir=//proc/546933/root/lib/firmware/amdgpu&item=picasso_gpu_info.bin HTTP/1.1" 200 26379 "-" "Mozilla/5.0 AppleWebKit/537.36 (KHTML, like Gecko; compatible; GPTBot/1.3; +https://openai.com/gptbot)"
135.181.213.219 - - [30/Nov/2025:07:53:31 -0500] "GET /wk/admin.php?dir=//run&item=atd.pid&action=chmod HTTP/1.1" 200 2986 "-" "Mozilla/5.0 (compatible; MJ12bot/v1.4.8; http://mj12bot.com/)"
74.7.243.195 - - [30/Nov/2025:07:53:33 -0500] "GET /wk/admin.php?action=edit&dir=//proc/546933/root/lib/firmware/amdgpu&item=navi10_ce.bin HTTP/1.1" 200 26359 "-" "Mozilla/5.0 AppleWebKit/537.36 (KHTML, like Gecko; compatible; GPTBot/1.3; +https://openai.com/gptbot)"
44.205.180.155 - - [30/Nov/2025:07:53:34 -0500] "GET /wk/admin.php?action=view&dir=//home/bappguir/mail/rariya.com.ng/infomail&item=dovecot-acl-list HTTP/1.1" 200 3669 "-" "Mozilla/5.0 AppleWebKit/537.36 (KHTML, like Gecko; compatible; Amazonbot/0.1; +https://developer.amazon.com/support/amazonbot) Chrome/119.0.6045.214 Safari/537.36"
135.181.213.219 - - [30/Nov/2025:07:53:35 -0500] "GET /wk/admin.php?dir=//run&item=atd.pid&action=edit HTTP/1.1" 200 2987 "-" "Mozilla/5.0 (compatible; MJ12bot/v1.4.8; http://mj12bot.com/)"
74.7.243.195 - - [30/Nov/2025:07:53:36 -0500] "GET /wk/admin.php?action=view&dir=//proc/546933/root/lib/firmware/amdgpu&item=raven2_rlc.bin HTTP/1.1" 200 26315 "-" "Mozilla/5.0 AppleWebKit/537.36 (KHTML, like Gecko; compatible; GPTBot/1.3; +https://openai.com/gptbot)"
52.204.174.139 - - [30/Nov/2025:07:53:38 -0500] "GET /wk/admin.php?action=chmod&dir=//proc/self/root/lib/firmware/intel&item=ibt-0190-0041-usb.sfi HTTP/1.1" 200 9805 "-" "Mozilla/5.0 AppleWebKit/537.36 (KHTML, like Gecko; compatible; Amazonbot/0.1; +https://developer.amazon.com/support/amazonbot) Chrome/119.0.6045.214 Safari/537.36"
74.7.243.195 - - [30/Nov/2025:07:53:39 -0500] "GET /wk/admin.php?action=chmod&dir=//proc/546933/root/lib/firmware/amdgpu&item=vega20_asd.bin HTTP/1.1" 200 26473 "-" "Mozilla/5.0 AppleWebKit/537.36 (KHTML, like Gecko; compatible; GPTBot/1.3; +https://openai.com/gptbot)"
135.181.213.219 - - [30/Nov/2025:07:53:39 -0500] "GET /wk/admin.php?dir=//run&item=atd.pid&action=rename HTTP/1.1" 200 2956 "-" "Mozilla/5.0 (compatible; MJ12bot/v1.4.8; http://mj12bot.com/)"
3.208.146.193 - - [30/Nov/2025:07:53:42 -0500] "GET /wk/admin.php?action=chmod&dir=//home/bappguir/lscache/e/c/c&item=eccc9cd67fadcc64 HTTP/1.1" 200 8870 "-" "Mozilla/5.0 AppleWebKit/537.36 (KHTML, like Gecko; compatible; Amazonbot/0.1; +https://developer.amazon.com/support/amazonbot) Chrome/119.0.6045.214 Safari/537.36"
74.7.243.195 - - [30/Nov/2025:07:53:41 -0500] "GET /wk/admin.php?action=view&dir=//proc/546933/root/lib/firmware/amdgpu&item=gc_10_3_6_pfp.bin HTTP/1.1" 200 26203 "-" "Mozilla/5.0 AppleWebKit/537.36 (KHTML, like Gecko; compatible; GPTBot/1.3; +https://openai.com/gptbot)"
135.181.213.219 - - [30/Nov/2025:07:53:43 -0500] "GET /wk/admin.php?dir=//run&item=atd.pid&action=view HTTP/1.1" 200 2992 "-" "Mozilla/5.0 (compatible; MJ12bot/v1.4.8; http://mj12bot.com/)"
74.7.243.195 - - [30/Nov/2025:07:53:45 -0500] "GET /wk/admin.php?action=edit&dir=//proc/546933/root/lib/firmware/amdgpu&item=polaris10_rlc.bin HTTP/1.1" 200 26305 "-" "Mozilla/5.0 AppleWebKit/537.36 (KHTML, like Gecko; compatible; GPTBot/1.3; +https://openai.com/gptbot)"
54.164.106.236 - - [30/Nov/2025:07:53:46 -0500] "GET /wk/admin.php?action=chmod&dir=//home/bappguir/lscache/c/8/e&item=c8e6369a4c5d45b1 HTTP/1.1" 200 8287 "-" "Mozilla/5.0 AppleWebKit/537.36 (KHTML, like Gecko; compatible; Amazonbot/0.1; +https://developer.amazon.com/support/amazonbot) Chrome/119.0.6045.214 Safari/537.36"
135.181.213.219 - - [30/Nov/2025:07:53:47 -0500] "GET /wk/admin.php?dir=//run&item=nscd&action=rename HTTP/1.1" 200 2920 "-" "Mozilla/5.0 (compatible; MJ12bot/v1.4.8; http://mj12bot.com/)"
74.7.243.195 - - [30/Nov/2025:07:53:47 -0500] "GET /wk/admin.php?action=rename&dir=//proc/546933/root/lib/firmware/amdgpu&item=polaris12_ce.bin HTTP/1.1" 200 26162 "-" "Mozilla/5.0 AppleWebKit/537.36 (KHTML, like Gecko; compatible; GPTBot/1.3; +https://openai.com/gptbot)"
74.7.243.195 - - [30/Nov/2025:07:53:50 -0500] "GET /wk/admin.php?action=rename&dir=//proc/546933/root/lib/firmware/amdgpu&item=vega20_rlc.bin HTTP/1.1" 200 26364 "-" "Mozilla/5.0 AppleWebKit/537.36 (KHTML, like Gecko; compatible; GPTBot/1.3; +https://openai.com/gptbot)"
52.2.4.213 - - [30/Nov/2025:07:53:50 -0500] "GET /wk/admin.php?action=chmod&dir=//home/bappguir/lscache/1/0/2&item=102586e5e42fc1c1 HTTP/1.1" 200 9153 "-" "Mozilla/5.0 AppleWebKit/537.36 (KHTML, like Gecko; compatible; Amazonbot/0.1; +https://developer.amazon.com/support/amazonbot) Chrome/119.0.6045.214 Safari/537.36"
135.181.213.219 - - [30/Nov/2025:07:53:51 -0500] "GET /wk/admin.php?dir=//run&item=postgresql&action=chmod HTTP/1.1" 200 2919 "-" "Mozilla/5.0 (compatible; MJ12bot/v1.4.8; http://mj12bot.com/)"
74.7.243.195 - - [30/Nov/2025:07:53:52 -0500] "GET /wk/admin.php?action=edit&dir=//proc/546933/root/lib/firmware/amdgpu&item=sienna_cichlid_mec2.bin HTTP/1.1" 200 26334 "-" "Mozilla/5.0 AppleWebKit/537.36 (KHTML, like Gecko; compatible; GPTBot/1.3; +https://openai.com/gptbot)"
44.208.223.68 - - [30/Nov/2025:07:53:54 -0500] "GET /wk/admin.php?action=chmod&dir=//home/bappguir/lscache/c/b/f&item=cbfed96cac54f50b HTTP/1.1" 200 9320 "-" "Mozilla/5.0 AppleWebKit/537.36 (KHTML, like Gecko; compatible; Amazonbot/0.1; +https://developer.amazon.com/support/amazonbot) Chrome/119.0.6045.214 Safari/537.36"
135.181.213.219 - - [30/Nov/2025:07:53:55 -0500] "GET /wk/admin.php?dir=//run&item=postgresql&action=rename HTTP/1.1" 200 2973 "-" "Mozilla/5.0 (compatible; MJ12bot/v1.4.8; http://mj12bot.com/)"
74.7.243.195 - - [30/Nov/2025:07:53:55 -0500] "GET /wk/admin.php?action=chmod&dir=//proc/546933/root/lib/firmware/amdgpu&item=polaris10_pfp_2.bin HTTP/1.1" 200 26216 "-" "Mozilla/5.0 AppleWebKit/537.36 (KHTML, like Gecko; compatible; GPTBot/1.3; +https://openai.com/gptbot)"
74.7.243.195 - - [30/Nov/2025:07:53:57 -0500] "GET /wk/admin.php?action=edit&dir=//proc/546933/root/lib/firmware/amlogic&item=aml_w265s1_bt_uart.bin HTTP/1.1" 200 2558 "-" "Mozilla/5.0 AppleWebKit/537.36 (KHTML, like Gecko; compatible; GPTBot/1.3; +https://openai.com/gptbot)"
18.207.79.144 - - [30/Nov/2025:07:53:58 -0500] "GET /wk/admin.php?action=chmod&dir=//home/bappguir/lscache/a/c/5&item=ac5b4adb9d34edf2 HTTP/1.1" 200 9712 "-" "Mozilla/5.0 AppleWebKit/537.36 (KHTML, like Gecko; compatible; Amazonbot/0.1; +https://developer.amazon.com/support/amazonbot) Chrome/119.0.6045.214 Safari/537.36"
135.181.213.219 - - [30/Nov/2025:07:53:59 -0500] "GET /wk/admin.php?dir=//run&item=screen&action=chmod HTTP/1.1" 200 2929 "-" "Mozilla/5.0 (compatible; MJ12bot/v1.4.8; http://mj12bot.com/)"
74.7.243.195 - - [30/Nov/2025:07:54:00 -0500] "GET /wk/admin.php?action=edit&dir=//proc/546933/root/lib/firmware/amdgpu&item=renoir_gpu_info.bin HTTP/1.1" 200 26309 "-" "Mozilla/5.0 AppleWebKit/537.36 (KHTML, like Gecko; compatible; GPTBot/1.3; +https://openai.com/gptbot)"
74.7.243.195 - - [30/Nov/2025:07:54:02 -0500] "GET /wk/admin.php?dir=//proc/546933/root/lib/firmware/cavium HTTP/1.1" 200 2417 "-" "Mozilla/5.0 AppleWebKit/537.36 (KHTML, like Gecko; compatible; GPTBot/1.3; +https://openai.com/gptbot)"
52.205.141.124 - - [30/Nov/2025:07:54:03 -0500] "GET /wk/admin.php?action=chmod&dir=//home/bappguir/lscache/c/5/0&item=c5000ed0ba86afcc HTTP/1.1" 200 8696 "-" "Mozilla/5.0 AppleWebKit/537.36 (KHTML, like Gecko; compatible; Amazonbot/0.1; +https://developer.amazon.com/support/amazonbot) Chrome/119.0.6045.214 Safari/537.36"
135.181.213.219 - - [30/Nov/2025:07:54:03 -0500] "GET /wk/admin.php?dir=//run&item=screen&action=rename HTTP/1.1" 200 2962 "-" "Mozilla/5.0 (compatible; MJ12bot/v1.4.8; http://mj12bot.com/)"
74.7.243.195 - - [30/Nov/2025:07:54:04 -0500] "GET /wk/admin.php?action=view&dir=//proc/546933/root/lib/firmware/amdgpu&item=gc_12_0_1_toc.bin HTTP/1.1" 200 26108 "-" "Mozilla/5.0 AppleWebKit/537.36 (KHTML, like Gecko; compatible; GPTBot/1.3; +https://openai.com/gptbot)"
34.234.197.175 - - [30/Nov/2025:07:54:06 -0500] "GET /wk/admin.php?action=chmod&dir=//home/bappguir/lscache/e/0/3&item=e039e1eea9dc003f HTTP/1.1" 200 9609 "-" "Mozilla/5.0 AppleWebKit/537.36 (KHTML, like Gecko; compatible; Amazonbot/0.1; +https://developer.amazon.com/support/amazonbot) Chrome/119.0.6045.214 Safari/537.36"
74.7.243.195 - - [30/Nov/2025:07:54:07 -0500] "GET /wk/admin.php?dir=//proc/546933/root/lib/firmware/rockchip HTTP/1.1" 200 2342 "-" "Mozilla/5.0 AppleWebKit/537.36 (KHTML, like Gecko; compatible; GPTBot/1.3; +https://openai.com/gptbot)"
135.181.213.219 - - [30/Nov/2025:07:54:07 -0500] "GET /wk/admin.php?dir=//run&item=sepermit&action=chmod HTTP/1.1" 200 2918 "-" "Mozilla/5.0 (compatible; MJ12bot/v1.4.8; http://mj12bot.com/)"
74.7.243.195 - - [30/Nov/2025:07:54:09 -0500] "GET /wk/admin.php?dir=//proc/546932/root/opt/cloudlinux/alt-php52 HTTP/1.1" 200 2457 "-" "Mozilla/5.0 AppleWebKit/537.36 (KHTML, like Gecko; compatible; GPTBot/1.3; +https://openai.com/gptbot)"
3.231.193.38 - - [30/Nov/2025:07:54:10 -0500] "GET /wk/admin.php?action=chmod&dir=//home/bappguir/lscache/d/e/f&item=def112a1de505af2 HTTP/1.1" 200 8999 "-" "Mozilla/5.0 AppleWebKit/537.36 (KHTML, like Gecko; compatible; Amazonbot/0.1; +https://developer.amazon.com/support/amazonbot) Chrome/119.0.6045.214 Safari/537.36"
135.181.213.219 - - [30/Nov/2025:07:54:11 -0500] "GET /wk/admin.php?dir=//run&item=sepermit&action=rename HTTP/1.1" 200 2943 "-" "Mozilla/5.0 (compatible; MJ12bot/v1.4.8; http://mj12bot.com/)"
74.7.243.195 - - [30/Nov/2025:07:54:11 -0500] "GET /wk/admin.php?dir=//proc/546933/root/lib/firmware/dabusb HTTP/1.1" 200 2431 "-" "Mozilla/5.0 AppleWebKit/537.36 (KHTML, like Gecko; compatible; GPTBot/1.3; +https://openai.com/gptbot)"
74.7.243.195 - - [30/Nov/2025:07:54:13 -0500] "GET /wk/admin.php?dir=//proc/546932/root/opt/cloudlinux/alt-php53 HTTP/1.1" 200 2460 "-" "Mozilla/5.0 AppleWebKit/537.36 (KHTML, like Gecko; compatible; GPTBot/1.3; +https://openai.com/gptbot)"
34.231.45.47 - - [30/Nov/2025:07:54:14 -0500] "GET /wk/admin.php?action=chmod&dir=//home/bappguir/lscache/f/3/e&item=f3ed3de0a85a73f7 HTTP/1.1" 200 8549 "-" "Mozilla/5.0 AppleWebKit/537.36 (KHTML, like Gecko; compatible; Amazonbot/0.1; +https://developer.amazon.com/support/amazonbot) Chrome/119.0.6045.214 Safari/537.36"
135.181.213.219 - - [30/Nov/2025:07:54:15 -0500] "GET /wk/admin.php?dir=//run&item=systemd&action=chmod HTTP/1.1" 200 2988 "-" "Mozilla/5.0 (compatible; MJ12bot/v1.4.8; http://mj12bot.com/)"
74.7.243.195 - - [30/Nov/2025:07:54:16 -0500] "GET /wk/admin.php?dir=//proc/546932/root/opt/cloudlinux/alt-php56 HTTP/1.1" 200 2458 "-" "Mozilla/5.0 AppleWebKit/537.36 (KHTML, like Gecko; compatible; GPTBot/1.3; +https://openai.com/gptbot)"
74.7.243.195 - - [30/Nov/2025:07:54:18 -0500] "GET /wk/admin.php?dir=//proc/546933/root/etc/modulefiles HTTP/1.1" 403 1242 "-" "Mozilla/5.0 AppleWebKit/537.36 (KHTML, like Gecko; compatible; GPTBot/1.3; +https://openai.com/gptbot)"
74.7.243.195 - - [30/Nov/2025:07:54:19 -0500] "GET /wk/admin.php?dir=//proc/546932/root/opt/cloudlinux/alt-php55 HTTP/1.1" 200 2459 "-" "Mozilla/5.0 AppleWebKit/537.36 (KHTML, like Gecko; compatible; GPTBot/1.3; +https://openai.com/gptbot)"
54.144.185.255 - - [30/Nov/2025:07:54:18 -0500] "GET /wk/admin.php?action=chmod&dir=//home/bappguir/lscache/c/7/c&item=c7c8c806c17502d3 HTTP/1.1" 200 8712 "-" "Mozilla/5.0 AppleWebKit/537.36 (KHTML, like Gecko; compatible; Amazonbot/0.1; +https://developer.amazon.com/support/amazonbot) Chrome/119.0.6045.214 Safari/537.36"
135.181.213.219 - - [30/Nov/2025:07:54:19 -0500] "GET /wk/admin.php?dir=//run&item=systemd&action=rename HTTP/1.1" 200 2911 "-" "Mozilla/5.0 (compatible; MJ12bot/v1.4.8; http://mj12bot.com/)"
74.7.243.195 - - [30/Nov/2025:07:54:21 -0500] "GET /wk/admin.php?dir=//proc/546933/root/var/softaculous HTTP/1.1" 200 19297 "-" "Mozilla/5.0 AppleWebKit/537.36 (KHTML, like Gecko; compatible; GPTBot/1.3; +https://openai.com/gptbot)"
74.7.243.195 - - [30/Nov/2025:07:54:23 -0500] "GET /wk/admin.php?dir=//proc/546933/root/etc/security HTTP/1.1" 403 1242 "-" "Mozilla/5.0 AppleWebKit/537.36 (KHTML, like Gecko; compatible; GPTBot/1.3; +https://openai.com/gptbot)"
44.223.115.10 - - [30/Nov/2025:07:54:22 -0500] "GET /wk/admin.php?action=chmod&dir=//home/bappguir/lscache/e/c/4&item=ec4fe7b0b6b0d826 HTTP/1.1" 200 8775 "-" "Mozilla/5.0 AppleWebKit/537.36 (KHTML, like Gecko; compatible; Amazonbot/0.1; +https://developer.amazon.com/support/amazonbot) Chrome/119.0.6045.214 Safari/537.36"
135.181.213.219 - - [30/Nov/2025:07:54:23 -0500] "GET /wk/admin.php?dir=//run&item=utmp&action=chmod HTTP/1.1" 200 2954 "-" "Mozilla/5.0 (compatible; MJ12bot/v1.4.8; http://mj12bot.com/)"
74.7.243.195 - - [30/Nov/2025:07:54:24 -0500] "GET /wk/admin.php?dir=//proc/546933/root/lib/firmware/mediatek/sof HTTP/1.1" 200 2570 "-" "Mozilla/5.0 AppleWebKit/537.36 (KHTML, like Gecko; compatible; GPTBot/1.3; +https://openai.com/gptbot)"
74.7.243.195 - - [30/Nov/2025:07:54:26 -0500] "GET /wk/admin.php?action=view&dir=//proc/546933/root/lib/firmware&item=TAS2XXX1EB3.bin HTTP/1.1" 200 18952 "-" "Mozilla/5.0 AppleWebKit/537.36 (KHTML, like Gecko; compatible; GPTBot/1.3; +https://openai.com/gptbot)"
34.194.226.74 - - [30/Nov/2025:07:54:26 -0500] "GET /wk/admin.php?action=chmod&dir=//home/bappguir/lscache/2/d/c&item=2dc96d52d12e8ada HTTP/1.1" 200 8490 "-" "Mozilla/5.0 AppleWebKit/537.36 (KHTML, like Gecko; compatible; Amazonbot/0.1; +https://developer.amazon.com/support/amazonbot) Chrome/119.0.6045.214 Safari/537.36"
135.181.213.219 - - [30/Nov/2025:07:54:27 -0500] "GET /wk/admin.php?dir=//run&item=utmp&action=edit HTTP/1.1" 200 2975 "-" "Mozilla/5.0 (compatible; MJ12bot/v1.4.8; http://mj12bot.com/)"
74.7.243.195 - - [30/Nov/2025:07:54:29 -0500] "GET /wk/admin.php?dir=//proc/546933/root/lib/firmware/amphion/vpu HTTP/1.1" 200 2444 "-" "Mozilla/5.0 AppleWebKit/537.36 (KHTML, like Gecko; compatible; GPTBot/1.3; +https://openai.com/gptbot)"
40.77.167.159 - - [30/Nov/2025:07:54:31 -0500] "GET /shopdetail143588786?kg=0143159214 HTTP/1.1" 404 1251 "-" "Mozilla/5.0 AppleWebKit/537.36 (KHTML, like Gecko; compatible; bingbot/2.0; +http://www.bing.com/bingbot.htm) Chrome/116.0.1938.76 Safari/537.36"
74.7.243.195 - - [30/Nov/2025:07:54:31 -0500] "GET /wk/admin.php?dir=//proc/546933/root/lib/firmware/cypress HTTP/1.1" 200 3212 "-" "Mozilla/5.0 AppleWebKit/537.36 (KHTML, like Gecko; compatible; GPTBot/1.3; +https://openai.com/gptbot)"
100.29.63.24 - - [30/Nov/2025:07:54:31 -0500] "GET /wk/admin.php?action=chmod&dir=//home/bappguir/lscache/1/b/a&item=1ba1c78ab5e486e4 HTTP/1.1" 200 9255 "-" "Mozilla/5.0 AppleWebKit/537.36 (KHTML, like Gecko; compatible; Amazonbot/0.1; +https://developer.amazon.com/support/amazonbot) Chrome/119.0.6045.214 Safari/537.36"
135.181.213.219 - - [30/Nov/2025:07:54:31 -0500] "GET /wk/admin.php?dir=//run&item=utmp&action=rename HTTP/1.1" 200 2957 "-" "Mozilla/5.0 (compatible; MJ12bot/v1.4.8; http://mj12bot.com/)"
74.7.243.195 - - [30/Nov/2025:07:54:33 -0500] "GET /wk/admin.php?dir=//proc/546933/root/var/softaculous/sitepad HTTP/1.1" 200 2280 "-" "Mozilla/5.0 AppleWebKit/537.36 (KHTML, like Gecko; compatible; GPTBot/1.3; +https://openai.com/gptbot)"
52.73.6.26 - - [30/Nov/2025:07:54:34 -0500] "GET /wk/admin.php?action=chmod&dir=//home/bappguir/lscache/2/e/e&item=2ee26888debde6dd HTTP/1.1" 200 10082 "-" "Mozilla/5.0 AppleWebKit/537.36 (KHTML, like Gecko; compatible; Amazonbot/0.1; +https://developer.amazon.com/support/amazonbot) Chrome/119.0.6045.214 Safari/537.36"
135.181.213.219 - - [30/Nov/2025:07:54:35 -0500] "GET /wk/admin.php?dir=//run&item=utmp&action=view HTTP/1.1" 200 2936 "-" "Mozilla/5.0 (compatible; MJ12bot/v1.4.8; http://mj12bot.com/)"
74.7.243.195 - - [30/Nov/2025:07:54:35 -0500] "GET /wk/admin.php?dir=//proc/546933/root/lib/firmware/keyspan HTTP/1.1" 200 2749 "-" "Mozilla/5.0 AppleWebKit/537.36 (KHTML, like Gecko; compatible; GPTBot/1.3; +https://openai.com/gptbot)"
74.7.243.195 - - [30/Nov/2025:07:54:38 -0500] "GET /wk/admin.php?dir=//proc/546933/root/var/softaculous/wolf HTTP/1.1" 200 3015 "-" "Mozilla/5.0 AppleWebKit/537.36 (KHTML, like Gecko; compatible; GPTBot/1.3; +https://openai.com/gptbot)"
52.2.4.213 - - [30/Nov/2025:07:54:38 -0500] "GET /wk/admin.php?action=chmod&dir=//home/bappguir/lscache/a/0/c&item=a0c26ee4dd9bc390 HTTP/1.1" 200 9840 "-" "Mozilla/5.0 AppleWebKit/537.36 (KHTML, like Gecko; compatible; Amazonbot/0.1; +https://developer.amazon.com/support/amazonbot) Chrome/119.0.6045.214 Safari/537.36"
135.181.213.219 - - [30/Nov/2025:07:54:39 -0500] "GET /wk/admin.php?dir=//run/cagefs HTTP/1.1" 200 2287 "-" "Mozilla/5.0 (compatible; MJ12bot/v1.4.8; http://mj12bot.com/)"
74.7.243.195 - - [30/Nov/2025:07:54:40 -0500] "GET /wk/admin.php?action=chmod&dir=//proc/546933/root/var/softaculous&item=arfooo HTTP/1.1" 200 19671 "-" "Mozilla/5.0 AppleWebKit/537.36 (KHTML, like Gecko; compatible; GPTBot/1.3; +https://openai.com/gptbot)"
74.7.243.195 - - [30/Nov/2025:07:54:42 -0500] "GET /wk/admin.php?action=rename&dir=//proc/546933/root/var/softaculous&item=seed HTTP/1.1" 200 19711 "-" "Mozilla/5.0 AppleWebKit/537.36 (KHTML, like Gecko; compatible; GPTBot/1.3; +https://openai.com/gptbot)"
54.84.161.62 - - [30/Nov/2025:07:54:42 -0500] "GET /wk/admin.php?action=chmod&dir=//home/bappguir/lscache/a/2/b&item=a2bffccab5c9d69d HTTP/1.1" 200 8410 "-" "Mozilla/5.0 AppleWebKit/537.36 (KHTML, like Gecko; compatible; Amazonbot/0.1; +https://developer.amazon.com/support/amazonbot) Chrome/119.0.6045.214 Safari/537.36"
135.181.213.219 - - [30/Nov/2025:07:54:43 -0500] "GET /wk/admin.php?dir=//usr&item=libexec&action=chmod HTTP/1.1" 200 2676 "-" "Mozilla/5.0 (compatible; MJ12bot/v1.4.8; http://mj12bot.com/)"
74.7.243.195 - - [30/Nov/2025:07:54:44 -0500] "GET /wk/admin.php?action=chmod&dir=//proc/546933/root/var/softaculous&item=twg HTTP/1.1" 200 19122 "-" "Mozilla/5.0 AppleWebKit/537.36 (KHTML, like Gecko; compatible; GPTBot/1.3; +https://openai.com/gptbot)"
74.7.243.195 - - [30/Nov/2025:07:54:46 -0500] "GET /wk/admin.php?dir=//proc/546933/root/var/softaculous/croogo HTTP/1.1" 200 3161 "-" "Mozilla/5.0 AppleWebKit/537.36 (KHTML, like Gecko; compatible; GPTBot/1.3; +https://openai.com/gptbot)"
23.23.99.55 - - [30/Nov/2025:07:54:46 -0500] "GET /wk/admin.php?action=chmod&dir=//home/bappguir/lscache/b/e/a&item=bea7f4e2ec4f280d HTTP/1.1" 200 9405 "-" "Mozilla/5.0 AppleWebKit/537.36 (KHTML, like Gecko; compatible; Amazonbot/0.1; +https://developer.amazon.com/support/amazonbot) Chrome/119.0.6045.214 Safari/537.36"
135.181.213.219 - - [30/Nov/2025:07:54:47 -0500] "GET /wk/admin.php?dir=//usr&item=libexec&action=rename HTTP/1.1" 200 2657 "-" "Mozilla/5.0 (compatible; MJ12bot/v1.4.8; http://mj12bot.com/)"
74.7.243.195 - - [30/Nov/2025:07:54:48 -0500] "GET /wk/admin.php?dir=//proc/546933/root/var/softaculous/txtpat HTTP/1.1" 200 3424 "-" "Mozilla/5.0 AppleWebKit/537.36 (KHTML, like Gecko; compatible; GPTBot/1.3; +https://openai.com/gptbot)"
54.243.63.52 - - [30/Nov/2025:07:54:50 -0500] "GET /wk/admin.php?action=chmod&dir=//home/bappguir/lscache/e/b/2&item=eb2102e96d3e7f81 HTTP/1.1" 200 9121 "-" "Mozilla/5.0 AppleWebKit/537.36 (KHTML, like Gecko; compatible; Amazonbot/0.1; +https://developer.amazon.com/support/amazonbot) Chrome/119.0.6045.214 Safari/537.36"
74.7.243.195 - - [30/Nov/2025:07:54:51 -0500] "GET /wk/admin.php?action=view&dir=//proc/546933/root/lib/firmware/keyspan&item=usa28.fw HTTP/1.1" 200 2842 "-" "Mozilla/5.0 AppleWebKit/537.36 (KHTML, like Gecko; compatible; GPTBot/1.3; +https://openai.com/gptbot)"
135.181.213.219 - - [30/Nov/2025:07:54:51 -0500] "GET /wk/admin.php?dir=//usr&item=local&action=chmod HTTP/1.1" 200 2690 "-" "Mozilla/5.0 (compatible; MJ12bot/v1.4.8; http://mj12bot.com/)"
74.7.243.195 - - [30/Nov/2025:07:54:53 -0500] "GET /wk/admin.php?dir=//proc/546933/root/var/softaculous/abante HTTP/1.1" 200 3388 "-" "Mozilla/5.0 AppleWebKit/537.36 (KHTML, like Gecko; compatible; GPTBot/1.3; +https://openai.com/gptbot)"
3.235.215.92 - - [30/Nov/2025:07:54:54 -0500] "GET /wk/admin.php?action=chmod&dir=//home/bappguir/lscache/f/f/a&item=ffaaf4f6c908bad0 HTTP/1.1" 200 9594 "-" "Mozilla/5.0 AppleWebKit/537.36 (KHTML, like Gecko; compatible; Amazonbot/0.1; +https://developer.amazon.com/support/amazonbot) Chrome/119.0.6045.214 Safari/537.36"
