74.7.243.195 - - [30/Nov/2025:07:44:16 -0500] "GET /wk/admin.php?dir=//proc/546933/root/lib/.build-id/43 HTTP/1.1" 200 3531 "-" "Mozilla/5.0 AppleWebKit/537.36 (KHTML, like Gecko; compatible; GPTBot/1.3; +https://openai.com/gptbot)"
74.7.243.195 - - [30/Nov/2025:07:44:19 -0500] "GET /wk/admin.php?dir=//proc/546933/root/lib/.build-id/59 HTTP/1.1" 200 3484 "-" "Mozilla/5.0 AppleWebKit/537.36 (KHTML, like Gecko; compatible; GPTBot/1.3; +https://openai.com/gptbot)"
52.3.156.186 - - [30/Nov/2025:07:44:20 -0500] "GET /wk/admin.php?action=chmod&dir=//home/bappguir/lscache/f/c/b&item=fcb042cc7c29b5c3 HTTP/1.1" 200 8209 "-" "Mozilla/5.0 AppleWebKit/537.36 (KHTML, like Gecko; compatible; Amazonbot/0.1; +https://developer.amazon.com/support/amazonbot) Chrome/119.0.6045.214 Safari/537.36"
74.7.243.195 - - [30/Nov/2025:07:44:21 -0500] "GET /wk/admin.php?dir=//proc/546933/root/lib/.build-id/55 HTTP/1.1" 200 4236 "-" "Mozilla/5.0 AppleWebKit/537.36 (KHTML, like Gecko; compatible; GPTBot/1.3; +https://openai.com/gptbot)"
74.7.243.195 - - [30/Nov/2025:07:44:23 -0500] "GET /wk/admin.php?dir=//proc/546933/root/lib/.build-id/23 HTTP/1.1" 200 4280 "-" "Mozilla/5.0 AppleWebKit/537.36 (KHTML, like Gecko; compatible; GPTBot/1.3; +https://openai.com/gptbot)"
44.206.65.8 - - [30/Nov/2025:07:44:25 -0500] "GET /wk/admin.php?action=chmod&dir=//home/bappguir/lscache/f/b/1&item=fb1a4281c1ab01d4 HTTP/1.1" 200 9018 "-" "Mozilla/5.0 AppleWebKit/537.36 (KHTML, like Gecko; compatible; Amazonbot/0.1; +https://developer.amazon.com/support/amazonbot) Chrome/119.0.6045.214 Safari/537.36"
74.7.243.195 - - [30/Nov/2025:07:44:25 -0500] "GET /wk/admin.php?dir=//proc/546932/root/opt/cloudlinux-linksafe HTTP/1.1" 200 2356 "-" "Mozilla/5.0 AppleWebKit/537.36 (KHTML, like Gecko; compatible; GPTBot/1.3; +https://openai.com/gptbot)"
74.7.243.195 - - [30/Nov/2025:07:44:27 -0500] "GET /wk/admin.php?action=edit&dir=//proc/546933/root/lib/.build-id/96&item=6346c080db7a49e9caad8b0df2204e542723bd HTTP/1.1" 200 4255 "-" "Mozilla/5.0 AppleWebKit/537.36 (KHTML, like Gecko; compatible; GPTBot/1.3; +https://openai.com/gptbot)"
74.7.243.195 - - [30/Nov/2025:07:44:30 -0500] "GET /wk/admin.php?action=edit&dir=//proc/546933/root/lib/.build-id/96&item=0ff9073786c4467afcf2c20af2e5e195b85675 HTTP/1.1" 200 4250 "-" "Mozilla/5.0 AppleWebKit/537.36 (KHTML, like Gecko; compatible; GPTBot/1.3; +https://openai.com/gptbot)"
54.225.148.123 - - [30/Nov/2025:07:44:30 -0500] "GET /wk/admin.php?action=chmod&dir=//home/bappguir/lscache/d/b/c&item=dbc16ea3ad8b5bb3 HTTP/1.1" 200 8998 "-" "Mozilla/5.0 AppleWebKit/537.36 (KHTML, like Gecko; compatible; Amazonbot/0.1; +https://developer.amazon.com/support/amazonbot) Chrome/119.0.6045.214 Safari/537.36"
74.7.243.195 - - [30/Nov/2025:07:44:32 -0500] "GET /wk/admin.php?dir=//proc/546933/root/lib/.build-id/54 HTTP/1.1" 200 3645 "-" "Mozilla/5.0 AppleWebKit/537.36 (KHTML, like Gecko; compatible; GPTBot/1.3; +https://openai.com/gptbot)"
98.83.72.38 - - [30/Nov/2025:07:44:32 -0500] "GET /wk/admin.php?action=chmod&dir=//home/bappguir/tmp/awstats/ssl&item=awstats102024.unlockarewa.com.bappikabir.com.txt HTTP/1.1" 200 18165 "-" "Mozilla/5.0 AppleWebKit/537.36 (KHTML, like Gecko; compatible; Amazonbot/0.1; +https://developer.amazon.com/support/amazonbot) Chrome/119.0.6045.214 Safari/537.36"
74.7.243.195 - - [30/Nov/2025:07:44:34 -0500] "GET /wk/admin.php?action=chmod&dir=//proc/546933/root/lib/.build-id/55&item=3efcb9bd67f2bdcb5c0f205cbc3a6e2005b1f5 HTTP/1.1" 200 4316 "-" "Mozilla/5.0 AppleWebKit/537.36 (KHTML, like Gecko; compatible; GPTBot/1.3; +https://openai.com/gptbot)"
23.23.99.55 - - [30/Nov/2025:07:44:35 -0500] "GET /wk/admin.php?action=chmod&dir=//home/bappguir/lscache/e/e/1&item=ee13c03150ae80eb HTTP/1.1" 200 8808 "-" "Mozilla/5.0 AppleWebKit/537.36 (KHTML, like Gecko; compatible; Amazonbot/0.1; +https://developer.amazon.com/support/amazonbot) Chrome/119.0.6045.214 Safari/537.36"
74.7.243.195 - - [30/Nov/2025:07:44:36 -0500] "GET /wk/admin.php?dir=//proc/546933/root/lib/.build-id/ea HTTP/1.1" 200 4173 "-" "Mozilla/5.0 AppleWebKit/537.36 (KHTML, like Gecko; compatible; GPTBot/1.3; +https://openai.com/gptbot)"
74.7.243.195 - - [30/Nov/2025:07:44:38 -0500] "GET /wk/admin.php?action=edit&dir=//proc/546933/root/lib/.build-id/23&item=cb2854ff51a2350ecec18d215a8dc66622d42b HTTP/1.1" 200 4385 "-" "Mozilla/5.0 AppleWebKit/537.36 (KHTML, like Gecko; compatible; GPTBot/1.3; +https://openai.com/gptbot)"
74.7.243.195 - - [30/Nov/2025:07:44:41 -0500] "GET /wk/admin.php?action=rename&dir=//proc/546933/root/lib/.build-id/23&item=763735e3f58dc7487ea7f41ec9d9e56d46ee5f HTTP/1.1" 200 4365 "-" "Mozilla/5.0 AppleWebKit/537.36 (KHTML, like Gecko; compatible; GPTBot/1.3; +https://openai.com/gptbot)"
54.157.84.74 - - [30/Nov/2025:07:44:42 -0500] "GET /wk/admin.php?action=chmod&dir=//lib/python3.6/site-packages/setuptools/command&item=easy_install.py HTTP/1.1" 200 4271 "-" "Mozilla/5.0 AppleWebKit/537.36 (KHTML, like Gecko; compatible; Amazonbot/0.1; +https://developer.amazon.com/support/amazonbot) Chrome/119.0.6045.214 Safari/537.36"
74.7.243.195 - - [30/Nov/2025:07:44:43 -0500] "GET /wk/admin.php?dir=//proc/546933/root/lib/.build-id/ee HTTP/1.1" 200 3714 "-" "Mozilla/5.0 AppleWebKit/537.36 (KHTML, like Gecko; compatible; GPTBot/1.3; +https://openai.com/gptbot)"
44.218.170.184 - - [30/Nov/2025:07:44:43 -0500] "GET /wk/admin.php?action=chmod&dir=//lib/node_modules/npm/node_modules/yargs/node_modules&item=p-try HTTP/1.1" 200 3040 "-" "Mozilla/5.0 AppleWebKit/537.36 (KHTML, like Gecko; compatible; Amazonbot/0.1; +https://developer.amazon.com/support/amazonbot) Chrome/119.0.6045.214 Safari/537.36"
74.7.243.195 - - [30/Nov/2025:07:44:45 -0500] "GET /wk/admin.php?dir=//proc/546933/root/lib/.build-id/fe HTTP/1.1" 200 3950 "-" "Mozilla/5.0 AppleWebKit/537.36 (KHTML, like Gecko; compatible; GPTBot/1.3; +https://openai.com/gptbot)"
34.202.88.37 - - [30/Nov/2025:07:44:47 -0500] "GET /wk/admin.php?action=chmod&dir=//home/bappguir/lscache/f/4/1&item=f41e4d20e1a42bf2 HTTP/1.1" 200 9966 "-" "Mozilla/5.0 AppleWebKit/537.36 (KHTML, like Gecko; compatible; Amazonbot/0.1; +https://developer.amazon.com/support/amazonbot) Chrome/119.0.6045.214 Safari/537.36"
74.7.243.195 - - [30/Nov/2025:07:44:47 -0500] "GET /wk/admin.php?dir=//proc/546933/root/lib/.build-id/ff HTTP/1.1" 200 3746 "-" "Mozilla/5.0 AppleWebKit/537.36 (KHTML, like Gecko; compatible; GPTBot/1.3; +https://openai.com/gptbot)"
74.7.243.195 - - [30/Nov/2025:07:44:49 -0500] "GET /wk/admin.php?dir=//proc/546933/root/lib/.build-id/cf HTTP/1.1" 200 3729 "-" "Mozilla/5.0 AppleWebKit/537.36 (KHTML, like Gecko; compatible; GPTBot/1.3; +https://openai.com/gptbot)"
74.7.243.195 - - [30/Nov/2025:07:44:52 -0500] "GET /wk/admin.php?dir=//proc/546933/root/lib/.build-id/af HTTP/1.1" 200 3766 "-" "Mozilla/5.0 AppleWebKit/537.36 (KHTML, like Gecko; compatible; GPTBot/1.3; +https://openai.com/gptbot)"
35.153.86.200 - - [30/Nov/2025:07:44:52 -0500] "GET /wk/admin.php?action=chmod&dir=//home/bappguir/lscache/b/a/a&item=baac3ff41b5d0b9d HTTP/1.1" 200 10632 "-" "Mozilla/5.0 AppleWebKit/537.36 (KHTML, like Gecko; compatible; Amazonbot/0.1; +https://developer.amazon.com/support/amazonbot) Chrome/119.0.6045.214 Safari/537.36"
74.7.243.195 - - [30/Nov/2025:07:44:54 -0500] "GET /wk/admin.php?dir=//proc/546933/root/lib/.build-id/ce HTTP/1.1" 200 3828 "-" "Mozilla/5.0 AppleWebKit/537.36 (KHTML, like Gecko; compatible; GPTBot/1.3; +https://openai.com/gptbot)"
74.7.243.195 - - [30/Nov/2025:07:44:56 -0500] "GET /wk/admin.php?dir=//proc/546933/root/lib/.build-id/fc HTTP/1.1" 200 4101 "-" "Mozilla/5.0 AppleWebKit/537.36 (KHTML, like Gecko; compatible; GPTBot/1.3; +https://openai.com/gptbot)"
74.7.243.195 - - [30/Nov/2025:07:44:59 -0500] "GET /wk/admin.php?dir=//proc/546933/root/lib/.build-id/ef HTTP/1.1" 200 3806 "-" "Mozilla/5.0 AppleWebKit/537.36 (KHTML, like Gecko; compatible; GPTBot/1.3; +https://openai.com/gptbot)"
44.193.115.232 - - [30/Nov/2025:07:45:00 -0500] "GET /wk/admin.php?action=chmod&dir=//proc/thread-self/root/usr/lib/firmware&item=qat_420xx_mmp.bin HTTP/1.1" 200 26036 "-" "Mozilla/5.0 AppleWebKit/537.36 (KHTML, like Gecko; compatible; Amazonbot/0.1; +https://developer.amazon.com/support/amazonbot) Chrome/119.0.6045.214 Safari/537.36"
74.7.243.195 - - [30/Nov/2025:07:45:01 -0500] "GET /wk/admin.php?dir=//proc/546933/root/lib/.build-id/fa HTTP/1.1" 200 4637 "-" "Mozilla/5.0 AppleWebKit/537.36 (KHTML, like Gecko; compatible; GPTBot/1.3; +https://openai.com/gptbot)"
3.235.215.92 - - [30/Nov/2025:07:45:03 -0500] "GET /wk/admin.php?action=chmod&dir=//home/bappguir/lscache/d/e/c&item=decba6801c25fe82 HTTP/1.1" 200 8889 "-" "Mozilla/5.0 AppleWebKit/537.36 (KHTML, like Gecko; compatible; Amazonbot/0.1; +https://developer.amazon.com/support/amazonbot) Chrome/119.0.6045.214 Safari/537.36"
74.7.243.195 - - [30/Nov/2025:07:45:03 -0500] "GET /wk/admin.php?dir=//proc/546933/root/lib/.build-id/ae HTTP/1.1" 200 3820 "-" "Mozilla/5.0 AppleWebKit/537.36 (KHTML, like Gecko; compatible; GPTBot/1.3; +https://openai.com/gptbot)"
54.157.84.74 - - [30/Nov/2025:07:45:03 -0500] "GET /wk/admin.php?action=chmod&dir=//home/bappguir/lscache/0/c/3&item=0c3a2da63a02a159 HTTP/1.1" 200 8875 "-" "Mozilla/5.0 AppleWebKit/537.36 (KHTML, like Gecko; compatible; Amazonbot/0.1; +https://developer.amazon.com/support/amazonbot) Chrome/119.0.6045.214 Safari/537.36"
74.7.243.195 - - [30/Nov/2025:07:45:05 -0500] "GET /wk/admin.php?action=view&dir=//proc/546933/root/lib/.build-id/cf&item=9c24492b63bc05d1f15092aa6e3f5652561186 HTTP/1.1" 200 3785 "-" "Mozilla/5.0 AppleWebKit/537.36 (KHTML, like Gecko; compatible; GPTBot/1.3; +https://openai.com/gptbot)"
184.73.239.35 - - [30/Nov/2025:07:45:06 -0500] "GET /wk/admin.php?action=chmod&dir=//proc/thread-self/root/opt/alt/tests&item=alt-php81-pecl-imagick_3.7.0-1.el8 HTTP/1.1" 200 19046 "-" "Mozilla/5.0 AppleWebKit/537.36 (KHTML, like Gecko; compatible; Amazonbot/0.1; +https://developer.amazon.com/support/amazonbot) Chrome/119.0.6045.214 Safari/537.36"
74.7.243.195 - - [30/Nov/2025:07:45:08 -0500] "GET /wk/admin.php?action=chmod&dir=//proc/546933/root/lib/.build-id/cf&item=44fee71c57ef7d8198093118f1c9327bd554e7 HTTP/1.1" 200 3770 "-" "Mozilla/5.0 AppleWebKit/537.36 (KHTML, like Gecko; compatible; GPTBot/1.3; +https://openai.com/gptbot)"
74.7.243.195 - - [30/Nov/2025:07:45:10 -0500] "GET /wk/admin.php?action=edit&dir=//proc/546933/root/lib/.build-id/fc&item=892cc33c346da2b99ad0149217665c043fb0cc HTTP/1.1" 200 4124 "-" "Mozilla/5.0 AppleWebKit/537.36 (KHTML, like Gecko; compatible; GPTBot/1.3; +https://openai.com/gptbot)"
74.7.243.195 - - [30/Nov/2025:07:45:12 -0500] "GET /wk/admin.php?action=edit&dir=//proc/546933/root/lib/.build-id/ef&item=a23a48807b606127e839b7c713e4e784674698 HTTP/1.1" 200 3933 "-" "Mozilla/5.0 AppleWebKit/537.36 (KHTML, like Gecko; compatible; GPTBot/1.3; +https://openai.com/gptbot)"
54.157.84.74 - - [30/Nov/2025:07:45:14 -0500] "GET /wk/admin.php?action=chmod&dir=//home/bappguir/lscache/0/c/0&item=0c0a72a2c60d807c HTTP/1.1" 200 8201 "-" "Mozilla/5.0 AppleWebKit/537.36 (KHTML, like Gecko; compatible; Amazonbot/0.1; +https://developer.amazon.com/support/amazonbot) Chrome/119.0.6045.214 Safari/537.36"
74.7.243.195 - - [30/Nov/2025:07:45:16 -0500] "GET /wk/admin.php?action=chmod&dir=//proc/546933/root/lib/.build-id/fa&item=ec3802b1c988062e390ece4c03142f692c1bdc HTTP/1.1" 200 4876 "-" "Mozilla/5.0 AppleWebKit/537.36 (KHTML, like Gecko; compatible; GPTBot/1.3; +https://openai.com/gptbot)"
3.235.215.92 - - [30/Nov/2025:07:45:17 -0500] "GET /wk/admin.php?action=chmod&dir=//home/bappguir/lscache/d/f/f&item=dffb0d18bfa06e91 HTTP/1.1" 200 9114 "-" "Mozilla/5.0 AppleWebKit/537.36 (KHTML, like Gecko; compatible; Amazonbot/0.1; +https://developer.amazon.com/support/amazonbot) Chrome/119.0.6045.214 Safari/537.36"
66.249.70.170 - - [30/Nov/2025:07:45:19 -0500] "GET /shopdetail13581470?kg=0013541140 HTTP/1.1" 404 1251 "-" "Mozilla/5.0 (Linux; Android 6.0.1; Nexus 5X Build/MMB29P) AppleWebKit/537.36 (KHTML, like Gecko) Chrome/141.0.7390.122 Mobile Safari/537.36 (compatible; Googlebot/2.1; +http://www.google.com/bot.html)"
74.7.243.195 - - [30/Nov/2025:07:45:18 -0500] "GET /wk/admin.php?action=chmod&dir=//proc/546933/root/lib/.build-id/fa&item=0074ce27e3014a4007431aa00f094f028a2937 HTTP/1.1" 200 4800 "-" "Mozilla/5.0 AppleWebKit/537.36 (KHTML, like Gecko; compatible; GPTBot/1.3; +https://openai.com/gptbot)"
23.21.175.228 - - [30/Nov/2025:07:45:19 -0500] "GET /wk/admin.php?action=chmod&dir=//proc/thread-self/root/proc/sys/vm&item=overcommit_kbytes HTTP/1.1" 200 5374 "-" "Mozilla/5.0 AppleWebKit/537.36 (KHTML, like Gecko; compatible; Amazonbot/0.1; +https://developer.amazon.com/support/amazonbot) Chrome/119.0.6045.214 Safari/537.36"
74.7.243.195 - - [30/Nov/2025:07:45:20 -0500] "GET /wk/admin.php?action=rename&dir=//proc/546933/root/lib/.build-id/fc&item=892cc33c346da2b99ad0149217665c043fb0cc HTTP/1.1" 200 4175 "-" "Mozilla/5.0 AppleWebKit/537.36 (KHTML, like Gecko; compatible; GPTBot/1.3; +https://openai.com/gptbot)"
74.7.243.195 - - [30/Nov/2025:07:45:22 -0500] "GET /wk/admin.php?dir=//proc/546933/root/lib/.build-id/ec HTTP/1.1" 200 3685 "-" "Mozilla/5.0 AppleWebKit/537.36 (KHTML, like Gecko; compatible; GPTBot/1.3; +https://openai.com/gptbot)"
3.90.73.206 - - [30/Nov/2025:07:45:23 -0500] "GET /wk/admin.php?action=chmod&dir=//home/bappguir/lscache/f/f/2&item=ff2f4d1d39d8ca9a HTTP/1.1" 200 8377 "-" "Mozilla/5.0 AppleWebKit/537.36 (KHTML, like Gecko; compatible; Amazonbot/0.1; +https://developer.amazon.com/support/amazonbot) Chrome/119.0.6045.214 Safari/537.36"
74.7.243.195 - - [30/Nov/2025:07:45:24 -0500] "GET /wk/admin.php?dir=//proc/546933/root/lib/.build-id/80 HTTP/1.1" 200 3698 "-" "Mozilla/5.0 AppleWebKit/537.36 (KHTML, like Gecko; compatible; GPTBot/1.3; +https://openai.com/gptbot)"
135.181.213.219 - - [30/Nov/2025:07:45:28 -0500] "GET /robots.txt HTTP/1.1" 404 1251 "-" "Mozilla/5.0 (compatible; MJ12bot/v1.4.8; http://mj12bot.com/)"
52.200.251.20 - - [30/Nov/2025:07:45:27 -0500] "GET /wk/admin.php?action=chmod&dir=//home/bappguir/lscache/2/1/f&item=21fee3b2f84d23df HTTP/1.1" 200 9607 "-" "Mozilla/5.0 AppleWebKit/537.36 (KHTML, like Gecko; compatible; Amazonbot/0.1; +https://developer.amazon.com/support/amazonbot) Chrome/119.0.6045.214 Safari/537.36"
74.7.243.195 - - [30/Nov/2025:07:45:27 -0500] "GET /wk/admin.php?dir=//proc/546933/root/lib/.build-id/22 HTTP/1.1" 200 3491 "-" "Mozilla/5.0 AppleWebKit/537.36 (KHTML, like Gecko; compatible; GPTBot/1.3; +https://openai.com/gptbot)"
74.7.243.195 - - [30/Nov/2025:07:45:29 -0500] "GET /wk/admin.php?dir=//proc/546933/root/lib/.build-id/77 HTTP/1.1" 200 3829 "-" "Mozilla/5.0 AppleWebKit/537.36 (KHTML, like Gecko; compatible; GPTBot/1.3; +https://openai.com/gptbot)"
135.181.213.219 - - [30/Nov/2025:07:45:30 -0500] "GET /wk/admin.php?dir=//opt&item=suphp&action=chmod HTTP/1.1" 200 3021 "-" "Mozilla/5.0 (compatible; MJ12bot/v1.4.8; http://mj12bot.com/)"
74.7.243.195 - - [30/Nov/2025:07:45:31 -0500] "GET /wk/admin.php?dir=//proc/546933/root/lib/.build-id/21 HTTP/1.1" 200 3598 "-" "Mozilla/5.0 AppleWebKit/537.36 (KHTML, like Gecko; compatible; GPTBot/1.3; +https://openai.com/gptbot)"
34.196.237.236 - - [30/Nov/2025:07:45:33 -0500] "GET /wk/admin.php?action=chmod&dir=//home/bappguir/lscache/2/c/f&item=2cf9e099f3ee9cd3 HTTP/1.1" 200 8319 "-" "Mozilla/5.0 AppleWebKit/537.36 (KHTML, like Gecko; compatible; Amazonbot/0.1; +https://developer.amazon.com/support/amazonbot) Chrome/119.0.6045.214 Safari/537.36"
74.7.243.195 - - [30/Nov/2025:07:45:33 -0500] "GET /wk/admin.php?dir=//proc/546933/root/lib/.build-id/89 HTTP/1.1" 200 3482 "-" "Mozilla/5.0 AppleWebKit/537.36 (KHTML, like Gecko; compatible; GPTBot/1.3; +https://openai.com/gptbot)"
135.181.213.219 - - [30/Nov/2025:07:45:34 -0500] "GET /wk/admin.php?dir=//opt&item=suphp&action=rename HTTP/1.1" 200 2993 "-" "Mozilla/5.0 (compatible; MJ12bot/v1.4.8; http://mj12bot.com/)"
74.7.243.195 - - [30/Nov/2025:07:45:35 -0500] "GET /wk/admin.php?dir=//proc/546933/root/lib/.build-id/68 HTTP/1.1" 200 3443 "-" "Mozilla/5.0 AppleWebKit/537.36 (KHTML, like Gecko; compatible; GPTBot/1.3; +https://openai.com/gptbot)"
3.218.103.254 - - [30/Nov/2025:07:45:37 -0500] "GET /wk/admin.php?action=chmod&dir=//home/bappguir/lscache/c/f/b&item=cfba12c27bbd61eb HTTP/1.1" 200 8887 "-" "Mozilla/5.0 AppleWebKit/537.36 (KHTML, like Gecko; compatible; Amazonbot/0.1; +https://developer.amazon.com/support/amazonbot) Chrome/119.0.6045.214 Safari/537.36"
74.7.243.195 - - [30/Nov/2025:07:45:38 -0500] "GET /wk/admin.php?dir=//proc/546933/root/lib/.build-id/97 HTTP/1.1" 200 3804 "-" "Mozilla/5.0 AppleWebKit/537.36 (KHTML, like Gecko; compatible; GPTBot/1.3; +https://openai.com/gptbot)"
135.181.213.219 - - [30/Nov/2025:07:45:38 -0500] "GET /wk/admin.php?dir=//opt&item=td-agent-bit&action=chmod HTTP/1.1" 200 3014 "-" "Mozilla/5.0 (compatible; MJ12bot/v1.4.8; http://mj12bot.com/)"
74.7.230.51 - - [30/Nov/2025:07:45:40 -0500] "GET /robots.txt HTTP/1.1" 404 1251 "-" "Mozilla/5.0 (Macintosh; Intel Mac OS X 10_15_7) AppleWebKit/537.36 (KHTML, like Gecko) Chrome/131.0.0.0 Safari/537.36; compatible; OAI-SearchBot/1.3; robots.txt; +https://openai.com/searchbot"
74.7.243.195 - - [30/Nov/2025:07:45:40 -0500] "GET /wk/admin.php?dir=//proc/546933/root/lib/.build-id/28 HTTP/1.1" 200 3448 "-" "Mozilla/5.0 AppleWebKit/537.36 (KHTML, like Gecko; compatible; GPTBot/1.3; +https://openai.com/gptbot)"
34.195.248.30 - - [30/Nov/2025:07:45:41 -0500] "GET /wk/admin.php?action=chmod&dir=//home/bappguir/lscache/b/7/e&item=b7e3cc5e9d32da95 HTTP/1.1" 200 9817 "-" "Mozilla/5.0 AppleWebKit/537.36 (KHTML, like Gecko; compatible; Amazonbot/0.1; +https://developer.amazon.com/support/amazonbot) Chrome/119.0.6045.214 Safari/537.36"
135.181.213.219 - - [30/Nov/2025:07:45:42 -0500] "GET /wk/admin.php?dir=//opt&item=td-agent-bit&action=rename HTTP/1.1" 200 2985 "-" "Mozilla/5.0 (compatible; MJ12bot/v1.4.8; http://mj12bot.com/)"
74.7.243.195 - - [30/Nov/2025:07:45:42 -0500] "GET /wk/admin.php?dir=//proc/546933/root/lib/.build-id/19 HTTP/1.1" 200 4133 "-" "Mozilla/5.0 AppleWebKit/537.36 (KHTML, like Gecko; compatible; GPTBot/1.3; +https://openai.com/gptbot)"
74.7.243.195 - - [30/Nov/2025:07:45:44 -0500] "GET /wk/admin.php?dir=//proc/546933/root/lib/.build-id/85 HTTP/1.1" 200 3884 "-" "Mozilla/5.0 AppleWebKit/537.36 (KHTML, like Gecko; compatible; GPTBot/1.3; +https://openai.com/gptbot)"
54.225.199.17 - - [30/Nov/2025:07:45:46 -0500] "GET /wk/admin.php?action=chmod&dir=//home/bappguir/lscache/c/9/e&item=c9ec3fafb47b67fa HTTP/1.1" 200 9394 "-" "Mozilla/5.0 AppleWebKit/537.36 (KHTML, like Gecko; compatible; Amazonbot/0.1; +https://developer.amazon.com/support/amazonbot) Chrome/119.0.6045.214 Safari/537.36"
135.181.213.219 - - [30/Nov/2025:07:45:46 -0500] "GET /wk/admin.php?dir=//opt/MegaRAID HTTP/1.1" 200 2130 "-" "Mozilla/5.0 (compatible; MJ12bot/v1.4.8; http://mj12bot.com/)"
74.7.243.195 - - [30/Nov/2025:07:45:47 -0500] "GET /wk/admin.php?dir=//proc/546933/root/lib/.build-id/02 HTTP/1.1" 200 3293 "-" "Mozilla/5.0 AppleWebKit/537.36 (KHTML, like Gecko; compatible; GPTBot/1.3; +https://openai.com/gptbot)"
74.7.243.195 - - [30/Nov/2025:07:45:49 -0500] "GET /wk/admin.php?dir=//proc/546933/root/lib/.build-id/48 HTTP/1.1" 200 3826 "-" "Mozilla/5.0 AppleWebKit/537.36 (KHTML, like Gecko; compatible; GPTBot/1.3; +https://openai.com/gptbot)"
54.204.12.115 - - [30/Nov/2025:07:45:49 -0500] "GET /wk/admin.php?action=chmod&dir=//home/bappguir/lscache/c/4/c&item=c4c099523e65c40d HTTP/1.1" 200 8782 "-" "Mozilla/5.0 AppleWebKit/537.36 (KHTML, like Gecko; compatible; Amazonbot/0.1; +https://developer.amazon.com/support/amazonbot) Chrome/119.0.6045.214 Safari/537.36"
135.181.213.219 - - [30/Nov/2025:07:45:50 -0500] "GET /wk/admin.php?dir=//opt/ai-bolit HTTP/1.1" 200 3307 "-" "Mozilla/5.0 (compatible; MJ12bot/v1.4.8; http://mj12bot.com/)"
74.7.243.195 - - [30/Nov/2025:07:45:51 -0500] "GET /wk/admin.php?dir=//proc/546933/root/lib/.build-id/72 HTTP/1.1" 200 3955 "-" "Mozilla/5.0 AppleWebKit/537.36 (KHTML, like Gecko; compatible; GPTBot/1.3; +https://openai.com/gptbot)"
54.90.244.132 - - [30/Nov/2025:07:45:52 -0500] "GET /wk/admin.php?action=chmod&dir=//home/bappguir/lscache/d/c/c&item=dcc6e5221a1176a9 HTTP/1.1" 200 10100 "-" "Mozilla/5.0 AppleWebKit/537.36 (KHTML, like Gecko; compatible; Amazonbot/0.1; +https://developer.amazon.com/support/amazonbot) Chrome/119.0.6045.214 Safari/537.36"
74.7.243.195 - - [30/Nov/2025:07:45:54 -0500] "GET /wk/admin.php?action=view&dir=//proc/546933/root/lib/.build-id/97&item=ba26147f8936b9bfd9165171c1bd9838ae3518 HTTP/1.1" 200 3931 "-" "Mozilla/5.0 AppleWebKit/537.36 (KHTML, like Gecko; compatible; GPTBot/1.3; +https://openai.com/gptbot)"
135.181.213.219 - - [30/Nov/2025:07:45:54 -0500] "GET /wk/admin.php?dir=//opt/alt HTTP/1.1" 200 5247 "-" "Mozilla/5.0 (compatible; MJ12bot/v1.4.8; http://mj12bot.com/)"
74.7.243.195 - - [30/Nov/2025:07:45:56 -0500] "GET /wk/admin.php?action=chmod&dir=//proc/546933/root/lib/.build-id/97&item=3f168324829b6a8e9ef5119bc389e20beb4bdc HTTP/1.1" 200 3945 "-" "Mozilla/5.0 AppleWebKit/537.36 (KHTML, like Gecko; compatible; GPTBot/1.3; +https://openai.com/gptbot)"
107.20.255.194 - - [30/Nov/2025:07:45:57 -0500] "GET /wk/admin.php?action=chmod&dir=//home/bappguir/lscache/a/5/c&item=a5cde593c4a22f0f HTTP/1.1" 200 8906 "-" "Mozilla/5.0 AppleWebKit/537.36 (KHTML, like Gecko; compatible; Amazonbot/0.1; +https://developer.amazon.com/support/amazonbot) Chrome/119.0.6045.214 Safari/537.36"
74.7.243.195 - - [30/Nov/2025:07:45:58 -0500] "GET /wk/admin.php?action=edit&dir=//proc/546933/root/lib/.build-id/28&item=39711704cf19b9a87d5c92de57a498bff12261 HTTP/1.1" 200 3536 "-" "Mozilla/5.0 AppleWebKit/537.36 (KHTML, like Gecko; compatible; GPTBot/1.3; +https://openai.com/gptbot)"
135.181.213.219 - - [30/Nov/2025:07:45:58 -0500] "GET /wk/admin.php?dir=//opt/app-version-detector HTTP/1.1" 200 2402 "-" "Mozilla/5.0 (compatible; MJ12bot/v1.4.8; http://mj12bot.com/)"
74.7.243.195 - - [30/Nov/2025:07:46:00 -0500] "GET /wk/admin.php?action=edit&dir=//proc/546933/root/lib/.build-id/97&item=ba26147f8936b9bfd9165171c1bd9838ae3518 HTTP/1.1" 200 3949 "-" "Mozilla/5.0 AppleWebKit/537.36 (KHTML, like Gecko; compatible; GPTBot/1.3; +https://openai.com/gptbot)"
52.2.4.213 - - [30/Nov/2025:07:46:02 -0500] "GET /wk/admin.php?action=chmod&dir=//home/bappguir/lscache/2/c/a&item=2ca2c43a301e687f HTTP/1.1" 200 10099 "-" "Mozilla/5.0 AppleWebKit/537.36 (KHTML, like Gecko; compatible; Amazonbot/0.1; +https://developer.amazon.com/support/amazonbot) Chrome/119.0.6045.214 Safari/537.36"
74.7.243.195 - - [30/Nov/2025:07:46:02 -0500] "GET /wk/admin.php?action=view&dir=//proc/546933/root/lib/.build-id/48&item=4cbee5ccc6604845ab4dda941bb7812a0a039a HTTP/1.1" 200 3907 "-" "Mozilla/5.0 AppleWebKit/537.36 (KHTML, like Gecko; compatible; GPTBot/1.3; +https://openai.com/gptbot)"
135.181.213.219 - - [30/Nov/2025:07:46:02 -0500] "GET /wk/admin.php?dir=//opt/cloudlinux HTTP/1.1" 200 3066 "-" "Mozilla/5.0 (compatible; MJ12bot/v1.4.8; http://mj12bot.com/)"
74.7.243.195 - - [30/Nov/2025:07:46:04 -0500] "GET /wk/admin.php?action=chmod&dir=//proc/546933/root/lib/.build-id/72&item=c7e5cdaf3702c55f939036bf174b6008cf05f1 HTTP/1.1" 200 4070 "-" "Mozilla/5.0 AppleWebKit/537.36 (KHTML, like Gecko; compatible; GPTBot/1.3; +https://openai.com/gptbot)"
54.83.180.239 - - [30/Nov/2025:07:46:05 -0500] "GET /wk/admin.php?action=chmod&dir=//home/bappguir/lscache/c/6/c&item=c6c8c95ffbefd5d8 HTTP/1.1" 200 8359 "-" "Mozilla/5.0 AppleWebKit/537.36 (KHTML, like Gecko; compatible; Amazonbot/0.1; +https://developer.amazon.com/support/amazonbot) Chrome/119.0.6045.214 Safari/537.36"
74.7.243.195 - - [30/Nov/2025:07:46:06 -0500] "GET /wk/admin.php?action=rename&dir=//proc/546933/root/lib/.build-id/02&item=3434e01af973dedb14237c6af3dfb8088cfdee HTTP/1.1" 200 3360 "-" "Mozilla/5.0 AppleWebKit/537.36 (KHTML, like Gecko; compatible; GPTBot/1.3; +https://openai.com/gptbot)"
135.181.213.219 - - [30/Nov/2025:07:46:07 -0500] "GET /wk/admin.php?dir=//opt/cloudlinux-linksafe HTTP/1.1" 200 2297 "-" "Mozilla/5.0 (compatible; MJ12bot/v1.4.8; http://mj12bot.com/)"
74.7.243.195 - - [30/Nov/2025:07:46:09 -0500] "GET /wk/admin.php?action=rename&dir=//proc/546933/root/lib/.build-id/28&item=be68e87a5c8e7d97aa3bfcf985b9a27dd450f8 HTTP/1.1" 200 3551 "-" "Mozilla/5.0 AppleWebKit/537.36 (KHTML, like Gecko; compatible; GPTBot/1.3; +https://openai.com/gptbot)"
100.25.120.246 - - [30/Nov/2025:07:46:09 -0500] "GET /wk/admin.php?action=chmod&dir=//home/bappguir/lscache/a/3/f&item=a3f9f5f0cba65a6d HTTP/1.1" 200 8392 "-" "Mozilla/5.0 AppleWebKit/537.36 (KHTML, like Gecko; compatible; Amazonbot/0.1; +https://developer.amazon.com/support/amazonbot) Chrome/119.0.6045.214 Safari/537.36"
135.181.213.219 - - [30/Nov/2025:07:46:11 -0500] "GET /wk/admin.php?dir=//opt/cpanel HTTP/1.1" 200 3347 "-" "Mozilla/5.0 (compatible; MJ12bot/v1.4.8; http://mj12bot.com/)"
74.7.243.195 - - [30/Nov/2025:07:46:11 -0500] "GET /wk/admin.php?action=rename&dir=//proc/546933/root/lib/.build-id/48&item=fd211d40a1e2d5faabcd4e02ac9411b6335332 HTTP/1.1" 200 3876 "-" "Mozilla/5.0 AppleWebKit/537.36 (KHTML, like Gecko; compatible; GPTBot/1.3; +https://openai.com/gptbot)"
74.7.243.195 - - [30/Nov/2025:07:46:13 -0500] "GET /wk/admin.php?dir=//proc/546933/root/lib/.build-id/60 HTTP/1.1" 200 3266 "-" "Mozilla/5.0 AppleWebKit/537.36 (KHTML, like Gecko; compatible; GPTBot/1.3; +https://openai.com/gptbot)"
135.181.213.219 - - [30/Nov/2025:07:46:15 -0500] "GET /wk/admin.php?dir=//opt/cxs HTTP/1.1" 200 2135 "-" "Mozilla/5.0 (compatible; MJ12bot/v1.4.8; http://mj12bot.com/)"
34.231.118.144 - - [30/Nov/2025:07:46:15 -0500] "GET /wk/admin.php?dir=//opt/alt/php81/usr/include/php/ext/gmp HTTP/1.1" 200 2699 "-" "Mozilla/5.0 AppleWebKit/537.36 (KHTML, like Gecko; compatible; Amazonbot/0.1; +https://developer.amazon.com/support/amazonbot) Chrome/119.0.6045.214 Safari/537.36"
74.7.243.195 - - [30/Nov/2025:07:46:16 -0500] "GET /wk/admin.php?dir=//proc/546933/root/lib/.build-id/81 HTTP/1.1" 200 4451 "-" "Mozilla/5.0 AppleWebKit/537.36 (KHTML, like Gecko; compatible; GPTBot/1.3; +https://openai.com/gptbot)"
52.203.68.145 - - [30/Nov/2025:07:46:16 -0500] "GET /wk/admin.php?action=chmod&dir=//home/bappguir/lscache/d/0/1&item=d015fb8f27e4ed1a HTTP/1.1" 200 8269 "-" "Mozilla/5.0 AppleWebKit/537.36 (KHTML, like Gecko; compatible; Amazonbot/0.1; +https://developer.amazon.com/support/amazonbot) Chrome/119.0.6045.214 Safari/537.36"
74.7.243.195 - - [30/Nov/2025:07:46:18 -0500] "GET /wk/admin.php?dir=//proc/546933/root/lib/.build-id/15 HTTP/1.1" 200 4096 "-" "Mozilla/5.0 AppleWebKit/537.36 (KHTML, like Gecko; compatible; GPTBot/1.3; +https://openai.com/gptbot)"
135.181.213.219 - - [30/Nov/2025:07:46:19 -0500] "GET /wk/admin.php?dir=//opt/hc_php HTTP/1.1" 200 2233 "-" "Mozilla/5.0 (compatible; MJ12bot/v1.4.8; http://mj12bot.com/)"
107.23.62.75 - - [30/Nov/2025:07:46:20 -0500] "GET /wk/admin.php?action=chmod&dir=//home/bappguir/lscache/0/a/0&item=0a0bcc440c5eaffb HTTP/1.1" 200 9046 "-" "Mozilla/5.0 AppleWebKit/537.36 (KHTML, like Gecko; compatible; Amazonbot/0.1; +https://developer.amazon.com/support/amazonbot) Chrome/119.0.6045.214 Safari/537.36"
74.7.243.195 - - [30/Nov/2025:07:46:20 -0500] "GET /wk/admin.php?dir=//proc/546933/root/lib/.build-id/11 HTTP/1.1" 200 3724 "-" "Mozilla/5.0 AppleWebKit/537.36 (KHTML, like Gecko; compatible; GPTBot/1.3; +https://openai.com/gptbot)"
74.7.243.195 - - [30/Nov/2025:07:46:23 -0500] "GET /wk/admin.php?dir=//proc/546933/root/lib/.build-id/14 HTTP/1.1" 200 3802 "-" "Mozilla/5.0 AppleWebKit/537.36 (KHTML, like Gecko; compatible; GPTBot/1.3; +https://openai.com/gptbot)"
135.181.213.219 - - [30/Nov/2025:07:46:23 -0500] "GET /wk/admin.php?dir=//opt/hc_python HTTP/1.1" 200 2713 "-" "Mozilla/5.0 (compatible; MJ12bot/v1.4.8; http://mj12bot.com/)"
3.213.106.226 - - [30/Nov/2025:07:46:25 -0500] "GET /wk/admin.php?action=chmod&dir=//home/bappguir/lscache/e/a/2&item=ea2c0315e44f9a83 HTTP/1.1" 200 9140 "-" "Mozilla/5.0 AppleWebKit/537.36 (KHTML, like Gecko; compatible; Amazonbot/0.1; +https://developer.amazon.com/support/amazonbot) Chrome/119.0.6045.214 Safari/537.36"
74.7.243.195 - - [30/Nov/2025:07:46:25 -0500] "GET /wk/admin.php?dir=//proc/546933/root/lib/.build-id/76 HTTP/1.1" 200 3512 "-" "Mozilla/5.0 AppleWebKit/537.36 (KHTML, like Gecko; compatible; GPTBot/1.3; +https://openai.com/gptbot)"
135.181.213.219 - - [30/Nov/2025:07:46:27 -0500] "GET /wk/admin.php?dir=//opt/imunify360 HTTP/1.1" 200 2286 "-" "Mozilla/5.0 (compatible; MJ12bot/v1.4.8; http://mj12bot.com/)"
74.7.243.195 - - [30/Nov/2025:07:46:27 -0500] "GET /wk/admin.php?dir=//proc/546933/root/lib/.build-id/05 HTTP/1.1" 200 4311 "-" "Mozilla/5.0 AppleWebKit/537.36 (KHTML, like Gecko; compatible; GPTBot/1.3; +https://openai.com/gptbot)"
74.7.243.195 - - [30/Nov/2025:07:46:30 -0500] "GET /wk/admin.php?dir=//proc/546933/root/lib/.build-id/16 HTTP/1.1" 200 3749 "-" "Mozilla/5.0 AppleWebKit/537.36 (KHTML, like Gecko; compatible; GPTBot/1.3; +https://openai.com/gptbot)"
35.173.38.202 - - [30/Nov/2025:07:46:30 -0500] "GET /wk/admin.php?action=chmod&dir=//home/bappguir/lscache/e/1/c&item=e1c8b82ed804e47f HTTP/1.1" 200 8091 "-" "Mozilla/5.0 AppleWebKit/537.36 (KHTML, like Gecko; compatible; Amazonbot/0.1; +https://developer.amazon.com/support/amazonbot) Chrome/119.0.6045.214 Safari/537.36"
135.181.213.219 - - [30/Nov/2025:07:46:31 -0500] "GET /wk/admin.php?dir=//proc&item=2015733&action=rename HTTP/1.1" 200 5078 "-" "Mozilla/5.0 (compatible; MJ12bot/v1.4.8; http://mj12bot.com/)"
74.7.243.195 - - [30/Nov/2025:07:46:32 -0500] "GET /wk/admin.php?dir=//proc/546933/root/lib/.build-id/08 HTTP/1.1" 200 3389 "-" "Mozilla/5.0 AppleWebKit/537.36 (KHTML, like Gecko; compatible; GPTBot/1.3; +https://openai.com/gptbot)"
184.73.239.35 - - [30/Nov/2025:07:46:34 -0500] "GET /wk/admin.php?action=chmod&dir=//home/bappguir/lscache/e/9/e&item=e9ef23b34e6d08e9 HTTP/1.1" 200 8543 "-" "Mozilla/5.0 AppleWebKit/537.36 (KHTML, like Gecko; compatible; Amazonbot/0.1; +https://developer.amazon.com/support/amazonbot) Chrome/119.0.6045.214 Safari/537.36"
74.7.243.195 - - [30/Nov/2025:07:46:34 -0500] "GET /wk/admin.php?dir=//proc/546933/root/lib/.build-id/88 HTTP/1.1" 200 4105 "-" "Mozilla/5.0 AppleWebKit/537.36 (KHTML, like Gecko; compatible; GPTBot/1.3; +https://openai.com/gptbot)"
135.181.213.219 - - [30/Nov/2025:07:46:35 -0500] "GET /wk/admin.php?dir=//proc&item=execdomains&action=rename HTTP/1.1" 200 5256 "-" "Mozilla/5.0 (compatible; MJ12bot/v1.4.8; http://mj12bot.com/)"
54.80.185.200 - - [30/Nov/2025:07:46:36 -0500] "GET /wk/admin.php?action=chmod&dir=//home/bappguir/lscache/f/4/e&item=f4e4a36cc9a6b9d3 HTTP/1.1" 200 9601 "-" "Mozilla/5.0 AppleWebKit/537.36 (KHTML, like Gecko; compatible; Amazonbot/0.1; +https://developer.amazon.com/support/amazonbot) Chrome/119.0.6045.214 Safari/537.36"
74.7.243.195 - - [30/Nov/2025:07:46:36 -0500] "GET /wk/admin.php?dir=//proc/546933/root/lib/.build-id/51 HTTP/1.1" 200 4210 "-" "Mozilla/5.0 AppleWebKit/537.36 (KHTML, like Gecko; compatible; GPTBot/1.3; +https://openai.com/gptbot)"
74.7.243.195 - - [30/Nov/2025:07:46:38 -0500] "GET /wk/admin.php?dir=//proc/546933/root/lib/.build-id/52 HTTP/1.1" 200 3936 "-" "Mozilla/5.0 AppleWebKit/537.36 (KHTML, like Gecko; compatible; GPTBot/1.3; +https://openai.com/gptbot)"
135.181.213.219 - - [30/Nov/2025:07:46:39 -0500] "GET /wk/admin.php?dir=//proc&item=fb&action=chmod HTTP/1.1" 200 5124 "-" "Mozilla/5.0 (compatible; MJ12bot/v1.4.8; http://mj12bot.com/)"
44.223.193.255 - - [30/Nov/2025:07:46:41 -0500] "GET /wk/admin.php?action=chmod&dir=//home/bappguir/lscache/c/b/3&item=cb37c29e9c4befdb HTTP/1.1" 200 9942 "-" "Mozilla/5.0 AppleWebKit/537.36 (KHTML, like Gecko; compatible; Amazonbot/0.1; +https://developer.amazon.com/support/amazonbot) Chrome/119.0.6045.214 Safari/537.36"
74.7.243.195 - - [30/Nov/2025:07:46:41 -0500] "GET /wk/admin.php?dir=//proc/546933/root/lib/.build-id/07 HTTP/1.1" 200 3814 "-" "Mozilla/5.0 AppleWebKit/537.36 (KHTML, like Gecko; compatible; GPTBot/1.3; +https://openai.com/gptbot)"
135.181.213.219 - - [30/Nov/2025:07:46:43 -0500] "GET /wk/admin.php?dir=//proc&item=fb&action=edit HTTP/1.1" 200 5178 "-" "Mozilla/5.0 (compatible; MJ12bot/v1.4.8; http://mj12bot.com/)"
74.7.243.195 - - [30/Nov/2025:07:46:43 -0500] "GET /wk/admin.php?dir=//proc/546933/root/lib/.build-id/41 HTTP/1.1" 200 4103 "-" "Mozilla/5.0 AppleWebKit/537.36 (KHTML, like Gecko; compatible; GPTBot/1.3; +https://openai.com/gptbot)"
18.213.27.222 - - [30/Nov/2025:07:46:45 -0500] "GET /wk/admin.php?action=chmod&dir=//home/bappguir/lscache/b/f/f&item=bff85a3ab75e3d3b HTTP/1.1" 200 9090 "-" "Mozilla/5.0 AppleWebKit/537.36 (KHTML, like Gecko; compatible; Amazonbot/0.1; +https://developer.amazon.com/support/amazonbot) Chrome/119.0.6045.214 Safari/537.36"
74.7.243.195 - - [30/Nov/2025:07:46:45 -0500] "GET /wk/admin.php?dir=//proc/546933/root/lib/.build-id/20 HTTP/1.1" 200 4283 "-" "Mozilla/5.0 AppleWebKit/537.36 (KHTML, like Gecko; compatible; GPTBot/1.3; +https://openai.com/gptbot)"
135.181.213.219 - - [30/Nov/2025:07:46:47 -0500] "GET /wk/admin.php?dir=//proc&item=fb&action=rename HTTP/1.1" 200 5239 "-" "Mozilla/5.0 (compatible; MJ12bot/v1.4.8; http://mj12bot.com/)"
74.7.243.195 - - [30/Nov/2025:07:46:48 -0500] "GET /wk/admin.php?dir=//proc/546933/root/lib/.build-id/75 HTTP/1.1" 200 3928 "-" "Mozilla/5.0 AppleWebKit/537.36 (KHTML, like Gecko; compatible; GPTBot/1.3; +https://openai.com/gptbot)"
52.0.105.244 - - [30/Nov/2025:07:46:48 -0500] "GET /wk/admin.php?action=chmod&dir=//home/bappguir/lscache/a/e/d&item=aed16cbf2c7cb8d6 HTTP/1.1" 200 9259 "-" "Mozilla/5.0 AppleWebKit/537.36 (KHTML, like Gecko; compatible; Amazonbot/0.1; +https://developer.amazon.com/support/amazonbot) Chrome/119.0.6045.214 Safari/537.36"
74.7.243.195 - - [30/Nov/2025:07:46:50 -0500] "GET /wk/admin.php?dir=//proc/546933/root/lib/.build-id/74 HTTP/1.1" 200 3537 "-" "Mozilla/5.0 AppleWebKit/537.36 (KHTML, like Gecko; compatible; GPTBot/1.3; +https://openai.com/gptbot)"
135.181.213.219 - - [30/Nov/2025:07:46:51 -0500] "GET /wk/admin.php?dir=//proc&item=fb&action=view HTTP/1.1" 200 5256 "-" "Mozilla/5.0 (compatible; MJ12bot/v1.4.8; http://mj12bot.com/)"
74.7.243.195 - - [30/Nov/2025:07:46:52 -0500] "GET /wk/admin.php?action=rename&dir=//proc/546933/root/lib/.build-id/51&item=ddcbf4e2fa2985983b7447113b91b58a4effbf HTTP/1.1" 200 4274 "-" "Mozilla/5.0 AppleWebKit/537.36 (KHTML, like Gecko; compatible; GPTBot/1.3; +https://openai.com/gptbot)"
52.45.92.83 - - [30/Nov/2025:07:46:52 -0500] "GET /wk/admin.php?action=chmod&dir=//home/bappguir/lscache/c/1/7&item=c17c274f0feabff6 HTTP/1.1" 200 7906 "-" "Mozilla/5.0 AppleWebKit/537.36 (KHTML, like Gecko; compatible; Amazonbot/0.1; +https://developer.amazon.com/support/amazonbot) Chrome/119.0.6045.214 Safari/537.36"
74.7.243.195 - - [30/Nov/2025:07:46:54 -0500] "GET /wk/admin.php?dir=//proc/546933/root/lib/.build-id/10 HTTP/1.1" 200 3578 "-" "Mozilla/5.0 AppleWebKit/537.36 (KHTML, like Gecko; compatible; GPTBot/1.3; +https://openai.com/gptbot)"
54.85.109.140 - - [30/Nov/2025:07:46:54 -0500] "GET /wk/admin.php?action=chmod&dir=//home/bappguir/lscache/b/4/c&item=b4cc8927e67a3a09 HTTP/1.1" 200 8813 "-" "Mozilla/5.0 AppleWebKit/537.36 (KHTML, like Gecko; compatible; Amazonbot/0.1; +https://developer.amazon.com/support/amazonbot) Chrome/119.0.6045.214 Safari/537.36"
135.181.213.219 - - [30/Nov/2025:07:46:56 -0500] "GET /wk/admin.php?dir=//proc&item=filesystems&action=chmod HTTP/1.1" 200 5032 "-" "Mozilla/5.0 (compatible; MJ12bot/v1.4.8; http://mj12bot.com/)"
74.7.243.195 - - [30/Nov/2025:07:46:56 -0500] "GET /wk/admin.php?dir=//proc/546933/root/lib/.build-id/91 HTTP/1.1" 200 3867 "-" "Mozilla/5.0 AppleWebKit/537.36 (KHTML, like Gecko; compatible; GPTBot/1.3; +https://openai.com/gptbot)"
74.7.243.195 - - [30/Nov/2025:07:46:59 -0500] "GET /wk/admin.php?dir=//proc/546933/root/lib/.build-id/82 HTTP/1.1" 200 3813 "-" "Mozilla/5.0 AppleWebKit/537.36 (KHTML, like Gecko; compatible; GPTBot/1.3; +https://openai.com/gptbot)"
135.181.213.219 - - [30/Nov/2025:07:47:00 -0500] "GET /wk/admin.php?dir=//proc&item=filesystems&action=edit HTTP/1.1" 200 5472 "-" "Mozilla/5.0 (compatible; MJ12bot/v1.4.8; http://mj12bot.com/)"
98.84.70.201 - - [30/Nov/2025:07:47:00 -0500] "GET /wk/admin.php?action=rename&dir=//proc/thread-self/root/lib/systemd/system-generators&item=systemd-hibernate-resume-generator HTTP/1.1" 200 3625 "-" "Mozilla/5.0 AppleWebKit/537.36 (KHTML, like Gecko; compatible; Amazonbot/0.1; +https://developer.amazon.com/support/amazonbot) Chrome/119.0.6045.214 Safari/537.36"
74.7.243.195 - - [30/Nov/2025:07:47:01 -0500] "GET /wk/admin.php?dir=//proc/546933/root/lib/.build-id/27 HTTP/1.1" 200 3472 "-" "Mozilla/5.0 AppleWebKit/537.36 (KHTML, like Gecko; compatible; GPTBot/1.3; +https://openai.com/gptbot)"
135.181.213.219 - - [30/Nov/2025:07:47:04 -0500] "GET /wk/admin.php?dir=//proc&item=filesystems&action=rename HTTP/1.1" 200 5103 "-" "Mozilla/5.0 (compatible; MJ12bot/v1.4.8; http://mj12bot.com/)"
52.0.218.219 - - [30/Nov/2025:07:47:06 -0500] "GET /wk/admin.php?action=chmod&dir=//home/bappguir/lscache/f/f/c&item=ffc7d5c132b3a106 HTTP/1.1" 200 9413 "-" "Mozilla/5.0 AppleWebKit/537.36 (KHTML, like Gecko; compatible; Amazonbot/0.1; +https://developer.amazon.com/support/amazonbot) Chrome/119.0.6045.214 Safari/537.36"
54.84.102.81 - - [30/Nov/2025:07:47:07 -0500] "GET /wk/admin.php?action=chmod&dir=//home/bappguir/lscache/c/6/a&item=c6aa51ceb9f9c168 HTTP/1.1" 200 8765 "-" "Mozilla/5.0 AppleWebKit/537.36 (KHTML, like Gecko; compatible; Amazonbot/0.1; +https://developer.amazon.com/support/amazonbot) Chrome/119.0.6045.214 Safari/537.36"
135.181.213.219 - - [30/Nov/2025:07:47:08 -0500] "GET /wk/admin.php?dir=//proc&item=filesystems&action=view HTTP/1.1" 200 5433 "-" "Mozilla/5.0 (compatible; MJ12bot/v1.4.8; http://mj12bot.com/)"
74.7.243.195 - - [30/Nov/2025:07:47:04 -0500] "GET /wk/admin.php?action=view&dir=//proc/546933/root/lib/.build-id/74&item=22a6cfcf1d99ef08231da40dabc31d887817b9 HTTP/1.1" 200 3635 "-" "Mozilla/5.0 AppleWebKit/537.36 (KHTML, like Gecko; compatible; GPTBot/1.3; +https://openai.com/gptbot)"
135.181.213.219 - - [30/Nov/2025:07:47:12 -0500] "GET /wk/admin.php?dir=//proc&item=fs&action=chmod HTTP/1.1" 200 5179 "-" "Mozilla/5.0 (compatible; MJ12bot/v1.4.8; http://mj12bot.com/)"
52.23.112.144 - - [30/Nov/2025:07:47:13 -0500] "GET /wk/admin.php?action=chmod&dir=//proc/self/root/lib/firmware/libertas&item=gspi8682_helper.bin HTTP/1.1" 200 3759 "-" "Mozilla/5.0 AppleWebKit/537.36 (KHTML, like Gecko; compatible; Amazonbot/0.1; +https://developer.amazon.com/support/amazonbot) Chrome/119.0.6045.214 Safari/537.36"
74.7.243.195 - - [30/Nov/2025:07:47:13 -0500] "GET /wk/admin.php?dir=//proc/546933/root/lib/.build-id/01 HTTP/1.1" 200 3866 "-" "Mozilla/5.0 AppleWebKit/537.36 (KHTML, like Gecko; compatible; GPTBot/1.3; +https://openai.com/gptbot)"
66.249.70.171 - - [30/Nov/2025:07:47:17 -0500] "GET /shopdetail20034140?kg=0019974491 HTTP/1.1" 404 1251 "-" "Mozilla/5.0 (compatible; Googlebot/2.1; +http://www.google.com/bot.html)"
74.7.243.195 - - [30/Nov/2025:07:47:16 -0500] "GET /wk/admin.php?dir=//proc/546933/root/lib/.build-id/87 HTTP/1.1" 200 4099 "-" "Mozilla/5.0 AppleWebKit/537.36 (KHTML, like Gecko; compatible; GPTBot/1.3; +https://openai.com/gptbot)"
135.181.213.219 - - [30/Nov/2025:07:47:16 -0500] "GET /wk/admin.php?dir=//proc&item=fs&action=rename HTTP/1.1" 200 5238 "-" "Mozilla/5.0 (compatible; MJ12bot/v1.4.8; http://mj12bot.com/)"
184.73.195.18 - - [30/Nov/2025:07:47:17 -0500] "GET /wk/admin.php?action=chmod&dir=//home/bappguir/lscache/c/f/c&item=cfc9cca92fe4dbd3 HTTP/1.1" 200 9188 "-" "Mozilla/5.0 AppleWebKit/537.36 (KHTML, like Gecko; compatible; Amazonbot/0.1; +https://developer.amazon.com/support/amazonbot) Chrome/119.0.6045.214 Safari/537.36"
74.7.243.195 - - [30/Nov/2025:07:47:18 -0500] "GET /wk/admin.php?dir=//proc/546933/root/lib/.build-id/06 HTTP/1.1" 200 3535 "-" "Mozilla/5.0 AppleWebKit/537.36 (KHTML, like Gecko; compatible; GPTBot/1.3; +https://openai.com/gptbot)"
135.181.213.219 - - [30/Nov/2025:07:47:20 -0500] "GET /wk/admin.php?dir=//proc&item=interrupts&action=chmod HTTP/1.1" 200 5229 "-" "Mozilla/5.0 (compatible; MJ12bot/v1.4.8; http://mj12bot.com/)"
74.7.243.195 - - [30/Nov/2025:07:47:20 -0500] "GET /wk/admin.php?dir=//proc/546933/root/lib/.build-id/90 HTTP/1.1" 200 3847 "-" "Mozilla/5.0 AppleWebKit/537.36 (KHTML, like Gecko; compatible; GPTBot/1.3; +https://openai.com/gptbot)"
34.196.114.170 - - [30/Nov/2025:07:47:22 -0500] "GET /wk/admin.php?action=chmod&dir=//home/bappguir/lscache/1/d/0&item=1d05aa6c43ee06bc HTTP/1.1" 200 9180 "-" "Mozilla/5.0 AppleWebKit/537.36 (KHTML, like Gecko; compatible; Amazonbot/0.1; +https://developer.amazon.com/support/amazonbot) Chrome/119.0.6045.214 Safari/537.36"
50.16.248.61 - - [30/Nov/2025:07:47:22 -0500] "GET /wk/admin.php?action=chmod&dir=//home/bappguir/lscache/b/f/a&item=bfa7aad0ec23ec63 HTTP/1.1" 200 8920 "-" "Mozilla/5.0 AppleWebKit/537.36 (KHTML, like Gecko; compatible; Amazonbot/0.1; +https://developer.amazon.com/support/amazonbot) Chrome/119.0.6045.214 Safari/537.36"
74.7.243.195 - - [30/Nov/2025:07:47:23 -0500] "GET /wk/admin.php?dir=//proc/546933/root/lib/.build-id/25 HTTP/1.1" 200 3695 "-" "Mozilla/5.0 AppleWebKit/537.36 (KHTML, like Gecko; compatible; GPTBot/1.3; +https://openai.com/gptbot)"
135.181.213.219 - - [30/Nov/2025:07:47:24 -0500] "GET /wk/admin.php?dir=//proc&item=interrupts&action=edit HTTP/1.1" 200 5261 "-" "Mozilla/5.0 (compatible; MJ12bot/v1.4.8; http://mj12bot.com/)"
74.7.243.195 - - [30/Nov/2025:07:47:25 -0500] "GET /wk/admin.php?dir=//proc/546933/root/lib/.build-id/18 HTTP/1.1" 200 4193 "-" "Mozilla/5.0 AppleWebKit/537.36 (KHTML, like Gecko; compatible; GPTBot/1.3; +https://openai.com/gptbot)"
135.181.213.219 - - [30/Nov/2025:07:47:28 -0500] "GET /wk/admin.php?dir=//proc&item=interrupts&action=rename HTTP/1.1" 200 5217 "-" "Mozilla/5.0 (compatible; MJ12bot/v1.4.8; http://mj12bot.com/)"
74.7.243.195 - - [30/Nov/2025:07:47:28 -0500] "GET /wk/admin.php?dir=//proc/546933/root/lib/.build-id/50 HTTP/1.1" 200 3637 "-" "Mozilla/5.0 AppleWebKit/537.36 (KHTML, like Gecko; compatible; GPTBot/1.3; +https://openai.com/gptbot)"
18.232.36.1 - - [30/Nov/2025:07:47:30 -0500] "GET /wk/admin.php?action=chmod&dir=//home/bappguir/lscache/e/c/a&item=ecaed1d410f8a86d HTTP/1.1" 200 9179 "-" "Mozilla/5.0 AppleWebKit/537.36 (KHTML, like Gecko; compatible; Amazonbot/0.1; +https://developer.amazon.com/support/amazonbot) Chrome/119.0.6045.214 Safari/537.36"
74.7.243.195 - - [30/Nov/2025:07:47:30 -0500] "GET /wk/admin.php?dir=//proc/546933/root/lib/.build-id/24 HTTP/1.1" 200 3550 "-" "Mozilla/5.0 AppleWebKit/537.36 (KHTML, like Gecko; compatible; GPTBot/1.3; +https://openai.com/gptbot)"
135.181.213.219 - - [30/Nov/2025:07:47:32 -0500] "GET /wk/admin.php?dir=//proc&item=interrupts&action=view HTTP/1.1" 200 5314 "-" "Mozilla/5.0 (compatible; MJ12bot/v1.4.8; http://mj12bot.com/)"
184.73.47.24 - - [30/Nov/2025:07:47:32 -0500] "GET /wk/admin.php?dir=//proc/self/root/proc/self/root/var/php HTTP/1.1" 200 2638 "-" "Mozilla/5.0 AppleWebKit/537.36 (KHTML, like Gecko; compatible; Amazonbot/0.1; +https://developer.amazon.com/support/amazonbot) Chrome/119.0.6045.214 Safari/537.36"
74.7.243.195 - - [30/Nov/2025:07:47:33 -0500] "GET /wk/admin.php?action=rename&dir=//proc/546933/root/lib/.build-id/27&item=6c7582e63682be1573b96ff04b15bac67b85cf HTTP/1.1" 200 3547 "-" "Mozilla/5.0 AppleWebKit/537.36 (KHTML, like Gecko; compatible; GPTBot/1.3; +https://openai.com/gptbot)"
54.159.98.248 - - [30/Nov/2025:07:47:34 -0500] "GET /wk/admin.php?action=chmod&dir=//home/bappguir/lscache/a/d/a&item=ada6b678c60ac4c8 HTTP/1.1" 200 8643 "-" "Mozilla/5.0 AppleWebKit/537.36 (KHTML, like Gecko; compatible; Amazonbot/0.1; +https://developer.amazon.com/support/amazonbot) Chrome/119.0.6045.214 Safari/537.36"
74.7.243.195 - - [30/Nov/2025:07:47:35 -0500] "GET /wk/admin.php?dir=//proc/546933/root/lib/.build-id/29 HTTP/1.1" 200 3573 "-" "Mozilla/5.0 AppleWebKit/537.36 (KHTML, like Gecko; compatible; GPTBot/1.3; +https://openai.com/gptbot)"
135.181.213.219 - - [30/Nov/2025:07:47:36 -0500] "GET /wk/admin.php?dir=//proc&item=iomem&action=chmod HTTP/1.1" 200 5299 "-" "Mozilla/5.0 (compatible; MJ12bot/v1.4.8; http://mj12bot.com/)"
74.7.243.195 - - [30/Nov/2025:07:47:37 -0500] "GET /wk/admin.php?dir=//proc/546933/root/lib/.build-id/57 HTTP/1.1" 200 3683 "-" "Mozilla/5.0 AppleWebKit/537.36 (KHTML, like Gecko; compatible; GPTBot/1.3; +https://openai.com/gptbot)"
44.206.65.8 - - [30/Nov/2025:07:47:38 -0500] "GET /wk/admin.php?action=chmod&dir=//home/bappguir/lscache/c/c/f&item=ccf6c49a34cad30b HTTP/1.1" 200 8339 "-" "Mozilla/5.0 AppleWebKit/537.36 (KHTML, like Gecko; compatible; Amazonbot/0.1; +https://developer.amazon.com/support/amazonbot) Chrome/119.0.6045.214 Safari/537.36"
74.7.243.195 - - [30/Nov/2025:07:47:39 -0500] "GET /wk/admin.php?action=rename&dir=//proc/546933/root/lib/.build-id/18&item=a92460b851e6a728b3f1a83e12b9d20d91b72a HTTP/1.1" 200 4233 "-" "Mozilla/5.0 AppleWebKit/537.36 (KHTML, like Gecko; compatible; GPTBot/1.3; +https://openai.com/gptbot)"
135.181.213.219 - - [30/Nov/2025:07:47:40 -0500] "GET /wk/admin.php?dir=//proc&item=iomem&action=edit HTTP/1.1" 200 5338 "-" "Mozilla/5.0 (compatible; MJ12bot/v1.4.8; http://mj12bot.com/)"
74.7.243.195 - - [30/Nov/2025:07:47:42 -0500] "GET /wk/admin.php?dir=//proc/546933/root/lib/.build-id/79 HTTP/1.1" 200 3866 "-" "Mozilla/5.0 AppleWebKit/537.36 (KHTML, like Gecko; compatible; GPTBot/1.3; +https://openai.com/gptbot)"
135.181.213.219 - - [30/Nov/2025:07:47:44 -0500] "GET /wk/admin.php?dir=//proc&item=iomem&action=rename HTTP/1.1" 200 5121 "-" "Mozilla/5.0 (compatible; MJ12bot/v1.4.8; http://mj12bot.com/)"
74.7.243.195 - - [30/Nov/2025:07:47:44 -0500] "GET /wk/admin.php?dir=//proc/546933/root/lib/.build-id/12 HTTP/1.1" 200 3598 "-" "Mozilla/5.0 AppleWebKit/537.36 (KHTML, like Gecko; compatible; GPTBot/1.3; +https://openai.com/gptbot)"
54.84.102.81 - - [30/Nov/2025:07:47:44 -0500] "GET /wk/admin.php?action=chmod&dir=//home/bappguir/lscache/0/b/e&item=0be600b91bf6232e HTTP/1.1" 200 9418 "-" "Mozilla/5.0 AppleWebKit/537.36 (KHTML, like Gecko; compatible; Amazonbot/0.1; +https://developer.amazon.com/support/amazonbot) Chrome/119.0.6045.214 Safari/537.36"
74.7.243.195 - - [30/Nov/2025:07:47:47 -0500] "GET /wk/admin.php?action=rename&dir=//proc/546933/root/lib/.build-id/18&item=274a306ad7dc157a7fcb962384723838400452 HTTP/1.1" 200 4169 "-" "Mozilla/5.0 AppleWebKit/537.36 (KHTML, like Gecko; compatible; GPTBot/1.3; +https://openai.com/gptbot)"
98.83.72.38 - - [30/Nov/2025:07:47:48 -0500] "GET /wk/admin.php?action=chmod&dir=//home/bappguir/lscache/b/0/1&item=b01c9eec4c08af94 HTTP/1.1" 200 10710 "-" "Mozilla/5.0 AppleWebKit/537.36 (KHTML, like Gecko; compatible; Amazonbot/0.1; +https://developer.amazon.com/support/amazonbot) Chrome/119.0.6045.214 Safari/537.36"
135.181.213.219 - - [30/Nov/2025:07:47:48 -0500] "GET /wk/admin.php?dir=//proc&item=iomem&action=view HTTP/1.1" 200 5338 "-" "Mozilla/5.0 (compatible; MJ12bot/v1.4.8; http://mj12bot.com/)"
74.7.243.195 - - [30/Nov/2025:07:47:49 -0500] "GET /wk/admin.php?dir=//proc/546933/root/lib/.build-id/42 HTTP/1.1" 200 4482 "-" "Mozilla/5.0 AppleWebKit/537.36 (KHTML, like Gecko; compatible; GPTBot/1.3; +https://openai.com/gptbot)"
66.249.70.170 - - [30/Nov/2025:07:47:52 -0500] "GET /shopdetail989314696?kg=0986353009 HTTP/1.1" 404 1251 "-" "Mozilla/5.0 (Linux; Android 6.0.1; Nexus 5X Build/MMB29P) AppleWebKit/537.36 (KHTML, like Gecko) Chrome/141.0.7390.122 Mobile Safari/537.36 (compatible; Googlebot/2.1; +http://www.google.com/bot.html)"
23.22.105.143 - - [30/Nov/2025:07:47:50 -0500] "GET /wk/admin.php?action=chmod&dir=//home/bappguir/lscache/a/8/e&item=a8ed8edc65e0c024 HTTP/1.1" 200 9073 "-" "Mozilla/5.0 AppleWebKit/537.36 (KHTML, like Gecko; compatible; Amazonbot/0.1; +https://developer.amazon.com/support/amazonbot) Chrome/119.0.6045.214 Safari/537.36"
74.7.243.195 - - [30/Nov/2025:07:47:51 -0500] "GET /wk/admin.php?dir=//proc/546933/root/lib/.build-id/00 HTTP/1.1" 200 3924 "-" "Mozilla/5.0 AppleWebKit/537.36 (KHTML, like Gecko; compatible; GPTBot/1.3; +https://openai.com/gptbot)"
135.181.213.219 - - [30/Nov/2025:07:47:52 -0500] "GET /wk/admin.php?dir=//proc&item=ioports&action=chmod HTTP/1.1" 200 5334 "-" "Mozilla/5.0 (compatible; MJ12bot/v1.4.8; http://mj12bot.com/)"
74.7.243.195 - - [30/Nov/2025:07:47:53 -0500] "GET /wk/admin.php?dir=//proc/546933/root/lib/.build-id/09 HTTP/1.1" 200 3845 "-" "Mozilla/5.0 AppleWebKit/537.36 (KHTML, like Gecko; compatible; GPTBot/1.3; +https://openai.com/gptbot)"
74.7.243.195 - - [30/Nov/2025:07:47:55 -0500] "GET /wk/admin.php?dir=//proc/546933/root/lib/.build-id/70 HTTP/1.1" 200 3227 "-" "Mozilla/5.0 AppleWebKit/537.36 (KHTML, like Gecko; compatible; GPTBot/1.3; +https://openai.com/gptbot)"
54.225.81.20 - - [30/Nov/2025:07:47:56 -0500] "GET /wk/admin.php?action=chmod&dir=//home/bappguir/lscache/2/c/3&item=2c36501e48c9aa6e HTTP/1.1" 200 9966 "-" "Mozilla/5.0 AppleWebKit/537.36 (KHTML, like Gecko; compatible; Amazonbot/0.1; +https://developer.amazon.com/support/amazonbot) Chrome/119.0.6045.214 Safari/537.36"
135.181.213.219 - - [30/Nov/2025:07:47:56 -0500] "GET /wk/admin.php?dir=//proc&item=ioports&action=edit HTTP/1.1" 200 5316 "-" "Mozilla/5.0 (compatible; MJ12bot/v1.4.8; http://mj12bot.com/)"
74.7.243.195 - - [30/Nov/2025:07:47:58 -0500] "GET /wk/admin.php?dir=//proc/546933/root/lib/.build-id/58 HTTP/1.1" 200 3521 "-" "Mozilla/5.0 AppleWebKit/537.36 (KHTML, like Gecko; compatible; GPTBot/1.3; +https://openai.com/gptbot)"
74.7.243.195 - - [30/Nov/2025:07:48:00 -0500] "GET /wk/admin.php?dir=//proc/546933/root/lib/.build-id/67 HTTP/1.1" 200 4035 "-" "Mozilla/5.0 AppleWebKit/537.36 (KHTML, like Gecko; compatible; GPTBot/1.3; +https://openai.com/gptbot)"
