35.171.117.160 - - [30/Nov/2025:09:09:44 -0500] "GET /wk/admin.php?action=chmod&dir=//home/bappguir/lscache/1/f/a&item=1fa14699c01a3d6a HTTP/1.1" 200 9099 "-" "Mozilla/5.0 AppleWebKit/537.36 (KHTML, like Gecko; compatible; Amazonbot/0.1; +https://developer.amazon.com/support/amazonbot) Chrome/119.0.6045.214 Safari/537.36"
74.7.243.195 - - [30/Nov/2025:09:09:45 -0500] "GET /wk/admin.php?action=rename&dir=//proc/546933/root/var/softaculous/mw35/php56&item=upgrade.php HTTP/1.1" 200 2628 "-" "Mozilla/5.0 AppleWebKit/537.36 (KHTML, like Gecko; compatible; GPTBot/1.3; +https://openai.com/gptbot)"
145.239.65.236 - - [30/Nov/2025:09:09:46 -0500] "GET /wk/admin.php?dir=//proc&item=tty&action=chmod HTTP/1.1" 200 5224 "-" "Mozilla/5.0 (compatible; MJ12bot/v1.4.8; http://mj12bot.com/)"
66.249.70.170 - - [30/Nov/2025:09:09:48 -0500] "GET /shopdetail13813934?kg=0013772908 HTTP/1.1" 404 1251 "-" "Mozilla/5.0 (Linux; Android 6.0.1; Nexus 5X Build/MMB29P) AppleWebKit/537.36 (KHTML, like Gecko) Chrome/141.0.7390.122 Mobile Safari/537.36 (compatible; Googlebot/2.1; +http://www.google.com/bot.html)"
74.7.243.195 - - [30/Nov/2025:09:09:47 -0500] "GET /wk/admin.php?dir=//proc/546933/root/var/softaculous/wp64 HTTP/1.1" 200 4132 "-" "Mozilla/5.0 AppleWebKit/537.36 (KHTML, like Gecko; compatible; GPTBot/1.3; +https://openai.com/gptbot)"
145.239.65.236 - - [30/Nov/2025:09:09:49 -0500] "GET /wk/admin.php?dir=//proc&item=tty&action=rename HTTP/1.1" 200 5352 "-" "Mozilla/5.0 (compatible; MJ12bot/v1.4.8; http://mj12bot.com/)"
74.7.243.195 - - [30/Nov/2025:09:09:49 -0500] "GET /wk/admin.php?dir=//proc/546933/root/var/softaculous/wp52 HTTP/1.1" 200 4123 "-" "Mozilla/5.0 AppleWebKit/537.36 (KHTML, like Gecko; compatible; GPTBot/1.3; +https://openai.com/gptbot)"
52.70.138.176 - - [30/Nov/2025:09:09:50 -0500] "GET /wk/admin.php?action=chmod&dir=//home/bappguir/lscache/c/1/b&item=c1b24761ae5e0207 HTTP/1.1" 200 10133 "-" "Mozilla/5.0 AppleWebKit/537.36 (KHTML, like Gecko; compatible; Amazonbot/0.1; +https://developer.amazon.com/support/amazonbot) Chrome/119.0.6045.214 Safari/537.36"
3.93.211.16 - - [30/Nov/2025:09:09:50 -0500] "GET /wk/admin.php?action=chmod&dir=//home/bappguir/lscache/e/4/a&item=e4aa58a697df5b1f HTTP/1.1" 200 9274 "-" "Mozilla/5.0 AppleWebKit/537.36 (KHTML, like Gecko; compatible; Amazonbot/0.1; +https://developer.amazon.com/support/amazonbot) Chrome/119.0.6045.214 Safari/537.36"
74.7.243.195 - - [30/Nov/2025:09:09:52 -0500] "GET /wk/admin.php?dir=//proc/546933/root/var/softaculous/wp60 HTTP/1.1" 200 4159 "-" "Mozilla/5.0 AppleWebKit/537.36 (KHTML, like Gecko; compatible; GPTBot/1.3; +https://openai.com/gptbot)"
145.239.65.236 - - [30/Nov/2025:09:09:53 -0500] "GET /wk/admin.php?dir=//proc&item=uptime&action=chmod HTTP/1.1" 200 5368 "-" "Mozilla/5.0 (compatible; MJ12bot/v1.4.8; http://mj12bot.com/)"
74.7.243.195 - - [30/Nov/2025:09:09:54 -0500] "GET /wk/admin.php?dir=//proc/546933/root/var/softaculous/wp59 HTTP/1.1" 200 4124 "-" "Mozilla/5.0 AppleWebKit/537.36 (KHTML, like Gecko; compatible; GPTBot/1.3; +https://openai.com/gptbot)"
145.239.65.236 - - [30/Nov/2025:09:09:56 -0500] "GET /wk/admin.php?dir=//proc&item=uptime&action=edit HTTP/1.1" 200 5383 "-" "Mozilla/5.0 (compatible; MJ12bot/v1.4.8; http://mj12bot.com/)"
74.7.243.195 - - [30/Nov/2025:09:09:56 -0500] "GET /wk/admin.php?dir=//proc/546933/root/var/softaculous/wp56/languages HTTP/1.1" 200 3994 "-" "Mozilla/5.0 AppleWebKit/537.36 (KHTML, like Gecko; compatible; GPTBot/1.3; +https://openai.com/gptbot)"
44.215.210.112 - - [30/Nov/2025:09:09:58 -0500] "GET /wk/admin.php?action=chmod&dir=//home/bappguir/lscache/a/e/8&item=ae8ca3159f24c2f8 HTTP/1.1" 200 8755 "-" "Mozilla/5.0 AppleWebKit/537.36 (KHTML, like Gecko; compatible; Amazonbot/0.1; +https://developer.amazon.com/support/amazonbot) Chrome/119.0.6045.214 Safari/537.36"
74.7.230.42 - - [30/Nov/2025:09:10:00 -0500] "GET /robots.txt HTTP/1.1" 404 1251 "https://www.calloffcancer.org/robots.txt" "Mozilla/5.0 (Macintosh; Intel Mac OS X 10_15_7) AppleWebKit/537.36 (KHTML, like Gecko) Chrome/131.0.0.0 Safari/537.36; compatible; OAI-SearchBot/1.3; robots.txt; +https://openai.com/searchbot"
74.7.243.195 - - [30/Nov/2025:09:09:59 -0500] "GET /wk/admin.php?dir=//proc/546933/root/var/softaculous/wp56/php53 HTTP/1.1" 200 2690 "-" "Mozilla/5.0 AppleWebKit/537.36 (KHTML, like Gecko; compatible; GPTBot/1.3; +https://openai.com/gptbot)"
145.239.65.236 - - [30/Nov/2025:09:09:59 -0500] "GET /wk/admin.php?dir=//proc&item=uptime&action=rename HTTP/1.1" 200 5171 "-" "Mozilla/5.0 (compatible; MJ12bot/v1.4.8; http://mj12bot.com/)"
74.7.243.195 - - [30/Nov/2025:09:10:01 -0500] "GET /wk/admin.php?action=chmod&dir=//proc/546933/root/var/softaculous/wp64&item=languages HTTP/1.1" 200 4110 "-" "Mozilla/5.0 AppleWebKit/537.36 (KHTML, like Gecko; compatible; GPTBot/1.3; +https://openai.com/gptbot)"
145.239.65.236 - - [30/Nov/2025:09:10:03 -0500] "GET /wk/admin.php?dir=//proc&item=uptime&action=view HTTP/1.1" 200 5290 "-" "Mozilla/5.0 (compatible; MJ12bot/v1.4.8; http://mj12bot.com/)"
74.7.243.195 - - [30/Nov/2025:09:10:03 -0500] "GET /wk/admin.php?dir=//proc/546933/root/var/softaculous/wp64/php53 HTTP/1.1" 200 2693 "-" "Mozilla/5.0 AppleWebKit/537.36 (KHTML, like Gecko; compatible; GPTBot/1.3; +https://openai.com/gptbot)"
54.86.59.155 - - [30/Nov/2025:09:10:04 -0500] "GET /wk/admin.php?action=chmod&dir=//proc/thread-self/root/lib/systemd/system-generators&item=systemd-getty-generator HTTP/1.1" 200 3633 "-" "Mozilla/5.0 AppleWebKit/537.36 (KHTML, like Gecko; compatible; Amazonbot/0.1; +https://developer.amazon.com/support/amazonbot) Chrome/119.0.6045.214 Safari/537.36"
3.224.205.25 - - [30/Nov/2025:09:10:04 -0500] "GET /wk/admin.php?action=chmod&dir=//home/bappguir/lscache/e/a/wk&item=admin.php HTTP/1.1" 200 2761 "-" "Mozilla/5.0 AppleWebKit/537.36 (KHTML, like Gecko; compatible; Amazonbot/0.1; +https://developer.amazon.com/support/amazonbot) Chrome/119.0.6045.214 Safari/537.36"
74.7.243.195 - - [30/Nov/2025:09:10:05 -0500] "GET /wk/admin.php?dir=//proc/546933/root/var/softaculous/wp56/php56 HTTP/1.1" 200 2633 "-" "Mozilla/5.0 AppleWebKit/537.36 (KHTML, like Gecko; compatible; GPTBot/1.3; +https://openai.com/gptbot)"
145.239.65.236 - - [30/Nov/2025:09:10:06 -0500] "GET /wk/admin.php?dir=//proc&item=version&action=chmod HTTP/1.1" 200 5160 "-" "Mozilla/5.0 (compatible; MJ12bot/v1.4.8; http://mj12bot.com/)"
74.7.243.195 - - [30/Nov/2025:09:10:08 -0500] "GET /wk/admin.php?action=view&dir=//proc/546933/root/var/softaculous/wp60&item=sign_on.php HTTP/1.1" 200 5654 "-" "Mozilla/5.0 AppleWebKit/537.36 (KHTML, like Gecko; compatible; GPTBot/1.3; +https://openai.com/gptbot)"
145.239.65.236 - - [30/Nov/2025:09:10:10 -0500] "GET /wk/admin.php?dir=//proc/1907855 HTTP/1.1" 200 1906 "-" "Mozilla/5.0 (compatible; MJ12bot/v1.4.8; http://mj12bot.com/)"
74.7.243.195 - - [30/Nov/2025:09:10:10 -0500] "GET /wk/admin.php?action=view&dir=//proc/546933/root/var/softaculous/wp56/languages&item=zh_HK.zip HTTP/1.1" 200 4037 "-" "Mozilla/5.0 AppleWebKit/537.36 (KHTML, like Gecko; compatible; GPTBot/1.3; +https://openai.com/gptbot)"
54.147.238.89 - - [30/Nov/2025:09:10:11 -0500] "GET /wk/admin.php?action=chmod&dir=//home/bappguir/lscache/7/1&item=1 HTTP/1.1" 200 3345 "-" "Mozilla/5.0 AppleWebKit/537.36 (KHTML, like Gecko; compatible; Amazonbot/0.1; +https://developer.amazon.com/support/amazonbot) Chrome/119.0.6045.214 Safari/537.36"
3.229.95.193 - - [30/Nov/2025:09:10:11 -0500] "GET /wk/admin.php?action=chmod&dir=//home/bappguir/lscache/6/0&item=f HTTP/1.1" 200 3341 "-" "Mozilla/5.0 AppleWebKit/537.36 (KHTML, like Gecko; compatible; Amazonbot/0.1; +https://developer.amazon.com/support/amazonbot) Chrome/119.0.6045.214 Safari/537.36"
74.7.243.195 - - [30/Nov/2025:09:10:12 -0500] "GET /wk/admin.php?action=edit&dir=//proc/546933/root/var/softaculous/wp59&item=add_user.php HTTP/1.1" 200 4454 "-" "Mozilla/5.0 AppleWebKit/537.36 (KHTML, like Gecko; compatible; GPTBot/1.3; +https://openai.com/gptbot)"
145.239.65.236 - - [30/Nov/2025:09:10:13 -0500] "GET /wk/admin.php?dir=//proc/1981037 HTTP/1.1" 200 1906 "-" "Mozilla/5.0 (compatible; MJ12bot/v1.4.8; http://mj12bot.com/)"
52.44.174.136 - - [30/Nov/2025:09:10:14 -0500] "GET /wk/admin.php?action=chmod&dir=//proc/self/root/usr/lib/locale/en_PH&item=LC_TELEPHONE HTTP/1.1" 200 3376 "-" "Mozilla/5.0 AppleWebKit/537.36 (KHTML, like Gecko; compatible; Amazonbot/0.1; +https://developer.amazon.com/support/amazonbot) Chrome/119.0.6045.214 Safari/537.36"
74.7.243.195 - - [30/Nov/2025:09:10:15 -0500] "GET /wk/admin.php?dir=//proc/546933/root/var/softaculous/wp59/php56 HTTP/1.1" 200 2696 "-" "Mozilla/5.0 AppleWebKit/537.36 (KHTML, like Gecko; compatible; GPTBot/1.3; +https://openai.com/gptbot)"
145.239.65.236 - - [30/Nov/2025:09:10:16 -0500] "GET /wk/admin.php?dir=//proc/1986594 HTTP/1.1" 200 1906 "-" "Mozilla/5.0 (compatible; MJ12bot/v1.4.8; http://mj12bot.com/)"
74.7.243.195 - - [30/Nov/2025:09:10:17 -0500] "GET /wk/admin.php?dir=//proc/546933/root/var/softaculous/wp59/php53 HTTP/1.1" 200 2667 "-" "Mozilla/5.0 AppleWebKit/537.36 (KHTML, like Gecko; compatible; GPTBot/1.3; +https://openai.com/gptbot)"
74.7.243.195 - - [30/Nov/2025:09:10:19 -0500] "GET /wk/admin.php?dir=//proc/546933/root/var/softaculous/wp64/php56 HTTP/1.1" 200 2684 "-" "Mozilla/5.0 AppleWebKit/537.36 (KHTML, like Gecko; compatible; GPTBot/1.3; +https://openai.com/gptbot)"
145.239.65.236 - - [30/Nov/2025:09:10:20 -0500] "GET /wk/admin.php?dir=//proc/1998483 HTTP/1.1" 200 1906 "-" "Mozilla/5.0 (compatible; MJ12bot/v1.4.8; http://mj12bot.com/)"
44.213.36.21 - - [30/Nov/2025:09:10:21 -0500] "GET /wk/admin.php?action=chmod&dir=//proc/thread-self/root/dev/shm&item=.P7PCPd HTTP/1.1" 200 67600 "-" "Mozilla/5.0 AppleWebKit/537.36 (KHTML, like Gecko; compatible; Amazonbot/0.1; +https://developer.amazon.com/support/amazonbot) Chrome/119.0.6045.214 Safari/537.36"
74.7.243.195 - - [30/Nov/2025:09:10:22 -0500] "GET /wk/admin.php?dir=//proc/546933/root/var/softaculous/wp58/plugins HTTP/1.1" 200 2505 "-" "Mozilla/5.0 AppleWebKit/537.36 (KHTML, like Gecko; compatible; GPTBot/1.3; +https://openai.com/gptbot)"
3.230.224.6 - - [30/Nov/2025:09:10:23 -0500] "GET /wk/admin.php?action=chmod&dir=//proc/self/root/home/bappguir/public_html/bappi_portfolio&item=.git HTTP/1.1" 200 2780 "-" "Mozilla/5.0 AppleWebKit/537.36 (KHTML, like Gecko; compatible; Amazonbot/0.1; +https://developer.amazon.com/support/amazonbot) Chrome/119.0.6045.214 Safari/537.36"
145.239.65.236 - - [30/Nov/2025:09:10:23 -0500] "GET /wk/admin.php?dir=//proc/1998696 HTTP/1.1" 200 1906 "-" "Mozilla/5.0 (compatible; MJ12bot/v1.4.8; http://mj12bot.com/)"
74.7.243.195 - - [30/Nov/2025:09:10:24 -0500] "GET /wk/admin.php?dir=//proc/546933/root/var/softaculous/wp59/plugins HTTP/1.1" 200 2505 "-" "Mozilla/5.0 AppleWebKit/537.36 (KHTML, like Gecko; compatible; GPTBot/1.3; +https://openai.com/gptbot)"
74.7.243.195 - - [30/Nov/2025:09:10:26 -0500] "GET /wk/admin.php?dir=//proc/546933/root/var/softaculous/wp52/plugins HTTP/1.1" 200 2504 "-" "Mozilla/5.0 AppleWebKit/537.36 (KHTML, like Gecko; compatible; GPTBot/1.3; +https://openai.com/gptbot)"
145.239.65.236 - - [30/Nov/2025:09:10:27 -0500] "GET /wk/admin.php?dir=//proc/2001150 HTTP/1.1" 200 1902 "-" "Mozilla/5.0 (compatible; MJ12bot/v1.4.8; http://mj12bot.com/)"
74.7.243.195 - - [30/Nov/2025:09:10:28 -0500] "GET /wk/admin.php?dir=//proc/546933/root/var/softaculous/wp64/plugins HTTP/1.1" 200 2487 "-" "Mozilla/5.0 AppleWebKit/537.36 (KHTML, like Gecko; compatible; GPTBot/1.3; +https://openai.com/gptbot)"
100.28.57.133 - - [30/Nov/2025:09:10:28 -0500] "GET /wk/admin.php?action=chmod&dir=//home/bappguir/lscache/b/1/3&item=b13d9b1ffe05f82a HTTP/1.1" 200 9672 "-" "Mozilla/5.0 AppleWebKit/537.36 (KHTML, like Gecko; compatible; Amazonbot/0.1; +https://developer.amazon.com/support/amazonbot) Chrome/119.0.6045.214 Safari/537.36"
145.239.65.236 - - [30/Nov/2025:09:10:30 -0500] "GET /wk/admin.php?dir=//proc/2014769 HTTP/1.1" 200 1906 "-" "Mozilla/5.0 (compatible; MJ12bot/v1.4.8; http://mj12bot.com/)"
74.7.243.195 - - [30/Nov/2025:09:10:30 -0500] "GET /wk/admin.php?dir=//proc/546933/root/var/softaculous/wp60/plugins HTTP/1.1" 200 2506 "-" "Mozilla/5.0 AppleWebKit/537.36 (KHTML, like Gecko; compatible; GPTBot/1.3; +https://openai.com/gptbot)"
3.217.171.106 - - [30/Nov/2025:09:10:32 -0500] "GET /wk/admin.php?action=chmod&dir=//home/bappguir/lscache/c/e/2&item=ce2b566cd6f87b3e HTTP/1.1" 200 9393 "-" "Mozilla/5.0 AppleWebKit/537.36 (KHTML, like Gecko; compatible; Amazonbot/0.1; +https://developer.amazon.com/support/amazonbot) Chrome/119.0.6045.214 Safari/537.36"
74.7.243.195 - - [30/Nov/2025:09:10:33 -0500] "GET /wk/admin.php?dir=//proc/546933/root/var/softaculous/wp56/plugins HTTP/1.1" 200 2504 "-" "Mozilla/5.0 AppleWebKit/537.36 (KHTML, like Gecko; compatible; GPTBot/1.3; +https://openai.com/gptbot)"
145.239.65.236 - - [30/Nov/2025:09:10:34 -0500] "GET /wk/admin.php?dir=//proc/2014817 HTTP/1.1" 200 1906 "-" "Mozilla/5.0 (compatible; MJ12bot/v1.4.8; http://mj12bot.com/)"
74.7.243.195 - - [30/Nov/2025:09:10:35 -0500] "GET /wk/admin.php?dir=//proc/546933/root/var/softaculous/wp52/languages HTTP/1.1" 200 3976 "-" "Mozilla/5.0 AppleWebKit/537.36 (KHTML, like Gecko; compatible; GPTBot/1.3; +https://openai.com/gptbot)"
145.239.65.236 - - [30/Nov/2025:09:10:37 -0500] "GET /wk/admin.php?dir=//proc/2015733 HTTP/1.1" 200 1903 "-" "Mozilla/5.0 (compatible; MJ12bot/v1.4.8; http://mj12bot.com/)"
54.85.126.86 - - [30/Nov/2025:09:10:37 -0500] "GET /wk/admin.php?action=rename&dir=//proc/self/root/usr/lib/systemd&item=systemd HTTP/1.1" 200 5896 "-" "Mozilla/5.0 AppleWebKit/537.36 (KHTML, like Gecko; compatible; Amazonbot/0.1; +https://developer.amazon.com/support/amazonbot) Chrome/119.0.6045.214 Safari/537.36"
74.7.243.195 - - [30/Nov/2025:09:10:37 -0500] "GET /wk/admin.php?dir=//proc/546933/root/var/softaculous/wp59/languages HTTP/1.1" 200 3982 "-" "Mozilla/5.0 AppleWebKit/537.36 (KHTML, like Gecko; compatible; GPTBot/1.3; +https://openai.com/gptbot)"
74.7.243.195 - - [30/Nov/2025:09:10:40 -0500] "GET /wk/admin.php?dir=//proc/546933/root/var/softaculous/wp60/languages HTTP/1.1" 200 3968 "-" "Mozilla/5.0 AppleWebKit/537.36 (KHTML, like Gecko; compatible; GPTBot/1.3; +https://openai.com/gptbot)"
145.239.65.236 - - [30/Nov/2025:09:10:40 -0500] "GET /wk/admin.php?dir=//proc/2017456 HTTP/1.1" 200 1903 "-" "Mozilla/5.0 (compatible; MJ12bot/v1.4.8; http://mj12bot.com/)"
74.7.243.195 - - [30/Nov/2025:09:10:42 -0500] "GET /wk/admin.php?dir=//proc/546933/root/var/softaculous/wp64/languages HTTP/1.1" 200 3929 "-" "Mozilla/5.0 AppleWebKit/537.36 (KHTML, like Gecko; compatible; GPTBot/1.3; +https://openai.com/gptbot)"
52.4.238.8 - - [30/Nov/2025:09:10:43 -0500] "GET /wk/admin.php?action=chmod&dir=//home/bappguir/lscache/e/a/b&item=eababd77d83eb2c9 HTTP/1.1" 200 7665 "-" "Mozilla/5.0 AppleWebKit/537.36 (KHTML, like Gecko; compatible; Amazonbot/0.1; +https://developer.amazon.com/support/amazonbot) Chrome/119.0.6045.214 Safari/537.36"
145.239.65.236 - - [30/Nov/2025:09:10:44 -0500] "GET /wk/admin.php?dir=//proc/acpi HTTP/1.1" 200 2267 "-" "Mozilla/5.0 (compatible; MJ12bot/v1.4.8; http://mj12bot.com/)"
74.7.243.195 - - [30/Nov/2025:09:10:44 -0500] "GET /wk/admin.php?dir=//proc/546933/root/var/softaculous/wp58/languages HTTP/1.1" 200 3969 "-" "Mozilla/5.0 AppleWebKit/537.36 (KHTML, like Gecko; compatible; GPTBot/1.3; +https://openai.com/gptbot)"
18.209.201.119 - - [30/Nov/2025:09:10:46 -0500] "GET /wk/admin.php?action=chmod&dir=//home/bappguir/lscache/d/b/0&item=db0d91430cbaa3c9 HTTP/1.1" 200 9217 "-" "Mozilla/5.0 AppleWebKit/537.36 (KHTML, like Gecko; compatible; Amazonbot/0.1; +https://developer.amazon.com/support/amazonbot) Chrome/119.0.6045.214 Safari/537.36"
74.7.243.195 - - [30/Nov/2025:09:10:47 -0500] "GET /wk/admin.php?dir=//proc/546933/root/var/softaculous/wp60/php82 HTTP/1.1" 200 2693 "-" "Mozilla/5.0 AppleWebKit/537.36 (KHTML, like Gecko; compatible; GPTBot/1.3; +https://openai.com/gptbot)"
145.239.65.236 - - [30/Nov/2025:09:10:47 -0500] "GET /wk/admin.php?dir=//proc/bus HTTP/1.1" 200 2283 "-" "Mozilla/5.0 (compatible; MJ12bot/v1.4.8; http://mj12bot.com/)"
52.201.155.215 - - [30/Nov/2025:09:10:48 -0500] "GET /wk/admin.php?action=chmod&dir=//home/bappguir/lscache/1/e/5&item=1e5adcb3b76e1e77 HTTP/1.1" 200 9616 "-" "Mozilla/5.0 AppleWebKit/537.36 (KHTML, like Gecko; compatible; Amazonbot/0.1; +https://developer.amazon.com/support/amazonbot) Chrome/119.0.6045.214 Safari/537.36"
74.7.243.195 - - [30/Nov/2025:09:10:49 -0500] "GET /wk/admin.php?dir=//proc/546933/root/var/softaculous/wp59/php82 HTTP/1.1" 200 2687 "-" "Mozilla/5.0 AppleWebKit/537.36 (KHTML, like Gecko; compatible; GPTBot/1.3; +https://openai.com/gptbot)"
145.239.65.236 - - [30/Nov/2025:09:10:51 -0500] "GET /wk/admin.php?dir=//proc/driver HTTP/1.1" 200 2288 "-" "Mozilla/5.0 (compatible; MJ12bot/v1.4.8; http://mj12bot.com/)"
74.7.243.195 - - [30/Nov/2025:09:10:51 -0500] "GET /wk/admin.php?action=view&dir=//proc/546933/root/var/softaculous/wp52/languages&item=sv_SE.zip HTTP/1.1" 200 4064 "-" "Mozilla/5.0 AppleWebKit/537.36 (KHTML, like Gecko; compatible; GPTBot/1.3; +https://openai.com/gptbot)"
52.4.213.199 - - [30/Nov/2025:09:10:52 -0500] "GET /wk/admin.php?action=chmod&dir=//home/bappguir/lscache/a/f/2&item=af28305acc003c36 HTTP/1.1" 200 8743 "-" "Mozilla/5.0 AppleWebKit/537.36 (KHTML, like Gecko; compatible; Amazonbot/0.1; +https://developer.amazon.com/support/amazonbot) Chrome/119.0.6045.214 Safari/537.36"
74.7.243.195 - - [30/Nov/2025:09:10:53 -0500] "GET /wk/admin.php?action=chmod&dir=//proc/546933/root/var/softaculous/wp64/languages&item=id_ID.zip HTTP/1.1" 200 3963 "-" "Mozilla/5.0 AppleWebKit/537.36 (KHTML, like Gecko; compatible; GPTBot/1.3; +https://openai.com/gptbot)"
145.239.65.236 - - [30/Nov/2025:09:10:54 -0500] "GET /wk/admin.php?dir=//proc/fs HTTP/1.1" 200 2419 "-" "Mozilla/5.0 (compatible; MJ12bot/v1.4.8; http://mj12bot.com/)"
3.235.215.92 - - [30/Nov/2025:09:10:54 -0500] "GET /wk/admin.php?action=chmod&dir=//home/bappguir/lscache/b/7/e&item=b7e8bf07ea2cac73 HTTP/1.1" 200 9851 "-" "Mozilla/5.0 AppleWebKit/537.36 (KHTML, like Gecko; compatible; Amazonbot/0.1; +https://developer.amazon.com/support/amazonbot) Chrome/119.0.6045.214 Safari/537.36"
74.7.243.195 - - [30/Nov/2025:09:10:56 -0500] "GET /wk/admin.php?action=view&dir=//proc/546933/root/var/softaculous/wp59/languages&item=he_IL.zip HTTP/1.1" 200 4067 "-" "Mozilla/5.0 AppleWebKit/537.36 (KHTML, like Gecko; compatible; GPTBot/1.3; +https://openai.com/gptbot)"
145.239.65.236 - - [30/Nov/2025:09:10:57 -0500] "GET /wk/admin.php?dir=//proc/irq HTTP/1.1" 200 2819 "-" "Mozilla/5.0 (compatible; MJ12bot/v1.4.8; http://mj12bot.com/)"
74.7.243.195 - - [30/Nov/2025:09:10:58 -0500] "GET /wk/admin.php?action=chmod&dir=//proc/546933/root/var/softaculous/wp64/languages&item=tr_TR.zip HTTP/1.1" 200 3911 "-" "Mozilla/5.0 AppleWebKit/537.36 (KHTML, like Gecko; compatible; GPTBot/1.3; +https://openai.com/gptbot)"
74.7.243.195 - - [30/Nov/2025:09:11:00 -0500] "GET /wk/admin.php?action=edit&dir=//proc/546933/root/var/softaculous/wp60/languages&item=ca.zip HTTP/1.1" 200 4026 "-" "Mozilla/5.0 AppleWebKit/537.36 (KHTML, like Gecko; compatible; GPTBot/1.3; +https://openai.com/gptbot)"
145.239.65.236 - - [30/Nov/2025:09:11:01 -0500] "GET /wk/admin.php?dir=//proc/kcare HTTP/1.1" 200 2523 "-" "Mozilla/5.0 (compatible; MJ12bot/v1.4.8; http://mj12bot.com/)"
74.7.243.195 - - [30/Nov/2025:09:11:02 -0500] "GET /wk/admin.php?action=rename&dir=//proc/546933/root/var/softaculous/wp64/languages&item=ja.zip HTTP/1.1" 200 3960 "-" "Mozilla/5.0 AppleWebKit/537.36 (KHTML, like Gecko; compatible; GPTBot/1.3; +https://openai.com/gptbot)"
184.73.239.35 - - [30/Nov/2025:09:11:02 -0500] "GET /wk/admin.php?action=chmod&dir=//home/bappguir/lscache/e/e/0&item=ee0129bb44ae10cb HTTP/1.1" 200 9358 "-" "Mozilla/5.0 AppleWebKit/537.36 (KHTML, like Gecko; compatible; Amazonbot/0.1; +https://developer.amazon.com/support/amazonbot) Chrome/119.0.6045.214 Safari/537.36"
145.239.65.236 - - [30/Nov/2025:09:11:04 -0500] "GET /wk/admin.php?dir=//proc/lve HTTP/1.1" 200 2702 "-" "Mozilla/5.0 (compatible; MJ12bot/v1.4.8; http://mj12bot.com/)"
74.7.243.195 - - [30/Nov/2025:09:11:05 -0500] "GET /wk/admin.php?action=chmod&dir=//proc/546933/root/var/softaculous/wp60/languages&item=th.zip HTTP/1.1" 200 4026 "-" "Mozilla/5.0 AppleWebKit/537.36 (KHTML, like Gecko; compatible; GPTBot/1.3; +https://openai.com/gptbot)"
98.84.70.201 - - [30/Nov/2025:09:11:05 -0500] "GET /wk/admin.php?action=chmod&dir=//home/bappguir/lscache/e/1/f&item=e1f904666682c4b1 HTTP/1.1" 200 9947 "-" "Mozilla/5.0 AppleWebKit/537.36 (KHTML, like Gecko; compatible; Amazonbot/0.1; +https://developer.amazon.com/support/amazonbot) Chrome/119.0.6045.214 Safari/537.36"
74.7.230.51 - - [30/Nov/2025:09:11:07 -0500] "GET /robots.txt HTTP/1.1" 404 1251 "-" "Mozilla/5.0 (Macintosh; Intel Mac OS X 10_15_7) AppleWebKit/537.36 (KHTML, like Gecko) Chrome/131.0.0.0 Safari/537.36; compatible; OAI-SearchBot/1.3; robots.txt; +https://openai.com/searchbot"
74.7.243.195 - - [30/Nov/2025:09:11:07 -0500] "GET /wk/admin.php?action=rename&dir=//proc/546933/root/var/softaculous/wp58/languages&item=fa_IR.zip HTTP/1.1" 200 4026 "-" "Mozilla/5.0 AppleWebKit/537.36 (KHTML, like Gecko; compatible; GPTBot/1.3; +https://openai.com/gptbot)"
145.239.65.236 - - [30/Nov/2025:09:11:08 -0500] "GET /wk/admin.php?dir=//proc/net HTTP/1.1" 200 4438 "-" "Mozilla/5.0 (compatible; MJ12bot/v1.4.8; http://mj12bot.com/)"
52.204.253.129 - - [30/Nov/2025:09:11:08 -0500] "GET /wk/admin.php?action=chmod&dir=//home/bappguir/lscache/f/e/0&item=fe0c529c34c50c44 HTTP/1.1" 200 9397 "-" "Mozilla/5.0 AppleWebKit/537.36 (KHTML, like Gecko; compatible; Amazonbot/0.1; +https://developer.amazon.com/support/amazonbot) Chrome/119.0.6045.214 Safari/537.36"
74.7.243.195 - - [30/Nov/2025:09:11:09 -0500] "GET /wk/admin.php?action=rename&dir=//proc/546933/root/var/softaculous/wp58/languages&item=he_IL.zip HTTP/1.1" 200 4020 "-" "Mozilla/5.0 AppleWebKit/537.36 (KHTML, like Gecko; compatible; GPTBot/1.3; +https://openai.com/gptbot)"
74.7.243.195 - - [30/Nov/2025:09:11:11 -0500] "GET /wk/admin.php?action=rename&dir=//proc/546933/root/var/softaculous/wp59/languages&item=ro_RO.zip HTTP/1.1" 200 3966 "-" "Mozilla/5.0 AppleWebKit/537.36 (KHTML, like Gecko; compatible; GPTBot/1.3; +https://openai.com/gptbot)"
145.239.65.236 - - [30/Nov/2025:09:11:11 -0500] "GET /wk/admin.php?dir=//proc/scsi HTTP/1.1" 200 2394 "-" "Mozilla/5.0 (compatible; MJ12bot/v1.4.8; http://mj12bot.com/)"
54.235.172.108 - - [30/Nov/2025:09:11:12 -0500] "GET /wk/admin.php?action=chmod&dir=//home/bappguir/lscache/b/f/a&item=bfa63b4bf24e0142 HTTP/1.1" 200 8916 "-" "Mozilla/5.0 AppleWebKit/537.36 (KHTML, like Gecko; compatible; Amazonbot/0.1; +https://developer.amazon.com/support/amazonbot) Chrome/119.0.6045.214 Safari/537.36"
74.7.243.195 - - [30/Nov/2025:09:11:13 -0500] "GET /wk/admin.php?dir=//proc/546933/root/var/softaculous/wp59/php71 HTTP/1.1" 200 2695 "-" "Mozilla/5.0 AppleWebKit/537.36 (KHTML, like Gecko; compatible; GPTBot/1.3; +https://openai.com/gptbot)"
145.239.65.236 - - [30/Nov/2025:09:11:15 -0500] "GET /wk/admin.php?dir=//proc/self HTTP/1.1" 200 4724 "-" "Mozilla/5.0 (compatible; MJ12bot/v1.4.8; http://mj12bot.com/)"
74.7.243.195 - - [30/Nov/2025:09:11:15 -0500] "GET /wk/admin.php?dir=//proc/546933/root/var/softaculous/wp58/php81 HTTP/1.1" 200 2688 "-" "Mozilla/5.0 AppleWebKit/537.36 (KHTML, like Gecko; compatible; GPTBot/1.3; +https://openai.com/gptbot)"
98.82.214.73 - - [30/Nov/2025:09:11:17 -0500] "GET /wk/admin.php?action=chmod&dir=//home/bappguir/lscache/f/c/b&item=fcb8848253c0e9cc HTTP/1.1" 200 8231 "-" "Mozilla/5.0 AppleWebKit/537.36 (KHTML, like Gecko; compatible; Amazonbot/0.1; +https://developer.amazon.com/support/amazonbot) Chrome/119.0.6045.214 Safari/537.36"
74.7.243.195 - - [30/Nov/2025:09:11:18 -0500] "GET /wk/admin.php?dir=//proc/546933/root/var/softaculous/wp52/php82 HTTP/1.1" 200 2688 "-" "Mozilla/5.0 AppleWebKit/537.36 (KHTML, like Gecko; compatible; GPTBot/1.3; +https://openai.com/gptbot)"
145.239.65.236 - - [30/Nov/2025:09:11:18 -0500] "GET /wk/admin.php?dir=//proc/sys HTTP/1.1" 200 2641 "-" "Mozilla/5.0 (compatible; MJ12bot/v1.4.8; http://mj12bot.com/)"
74.7.243.195 - - [30/Nov/2025:09:11:20 -0500] "GET /wk/admin.php?dir=//proc/546933/root/var/softaculous/wp58/php53 HTTP/1.1" 200 2688 "-" "Mozilla/5.0 AppleWebKit/537.36 (KHTML, like Gecko; compatible; GPTBot/1.3; +https://openai.com/gptbot)"
3.212.219.113 - - [30/Nov/2025:09:11:20 -0500] "GET /wk/admin.php?action=chmod&dir=//home/bappguir/lscache/c/a/2&item=ca2b9c6fc8bd432d HTTP/1.1" 200 9129 "-" "Mozilla/5.0 AppleWebKit/537.36 (KHTML, like Gecko; compatible; Amazonbot/0.1; +https://developer.amazon.com/support/amazonbot) Chrome/119.0.6045.214 Safari/537.36"
145.239.65.236 - - [30/Nov/2025:09:11:21 -0500] "GET /wk/admin.php?dir=//proc/sysvipc HTTP/1.1" 200 2360 "-" "Mozilla/5.0 (compatible; MJ12bot/v1.4.8; http://mj12bot.com/)"
74.7.243.195 - - [30/Nov/2025:09:11:22 -0500] "GET /wk/admin.php?dir=//proc/546933/root/var/softaculous/wp59/php81 HTTP/1.1" 200 2698 "-" "Mozilla/5.0 AppleWebKit/537.36 (KHTML, like Gecko; compatible; GPTBot/1.3; +https://openai.com/gptbot)"
74.7.243.195 - - [30/Nov/2025:09:11:24 -0500] "GET /wk/admin.php?dir=//proc/546933/root/var/softaculous/wp60/php81 HTTP/1.1" 200 2687 "-" "Mozilla/5.0 AppleWebKit/537.36 (KHTML, like Gecko; compatible; GPTBot/1.3; +https://openai.com/gptbot)"
145.239.65.236 - - [30/Nov/2025:09:11:24 -0500] "GET /wk/admin.php?dir=//proc/thread-self HTTP/1.1" 200 4354 "-" "Mozilla/5.0 (compatible; MJ12bot/v1.4.8; http://mj12bot.com/)"
34.202.88.37 - - [30/Nov/2025:09:11:25 -0500] "GET /wk/admin.php?action=chmod&dir=//home/bappguir/lscache/1/c/2&item=1c202551e82165e2 HTTP/1.1" 200 8574 "-" "Mozilla/5.0 AppleWebKit/537.36 (KHTML, like Gecko; compatible; Amazonbot/0.1; +https://developer.amazon.com/support/amazonbot) Chrome/119.0.6045.214 Safari/537.36"
74.7.243.195 - - [30/Nov/2025:09:11:26 -0500] "GET /wk/admin.php?dir=//proc/546933/root/var/softaculous/wp52/php53 HTTP/1.1" 200 2688 "-" "Mozilla/5.0 AppleWebKit/537.36 (KHTML, like Gecko; compatible; GPTBot/1.3; +https://openai.com/gptbot)"
145.239.65.236 - - [30/Nov/2025:09:11:28 -0500] "GET /wk/admin.php?dir=//proc/tty HTTP/1.1" 200 2452 "-" "Mozilla/5.0 (compatible; MJ12bot/v1.4.8; http://mj12bot.com/)"
74.7.243.195 - - [30/Nov/2025:09:11:29 -0500] "GET /wk/admin.php?dir=//proc/546933/root/var/softaculous/wp64/php81 HTTP/1.1" 200 2672 "-" "Mozilla/5.0 AppleWebKit/537.36 (KHTML, like Gecko; compatible; GPTBot/1.3; +https://openai.com/gptbot)"
3.214.176.44 - - [30/Nov/2025:09:11:29 -0500] "GET /wk/admin.php?action=chmod&dir=//home/bappguir/lscache/c/c/a&item=ccaf6d156c2ab3da HTTP/1.1" 200 9017 "-" "Mozilla/5.0 AppleWebKit/537.36 (KHTML, like Gecko; compatible; Amazonbot/0.1; +https://developer.amazon.com/support/amazonbot) Chrome/119.0.6045.214 Safari/537.36"
145.239.65.236 - - [30/Nov/2025:09:11:31 -0500] "GET /wk/admin.php?dir=//sbin&item=chroot&action=chmod HTTP/1.1" 200 4734 "-" "Mozilla/5.0 (compatible; MJ12bot/v1.4.8; http://mj12bot.com/)"
74.7.243.195 - - [30/Nov/2025:09:11:31 -0500] "GET /wk/admin.php?dir=//proc/546933/root/var/softaculous/wp52/php56 HTTP/1.1" 200 2690 "-" "Mozilla/5.0 AppleWebKit/537.36 (KHTML, like Gecko; compatible; GPTBot/1.3; +https://openai.com/gptbot)"
74.7.243.195 - - [30/Nov/2025:09:11:33 -0500] "GET /wk/admin.php?action=view&dir=//proc/546933/root/var/softaculous/wp52/php82&item=extend.php HTTP/1.1" 200 69565 "-" "Mozilla/5.0 AppleWebKit/537.36 (KHTML, like Gecko; compatible; GPTBot/1.3; +https://openai.com/gptbot)"
145.239.65.236 - - [30/Nov/2025:09:11:34 -0500] "GET /wk/admin.php?dir=//sbin&item=chroot&action=edit HTTP/1.1" 200 4850 "-" "Mozilla/5.0 (compatible; MJ12bot/v1.4.8; http://mj12bot.com/)"
3.232.39.98 - - [30/Nov/2025:09:11:34 -0500] "GET /wk/admin.php?action=chmod&dir=//home/bappguir/tmp/awstats/ssl&item=awstats022025.calloffcancer.org.bappikabir.com.txt HTTP/1.1" 200 18117 "-" "Mozilla/5.0 AppleWebKit/537.36 (KHTML, like Gecko; compatible; Amazonbot/0.1; +https://developer.amazon.com/support/amazonbot) Chrome/119.0.6045.214 Safari/537.36"
74.7.243.195 - - [30/Nov/2025:09:11:36 -0500] "GET /wk/admin.php?dir=//proc/546933/root/var/softaculous/wp52/php81 HTTP/1.1" 200 2687 "-" "Mozilla/5.0 AppleWebKit/537.36 (KHTML, like Gecko; compatible; GPTBot/1.3; +https://openai.com/gptbot)"
100.29.160.53 - - [30/Nov/2025:09:11:36 -0500] "GET /wk/admin.php?action=chmod&dir=//home/bappguir/lscache/e/6/e&item=e6e2f60c718b1d22 HTTP/1.1" 200 8474 "-" "Mozilla/5.0 AppleWebKit/537.36 (KHTML, like Gecko; compatible; Amazonbot/0.1; +https://developer.amazon.com/support/amazonbot) Chrome/119.0.6045.214 Safari/537.36"
145.239.65.236 - - [30/Nov/2025:09:11:37 -0500] "GET /wk/admin.php?dir=//sbin&item=chroot&action=rename HTTP/1.1" 200 4775 "-" "Mozilla/5.0 (compatible; MJ12bot/v1.4.8; http://mj12bot.com/)"
74.7.243.195 - - [30/Nov/2025:09:11:38 -0500] "GET /wk/admin.php?dir=//proc/546933/root/var/softaculous/wp60/php56 HTTP/1.1" 200 2704 "-" "Mozilla/5.0 AppleWebKit/537.36 (KHTML, like Gecko; compatible; GPTBot/1.3; +https://openai.com/gptbot)"
74.7.243.195 - - [30/Nov/2025:09:11:40 -0500] "GET /wk/admin.php?dir=//proc/546933/root/var/softaculous/wp52/php71 HTTP/1.1" 200 2659 "-" "Mozilla/5.0 AppleWebKit/537.36 (KHTML, like Gecko; compatible; GPTBot/1.3; +https://openai.com/gptbot)"
145.239.65.236 - - [30/Nov/2025:09:11:41 -0500] "GET /wk/admin.php?dir=//sbin&item=chroot&action=view HTTP/1.1" 200 4768 "-" "Mozilla/5.0 (compatible; MJ12bot/v1.4.8; http://mj12bot.com/)"
54.83.240.58 - - [30/Nov/2025:09:11:41 -0500] "GET /wk/admin.php?action=chmod&dir=//home/bappguir/lscache/a/3/c&item=a3c11dfa8f5a048f HTTP/1.1" 200 8953 "-" "Mozilla/5.0 AppleWebKit/537.36 (KHTML, like Gecko; compatible; Amazonbot/0.1; +https://developer.amazon.com/support/amazonbot) Chrome/119.0.6045.214 Safari/537.36"
74.7.243.195 - - [30/Nov/2025:09:11:42 -0500] "GET /wk/admin.php?dir=//proc/546933/root/var/softaculous/wp60/php71 HTTP/1.1" 200 2687 "-" "Mozilla/5.0 AppleWebKit/537.36 (KHTML, like Gecko; compatible; GPTBot/1.3; +https://openai.com/gptbot)"
145.239.65.236 - - [30/Nov/2025:09:11:44 -0500] "GET /wk/admin.php?dir=//sbin&item=cloudlinux-selector&action=chmod HTTP/1.1" 200 4805 "-" "Mozilla/5.0 (compatible; MJ12bot/v1.4.8; http://mj12bot.com/)"
74.7.243.195 - - [30/Nov/2025:09:11:45 -0500] "GET /wk/admin.php?dir=//proc/546933/root/var/softaculous/wp58/php82 HTTP/1.1" 200 2690 "-" "Mozilla/5.0 AppleWebKit/537.36 (KHTML, like Gecko; compatible; GPTBot/1.3; +https://openai.com/gptbot)"
3.229.2.217 - - [30/Nov/2025:09:11:47 -0500] "GET /wk/admin.php?action=chmod&dir=//home/bappguir/lscache/c/8/e&item=c8e7f186b4e418d3 HTTP/1.1" 200 8287 "-" "Mozilla/5.0 AppleWebKit/537.36 (KHTML, like Gecko; compatible; Amazonbot/0.1; +https://developer.amazon.com/support/amazonbot) Chrome/119.0.6045.214 Safari/537.36"
74.7.243.195 - - [30/Nov/2025:09:11:47 -0500] "GET /wk/admin.php?dir=//proc/546933/root/var/softaculous/wp58/php56 HTTP/1.1" 200 2698 "-" "Mozilla/5.0 AppleWebKit/537.36 (KHTML, like Gecko; compatible; GPTBot/1.3; +https://openai.com/gptbot)"
145.239.65.236 - - [30/Nov/2025:09:11:47 -0500] "GET /wk/admin.php?dir=//sbin&item=cloudlinux-selector&action=edit HTTP/1.1" 200 5037 "-" "Mozilla/5.0 (compatible; MJ12bot/v1.4.8; http://mj12bot.com/)"
54.225.181.161 - - [30/Nov/2025:09:11:49 -0500] "GET /wk/admin.php?action=chmod&dir=//home/bappguir/lscache/b/a/0&item=ba0acf180777a50c HTTP/1.1" 200 9760 "-" "Mozilla/5.0 AppleWebKit/537.36 (KHTML, like Gecko; compatible; Amazonbot/0.1; +https://developer.amazon.com/support/amazonbot) Chrome/119.0.6045.214 Safari/537.36"
74.7.243.195 - - [30/Nov/2025:09:11:49 -0500] "GET /wk/admin.php?dir=//proc/546933/root/var/softaculous/wp60/php53 HTTP/1.1" 200 2692 "-" "Mozilla/5.0 AppleWebKit/537.36 (KHTML, like Gecko; compatible; GPTBot/1.3; +https://openai.com/gptbot)"
145.239.65.236 - - [30/Nov/2025:09:11:51 -0500] "GET /wk/admin.php?dir=//sbin&item=cloudlinux-selector&action=rename HTTP/1.1" 200 4794 "-" "Mozilla/5.0 (compatible; MJ12bot/v1.4.8; http://mj12bot.com/)"
74.7.243.195 - - [30/Nov/2025:09:11:52 -0500] "GET /wk/admin.php?action=edit&dir=//proc/546933/root/var/softaculous/wp52/php81&item=upgrade.php HTTP/1.1" 200 13242 "-" "Mozilla/5.0 AppleWebKit/537.36 (KHTML, like Gecko; compatible; GPTBot/1.3; +https://openai.com/gptbot)"
54.156.55.147 - - [30/Nov/2025:09:11:52 -0500] "GET /wk/admin.php?action=chmod&dir=//home/bappguir/lscache/0/c/f&item=0cf6d1a58600afb2 HTTP/1.1" 200 9888 "-" "Mozilla/5.0 AppleWebKit/537.36 (KHTML, like Gecko; compatible; Amazonbot/0.1; +https://developer.amazon.com/support/amazonbot) Chrome/119.0.6045.214 Safari/537.36"
74.7.243.195 - - [30/Nov/2025:09:11:54 -0500] "GET /wk/admin.php?action=edit&dir=//proc/546933/root/var/softaculous/wp60/php56&item=upgrade.php HTTP/1.1" 200 13169 "-" "Mozilla/5.0 AppleWebKit/537.36 (KHTML, like Gecko; compatible; GPTBot/1.3; +https://openai.com/gptbot)"
145.239.65.236 - - [30/Nov/2025:09:11:54 -0500] "GET /wk/admin.php?dir=//sbin&item=cloudlinux-selector&action=view HTTP/1.1" 200 5154 "-" "Mozilla/5.0 (compatible; MJ12bot/v1.4.8; http://mj12bot.com/)"
50.16.248.61 - - [30/Nov/2025:09:11:56 -0500] "GET /wk/admin.php?action=chmod&dir=//home/bappguir/lscache/c/f/8&item=cf820cdbee1dcada HTTP/1.1" 200 8702 "-" "Mozilla/5.0 AppleWebKit/537.36 (KHTML, like Gecko; compatible; Amazonbot/0.1; +https://developer.amazon.com/support/amazonbot) Chrome/119.0.6045.214 Safari/537.36"
74.7.243.195 - - [30/Nov/2025:09:11:56 -0500] "GET /wk/admin.php?action=edit&dir=//proc/546933/root/var/softaculous/wp60/php56&item=clone.php HTTP/1.1" 200 25739 "-" "Mozilla/5.0 AppleWebKit/537.36 (KHTML, like Gecko; compatible; GPTBot/1.3; +https://openai.com/gptbot)"
145.239.65.236 - - [30/Nov/2025:09:11:58 -0500] "GET /wk/admin.php?dir=//sbin&item=consoletype&action=chmod HTTP/1.1" 200 4801 "-" "Mozilla/5.0 (compatible; MJ12bot/v1.4.8; http://mj12bot.com/)"
74.7.243.195 - - [30/Nov/2025:09:11:59 -0500] "GET /wk/admin.php?action=view&dir=//proc/546933/root/var/softaculous/wp60/php71&item=backup.php HTTP/1.1" 200 5626 "-" "Mozilla/5.0 AppleWebKit/537.36 (KHTML, like Gecko; compatible; GPTBot/1.3; +https://openai.com/gptbot)"
44.217.177.142 - - [30/Nov/2025:09:12:00 -0500] "GET /wk/admin.php?action=chmod&dir=//home/bappguir/lscache/f/a/a&item=faafaf4e0ffdfff5 HTTP/1.1" 200 10273 "-" "Mozilla/5.0 AppleWebKit/537.36 (KHTML, like Gecko; compatible; Amazonbot/0.1; +https://developer.amazon.com/support/amazonbot) Chrome/119.0.6045.214 Safari/537.36"
74.7.243.195 - - [30/Nov/2025:09:12:01 -0500] "GET /wk/admin.php?action=edit&dir=//proc/546933/root/var/softaculous/wp60/php56&item=extend.php HTTP/1.1" 200 66064 "-" "Mozilla/5.0 AppleWebKit/537.36 (KHTML, like Gecko; compatible; GPTBot/1.3; +https://openai.com/gptbot)"
145.239.65.236 - - [30/Nov/2025:09:12:01 -0500] "GET /wk/admin.php?dir=//sbin&item=consoletype&action=edit HTTP/1.1" 200 4833 "-" "Mozilla/5.0 (compatible; MJ12bot/v1.4.8; http://mj12bot.com/)"
74.7.243.195 - - [30/Nov/2025:09:12:03 -0500] "GET /wk/admin.php?dir=//proc/546933/root/var/softaculous/wp56/php71 HTTP/1.1" 200 2697 "-" "Mozilla/5.0 AppleWebKit/537.36 (KHTML, like Gecko; compatible; GPTBot/1.3; +https://openai.com/gptbot)"
145.239.65.236 - - [30/Nov/2025:09:12:05 -0500] "GET /wk/admin.php?dir=//sbin&item=consoletype&action=rename HTTP/1.1" 200 4800 "-" "Mozilla/5.0 (compatible; MJ12bot/v1.4.8; http://mj12bot.com/)"
54.235.191.179 - - [30/Nov/2025:09:12:05 -0500] "GET /wk/admin.php?action=chmod&dir=//proc/self/root/lib/kbd/consolefonts&item=iso07u-16.psfu.gz HTTP/1.1" 200 13153 "-" "Mozilla/5.0 AppleWebKit/537.36 (KHTML, like Gecko; compatible; Amazonbot/0.1; +https://developer.amazon.com/support/amazonbot) Chrome/119.0.6045.214 Safari/537.36"
74.7.243.195 - - [30/Nov/2025:09:12:05 -0500] "GET /wk/admin.php?action=view&dir=//proc/546933/root/var/softaculous/wp58/php56&item=import.php HTTP/1.1" 200 8223 "-" "Mozilla/5.0 AppleWebKit/537.36 (KHTML, like Gecko; compatible; GPTBot/1.3; +https://openai.com/gptbot)"
74.7.243.195 - - [30/Nov/2025:09:12:07 -0500] "GET /wk/admin.php?dir=//proc/546933/root/var/softaculous/wp56/php81 HTTP/1.1" 200 2691 "-" "Mozilla/5.0 AppleWebKit/537.36 (KHTML, like Gecko; compatible; GPTBot/1.3; +https://openai.com/gptbot)"
145.239.65.236 - - [30/Nov/2025:09:12:08 -0500] "GET /wk/admin.php?dir=//sbin&item=consoletype&action=view HTTP/1.1" 200 4809 "-" "Mozilla/5.0 (compatible; MJ12bot/v1.4.8; http://mj12bot.com/)"
51.222.95.58 - - [30/Nov/2025:09:12:10 -0500] "GET /shopdetail310221018?kg=0309292546 HTTP/1.1" 404 1251 "-" "Mozilla/5.0 (compatible; AhrefsBot/7.0; +http://ahrefs.com/robot/)"
74.7.243.195 - - [30/Nov/2025:09:12:10 -0500] "GET /wk/admin.php?dir=//proc/546933/root/var/softaculous/wp58/php71 HTTP/1.1" 200 2691 "-" "Mozilla/5.0 AppleWebKit/537.36 (KHTML, like Gecko; compatible; GPTBot/1.3; +https://openai.com/gptbot)"
44.209.89.189 - - [30/Nov/2025:09:12:10 -0500] "GET /wk/admin.php?action=chmod&dir=//home/bappguir/lscache/e/c/0&item=ec0b8c61c12ffd51 HTTP/1.1" 200 9145 "-" "Mozilla/5.0 AppleWebKit/537.36 (KHTML, like Gecko; compatible; Amazonbot/0.1; +https://developer.amazon.com/support/amazonbot) Chrome/119.0.6045.214 Safari/537.36"
145.239.65.236 - - [30/Nov/2025:09:12:11 -0500] "GET /wk/admin.php?dir=//sbin&item=cracklib-check&action=chmod HTTP/1.1" 200 4745 "-" "Mozilla/5.0 (compatible; MJ12bot/v1.4.8; http://mj12bot.com/)"
74.7.243.195 - - [30/Nov/2025:09:12:12 -0500] "GET /wk/admin.php?dir=//proc/546933/root/var/softaculous/wp64/php71 HTTP/1.1" 200 2672 "-" "Mozilla/5.0 AppleWebKit/537.36 (KHTML, like Gecko; compatible; GPTBot/1.3; +https://openai.com/gptbot)"
54.204.12.115 - - [30/Nov/2025:09:12:12 -0500] "GET /wk/admin.php?action=chmod&dir=//home/bappguir/lscache/0/c/b&item=0cbfda4f3d01df44 HTTP/1.1" 200 9327 "-" "Mozilla/5.0 AppleWebKit/537.36 (KHTML, like Gecko; compatible; Amazonbot/0.1; +https://developer.amazon.com/support/amazonbot) Chrome/119.0.6045.214 Safari/537.36"
74.7.243.195 - - [30/Nov/2025:09:12:14 -0500] "GET /wk/admin.php?dir=//proc/546933/root/var/softaculous/wp56/php82 HTTP/1.1" 200 2693 "-" "Mozilla/5.0 AppleWebKit/537.36 (KHTML, like Gecko; compatible; GPTBot/1.3; +https://openai.com/gptbot)"
145.239.65.236 - - [30/Nov/2025:09:12:15 -0500] "GET /wk/admin.php?dir=//sbin&item=cracklib-check&action=edit HTTP/1.1" 200 4792 "-" "Mozilla/5.0 (compatible; MJ12bot/v1.4.8; http://mj12bot.com/)"
54.88.84.219 - - [30/Nov/2025:09:12:16 -0500] "GET /wk/admin.php?action=chmod&dir=//home/bappguir/lscache/e/1/a&item=e1a19f2d27de5d75 HTTP/1.1" 200 7959 "-" "Mozilla/5.0 AppleWebKit/537.36 (KHTML, like Gecko; compatible; Amazonbot/0.1; +https://developer.amazon.com/support/amazonbot) Chrome/119.0.6045.214 Safari/537.36"
74.7.243.195 - - [30/Nov/2025:09:12:17 -0500] "GET /wk/admin.php?dir=//proc/546933/root/var/softaculous/wp57 HTTP/1.1" 200 4137 "-" "Mozilla/5.0 AppleWebKit/537.36 (KHTML, like Gecko; compatible; GPTBot/1.3; +https://openai.com/gptbot)"
145.239.65.236 - - [30/Nov/2025:09:12:18 -0500] "GET /wk/admin.php?dir=//sbin&item=cracklib-check&action=rename HTTP/1.1" 200 4785 "-" "Mozilla/5.0 (compatible; MJ12bot/v1.4.8; http://mj12bot.com/)"
74.7.243.195 - - [30/Nov/2025:09:12:19 -0500] "GET /wk/admin.php?dir=//proc/546933/root/var/softaculous/wp64/php82 HTTP/1.1" 200 2667 "-" "Mozilla/5.0 AppleWebKit/537.36 (KHTML, like Gecko; compatible; GPTBot/1.3; +https://openai.com/gptbot)"
54.209.100.30 - - [30/Nov/2025:09:12:19 -0500] "GET /wk/admin.php?action=chmod&dir=//home/bappguir/lscache/e/3/0&item=e30f1fcd96dba4a0 HTTP/1.1" 200 8529 "-" "Mozilla/5.0 AppleWebKit/537.36 (KHTML, like Gecko; compatible; Amazonbot/0.1; +https://developer.amazon.com/support/amazonbot) Chrome/119.0.6045.214 Safari/537.36"
145.239.65.236 - - [30/Nov/2025:09:12:21 -0500] "GET /wk/admin.php?dir=//sbin&item=cracklib-check&action=view HTTP/1.1" 200 4819 "-" "Mozilla/5.0 (compatible; MJ12bot/v1.4.8; http://mj12bot.com/)"
74.7.243.195 - - [30/Nov/2025:09:12:21 -0500] "GET /wk/admin.php?dir=//proc/546933/root/var/softaculous/mw14 HTTP/1.1" 200 3390 "-" "Mozilla/5.0 AppleWebKit/537.36 (KHTML, like Gecko; compatible; GPTBot/1.3; +https://openai.com/gptbot)"
74.7.243.195 - - [30/Nov/2025:09:12:24 -0500] "GET /wk/admin.php?dir=//proc/546933/root/var/softaculous/mw19 HTTP/1.1" 200 3375 "-" "Mozilla/5.0 AppleWebKit/537.36 (KHTML, like Gecko; compatible; GPTBot/1.3; +https://openai.com/gptbot)"
145.239.65.236 - - [30/Nov/2025:09:12:25 -0500] "GET /wk/admin.php?dir=//sbin&item=cracklib-format&action=chmod HTTP/1.1" 200 4580 "-" "Mozilla/5.0 (compatible; MJ12bot/v1.4.8; http://mj12bot.com/)"
52.3.155.146 - - [30/Nov/2025:09:12:25 -0500] "GET /wk/admin.php?action=rename&dir=//proc/self/root/proc/self/root/bin&item=automake HTTP/1.1" 200 30854 "-" "Mozilla/5.0 AppleWebKit/537.36 (KHTML, like Gecko; compatible; Amazonbot/0.1; +https://developer.amazon.com/support/amazonbot) Chrome/119.0.6045.214 Safari/537.36"
74.7.243.195 - - [30/Nov/2025:09:12:26 -0500] "GET /wk/admin.php?dir=//proc/546933/root/var/softaculous/wp50 HTTP/1.1" 200 4142 "-" "Mozilla/5.0 AppleWebKit/537.36 (KHTML, like Gecko; compatible; GPTBot/1.3; +https://openai.com/gptbot)"
145.239.65.236 - - [30/Nov/2025:09:12:28 -0500] "GET /wk/admin.php?dir=//sbin&item=cracklib-format&action=edit HTTP/1.1" 200 5023 "-" "Mozilla/5.0 (compatible; MJ12bot/v1.4.8; http://mj12bot.com/)"
74.7.243.195 - - [30/Nov/2025:09:12:28 -0500] "GET /wk/admin.php?dir=//proc/546933/root/var/softaculous/wp57/plugins HTTP/1.1" 200 2464 "-" "Mozilla/5.0 AppleWebKit/537.36 (KHTML, like Gecko; compatible; GPTBot/1.3; +https://openai.com/gptbot)"
52.204.174.139 - - [30/Nov/2025:09:12:30 -0500] "GET /wk/admin.php?action=chmod&dir=//home/bappguir/lscache/e/a/7&item=ea7e27e5ac5d3b19 HTTP/1.1" 200 9905 "-" "Mozilla/5.0 AppleWebKit/537.36 (KHTML, like Gecko; compatible; Amazonbot/0.1; +https://developer.amazon.com/support/amazonbot) Chrome/119.0.6045.214 Safari/537.36"
74.7.243.195 - - [30/Nov/2025:09:12:31 -0500] "GET /wk/admin.php?dir=//proc/546933/root/var/softaculous/wp57/languages HTTP/1.1" 200 3981 "-" "Mozilla/5.0 AppleWebKit/537.36 (KHTML, like Gecko; compatible; GPTBot/1.3; +https://openai.com/gptbot)"
145.239.65.236 - - [30/Nov/2025:09:12:31 -0500] "GET /wk/admin.php?dir=//sbin&item=cracklib-format&action=rename HTTP/1.1" 200 4803 "-" "Mozilla/5.0 (compatible; MJ12bot/v1.4.8; http://mj12bot.com/)"
74.7.243.195 - - [30/Nov/2025:09:12:33 -0500] "GET /wk/admin.php?dir=//proc/546933/root/var/softaculous/wp49 HTTP/1.1" 200 4136 "-" "Mozilla/5.0 AppleWebKit/537.36 (KHTML, like Gecko; compatible; GPTBot/1.3; +https://openai.com/gptbot)"
145.239.65.236 - - [30/Nov/2025:09:12:35 -0500] "GET /wk/admin.php?dir=//sbin&item=cracklib-format&action=view HTTP/1.1" 200 4945 "-" "Mozilla/5.0 (compatible; MJ12bot/v1.4.8; http://mj12bot.com/)"
74.7.243.195 - - [30/Nov/2025:09:12:35 -0500] "GET /wk/admin.php?action=view&dir=//proc/546933/root/var/softaculous/mw14&item=upgrade.xml HTTP/1.1" 200 3656 "-" "Mozilla/5.0 AppleWebKit/537.36 (KHTML, like Gecko; compatible; GPTBot/1.3; +https://openai.com/gptbot)"
100.29.128.75 - - [30/Nov/2025:09:12:36 -0500] "GET /wk/admin.php?action=chmod&dir=//opt/alt/php81/usr/include/php/main/streams&item=php_stream_mmap.h HTTP/1.1" 200 3255 "-" "Mozilla/5.0 AppleWebKit/537.36 (KHTML, like Gecko; compatible; Amazonbot/0.1; +https://developer.amazon.com/support/amazonbot) Chrome/119.0.6045.214 Safari/537.36"
52.2.58.41 - - [30/Nov/2025:09:12:36 -0500] "GET /wk/admin.php?action=chmod&dir=//proc/self/root/usr/lib/locale/en_NZ&item=LC_CTYPE HTTP/1.1" 200 3459 "-" "Mozilla/5.0 AppleWebKit/537.36 (KHTML, like Gecko; compatible; Amazonbot/0.1; +https://developer.amazon.com/support/amazonbot) Chrome/119.0.6045.214 Safari/537.36"
74.7.243.195 - - [30/Nov/2025:09:12:38 -0500] "GET /wk/admin.php?dir=//proc/546933/root/var/softaculous/wp57/php82 HTTP/1.1" 200 2694 "-" "Mozilla/5.0 AppleWebKit/537.36 (KHTML, like Gecko; compatible; GPTBot/1.3; +https://openai.com/gptbot)"
145.239.65.236 - - [30/Nov/2025:09:12:38 -0500] "GET /wk/admin.php?dir=//sbin&item=cracklib-packer&action=chmod HTTP/1.1" 200 4808 "-" "Mozilla/5.0 (compatible; MJ12bot/v1.4.8; http://mj12bot.com/)"
74.7.243.195 - - [30/Nov/2025:09:12:40 -0500] "GET /wk/admin.php?action=edit&dir=//proc/546933/root/var/softaculous/wp50&item=install.php HTTP/1.1" 200 28305 "-" "Mozilla/5.0 AppleWebKit/537.36 (KHTML, like Gecko; compatible; GPTBot/1.3; +https://openai.com/gptbot)"
52.205.222.214 - - [30/Nov/2025:09:12:40 -0500] "GET /wk/admin.php?action=chmod&dir=//proc/self/root/usr/lib/locale/en_ZM&item=LC_TIME HTTP/1.1" 200 3446 "-" "Mozilla/5.0 AppleWebKit/537.36 (KHTML, like Gecko; compatible; Amazonbot/0.1; +https://developer.amazon.com/support/amazonbot) Chrome/119.0.6045.214 Safari/537.36"
145.239.65.236 - - [30/Nov/2025:09:12:42 -0500] "GET /wk/admin.php?dir=//sbin&item=cracklib-packer&action=edit HTTP/1.1" 200 4825 "-" "Mozilla/5.0 (compatible; MJ12bot/v1.4.8; http://mj12bot.com/)"
74.7.243.195 - - [30/Nov/2025:09:12:42 -0500] "GET /wk/admin.php?action=rename&dir=//proc/546933/root/var/softaculous/wp50&item=images HTTP/1.1" 200 4094 "-" "Mozilla/5.0 AppleWebKit/537.36 (KHTML, like Gecko; compatible; GPTBot/1.3; +https://openai.com/gptbot)"
74.7.243.195 - - [30/Nov/2025:09:12:45 -0500] "GET /wk/admin.php?dir=//proc/546933/root/var/softaculous/wp57/php53 HTTP/1.1" 200 2687 "-" "Mozilla/5.0 AppleWebKit/537.36 (KHTML, like Gecko; compatible; GPTBot/1.3; +https://openai.com/gptbot)"
145.239.65.236 - - [30/Nov/2025:09:12:45 -0500] "GET /wk/admin.php?dir=//sbin&item=cracklib-packer&action=rename HTTP/1.1" 200 4776 "-" "Mozilla/5.0 (compatible; MJ12bot/v1.4.8; http://mj12bot.com/)"
98.84.184.80 - - [30/Nov/2025:09:12:46 -0500] "GET /wk/admin.php?action=chmod&dir=//home/bappguir/lscache/c/1/f&item=c1fbe1ab0dbb80d2 HTTP/1.1" 200 9204 "-" "Mozilla/5.0 AppleWebKit/537.36 (KHTML, like Gecko; compatible; Amazonbot/0.1; +https://developer.amazon.com/support/amazonbot) Chrome/119.0.6045.214 Safari/537.36"
74.7.243.195 - - [30/Nov/2025:09:12:47 -0500] "GET /wk/admin.php?dir=//proc/546933/root/var/softaculous/wp49/php53 HTTP/1.1" 200 2688 "-" "Mozilla/5.0 AppleWebKit/537.36 (KHTML, like Gecko; compatible; GPTBot/1.3; +https://openai.com/gptbot)"
3.90.73.206 - - [30/Nov/2025:09:12:47 -0500] "GET /wk/admin.php?action=chmod&dir=//home/bappguir/lscache/6/1&item=9 HTTP/1.1" 200 3376 "-" "Mozilla/5.0 AppleWebKit/537.36 (KHTML, like Gecko; compatible; Amazonbot/0.1; +https://developer.amazon.com/support/amazonbot) Chrome/119.0.6045.214 Safari/537.36"
145.239.65.236 - - [30/Nov/2025:09:12:49 -0500] "GET /wk/admin.php?dir=//sbin&item=cracklib-packer&action=view HTTP/1.1" 200 4851 "-" "Mozilla/5.0 (compatible; MJ12bot/v1.4.8; http://mj12bot.com/)"
74.7.243.195 - - [30/Nov/2025:09:12:49 -0500] "GET /wk/admin.php?dir=//proc/546933/root/var/softaculous/wp49/plugins HTTP/1.1" 200 2504 "-" "Mozilla/5.0 AppleWebKit/537.36 (KHTML, like Gecko; compatible; GPTBot/1.3; +https://openai.com/gptbot)"
74.7.243.195 - - [30/Nov/2025:09:12:51 -0500] "GET /wk/admin.php?dir=//proc/546933/root/var/softaculous/wp50/plugins HTTP/1.1" 200 2502 "-" "Mozilla/5.0 AppleWebKit/537.36 (KHTML, like Gecko; compatible; GPTBot/1.3; +https://openai.com/gptbot)"
50.16.248.61 - - [30/Nov/2025:09:12:52 -0500] "GET /wk/admin.php?action=chmod&dir=//home/bappguir/lscache/f/3/b&item=f3b27a88ae9e2c5d HTTP/1.1" 200 8330 "-" "Mozilla/5.0 AppleWebKit/537.36 (KHTML, like Gecko; compatible; Amazonbot/0.1; +https://developer.amazon.com/support/amazonbot) Chrome/119.0.6045.214 Safari/537.36"
145.239.65.236 - - [30/Nov/2025:09:12:52 -0500] "GET /wk/admin.php?dir=//sbin&item=cracklib-unpacker&action=chmod HTTP/1.1" 200 4848 "-" "Mozilla/5.0 (compatible; MJ12bot/v1.4.8; http://mj12bot.com/)"
74.7.243.195 - - [30/Nov/2025:09:12:54 -0500] "GET /wk/admin.php?dir=//proc/546933/root/var/softaculous/wp50/languages HTTP/1.1" 200 3947 "-" "Mozilla/5.0 AppleWebKit/537.36 (KHTML, like Gecko; compatible; GPTBot/1.3; +https://openai.com/gptbot)"
145.239.65.236 - - [30/Nov/2025:09:12:55 -0500] "GET /wk/admin.php?dir=//sbin&item=cracklib-unpacker&action=edit HTTP/1.1" 200 4836 "-" "Mozilla/5.0 (compatible; MJ12bot/v1.4.8; http://mj12bot.com/)"
54.162.69.192 - - [30/Nov/2025:09:12:56 -0500] "GET /wk/admin.php?action=chmod&dir=//home/bappguir/lscache/e/c/9&item=ec9d9a10cc6b94ab HTTP/1.1" 200 8606 "-" "Mozilla/5.0 AppleWebKit/537.36 (KHTML, like Gecko; compatible; Amazonbot/0.1; +https://developer.amazon.com/support/amazonbot) Chrome/119.0.6045.214 Safari/537.36"
74.7.243.195 - - [30/Nov/2025:09:12:56 -0500] "GET /wk/admin.php?dir=//proc/546933/root/var/softaculous/wp49/languages HTTP/1.1" 200 3978 "-" "Mozilla/5.0 AppleWebKit/537.36 (KHTML, like Gecko; compatible; GPTBot/1.3; +https://openai.com/gptbot)"
74.7.243.195 - - [30/Nov/2025:09:12:59 -0500] "GET /wk/admin.php?dir=//proc/546933/root/var/softaculous/wp49/php71 HTTP/1.1" 200 2698 "-" "Mozilla/5.0 AppleWebKit/537.36 (KHTML, like Gecko; compatible; GPTBot/1.3; +https://openai.com/gptbot)"
145.239.65.236 - - [30/Nov/2025:09:12:59 -0500] "GET /wk/admin.php?dir=//sbin&item=cracklib-unpacker&action=rename HTTP/1.1" 200 4830 "-" "Mozilla/5.0 (compatible; MJ12bot/v1.4.8; http://mj12bot.com/)"
74.7.243.195 - - [30/Nov/2025:09:13:01 -0500] "GET /wk/admin.php?dir=//proc/546933/root/var/softaculous/wp50/php53 HTTP/1.1" 200 2689 "-" "Mozilla/5.0 AppleWebKit/537.36 (KHTML, like Gecko; compatible; GPTBot/1.3; +https://openai.com/gptbot)"
18.207.79.144 - - [30/Nov/2025:09:13:01 -0500] "GET /wk/admin.php?action=chmod&dir=//home/bappguir/lscache/2/4/c&item=24c7f7f007cbb1c6 HTTP/1.1" 200 9688 "-" "Mozilla/5.0 AppleWebKit/537.36 (KHTML, like Gecko; compatible; Amazonbot/0.1; +https://developer.amazon.com/support/amazonbot) Chrome/119.0.6045.214 Safari/537.36"
