74.7.243.195 - - [30/Nov/2025:09:02:45 -0500] "GET /wk/admin.php?action=rename&dir=//proc/546933/root/var/softaculous/wp66/languages&item=pt_PT.zip HTTP/1.1" 200 4010 "-" "Mozilla/5.0 AppleWebKit/537.36 (KHTML, like Gecko; compatible; GPTBot/1.3; +https://openai.com/gptbot)"
3.94.157.25 - - [30/Nov/2025:09:02:45 -0500] "GET /wk/admin.php?action=view&dir=//bin&item=git-receive-pack HTTP/1.1" 200 29934 "-" "Mozilla/5.0 AppleWebKit/537.36 (KHTML, like Gecko; compatible; Amazonbot/0.1; +https://developer.amazon.com/support/amazonbot) Chrome/119.0.6045.214 Safari/537.36"
74.7.243.195 - - [30/Nov/2025:09:02:47 -0500] "GET /wk/admin.php?dir=//proc/546933/root/var/softaculous/mw/php71 HTTP/1.1" 200 2606 "-" "Mozilla/5.0 AppleWebKit/537.36 (KHTML, like Gecko; compatible; GPTBot/1.3; +https://openai.com/gptbot)"
3.221.244.28 - - [30/Nov/2025:09:02:48 -0500] "GET /wk/admin.php?action=view&dir=//lib64/python3.8&item=modulefinder.py HTTP/1.1" 200 20496 "-" "Mozilla/5.0 AppleWebKit/537.36 (KHTML, like Gecko; compatible; Amazonbot/0.1; +https://developer.amazon.com/support/amazonbot) Chrome/119.0.6045.214 Safari/537.36"
74.7.243.195 - - [30/Nov/2025:09:02:49 -0500] "GET /wk/admin.php?dir=//proc/546933/root/var/softaculous/mw/php56 HTTP/1.1" 200 2614 "-" "Mozilla/5.0 AppleWebKit/537.36 (KHTML, like Gecko; compatible; GPTBot/1.3; +https://openai.com/gptbot)"
74.7.243.195 - - [30/Nov/2025:09:02:52 -0500] "GET /wk/admin.php?dir=//proc/546933/root/var/softaculous/mw/php81 HTTP/1.1" 200 2601 "-" "Mozilla/5.0 AppleWebKit/537.36 (KHTML, like Gecko; compatible; GPTBot/1.3; +https://openai.com/gptbot)"
74.7.243.195 - - [30/Nov/2025:09:02:54 -0500] "GET /wk/admin.php?dir=//proc/546933/root/var/softaculous/wp63/plugins HTTP/1.1" 200 2485 "-" "Mozilla/5.0 AppleWebKit/537.36 (KHTML, like Gecko; compatible; GPTBot/1.3; +https://openai.com/gptbot)"
52.3.155.146 - - [30/Nov/2025:09:02:55 -0500] "GET /wk/admin.php?action=rename&dir=//home/bappguir&item=.clwpos HTTP/1.1" 200 5935 "-" "Mozilla/5.0 AppleWebKit/537.36 (KHTML, like Gecko; compatible; Amazonbot/0.1; +https://developer.amazon.com/support/amazonbot) Chrome/119.0.6045.214 Safari/537.36"
34.194.226.74 - - [30/Nov/2025:09:02:56 -0500] "GET /wk/admin.php?action=view&dir=//lib64/pkgconfig&item=xcb-present.pc HTTP/1.1" 200 8983 "-" "Mozilla/5.0 AppleWebKit/537.36 (KHTML, like Gecko; compatible; Amazonbot/0.1; +https://developer.amazon.com/support/amazonbot) Chrome/119.0.6045.214 Safari/537.36"
74.7.243.195 - - [30/Nov/2025:09:02:56 -0500] "GET /wk/admin.php?dir=//proc/546933/root/var/softaculous/wp66/plugins HTTP/1.1" 200 2451 "-" "Mozilla/5.0 AppleWebKit/537.36 (KHTML, like Gecko; compatible; GPTBot/1.3; +https://openai.com/gptbot)"
74.7.243.195 - - [30/Nov/2025:09:02:58 -0500] "GET /wk/admin.php?dir=//proc/546933/root/var/softaculous/wp53/languages HTTP/1.1" 200 3987 "-" "Mozilla/5.0 AppleWebKit/537.36 (KHTML, like Gecko; compatible; GPTBot/1.3; +https://openai.com/gptbot)"
44.207.207.36 - - [30/Nov/2025:09:03:00 -0500] "GET /wk/admin.php?action=view&dir=//lib64/python3.8&item=dis.py HTTP/1.1" 200 19607 "-" "Mozilla/5.0 AppleWebKit/537.36 (KHTML, like Gecko; compatible; Amazonbot/0.1; +https://developer.amazon.com/support/amazonbot) Chrome/119.0.6045.214 Safari/537.36"
74.7.243.195 - - [30/Nov/2025:09:03:01 -0500] "GET /wk/admin.php?dir=//proc/546933/root/var/softaculous/wp55/languages HTTP/1.1" 200 4016 "-" "Mozilla/5.0 AppleWebKit/537.36 (KHTML, like Gecko; compatible; GPTBot/1.3; +https://openai.com/gptbot)"
74.7.243.195 - - [30/Nov/2025:09:03:03 -0500] "GET /wk/admin.php?action=chmod&dir=//proc/546933/root/var/softaculous/mw/php56&item=install.php HTTP/1.1" 200 2626 "-" "Mozilla/5.0 AppleWebKit/537.36 (KHTML, like Gecko; compatible; GPTBot/1.3; +https://openai.com/gptbot)"
54.145.82.217 - - [30/Nov/2025:09:03:03 -0500] "GET /wk/admin.php?action=view&dir=//lib64&item=libmemcached.so.11.0.0 HTTP/1.1" 200 89964 "-" "Mozilla/5.0 AppleWebKit/537.36 (KHTML, like Gecko; compatible; Amazonbot/0.1; +https://developer.amazon.com/support/amazonbot) Chrome/119.0.6045.214 Safari/537.36"
52.167.144.150 - - [30/Nov/2025:09:03:06 -0500] "GET /shopdetail690747376?kg=0688679605 HTTP/1.1" 404 1251 "-" "Mozilla/5.0 AppleWebKit/537.36 (KHTML, like Gecko; compatible; bingbot/2.0; +http://www.bing.com/bingbot.htm) Chrome/116.0.1938.76 Safari/537.36"
74.7.243.195 - - [30/Nov/2025:09:03:05 -0500] "GET /wk/admin.php?dir=//proc/546933/root/var/softaculous/wp55/plugins HTTP/1.1" 200 2504 "-" "Mozilla/5.0 AppleWebKit/537.36 (KHTML, like Gecko; compatible; GPTBot/1.3; +https://openai.com/gptbot)"
74.7.243.195 - - [30/Nov/2025:09:03:07 -0500] "GET /wk/admin.php?action=edit&dir=//proc/546933/root/var/softaculous/yourls&item=orig_upgrade.php HTTP/1.1" 200 5034 "-" "Mozilla/5.0 AppleWebKit/537.36 (KHTML, like Gecko; compatible; GPTBot/1.3; +https://openai.com/gptbot)"
184.73.68.20 - - [30/Nov/2025:09:03:08 -0500] "GET /wk/admin.php?action=view&dir=//lib/firmware&item=cs42l43.bin HTTP/1.1" 200 24467 "-" "Mozilla/5.0 AppleWebKit/537.36 (KHTML, like Gecko; compatible; Amazonbot/0.1; +https://developer.amazon.com/support/amazonbot) Chrome/119.0.6045.214 Safari/537.36"
74.7.243.195 - - [30/Nov/2025:09:03:09 -0500] "GET /wk/admin.php?action=edit&dir=//proc/546933/root/var/softaculous/pivotx&item=upgrade.php HTTP/1.1" 200 5084 "-" "Mozilla/5.0 AppleWebKit/537.36 (KHTML, like Gecko; compatible; GPTBot/1.3; +https://openai.com/gptbot)"
98.82.63.147 - - [30/Nov/2025:09:03:11 -0500] "GET /wk/admin.php?dir=//lib/.build-id/19 HTTP/1.1" 200 4794 "-" "Mozilla/5.0 AppleWebKit/537.36 (KHTML, like Gecko; compatible; Amazonbot/0.1; +https://developer.amazon.com/support/amazonbot) Chrome/119.0.6045.214 Safari/537.36"
74.7.243.195 - - [30/Nov/2025:09:03:12 -0500] "GET /wk/admin.php?action=chmod&dir=//proc/546933/root/var/softaculous/twg&item=fileindex.php HTTP/1.1" 200 3431 "-" "Mozilla/5.0 AppleWebKit/537.36 (KHTML, like Gecko; compatible; GPTBot/1.3; +https://openai.com/gptbot)"
74.7.243.195 - - [30/Nov/2025:09:03:14 -0500] "GET /wk/admin.php?action=chmod&dir=//proc/546933/root/var/softaculous/wp53/languages&item=pt_BR.zip HTTP/1.1" 200 4034 "-" "Mozilla/5.0 AppleWebKit/537.36 (KHTML, like Gecko; compatible; GPTBot/1.3; +https://openai.com/gptbot)"
74.7.243.195 - - [30/Nov/2025:09:03:16 -0500] "GET /wk/admin.php?action=chmod&dir=//proc/546933/root/var/softaculous/aef&item=upgrade.php HTTP/1.1" 200 3313 "-" "Mozilla/5.0 AppleWebKit/537.36 (KHTML, like Gecko; compatible; GPTBot/1.3; +https://openai.com/gptbot)"
34.199.252.22 - - [30/Nov/2025:09:03:16 -0500] "GET /wk/admin.php?action=view&dir=//lib64/pkgconfig&item=xcb.pc HTTP/1.1" 200 8835 "-" "Mozilla/5.0 AppleWebKit/537.36 (KHTML, like Gecko; compatible; Amazonbot/0.1; +https://developer.amazon.com/support/amazonbot) Chrome/119.0.6045.214 Safari/537.36"
74.7.243.195 - - [30/Nov/2025:09:03:18 -0500] "GET /wk/admin.php?action=edit&dir=//proc/546933/root/var/softaculous/lime&item=fileindex.php HTTP/1.1" 200 3813 "-" "Mozilla/5.0 AppleWebKit/537.36 (KHTML, like Gecko; compatible; GPTBot/1.3; +https://openai.com/gptbot)"
52.204.37.237 - - [30/Nov/2025:09:03:20 -0500] "GET /wk/admin.php?action=chmod&dir=//home/bappguir&item=.wget-hsts HTTP/1.1" 200 5855 "-" "Mozilla/5.0 AppleWebKit/537.36 (KHTML, like Gecko; compatible; Amazonbot/0.1; +https://developer.amazon.com/support/amazonbot) Chrome/119.0.6045.214 Safari/537.36"
74.7.243.195 - - [30/Nov/2025:09:03:21 -0500] "GET /wk/admin.php?action=edit&dir=//proc/546933/root/var/softaculous/invoice&item=upgrade.php HTTP/1.1" 200 8213 "-" "Mozilla/5.0 AppleWebKit/537.36 (KHTML, like Gecko; compatible; GPTBot/1.3; +https://openai.com/gptbot)"
74.7.243.195 - - [30/Nov/2025:09:03:23 -0500] "GET /wk/admin.php?action=rename&dir=//proc/546933/root/var/softaculous/modx&item=extend.php HTTP/1.1" 200 3747 "-" "Mozilla/5.0 AppleWebKit/537.36 (KHTML, like Gecko; compatible; GPTBot/1.3; +https://openai.com/gptbot)"
52.205.222.214 - - [30/Nov/2025:09:03:23 -0500] "GET /wk/admin.php?action=view&dir=//lib64&item=libodbcpsqlS.so.2.0.0 HTTP/1.1" 200 88386 "-" "Mozilla/5.0 AppleWebKit/537.36 (KHTML, like Gecko; compatible; Amazonbot/0.1; +https://developer.amazon.com/support/amazonbot) Chrome/119.0.6045.214 Safari/537.36"
74.7.243.195 - - [30/Nov/2025:09:03:25 -0500] "GET /wk/admin.php?action=chmod&dir=//proc/546933/root/var/softaculous/contao&item=fileindex.php HTTP/1.1" 200 3525 "-" "Mozilla/5.0 AppleWebKit/537.36 (KHTML, like Gecko; compatible; GPTBot/1.3; +https://openai.com/gptbot)"
74.7.243.195 - - [30/Nov/2025:09:03:28 -0500] "GET /wk/admin.php?action=chmod&dir=//proc/546933/root/var/softaculous/magento&item=clone.php HTTP/1.1" 200 3237 "-" "Mozilla/5.0 AppleWebKit/537.36 (KHTML, like Gecko; compatible; GPTBot/1.3; +https://openai.com/gptbot)"
74.7.243.195 - - [30/Nov/2025:09:03:29 -0500] "GET /wk/admin.php?action=rename&dir=//proc/546933/root/var/softaculous/advpoll&item=fileindex.php HTTP/1.1" 200 3251 "-" "Mozilla/5.0 AppleWebKit/537.36 (KHTML, like Gecko; compatible; GPTBot/1.3; +https://openai.com/gptbot)"
34.234.197.175 - - [30/Nov/2025:09:03:30 -0500] "GET /wk/admin.php?action=view&dir=//lib64&item=libHalf.so.12 HTTP/1.1" 200 89395 "-" "Mozilla/5.0 AppleWebKit/537.36 (KHTML, like Gecko; compatible; Amazonbot/0.1; +https://developer.amazon.com/support/amazonbot) Chrome/119.0.6045.214 Safari/537.36"
74.7.243.195 - - [30/Nov/2025:09:03:32 -0500] "GET /wk/admin.php?action=edit&dir=//proc/546933/root/var/softaculous/grav&item=extend.php HTTP/1.1" 200 10575 "-" "Mozilla/5.0 AppleWebKit/537.36 (KHTML, like Gecko; compatible; GPTBot/1.3; +https://openai.com/gptbot)"
74.7.243.195 - - [30/Nov/2025:09:03:34 -0500] "GET /wk/admin.php?action=chmod&dir=//proc/546933/root/var/softaculous/ostic&item=fileindex.php HTTP/1.1" 200 3580 "-" "Mozilla/5.0 AppleWebKit/537.36 (KHTML, like Gecko; compatible; GPTBot/1.3; +https://openai.com/gptbot)"
34.194.95.99 - - [30/Nov/2025:09:03:34 -0500] "GET /wk/admin.php?action=view&dir=//lib64&item=libext2fs.so.2.4 HTTP/1.1" 200 89118 "-" "Mozilla/5.0 AppleWebKit/537.36 (KHTML, like Gecko; compatible; Amazonbot/0.1; +https://developer.amazon.com/support/amazonbot) Chrome/119.0.6045.214 Safari/537.36"
74.7.243.195 - - [30/Nov/2025:09:03:36 -0500] "GET /wk/admin.php?action=rename&dir=//proc/546933/root/var/softaculous/plikli&item=update_pass.php HTTP/1.1" 200 3463 "-" "Mozilla/5.0 AppleWebKit/537.36 (KHTML, like Gecko; compatible; GPTBot/1.3; +https://openai.com/gptbot)"
98.84.200.43 - - [30/Nov/2025:09:03:37 -0500] "GET /wk/admin.php?action=view&dir=//dev/shm&item=xaeDAsShKi HTTP/1.1" 200 68943 "-" "Mozilla/5.0 AppleWebKit/537.36 (KHTML, like Gecko; compatible; Amazonbot/0.1; +https://developer.amazon.com/support/amazonbot) Chrome/119.0.6045.214 Safari/537.36"
74.7.243.195 - - [30/Nov/2025:09:03:39 -0500] "GET /wk/admin.php?action=chmod&dir=//proc/546933/root/var/softaculous/qcart&item=general.php HTTP/1.1" 200 3194 "-" "Mozilla/5.0 AppleWebKit/537.36 (KHTML, like Gecko; compatible; GPTBot/1.3; +https://openai.com/gptbot)"
44.215.235.20 - - [30/Nov/2025:09:03:39 -0500] "GET /wk/admin.php?dir=//lib64/python3.8/lib2to3 HTTP/1.1" 200 3603 "-" "Mozilla/5.0 AppleWebKit/537.36 (KHTML, like Gecko; compatible; Amazonbot/0.1; +https://developer.amazon.com/support/amazonbot) Chrome/119.0.6045.214 Safari/537.36"
74.7.243.195 - - [30/Nov/2025:09:03:41 -0500] "GET /wk/admin.php?action=edit&dir=//proc/546933/root/var/softaculous/myweb&item=import.php HTTP/1.1" 200 4573 "-" "Mozilla/5.0 AppleWebKit/537.36 (KHTML, like Gecko; compatible; GPTBot/1.3; +https://openai.com/gptbot)"
74.7.243.195 - - [30/Nov/2025:09:03:43 -0500] "GET /wk/admin.php?action=rename&dir=//proc/546933/root/var/softaculous/unmark&item=fileindex.php HTTP/1.1" 200 3342 "-" "Mozilla/5.0 AppleWebKit/537.36 (KHTML, like Gecko; compatible; GPTBot/1.3; +https://openai.com/gptbot)"
54.84.147.79 - - [30/Nov/2025:09:03:45 -0500] "GET /wk/admin.php?dir=//lib64/python2.7/bsddb HTTP/1.1" 200 3633 "-" "Mozilla/5.0 AppleWebKit/537.36 (KHTML, like Gecko; compatible; Amazonbot/0.1; +https://developer.amazon.com/support/amazonbot) Chrome/119.0.6045.214 Safari/537.36"
74.7.243.195 - - [30/Nov/2025:09:03:46 -0500] "GET /wk/admin.php?action=edit&dir=//proc/546933/root/var/softaculous/flarum&item=update_pass.php HTTP/1.1" 200 3805 "-" "Mozilla/5.0 AppleWebKit/537.36 (KHTML, like Gecko; compatible; GPTBot/1.3; +https://openai.com/gptbot)"
54.87.95.7 - - [30/Nov/2025:09:03:47 -0500] "GET /wk/admin.php?action=view&dir=//lib64&item=libGLESv1_CM.so.1.2.0 HTTP/1.1" 200 90114 "-" "Mozilla/5.0 AppleWebKit/537.36 (KHTML, like Gecko; compatible; Amazonbot/0.1; +https://developer.amazon.com/support/amazonbot) Chrome/119.0.6045.214 Safari/537.36"
74.7.243.195 - - [30/Nov/2025:09:03:48 -0500] "GET /wk/admin.php?action=chmod&dir=//proc/546933/root/var/softaculous/sugar&item=edit.php HTTP/1.1" 200 3368 "-" "Mozilla/5.0 AppleWebKit/537.36 (KHTML, like Gecko; compatible; GPTBot/1.3; +https://openai.com/gptbot)"
74.7.243.195 - - [30/Nov/2025:09:03:50 -0500] "GET /wk/admin.php?action=chmod&dir=//proc/546933/root/var/softaculous/bagisto&item=clone.php HTTP/1.1" 200 3526 "-" "Mozilla/5.0 AppleWebKit/537.36 (KHTML, like Gecko; compatible; GPTBot/1.3; +https://openai.com/gptbot)"
74.7.243.195 - - [30/Nov/2025:09:03:52 -0500] "GET /wk/admin.php?action=edit&dir=//proc/546933/root/var/softaculous/mw&item=fileindex.php HTTP/1.1" 200 3587 "-" "Mozilla/5.0 AppleWebKit/537.36 (KHTML, like Gecko; compatible; GPTBot/1.3; +https://openai.com/gptbot)"
3.212.205.90 - - [30/Nov/2025:09:03:53 -0500] "GET /wk/admin.php?action=view&dir=//lib64&item=libnssckbi.so HTTP/1.1" 200 89733 "-" "Mozilla/5.0 AppleWebKit/537.36 (KHTML, like Gecko; compatible; Amazonbot/0.1; +https://developer.amazon.com/support/amazonbot) Chrome/119.0.6045.214 Safari/537.36"
74.7.243.195 - - [30/Nov/2025:09:03:55 -0500] "GET /wk/admin.php?action=chmod&dir=//proc/546933/root/var/softaculous/easyapmt&item=clone.php HTTP/1.1" 200 3351 "-" "Mozilla/5.0 AppleWebKit/537.36 (KHTML, like Gecko; compatible; GPTBot/1.3; +https://openai.com/gptbot)"
52.5.242.243 - - [30/Nov/2025:09:03:56 -0500] "GET /wk/admin.php?action=view&dir=//bin&item=mariadb-dumpslow HTTP/1.1" 200 33176 "-" "Mozilla/5.0 AppleWebKit/537.36 (KHTML, like Gecko; compatible; Amazonbot/0.1; +https://developer.amazon.com/support/amazonbot) Chrome/119.0.6045.214 Safari/537.36"
74.7.243.195 - - [30/Nov/2025:09:03:57 -0500] "GET /wk/admin.php?action=chmod&dir=//proc/546933/root/var/softaculous/elgg&item=clone.php HTTP/1.1" 200 3431 "-" "Mozilla/5.0 AppleWebKit/537.36 (KHTML, like Gecko; compatible; GPTBot/1.3; +https://openai.com/gptbot)"
74.7.243.195 - - [30/Nov/2025:09:03:59 -0500] "GET /wk/admin.php?action=edit&dir=//proc/546933/root/var/softaculous/attendize&item=extend.php HTTP/1.1" 200 10425 "-" "Mozilla/5.0 AppleWebKit/537.36 (KHTML, like Gecko; compatible; GPTBot/1.3; +https://openai.com/gptbot)"
74.7.243.195 - - [30/Nov/2025:09:04:01 -0500] "GET /wk/admin.php?action=chmod&dir=//proc/546933/root/var/softaculous/zenber&item=edit.php HTTP/1.1" 200 3139 "-" "Mozilla/5.0 AppleWebKit/537.36 (KHTML, like Gecko; compatible; GPTBot/1.3; +https://openai.com/gptbot)"
74.7.243.195 - - [30/Nov/2025:09:04:04 -0500] "GET /wk/admin.php?action=rename&dir=//proc/546933/root/var/softaculous/webasyst&item=routing.php HTTP/1.1" 200 3655 "-" "Mozilla/5.0 AppleWebKit/537.36 (KHTML, like Gecko; compatible; GPTBot/1.3; +https://openai.com/gptbot)"
107.22.208.39 - - [30/Nov/2025:09:04:05 -0500] "GET /wk/admin.php?action=rename&dir=//run&item=sepermit HTTP/1.1" 200 3381 "-" "Mozilla/5.0 AppleWebKit/537.36 (KHTML, like Gecko; compatible; Amazonbot/0.1; +https://developer.amazon.com/support/amazonbot) Chrome/119.0.6045.214 Safari/537.36"
74.7.243.195 - - [30/Nov/2025:09:04:06 -0500] "GET /wk/admin.php?action=edit&dir=//proc/546933/root/var/softaculous/dolibarr&item=upgrade.php HTTP/1.1" 200 7855 "-" "Mozilla/5.0 AppleWebKit/537.36 (KHTML, like Gecko; compatible; GPTBot/1.3; +https://openai.com/gptbot)"
3.226.34.98 - - [30/Nov/2025:09:04:07 -0500] "GET /wk/admin.php?dir=//lib/firmware HTTP/1.1" 200 24047 "-" "Mozilla/5.0 AppleWebKit/537.36 (KHTML, like Gecko; compatible; Amazonbot/0.1; +https://developer.amazon.com/support/amazonbot) Chrome/119.0.6045.214 Safari/537.36"
74.7.243.195 - - [30/Nov/2025:09:04:08 -0500] "GET /wk/admin.php?action=chmod&dir=//proc/546933/root/var/softaculous/wikka&item=extend.php HTTP/1.1" 200 3380 "-" "Mozilla/5.0 AppleWebKit/537.36 (KHTML, like Gecko; compatible; GPTBot/1.3; +https://openai.com/gptbot)"
100.27.153.9 - - [30/Nov/2025:09:04:10 -0500] "GET /wk/admin.php?action=view&dir=//lib64/python3.8&item=zipapp.py HTTP/1.1" 200 15953 "-" "Mozilla/5.0 AppleWebKit/537.36 (KHTML, like Gecko; compatible; Amazonbot/0.1; +https://developer.amazon.com/support/amazonbot) Chrome/119.0.6045.214 Safari/537.36"
74.7.243.195 - - [30/Nov/2025:09:04:11 -0500] "GET /wk/admin.php?dir=//proc/546933/root/lib/firmware/sun HTTP/1.1" 200 2327 "-" "Mozilla/5.0 AppleWebKit/537.36 (KHTML, like Gecko; compatible; GPTBot/1.3; +https://openai.com/gptbot)"
74.7.243.195 - - [30/Nov/2025:09:04:13 -0500] "GET /wk/admin.php?dir=//proc/546933/root/lib/node_modules HTTP/1.1" 200 2283 "-" "Mozilla/5.0 AppleWebKit/537.36 (KHTML, like Gecko; compatible; GPTBot/1.3; +https://openai.com/gptbot)"
107.20.25.33 - - [30/Nov/2025:09:04:14 -0500] "GET /wk/admin.php?action=view&dir=//dev/shm&item=ScVkQTHZPz HTTP/1.1" 200 69687 "-" "Mozilla/5.0 AppleWebKit/537.36 (KHTML, like Gecko; compatible; Amazonbot/0.1; +https://developer.amazon.com/support/amazonbot) Chrome/119.0.6045.214 Safari/537.36"
74.7.243.195 - - [30/Nov/2025:09:04:15 -0500] "GET /wk/admin.php?action=view&dir=//proc/546933/root/var/softaculous/laravel8&item=laravel8.sql HTTP/1.1" 200 4257 "-" "Mozilla/5.0 AppleWebKit/537.36 (KHTML, like Gecko; compatible; GPTBot/1.3; +https://openai.com/gptbot)"
107.23.62.75 - - [30/Nov/2025:09:04:17 -0500] "GET /wk/admin.php?dir=//lib64/gems HTTP/1.1" 200 2523 "-" "Mozilla/5.0 AppleWebKit/537.36 (KHTML, like Gecko; compatible; Amazonbot/0.1; +https://developer.amazon.com/support/amazonbot) Chrome/119.0.6045.214 Safari/537.36"
74.7.243.195 - - [30/Nov/2025:09:04:18 -0500] "GET /wk/admin.php?dir=//proc/546933/root/lib/firmware/sxg HTTP/1.1" 200 2420 "-" "Mozilla/5.0 AppleWebKit/537.36 (KHTML, like Gecko; compatible; GPTBot/1.3; +https://openai.com/gptbot)"
74.7.243.195 - - [30/Nov/2025:09:04:20 -0500] "GET /wk/admin.php?dir=//proc/546933/root/lib/firmware/intel/qat HTTP/1.1" 200 2862 "-" "Mozilla/5.0 AppleWebKit/537.36 (KHTML, like Gecko; compatible; GPTBot/1.3; +https://openai.com/gptbot)"
74.7.243.195 - - [30/Nov/2025:09:04:22 -0500] "GET /wk/admin.php?dir=//proc/546933/root/etc/bash_completion.d HTTP/1.1" 403 1242 "-" "Mozilla/5.0 AppleWebKit/537.36 (KHTML, like Gecko; compatible; GPTBot/1.3; +https://openai.com/gptbot)"
54.197.178.107 - - [30/Nov/2025:09:04:20 -0500] "GET /wk/admin.php?action=view&dir=//lib64&item=libEGL.so.1 HTTP/1.1" 200 90050 "-" "Mozilla/5.0 AppleWebKit/537.36 (KHTML, like Gecko; compatible; Amazonbot/0.1; +https://developer.amazon.com/support/amazonbot) Chrome/119.0.6045.214 Safari/537.36"
74.7.243.195 - - [30/Nov/2025:09:04:23 -0500] "GET /wk/admin.php?dir=//proc/546933/root/lib/firmware/intel/ish HTTP/1.1" 200 2609 "-" "Mozilla/5.0 AppleWebKit/537.36 (KHTML, like Gecko; compatible; GPTBot/1.3; +https://openai.com/gptbot)"
34.205.170.13 - - [30/Nov/2025:09:04:24 -0500] "GET /wk/admin.php?dir=//lib64/open-vm-tools/plugins HTTP/1.1" 200 2602 "-" "Mozilla/5.0 AppleWebKit/537.36 (KHTML, like Gecko; compatible; Amazonbot/0.1; +https://developer.amazon.com/support/amazonbot) Chrome/119.0.6045.214 Safari/537.36"
74.7.243.195 - - [30/Nov/2025:09:04:25 -0500] "GET /wk/admin.php?dir=//proc/546933/root/lib/firmware/qcom/vpu HTTP/1.1" 200 2782 "-" "Mozilla/5.0 AppleWebKit/537.36 (KHTML, like Gecko; compatible; GPTBot/1.3; +https://openai.com/gptbot)"
145.239.65.236 - - [30/Nov/2025:09:04:28 -0500] "GET /robots.txt HTTP/1.1" 404 1251 "-" "Mozilla/5.0 (compatible; MJ12bot/v1.4.8; http://mj12bot.com/)"
74.7.243.195 - - [30/Nov/2025:09:04:27 -0500] "GET /wk/admin.php?dir=//proc/546933/root/var/softaculous/vtiger72/images HTTP/1.1" 200 2416 "-" "Mozilla/5.0 AppleWebKit/537.36 (KHTML, like Gecko; compatible; GPTBot/1.3; +https://openai.com/gptbot)"
3.218.103.254 - - [30/Nov/2025:09:04:27 -0500] "GET /wk/admin.php?action=view&dir=//usr/lib64&item=libbsock_preload.so HTTP/1.1" 200 91236 "-" "Mozilla/5.0 AppleWebKit/537.36 (KHTML, like Gecko; compatible; Amazonbot/0.1; +https://developer.amazon.com/support/amazonbot) Chrome/119.0.6045.214 Safari/537.36"
74.7.243.195 - - [30/Nov/2025:09:04:29 -0500] "GET /wk/admin.php?dir=//proc/546933/root/lib/firmware/qcom/sdx61/foxconn HTTP/1.1" 200 2387 "-" "Mozilla/5.0 AppleWebKit/537.36 (KHTML, like Gecko; compatible; GPTBot/1.3; +https://openai.com/gptbot)"
145.239.65.236 - - [30/Nov/2025:09:04:30 -0500] "GET /wk/admin.php?dir=//lib&item=os-release&action=chmod HTTP/1.1" 200 3990 "-" "Mozilla/5.0 (compatible; MJ12bot/v1.4.8; http://mj12bot.com/)"
74.7.243.195 - - [30/Nov/2025:09:04:32 -0500] "GET /wk/admin.php?action=view&dir=//proc/546933/root/lib/firmware/intel/qat&item=qat_c3xxx_mmp.bin HTTP/1.1" 200 2954 "-" "Mozilla/5.0 AppleWebKit/537.36 (KHTML, like Gecko; compatible; GPTBot/1.3; +https://openai.com/gptbot)"
145.239.65.236 - - [30/Nov/2025:09:04:33 -0500] "GET /wk/admin.php?dir=//proc&item=cgroups&action=view HTTP/1.1" 200 5503 "-" "Mozilla/5.0 (compatible; MJ12bot/v1.4.8; http://mj12bot.com/)"
74.7.243.195 - - [30/Nov/2025:09:04:34 -0500] "GET /wk/admin.php?action=chmod&dir=//proc/546933/root/lib/firmware/intel/qat&item=qat_895xcc.bin HTTP/1.1" 200 2952 "-" "Mozilla/5.0 AppleWebKit/537.36 (KHTML, like Gecko; compatible; GPTBot/1.3; +https://openai.com/gptbot)"
54.210.152.179 - - [30/Nov/2025:09:04:35 -0500] "GET /wk/admin.php?dir=//lib64/rsyslog HTTP/1.1" 200 4269 "-" "Mozilla/5.0 AppleWebKit/537.36 (KHTML, like Gecko; compatible; Amazonbot/0.1; +https://developer.amazon.com/support/amazonbot) Chrome/119.0.6045.214 Safari/537.36"
3.229.2.217 - - [30/Nov/2025:09:04:35 -0500] "GET /wk/admin.php?action=view&dir=//lib64&item=libtss2-tctildr.so.0 HTTP/1.1" 200 89883 "-" "Mozilla/5.0 AppleWebKit/537.36 (KHTML, like Gecko; compatible; Amazonbot/0.1; +https://developer.amazon.com/support/amazonbot) Chrome/119.0.6045.214 Safari/537.36"
74.7.243.195 - - [30/Nov/2025:09:04:36 -0500] "GET /wk/admin.php?dir=//proc/546933/root/lib/firmware/bnx2 HTTP/1.1" 200 2554 "-" "Mozilla/5.0 AppleWebKit/537.36 (KHTML, like Gecko; compatible; GPTBot/1.3; +https://openai.com/gptbot)"
145.239.65.236 - - [30/Nov/2025:09:04:37 -0500] "GET /wk/admin.php?dir=//proc&item=cmdline&action=chmod HTTP/1.1" 200 5488 "-" "Mozilla/5.0 (compatible; MJ12bot/v1.4.8; http://mj12bot.com/)"
74.7.243.195 - - [30/Nov/2025:09:04:38 -0500] "GET /wk/admin.php?action=rename&dir=//proc/546933/root/lib/firmware/intel/ish&item=ish_lnlm_dba6b120_152c3222.bin HTTP/1.1" 200 2684 "-" "Mozilla/5.0 AppleWebKit/537.36 (KHTML, like Gecko; compatible; GPTBot/1.3; +https://openai.com/gptbot)"
74.7.243.195 - - [30/Nov/2025:09:04:41 -0500] "GET /wk/admin.php?dir=//proc/546933/root/etc/cl.php.d HTTP/1.1" 403 1242 "-" "Mozilla/5.0 AppleWebKit/537.36 (KHTML, like Gecko; compatible; GPTBot/1.3; +https://openai.com/gptbot)"
34.194.226.74 - - [30/Nov/2025:09:04:40 -0500] "GET /wk/admin.php?action=view&dir=//lib/firmware&item=a300_pm4.fw HTTP/1.1" 200 24289 "-" "Mozilla/5.0 AppleWebKit/537.36 (KHTML, like Gecko; compatible; Amazonbot/0.1; +https://developer.amazon.com/support/amazonbot) Chrome/119.0.6045.214 Safari/537.36"
145.239.65.236 - - [30/Nov/2025:09:04:40 -0500] "GET /wk/admin.php?dir=//proc&item=cpuinfo&action=chmod HTTP/1.1" 200 5472 "-" "Mozilla/5.0 (compatible; MJ12bot/v1.4.8; http://mj12bot.com/)"
74.7.243.195 - - [30/Nov/2025:09:04:41 -0500] "GET /wk/admin.php?dir=//proc/546933/root/var/softaculous/typo47/images HTTP/1.1" 200 2458 "-" "Mozilla/5.0 AppleWebKit/537.36 (KHTML, like Gecko; compatible; GPTBot/1.3; +https://openai.com/gptbot)"
145.239.65.236 - - [30/Nov/2025:09:04:44 -0500] "GET /wk/admin.php?dir=//proc&item=cpuinfo&action=edit HTTP/1.1" 200 6537 "-" "Mozilla/5.0 (compatible; MJ12bot/v1.4.8; http://mj12bot.com/)"
74.7.243.195 - - [30/Nov/2025:09:04:44 -0500] "GET /wk/admin.php?dir=//proc/546933/root/var/softaculous/vtiger72/upgrade HTTP/1.1" 200 2209 "-" "Mozilla/5.0 AppleWebKit/537.36 (KHTML, like Gecko; compatible; GPTBot/1.3; +https://openai.com/gptbot)"
3.221.156.96 - - [30/Nov/2025:09:04:44 -0500] "GET /wk/admin.php?action=view&dir=//lib64&item=libncurses%20%20.so.6 HTTP/1.1" 200 90697 "-" "Mozilla/5.0 AppleWebKit/537.36 (KHTML, like Gecko; compatible; Amazonbot/0.1; +https://developer.amazon.com/support/amazonbot) Chrome/119.0.6045.214 Safari/537.36"
74.7.243.195 - - [30/Nov/2025:09:04:46 -0500] "GET /wk/admin.php?dir=//proc/546932/root/opt/ai-bolit HTTP/1.1" 200 3359 "-" "Mozilla/5.0 AppleWebKit/537.36 (KHTML, like Gecko; compatible; GPTBot/1.3; +https://openai.com/gptbot)"
145.239.65.236 - - [30/Nov/2025:09:04:47 -0500] "GET /wk/admin.php?dir=//proc&item=cpuinfo&action=rename HTTP/1.1" 200 5245 "-" "Mozilla/5.0 (compatible; MJ12bot/v1.4.8; http://mj12bot.com/)"
74.7.243.195 - - [30/Nov/2025:09:04:48 -0500] "GET /wk/admin.php?dir=//proc/546933/root/var/softaculous/s9y/php81 HTTP/1.1" 200 2614 "-" "Mozilla/5.0 AppleWebKit/537.36 (KHTML, like Gecko; compatible; GPTBot/1.3; +https://openai.com/gptbot)"
98.84.131.195 - - [30/Nov/2025:09:04:48 -0500] "GET /wk/admin.php?action=view&dir=//bin&item=shuf HTTP/1.1" 200 29716 "-" "Mozilla/5.0 AppleWebKit/537.36 (KHTML, like Gecko; compatible; Amazonbot/0.1; +https://developer.amazon.com/support/amazonbot) Chrome/119.0.6045.214 Safari/537.36"
74.7.243.195 - - [30/Nov/2025:09:04:50 -0500] "GET /wk/admin.php?action=chmod&dir=//proc/546933/root/var/softaculous/zurmo/images&item=zurmo.png HTTP/1.1" 200 2539 "-" "Mozilla/5.0 AppleWebKit/537.36 (KHTML, like Gecko; compatible; GPTBot/1.3; +https://openai.com/gptbot)"
145.239.65.236 - - [30/Nov/2025:09:04:50 -0500] "GET /wk/admin.php?dir=//proc&item=cpuinfo&action=view HTTP/1.1" 200 6507 "-" "Mozilla/5.0 (compatible; MJ12bot/v1.4.8; http://mj12bot.com/)"
3.218.35.239 - - [30/Nov/2025:09:04:51 -0500] "GET /wk/admin.php?action=view&dir=//bin&item=GET HTTP/1.1" 200 35928 "-" "Mozilla/5.0 AppleWebKit/537.36 (KHTML, like Gecko; compatible; Amazonbot/0.1; +https://developer.amazon.com/support/amazonbot) Chrome/119.0.6045.214 Safari/537.36"
74.7.243.195 - - [30/Nov/2025:09:04:53 -0500] "GET /wk/admin.php?dir=//proc/546933/root/lib/firmware/nvidia/ad104 HTTP/1.1" 200 2291 "-" "Mozilla/5.0 AppleWebKit/537.36 (KHTML, like Gecko; compatible; GPTBot/1.3; +https://openai.com/gptbot)"
145.239.65.236 - - [30/Nov/2025:09:04:54 -0500] "GET /wk/admin.php?dir=//proc&item=crypto&action=chmod HTTP/1.1" 200 5471 "-" "Mozilla/5.0 (compatible; MJ12bot/v1.4.8; http://mj12bot.com/)"
74.7.243.195 - - [30/Nov/2025:09:04:55 -0500] "GET /wk/admin.php?dir=//proc/546933/root/lib/firmware/nvidia/ad102 HTTP/1.1" 200 2291 "-" "Mozilla/5.0 AppleWebKit/537.36 (KHTML, like Gecko; compatible; GPTBot/1.3; +https://openai.com/gptbot)"
23.21.148.226 - - [30/Nov/2025:09:04:56 -0500] "GET /wk/admin.php?dir=//lib/.build-id/68 HTTP/1.1" 200 3859 "-" "Mozilla/5.0 AppleWebKit/537.36 (KHTML, like Gecko; compatible; Amazonbot/0.1; +https://developer.amazon.com/support/amazonbot) Chrome/119.0.6045.214 Safari/537.36"
74.7.243.195 - - [30/Nov/2025:09:04:57 -0500] "GET /wk/admin.php?dir=//proc/546933/root/lib/firmware/qcom/qcm6490 HTTP/1.1" 200 2868 "-" "Mozilla/5.0 AppleWebKit/537.36 (KHTML, like Gecko; compatible; GPTBot/1.3; +https://openai.com/gptbot)"
145.239.65.236 - - [30/Nov/2025:09:04:57 -0500] "GET /wk/admin.php?dir=//proc&item=crypto&action=edit HTTP/1.1" 200 5544 "-" "Mozilla/5.0 (compatible; MJ12bot/v1.4.8; http://mj12bot.com/)"
52.167.144.157 - - [30/Nov/2025:09:04:59 -0500] "GET /shopdetail90735132?kg=0090463803 HTTP/1.1" 404 1251 "-" "Mozilla/5.0 AppleWebKit/537.36 (KHTML, like Gecko; compatible; bingbot/2.0; +http://www.bing.com/bingbot.htm) Chrome/116.0.1938.76 Safari/537.36"
74.7.243.195 - - [30/Nov/2025:09:04:59 -0500] "GET /wk/admin.php?action=chmod&dir=//proc/546932/root/opt/ai-bolit&item=data_collect.php HTTP/1.1" 200 3359 "-" "Mozilla/5.0 AppleWebKit/537.36 (KHTML, like Gecko; compatible; GPTBot/1.3; +https://openai.com/gptbot)"
145.239.65.236 - - [30/Nov/2025:09:05:01 -0500] "GET /wk/admin.php?dir=//proc&item=crypto&action=rename HTTP/1.1" 200 5435 "-" "Mozilla/5.0 (compatible; MJ12bot/v1.4.8; http://mj12bot.com/)"
74.7.243.195 - - [30/Nov/2025:09:05:01 -0500] "GET /wk/admin.php?dir=//proc/546933/root/var/softaculous/x2/php53 HTTP/1.1" 200 2422 "-" "Mozilla/5.0 AppleWebKit/537.36 (KHTML, like Gecko; compatible; GPTBot/1.3; +https://openai.com/gptbot)"
52.3.104.214 - - [30/Nov/2025:09:05:01 -0500] "GET /wk/admin.php?action=view&dir=//lib64&item=libboost_wserialization.so.1.66.0 HTTP/1.1" 200 83526 "-" "Mozilla/5.0 AppleWebKit/537.36 (KHTML, like Gecko; compatible; Amazonbot/0.1; +https://developer.amazon.com/support/amazonbot) Chrome/119.0.6045.214 Safari/537.36"
54.225.199.17 - - [30/Nov/2025:09:05:03 -0500] "GET /wk/admin.php?action=view&dir=//lib64&item=libmozjs-60.so.0 HTTP/1.1" 200 85454 "-" "Mozilla/5.0 AppleWebKit/537.36 (KHTML, like Gecko; compatible; Amazonbot/0.1; +https://developer.amazon.com/support/amazonbot) Chrome/119.0.6045.214 Safari/537.36"
74.7.243.195 - - [30/Nov/2025:09:05:04 -0500] "GET /wk/admin.php?dir=//proc/546933/root/var/softaculous/s9y/php56 HTTP/1.1" 200 2596 "-" "Mozilla/5.0 AppleWebKit/537.36 (KHTML, like Gecko; compatible; GPTBot/1.3; +https://openai.com/gptbot)"
145.239.65.236 - - [30/Nov/2025:09:05:04 -0500] "GET /wk/admin.php?dir=//proc&item=crypto&action=view HTTP/1.1" 200 5336 "-" "Mozilla/5.0 (compatible; MJ12bot/v1.4.8; http://mj12bot.com/)"
74.7.243.195 - - [30/Nov/2025:09:05:06 -0500] "GET /wk/admin.php?dir=//proc/546933/root/var/softaculous/s9y/php53 HTTP/1.1" 200 2613 "-" "Mozilla/5.0 AppleWebKit/537.36 (KHTML, like Gecko; compatible; GPTBot/1.3; +https://openai.com/gptbot)"
145.239.65.236 - - [30/Nov/2025:09:05:07 -0500] "GET /wk/admin.php?dir=//proc&item=devices&action=chmod HTTP/1.1" 200 5464 "-" "Mozilla/5.0 (compatible; MJ12bot/v1.4.8; http://mj12bot.com/)"
74.7.243.195 - - [30/Nov/2025:09:05:08 -0500] "GET /wk/admin.php?dir=//proc/546933/root/lib/firmware/qcom/qcm2290 HTTP/1.1" 200 2781 "-" "Mozilla/5.0 AppleWebKit/537.36 (KHTML, like Gecko; compatible; GPTBot/1.3; +https://openai.com/gptbot)"
34.238.45.183 - - [30/Nov/2025:09:05:08 -0500] "GET /wk/admin.php?dir=//opt/alt/ruby23 HTTP/1.1" 200 2719 "-" "Mozilla/5.0 AppleWebKit/537.36 (KHTML, like Gecko; compatible; Amazonbot/0.1; +https://developer.amazon.com/support/amazonbot) Chrome/119.0.6045.214 Safari/537.36"
74.7.243.195 - - [30/Nov/2025:09:05:11 -0500] "GET /wk/admin.php?dir=//proc/546933/root/lib/firmware/nvidia/ad106 HTTP/1.1" 200 2291 "-" "Mozilla/5.0 AppleWebKit/537.36 (KHTML, like Gecko; compatible; GPTBot/1.3; +https://openai.com/gptbot)"
145.239.65.236 - - [30/Nov/2025:09:05:11 -0500] "GET /wk/admin.php?dir=//proc&item=devices&action=edit HTTP/1.1" 200 5542 "-" "Mozilla/5.0 (compatible; MJ12bot/v1.4.8; http://mj12bot.com/)"
23.23.137.202 - - [30/Nov/2025:09:05:12 -0500] "GET /wk/admin.php?action=view&dir=//lib64&item=libkeyutils.so HTTP/1.1" 200 90083 "-" "Mozilla/5.0 AppleWebKit/537.36 (KHTML, like Gecko; compatible; Amazonbot/0.1; +https://developer.amazon.com/support/amazonbot) Chrome/119.0.6045.214 Safari/537.36"
74.7.243.195 - - [30/Nov/2025:09:05:13 -0500] "GET /wk/admin.php?dir=//proc/546933/root/var/softaculous/x2/php56 HTTP/1.1" 200 2462 "-" "Mozilla/5.0 AppleWebKit/537.36 (KHTML, like Gecko; compatible; GPTBot/1.3; +https://openai.com/gptbot)"
145.239.65.236 - - [30/Nov/2025:09:05:14 -0500] "GET /wk/admin.php?dir=//proc&item=devices&action=rename HTTP/1.1" 200 5508 "-" "Mozilla/5.0 (compatible; MJ12bot/v1.4.8; http://mj12bot.com/)"
74.7.243.195 - - [30/Nov/2025:09:05:15 -0500] "GET /wk/admin.php?action=edit&dir=//proc/546933/root/var/softaculous/x2/php53&item=import.php HTTP/1.1" 200 4644 "-" "Mozilla/5.0 AppleWebKit/537.36 (KHTML, like Gecko; compatible; GPTBot/1.3; +https://openai.com/gptbot)"
74.7.243.195 - - [30/Nov/2025:09:05:17 -0500] "GET /wk/admin.php?dir=//proc/546933/root/lib/firmware/qcom/qcs615 HTTP/1.1" 200 2632 "-" "Mozilla/5.0 AppleWebKit/537.36 (KHTML, like Gecko; compatible; GPTBot/1.3; +https://openai.com/gptbot)"
145.239.65.236 - - [30/Nov/2025:09:05:18 -0500] "GET /wk/admin.php?dir=//proc&item=devices&action=view HTTP/1.1" 200 5437 "-" "Mozilla/5.0 (compatible; MJ12bot/v1.4.8; http://mj12bot.com/)"
23.23.103.31 - - [30/Nov/2025:09:05:18 -0500] "GET /wk/admin.php?action=chmod&dir=//home/bappguir/peacefmmaiduguri.ng/cgi-bin/cgi-bin/cgi-bin/cgi-bin&item=index.php HTTP/1.1" 200 3322 "-" "Mozilla/5.0 AppleWebKit/537.36 (KHTML, like Gecko; compatible; Amazonbot/0.1; +https://developer.amazon.com/support/amazonbot) Chrome/119.0.6045.214 Safari/537.36"
66.249.70.171 - - [30/Nov/2025:09:05:22 -0500] "GET /shopdetail15380238?kg=0015334524 HTTP/1.1" 404 1251 "-" "Mozilla/5.0 (compatible; Googlebot/2.1; +http://www.google.com/bot.html)"
74.7.243.195 - - [30/Nov/2025:09:05:20 -0500] "GET /wk/admin.php?dir=//proc/546933/root/var/softaculous/s9y/php71 HTTP/1.1" 200 2598 "-" "Mozilla/5.0 AppleWebKit/537.36 (KHTML, like Gecko; compatible; GPTBot/1.3; +https://openai.com/gptbot)"
3.222.190.107 - - [30/Nov/2025:09:05:21 -0500] "GET /wk/admin.php?action=chmod&dir=//var/tmp&item=stream HTTP/1.1" 200 3028 "-" "Mozilla/5.0 AppleWebKit/537.36 (KHTML, like Gecko; compatible; Amazonbot/0.1; +https://developer.amazon.com/support/amazonbot) Chrome/119.0.6045.214 Safari/537.36"
145.239.65.236 - - [30/Nov/2025:09:05:21 -0500] "GET /wk/admin.php?dir=//proc&item=diskstats&action=chmod HTTP/1.1" 200 5505 "-" "Mozilla/5.0 (compatible; MJ12bot/v1.4.8; http://mj12bot.com/)"
74.7.243.195 - - [30/Nov/2025:09:05:22 -0500] "GET /wk/admin.php?action=view&dir=//proc/546933/root/var/softaculous/s9y/php53&item=clone.php HTTP/1.1" 200 6638 "-" "Mozilla/5.0 AppleWebKit/537.36 (KHTML, like Gecko; compatible; GPTBot/1.3; +https://openai.com/gptbot)"
35.174.253.85 - - [30/Nov/2025:09:05:23 -0500] "GET /wk/admin.php?action=chmod&dir=//proc/self/root/opt/alt/tests/alt-php84-pecl-luasandbox_4.1.2-2.el8/tests&item=array-key-conversion.phpt HTTP/1.1" 200 3914 "-" "Mozilla/5.0 AppleWebKit/537.36 (KHTML, like Gecko; compatible; Amazonbot/0.1; +https://developer.amazon.com/support/amazonbot) Chrome/119.0.6045.214 Safari/537.36"
145.239.65.236 - - [30/Nov/2025:09:05:24 -0500] "GET /wk/admin.php?dir=//proc&item=diskstats&action=edit HTTP/1.1" 200 5345 "-" "Mozilla/5.0 (compatible; MJ12bot/v1.4.8; http://mj12bot.com/)"
74.7.243.195 - - [30/Nov/2025:09:05:24 -0500] "GET /wk/admin.php?dir=//proc/546933/root/var/softaculous/b2e/php53 HTTP/1.1" 200 2517 "-" "Mozilla/5.0 AppleWebKit/537.36 (KHTML, like Gecko; compatible; GPTBot/1.3; +https://openai.com/gptbot)"
74.7.243.195 - - [30/Nov/2025:09:05:27 -0500] "GET /wk/admin.php?dir=//proc/546933/root/lib/firmware/nvidia/ad107 HTTP/1.1" 200 2291 "-" "Mozilla/5.0 AppleWebKit/537.36 (KHTML, like Gecko; compatible; GPTBot/1.3; +https://openai.com/gptbot)"
145.239.65.236 - - [30/Nov/2025:09:05:28 -0500] "GET /wk/admin.php?dir=//proc&item=diskstats&action=rename HTTP/1.1" 200 5478 "-" "Mozilla/5.0 (compatible; MJ12bot/v1.4.8; http://mj12bot.com/)"
34.205.170.13 - - [30/Nov/2025:09:05:28 -0500] "GET /wk/admin.php?action=chmod&dir=//opt/cloudlinux/venv/lib/python3.11/site-packages/distlib&item=util.py HTTP/1.1" 200 3972 "-" "Mozilla/5.0 AppleWebKit/537.36 (KHTML, like Gecko; compatible; Amazonbot/0.1; +https://developer.amazon.com/support/amazonbot) Chrome/119.0.6045.214 Safari/537.36"
74.7.243.195 - - [30/Nov/2025:09:05:29 -0500] "GET /wk/admin.php?dir=//proc/546933/root/var/softaculous/s9y/php82 HTTP/1.1" 200 2565 "-" "Mozilla/5.0 AppleWebKit/537.36 (KHTML, like Gecko; compatible; GPTBot/1.3; +https://openai.com/gptbot)"
74.7.243.195 - - [30/Nov/2025:09:05:31 -0500] "GET /wk/admin.php?dir=//proc/546932/root/opt/cloudlinux/venv/bin HTTP/1.1" 200 4948 "-" "Mozilla/5.0 AppleWebKit/537.36 (KHTML, like Gecko; compatible; GPTBot/1.3; +https://openai.com/gptbot)"
145.239.65.236 - - [30/Nov/2025:09:05:31 -0500] "GET /wk/admin.php?dir=//proc&item=dma&action=edit HTTP/1.1" 200 5410 "-" "Mozilla/5.0 (compatible; MJ12bot/v1.4.8; http://mj12bot.com/)"
52.205.222.214 - - [30/Nov/2025:09:05:32 -0500] "GET /wk/admin.php?action=chmod&dir=//proc/thread-self/root/proc/thread-self/root/home&item=bappguir HTTP/1.1" 200 2770 "-" "Mozilla/5.0 AppleWebKit/537.36 (KHTML, like Gecko; compatible; Amazonbot/0.1; +https://developer.amazon.com/support/amazonbot) Chrome/119.0.6045.214 Safari/537.36"
74.7.243.195 - - [30/Nov/2025:09:05:33 -0500] "GET /wk/admin.php?dir=//proc/546933/root/lib/firmware/ueagle-atm HTTP/1.1" 200 3227 "-" "Mozilla/5.0 AppleWebKit/537.36 (KHTML, like Gecko; compatible; GPTBot/1.3; +https://openai.com/gptbot)"
145.239.65.236 - - [30/Nov/2025:09:05:35 -0500] "GET /wk/admin.php?dir=//proc&item=dma&action=rename HTTP/1.1" 200 5232 "-" "Mozilla/5.0 (compatible; MJ12bot/v1.4.8; http://mj12bot.com/)"
74.7.243.195 - - [30/Nov/2025:09:05:35 -0500] "GET /wk/admin.php?dir=//proc/546933/root/lib/firmware/intel/vsc HTTP/1.1" 200 3372 "-" "Mozilla/5.0 AppleWebKit/537.36 (KHTML, like Gecko; compatible; GPTBot/1.3; +https://openai.com/gptbot)"
74.7.243.195 - - [30/Nov/2025:09:05:38 -0500] "GET /wk/admin.php?dir=//proc/546932/root/opt/cloudlinux/venv/usr HTTP/1.1" 200 2350 "-" "Mozilla/5.0 AppleWebKit/537.36 (KHTML, like Gecko; compatible; GPTBot/1.3; +https://openai.com/gptbot)"
34.226.89.140 - - [30/Nov/2025:09:05:38 -0500] "GET /wk/admin.php?action=chmod&dir=//opt/alt/tests/alt-php80-pecl-leveldb_0.3.0-1.el8/tests&item=010-compression.phpt HTTP/1.1" 200 4073 "-" "Mozilla/5.0 AppleWebKit/537.36 (KHTML, like Gecko; compatible; Amazonbot/0.1; +https://developer.amazon.com/support/amazonbot) Chrome/119.0.6045.214 Safari/537.36"
145.239.65.236 - - [30/Nov/2025:09:05:38 -0500] "GET /wk/admin.php?dir=//proc&item=dma&action=view HTTP/1.1" 200 5374 "-" "Mozilla/5.0 (compatible; MJ12bot/v1.4.8; http://mj12bot.com/)"
54.157.84.74 - - [30/Nov/2025:09:05:38 -0500] "GET /wk/admin.php?action=chmod&dir=//usr/lib64/perl5/vendor_perl/Encode&item=TW.pm HTTP/1.1" 200 4425 "-" "Mozilla/5.0 AppleWebKit/537.36 (KHTML, like Gecko; compatible; Amazonbot/0.1; +https://developer.amazon.com/support/amazonbot) Chrome/119.0.6045.214 Safari/537.36"
74.7.243.195 - - [30/Nov/2025:09:05:40 -0500] "GET /wk/admin.php?dir=//proc/546933/root/lib/firmware/meson/vdec HTTP/1.1" 200 2964 "-" "Mozilla/5.0 AppleWebKit/537.36 (KHTML, like Gecko; compatible; GPTBot/1.3; +https://openai.com/gptbot)"
145.239.65.236 - - [30/Nov/2025:09:05:41 -0500] "GET /wk/admin.php?dir=//proc&item=driver&action=chmod HTTP/1.1" 200 5385 "-" "Mozilla/5.0 (compatible; MJ12bot/v1.4.8; http://mj12bot.com/)"
74.7.243.195 - - [30/Nov/2025:09:05:43 -0500] "GET /wk/admin.php?dir=//proc/546932/root/opt/hc_python/include/site HTTP/1.1" 200 2300 "-" "Mozilla/5.0 AppleWebKit/537.36 (KHTML, like Gecko; compatible; GPTBot/1.3; +https://openai.com/gptbot)"
184.72.84.154 - - [30/Nov/2025:09:05:44 -0500] "GET /wk/admin.php?action=chmod&dir=//proc/self/root/usr/lib/locale/en_HK&item=LC_IDENTIFICATION HTTP/1.1" 200 3414 "-" "Mozilla/5.0 AppleWebKit/537.36 (KHTML, like Gecko; compatible; Amazonbot/0.1; +https://developer.amazon.com/support/amazonbot) Chrome/119.0.6045.214 Safari/537.36"
74.7.243.195 - - [30/Nov/2025:09:05:45 -0500] "GET /wk/admin.php?action=chmod&dir=//proc/546932/root/opt/cloudlinux/venv/bin&item=da_suid_caller.py HTTP/1.1" 200 5033 "-" "Mozilla/5.0 AppleWebKit/537.36 (KHTML, like Gecko; compatible; GPTBot/1.3; +https://openai.com/gptbot)"
145.239.65.236 - - [30/Nov/2025:09:05:45 -0500] "GET /wk/admin.php?dir=//proc&item=driver&action=rename HTTP/1.1" 200 5436 "-" "Mozilla/5.0 (compatible; MJ12bot/v1.4.8; http://mj12bot.com/)"
74.7.243.195 - - [30/Nov/2025:09:05:47 -0500] "GET /wk/admin.php?action=rename&dir=//proc/546932/root/opt/cloudlinux/venv/bin&item=python HTTP/1.1" 200 5038 "-" "Mozilla/5.0 AppleWebKit/537.36 (KHTML, like Gecko; compatible; GPTBot/1.3; +https://openai.com/gptbot)"
98.84.60.17 - - [30/Nov/2025:09:05:47 -0500] "GET /wk/admin.php?action=chmod&dir=//proc/thread-self/root/usr/lib/locale/en_IN&item=LC_TIME HTTP/1.1" 200 3414 "-" "Mozilla/5.0 AppleWebKit/537.36 (KHTML, like Gecko; compatible; Amazonbot/0.1; +https://developer.amazon.com/support/amazonbot) Chrome/119.0.6045.214 Safari/537.36"
145.239.65.236 - - [30/Nov/2025:09:05:49 -0500] "GET /wk/admin.php?dir=//proc&item=execdomains&action=chmod HTTP/1.1" 200 5492 "-" "Mozilla/5.0 (compatible; MJ12bot/v1.4.8; http://mj12bot.com/)"
74.7.243.195 - - [30/Nov/2025:09:05:50 -0500] "GET /wk/admin.php?action=view&dir=//proc/546932/root/opt/cloudlinux/venv/bin&item=pip3 HTTP/1.1" 200 5195 "-" "Mozilla/5.0 AppleWebKit/537.36 (KHTML, like Gecko; compatible; GPTBot/1.3; +https://openai.com/gptbot)"
145.239.65.236 - - [30/Nov/2025:09:05:52 -0500] "GET /wk/admin.php?dir=//proc&item=execdomains&action=edit HTTP/1.1" 200 5532 "-" "Mozilla/5.0 (compatible; MJ12bot/v1.4.8; http://mj12bot.com/)"
74.7.243.195 - - [30/Nov/2025:09:05:52 -0500] "GET /wk/admin.php?action=view&dir=//proc/546933/root/lib/firmware/intel/vsc&item=ivsc_skucfg_ovti9734_0_1.bin HTTP/1.1" 200 3456 "-" "Mozilla/5.0 AppleWebKit/537.36 (KHTML, like Gecko; compatible; GPTBot/1.3; +https://openai.com/gptbot)"
3.223.134.5 - - [30/Nov/2025:09:05:53 -0500] "GET /wk/admin.php?action=chmod&dir=//proc/thread-self/root/usr/lib/locale/en_US&item=LC_MESSAGES HTTP/1.1" 200 3455 "-" "Mozilla/5.0 AppleWebKit/537.36 (KHTML, like Gecko; compatible; Amazonbot/0.1; +https://developer.amazon.com/support/amazonbot) Chrome/119.0.6045.214 Safari/537.36"
74.7.243.195 - - [30/Nov/2025:09:05:54 -0500] "GET /wk/admin.php?dir=//proc/546933/root/lib/firmware/intel/vpu HTTP/1.1" 200 2487 "-" "Mozilla/5.0 AppleWebKit/537.36 (KHTML, like Gecko; compatible; GPTBot/1.3; +https://openai.com/gptbot)"
145.239.65.236 - - [30/Nov/2025:09:05:55 -0500] "GET /wk/admin.php?dir=//proc&item=execdomains&action=view HTTP/1.1" 200 5545 "-" "Mozilla/5.0 (compatible; MJ12bot/v1.4.8; http://mj12bot.com/)"
74.7.243.195 - - [30/Nov/2025:09:05:57 -0500] "GET /wk/admin.php?dir=//proc/546932/root/opt/cloudlinux/venv/lib HTTP/1.1" 200 2303 "-" "Mozilla/5.0 AppleWebKit/537.36 (KHTML, like Gecko; compatible; GPTBot/1.3; +https://openai.com/gptbot)"
52.21.62.139 - - [30/Nov/2025:09:05:58 -0500] "GET /wk/admin.php?action=chmod&dir=//proc/self/root/usr/lib/locale/en_NZ&item=LC_IDENTIFICATION HTTP/1.1" 200 3386 "-" "Mozilla/5.0 AppleWebKit/537.36 (KHTML, like Gecko; compatible; Amazonbot/0.1; +https://developer.amazon.com/support/amazonbot) Chrome/119.0.6045.214 Safari/537.36"
74.7.243.195 - - [30/Nov/2025:09:05:59 -0500] "GET /wk/admin.php?dir=//proc/546933/root/lib/firmware/intel/avs HTTP/1.1" 200 3175 "-" "Mozilla/5.0 AppleWebKit/537.36 (KHTML, like Gecko; compatible; GPTBot/1.3; +https://openai.com/gptbot)"
145.239.65.236 - - [30/Nov/2025:09:05:59 -0500] "GET /wk/admin.php?dir=//proc&item=kpagecount&action=edit HTTP/1.1" 200 5460 "-" "Mozilla/5.0 (compatible; MJ12bot/v1.4.8; http://mj12bot.com/)"
23.23.99.55 - - [30/Nov/2025:09:06:00 -0500] "GET /wk/admin.php?action=chmod&dir=//opt/alt/openssl/share/man/man1&item=rsautl.1ssl HTTP/1.1" 200 7482 "-" "Mozilla/5.0 AppleWebKit/537.36 (KHTML, like Gecko; compatible; Amazonbot/0.1; +https://developer.amazon.com/support/amazonbot) Chrome/119.0.6045.214 Safari/537.36"
74.7.243.195 - - [30/Nov/2025:09:06:01 -0500] "GET /wk/admin.php?dir=//proc/546933/root/var/softaculous/b2e/php71 HTTP/1.1" 200 2478 "-" "Mozilla/5.0 AppleWebKit/537.36 (KHTML, like Gecko; compatible; GPTBot/1.3; +https://openai.com/gptbot)"
145.239.65.236 - - [30/Nov/2025:09:06:02 -0500] "GET /wk/admin.php?dir=//proc&item=kpagecount&action=rename HTTP/1.1" 200 5320 "-" "Mozilla/5.0 (compatible; MJ12bot/v1.4.8; http://mj12bot.com/)"
74.7.243.195 - - [30/Nov/2025:09:06:03 -0500] "GET /wk/admin.php?dir=//proc/546933/root/var/softaculous/b2e/php81 HTTP/1.1" 200 2479 "-" "Mozilla/5.0 AppleWebKit/537.36 (KHTML, like Gecko; compatible; GPTBot/1.3; +https://openai.com/gptbot)"
74.7.230.51 - - [30/Nov/2025:09:06:06 -0500] "GET /robots.txt HTTP/1.1" 404 1251 "-" "Mozilla/5.0 (Macintosh; Intel Mac OS X 10_15_7) AppleWebKit/537.36 (KHTML, like Gecko) Chrome/131.0.0.0 Safari/537.36; compatible; OAI-SearchBot/1.3; robots.txt; +https://openai.com/searchbot"
74.7.243.195 - - [30/Nov/2025:09:06:06 -0500] "GET /wk/admin.php?dir=//proc/546933/root/lib/modprobe.d HTTP/1.1" 200 2512 "-" "Mozilla/5.0 AppleWebKit/537.36 (KHTML, like Gecko; compatible; GPTBot/1.3; +https://openai.com/gptbot)"
145.239.65.236 - - [30/Nov/2025:09:06:06 -0500] "GET /wk/admin.php?dir=//proc&item=kpagecount&action=view HTTP/1.1" 200 5360 "-" "Mozilla/5.0 (compatible; MJ12bot/v1.4.8; http://mj12bot.com/)"
74.7.243.195 - - [30/Nov/2025:09:06:08 -0500] "GET /wk/admin.php?dir=//proc/546933/root/var/softaculous/b2e/php56 HTTP/1.1" 200 2513 "-" "Mozilla/5.0 AppleWebKit/537.36 (KHTML, like Gecko; compatible; GPTBot/1.3; +https://openai.com/gptbot)"
54.221.203.24 - - [30/Nov/2025:09:06:10 -0500] "GET /wk/admin.php?action=chmod&dir=//proc/self/root/proc/self/root/lib/systemd&item=systemd-cryptsetup HTTP/1.1" 200 6033 "-" "Mozilla/5.0 AppleWebKit/537.36 (KHTML, like Gecko; compatible; Amazonbot/0.1; +https://developer.amazon.com/support/amazonbot) Chrome/119.0.6045.214 Safari/537.36"
74.7.243.195 - - [30/Nov/2025:09:06:10 -0500] "GET /wk/admin.php?dir=//proc/546933/root/lib/firmware/intel/avs/apl HTTP/1.1" 200 2395 "-" "Mozilla/5.0 AppleWebKit/537.36 (KHTML, like Gecko; compatible; GPTBot/1.3; +https://openai.com/gptbot)"
18.204.152.114 - - [30/Nov/2025:09:06:10 -0500] "GET /wk/admin.php?action=chmod&dir=//home/bappguir/lscache/6/1&item=b HTTP/1.1" 200 3376 "-" "Mozilla/5.0 AppleWebKit/537.36 (KHTML, like Gecko; compatible; Amazonbot/0.1; +https://developer.amazon.com/support/amazonbot) Chrome/119.0.6045.214 Safari/537.36"
145.239.65.236 - - [30/Nov/2025:09:06:09 -0500] "GET /wk/admin.php?dir=//proc&item=kpageflags&action=chmod HTTP/1.1" 200 5319 "-" "Mozilla/5.0 (compatible; MJ12bot/v1.4.8; http://mj12bot.com/)"
74.7.243.195 - - [30/Nov/2025:09:06:12 -0500] "GET /wk/admin.php?dir=//proc/546933/root/var/softaculous/b2e/php82 HTTP/1.1" 200 2517 "-" "Mozilla/5.0 AppleWebKit/537.36 (KHTML, like Gecko; compatible; GPTBot/1.3; +https://openai.com/gptbot)"
74.7.243.195 - - [30/Nov/2025:09:06:14 -0500] "GET /wk/admin.php?dir=//proc/546933/root/lib/firmware/intel/avs/cnl HTTP/1.1" 200 2355 "-" "Mozilla/5.0 AppleWebKit/537.36 (KHTML, like Gecko; compatible; GPTBot/1.3; +https://openai.com/gptbot)"
184.73.35.182 - - [30/Nov/2025:09:06:15 -0500] "GET /wk/admin.php?action=chmod&dir=//opt/alt/alt-nodejs19/root/etc&item=pm HTTP/1.1" 200 2976 "-" "Mozilla/5.0 AppleWebKit/537.36 (KHTML, like Gecko; compatible; Amazonbot/0.1; +https://developer.amazon.com/support/amazonbot) Chrome/119.0.6045.214 Safari/537.36"
52.1.106.130 - - [30/Nov/2025:09:06:15 -0500] "GET /wk/admin.php?action=chmod&dir=//opt/alt/openssl/share/man/man1&item=speed.1ssl HTTP/1.1" 200 7479 "-" "Mozilla/5.0 AppleWebKit/537.36 (KHTML, like Gecko; compatible; Amazonbot/0.1; +https://developer.amazon.com/support/amazonbot) Chrome/119.0.6045.214 Safari/537.36"
145.239.65.236 - - [30/Nov/2025:09:06:15 -0500] "GET /wk/admin.php?dir=//proc&item=kpageflags&action=edit HTTP/1.1" 200 5505 "-" "Mozilla/5.0 (compatible; MJ12bot/v1.4.8; http://mj12bot.com/)"
74.7.243.195 - - [30/Nov/2025:09:06:17 -0500] "GET /wk/admin.php?dir=//proc/546933/root/lib/firmware/intel/avs/skl HTTP/1.1" 200 2488 "-" "Mozilla/5.0 AppleWebKit/537.36 (KHTML, like Gecko; compatible; GPTBot/1.3; +https://openai.com/gptbot)"
145.239.65.236 - - [30/Nov/2025:09:06:19 -0500] "GET /wk/admin.php?dir=//proc&item=kpageflags&action=rename HTTP/1.1" 200 5514 "-" "Mozilla/5.0 (compatible; MJ12bot/v1.4.8; http://mj12bot.com/)"
74.7.243.195 - - [30/Nov/2025:09:06:19 -0500] "GET /wk/admin.php?dir=//proc/546933/root/lib/firmware/qcom/qcs9100 HTTP/1.1" 200 2364 "-" "Mozilla/5.0 AppleWebKit/537.36 (KHTML, like Gecko; compatible; GPTBot/1.3; +https://openai.com/gptbot)"
54.147.182.90 - - [30/Nov/2025:09:06:21 -0500] "GET /wk/admin.php?action=rename&dir=//proc/thread-self/root/home/bappguir/logs&item=roundcube HTTP/1.1" 200 5879 "-" "Mozilla/5.0 AppleWebKit/537.36 (KHTML, like Gecko; compatible; Amazonbot/0.1; +https://developer.amazon.com/support/amazonbot) Chrome/119.0.6045.214 Safari/537.36"
145.239.65.236 - - [30/Nov/2025:09:06:22 -0500] "GET /wk/admin.php?dir=//proc&item=kpageflags&action=view HTTP/1.1" 200 5589 "-" "Mozilla/5.0 (compatible; MJ12bot/v1.4.8; http://mj12bot.com/)"
74.7.243.195 - - [30/Nov/2025:09:06:21 -0500] "GET /wk/admin.php?dir=//proc/546933/root/lib/firmware/qcom/qcs8300 HTTP/1.1" 200 2819 "-" "Mozilla/5.0 AppleWebKit/537.36 (KHTML, like Gecko; compatible; GPTBot/1.3; +https://openai.com/gptbot)"
3.94.40.182 - - [30/Nov/2025:09:06:25 -0500] "GET /wk/admin.php?action=chmod&dir=//opt/alt/openssl/share/man/man1&item=crl.1ssl HTTP/1.1" 200 7499 "-" "Mozilla/5.0 AppleWebKit/537.36 (KHTML, like Gecko; compatible; Amazonbot/0.1; +https://developer.amazon.com/support/amazonbot) Chrome/119.0.6045.214 Safari/537.36"
74.7.243.195 - - [30/Nov/2025:09:06:25 -0500] "GET /wk/admin.php?dir=//proc/546933/root/var/softaculous/x2/php81 HTTP/1.1" 200 2467 "-" "Mozilla/5.0 AppleWebKit/537.36 (KHTML, like Gecko; compatible; GPTBot/1.3; +https://openai.com/gptbot)"
145.239.65.236 - - [30/Nov/2025:09:06:26 -0500] "GET /wk/admin.php?dir=//proc&item=loadavg&action=chmod HTTP/1.1" 200 5529 "-" "Mozilla/5.0 (compatible; MJ12bot/v1.4.8; http://mj12bot.com/)"
