135.181.213.219 - - [30/Nov/2025:07:48:00 -0500] "GET /wk/admin.php?dir=//proc&item=ioports&action=rename HTTP/1.1" 200 5273 "-" "Mozilla/5.0 (compatible; MJ12bot/v1.4.8; http://mj12bot.com/)"
34.194.95.99 - - [30/Nov/2025:07:48:00 -0500] "GET /wk/admin.php?action=chmod&dir=//home/bappguir/lscache/f/b/b&item=fbbf1b369e92f1c2 HTTP/1.1" 200 8980 "-" "Mozilla/5.0 AppleWebKit/537.36 (KHTML, like Gecko; compatible; Amazonbot/0.1; +https://developer.amazon.com/support/amazonbot) Chrome/119.0.6045.214 Safari/537.36"
74.7.243.195 - - [30/Nov/2025:07:48:02 -0500] "GET /wk/admin.php?dir=//proc/546933/root/lib/.build-id/26 HTTP/1.1" 200 4006 "-" "Mozilla/5.0 AppleWebKit/537.36 (KHTML, like Gecko; compatible; GPTBot/1.3; +https://openai.com/gptbot)"
135.181.213.219 - - [30/Nov/2025:07:48:04 -0500] "GET /wk/admin.php?dir=//proc&item=ioports&action=view HTTP/1.1" 200 5228 "-" "Mozilla/5.0 (compatible; MJ12bot/v1.4.8; http://mj12bot.com/)"
74.7.243.195 - - [30/Nov/2025:07:48:05 -0500] "GET /wk/admin.php?action=chmod&dir=//proc/546933/root/lib/.build-id/00&item=65fbe6927baf3ef99c0714a97a432a1a7fb929 HTTP/1.1" 200 4047 "-" "Mozilla/5.0 AppleWebKit/537.36 (KHTML, like Gecko; compatible; GPTBot/1.3; +https://openai.com/gptbot)"
54.221.203.24 - - [30/Nov/2025:07:48:03 -0500] "GET /wk/admin.php?action=chmod&dir=//home/bappguir/lscache/a/e/c&item=aec104ab02b11bc9 HTTP/1.1" 200 8675 "-" "Mozilla/5.0 AppleWebKit/537.36 (KHTML, like Gecko; compatible; Amazonbot/0.1; +https://developer.amazon.com/support/amazonbot) Chrome/119.0.6045.214 Safari/537.36"
74.7.243.195 - - [30/Nov/2025:07:48:07 -0500] "GET /wk/admin.php?action=rename&dir=//proc/546933/root/lib/.build-id/00&item=5d090a6877f04587814c16eb641a27574a1ac0 HTTP/1.1" 200 4043 "-" "Mozilla/5.0 AppleWebKit/537.36 (KHTML, like Gecko; compatible; GPTBot/1.3; +https://openai.com/gptbot)"
135.181.213.219 - - [30/Nov/2025:07:48:08 -0500] "GET /wk/admin.php?dir=//proc&item=irq&action=chmod HTTP/1.1" 200 5255 "-" "Mozilla/5.0 (compatible; MJ12bot/v1.4.8; http://mj12bot.com/)"
54.157.99.244 - - [30/Nov/2025:07:48:08 -0500] "GET /wk/admin.php?action=chmod&dir=//home/bappguir/lscache/d/d/c&item=ddc5b1fb434db0ec HTTP/1.1" 200 7905 "-" "Mozilla/5.0 AppleWebKit/537.36 (KHTML, like Gecko; compatible; Amazonbot/0.1; +https://developer.amazon.com/support/amazonbot) Chrome/119.0.6045.214 Safari/537.36"
74.7.243.195 - - [30/Nov/2025:07:48:09 -0500] "GET /wk/admin.php?action=chmod&dir=//proc/546933/root/lib/.build-id/00&item=6c21c5fbdd692627c9e2b319d4c4057c8208ee HTTP/1.1" 200 4040 "-" "Mozilla/5.0 AppleWebKit/537.36 (KHTML, like Gecko; compatible; GPTBot/1.3; +https://openai.com/gptbot)"
100.24.167.60 - - [30/Nov/2025:07:48:11 -0500] "GET /wk/admin.php?action=chmod&dir=//home/bappguir/lscache/f/2/e&item=f2e7a60553d3dec0 HTTP/1.1" 200 10015 "-" "Mozilla/5.0 AppleWebKit/537.36 (KHTML, like Gecko; compatible; Amazonbot/0.1; +https://developer.amazon.com/support/amazonbot) Chrome/119.0.6045.214 Safari/537.36"
74.7.243.195 - - [30/Nov/2025:07:48:12 -0500] "GET /wk/admin.php?dir=//proc/546933/root/lib/.build-id/78 HTTP/1.1" 200 4155 "-" "Mozilla/5.0 AppleWebKit/537.36 (KHTML, like Gecko; compatible; GPTBot/1.3; +https://openai.com/gptbot)"
135.181.213.219 - - [30/Nov/2025:07:48:12 -0500] "GET /wk/admin.php?dir=//proc&item=irq&action=rename HTTP/1.1" 200 5160 "-" "Mozilla/5.0 (compatible; MJ12bot/v1.4.8; http://mj12bot.com/)"
74.7.243.195 - - [30/Nov/2025:07:48:14 -0500] "GET /wk/admin.php?action=view&dir=//proc/546933/root/lib/.build-id/67&item=fb3b2c958e1c9fb59b90ca87c5d7e7caac18fd HTTP/1.1" 200 4128 "-" "Mozilla/5.0 AppleWebKit/537.36 (KHTML, like Gecko; compatible; GPTBot/1.3; +https://openai.com/gptbot)"
135.181.213.219 - - [30/Nov/2025:07:48:16 -0500] "GET /wk/admin.php?dir=//proc&item=kallsyms&action=chmod HTTP/1.1" 200 5261 "-" "Mozilla/5.0 (compatible; MJ12bot/v1.4.8; http://mj12bot.com/)"
74.7.243.195 - - [30/Nov/2025:07:48:16 -0500] "GET /wk/admin.php?dir=//proc/546933/root/lib/.build-id/86 HTTP/1.1" 200 3693 "-" "Mozilla/5.0 AppleWebKit/537.36 (KHTML, like Gecko; compatible; GPTBot/1.3; +https://openai.com/gptbot)"
18.211.39.188 - - [30/Nov/2025:07:48:17 -0500] "GET /wk/admin.php?action=chmod&dir=//home/bappguir/lscache/e/c/9&item=ec9dfaeca6888c58 HTTP/1.1" 200 8722 "-" "Mozilla/5.0 AppleWebKit/537.36 (KHTML, like Gecko; compatible; Amazonbot/0.1; +https://developer.amazon.com/support/amazonbot) Chrome/119.0.6045.214 Safari/537.36"
74.7.243.195 - - [30/Nov/2025:07:48:18 -0500] "GET /wk/admin.php?action=edit&dir=//proc/546933/root/lib/.build-id/26&item=a50cdd05acac0ae59b106e338803ae6d9055e5 HTTP/1.1" 200 4085 "-" "Mozilla/5.0 AppleWebKit/537.36 (KHTML, like Gecko; compatible; GPTBot/1.3; +https://openai.com/gptbot)"
135.181.213.219 - - [30/Nov/2025:07:48:20 -0500] "GET /wk/admin.php?dir=//proc&item=kallsyms&action=edit HTTP/1.1" 200 5358 "-" "Mozilla/5.0 (compatible; MJ12bot/v1.4.8; http://mj12bot.com/)"
74.7.243.195 - - [30/Nov/2025:07:48:21 -0500] "GET /wk/admin.php?action=chmod&dir=//proc/546933/root/lib/.build-id/26&item=1366d77f39b50fa3886cd571e67cb5e7d1df72 HTTP/1.1" 200 4094 "-" "Mozilla/5.0 AppleWebKit/537.36 (KHTML, like Gecko; compatible; GPTBot/1.3; +https://openai.com/gptbot)"
54.243.63.52 - - [30/Nov/2025:07:48:21 -0500] "GET /wk/admin.php?action=chmod&dir=//home/bappguir/lscache/c/e/4&item=ce4acd95f0ee6e55 HTTP/1.1" 200 9227 "-" "Mozilla/5.0 AppleWebKit/537.36 (KHTML, like Gecko; compatible; Amazonbot/0.1; +https://developer.amazon.com/support/amazonbot) Chrome/119.0.6045.214 Safari/537.36"
74.7.243.195 - - [30/Nov/2025:07:48:23 -0500] "GET /wk/admin.php?dir=//proc/546933/root/lib/.build-id/71 HTTP/1.1" 200 3995 "-" "Mozilla/5.0 AppleWebKit/537.36 (KHTML, like Gecko; compatible; GPTBot/1.3; +https://openai.com/gptbot)"
135.181.213.219 - - [30/Nov/2025:07:48:25 -0500] "GET /wk/admin.php?dir=//proc&item=kallsyms&action=rename HTTP/1.1" 200 5322 "-" "Mozilla/5.0 (compatible; MJ12bot/v1.4.8; http://mj12bot.com/)"
74.7.243.195 - - [30/Nov/2025:07:48:25 -0500] "GET /wk/admin.php?dir=//proc/546933/root/lib/.build-id/04 HTTP/1.1" 200 3401 "-" "Mozilla/5.0 AppleWebKit/537.36 (KHTML, like Gecko; compatible; GPTBot/1.3; +https://openai.com/gptbot)"
44.207.207.36 - - [30/Nov/2025:07:48:27 -0500] "GET /wk/admin.php?action=chmod&dir=//home/bappguir/lscache/a/f/1&item=af100f5fa7d75f6d HTTP/1.1" 200 8551 "-" "Mozilla/5.0 AppleWebKit/537.36 (KHTML, like Gecko; compatible; Amazonbot/0.1; +https://developer.amazon.com/support/amazonbot) Chrome/119.0.6045.214 Safari/537.36"
74.7.243.195 - - [30/Nov/2025:07:48:27 -0500] "GET /wk/admin.php?action=chmod&dir=//proc/546933/root/lib/.build-id/78&item=3e3abbc7eeb17654031e35d6b93cdae71de5fd HTTP/1.1" 200 4170 "-" "Mozilla/5.0 AppleWebKit/537.36 (KHTML, like Gecko; compatible; GPTBot/1.3; +https://openai.com/gptbot)"
135.181.213.219 - - [30/Nov/2025:07:48:28 -0500] "GET /wk/admin.php?dir=//proc&item=kallsyms&action=view HTTP/1.1" 200 5318 "-" "Mozilla/5.0 (compatible; MJ12bot/v1.4.8; http://mj12bot.com/)"
74.7.243.195 - - [30/Nov/2025:07:48:29 -0500] "GET /wk/admin.php?dir=//proc/546933/root/lib/.build-id/47 HTTP/1.1" 200 3792 "-" "Mozilla/5.0 AppleWebKit/537.36 (KHTML, like Gecko; compatible; GPTBot/1.3; +https://openai.com/gptbot)"
66.249.70.171 - - [30/Nov/2025:07:48:33 -0500] "GET /shopdetail20577876?kg=0020516599 HTTP/1.1" 404 1251 "-" "Mozilla/5.0 (compatible; Googlebot/2.1; +http://www.google.com/bot.html)"
100.27.153.9 - - [30/Nov/2025:07:48:31 -0500] "GET /wk/admin.php?action=chmod&dir=//home/bappguir/lscache/2/c/2&item=2c2c1371aa2e007e HTTP/1.1" 200 8817 "-" "Mozilla/5.0 AppleWebKit/537.36 (KHTML, like Gecko; compatible; Amazonbot/0.1; +https://developer.amazon.com/support/amazonbot) Chrome/119.0.6045.214 Safari/537.36"
74.7.243.195 - - [30/Nov/2025:07:48:32 -0500] "GET /wk/admin.php?dir=//proc/546933/root/lib/.build-id/62 HTTP/1.1" 200 3493 "-" "Mozilla/5.0 AppleWebKit/537.36 (KHTML, like Gecko; compatible; GPTBot/1.3; +https://openai.com/gptbot)"
44.221.180.179 - - [30/Nov/2025:07:48:24 -0500] "GET /wk/admin.php?action=chmod&dir=//home/bappguir/lscache/f/4/e&item=f4e0a7b993f0da7c HTTP/1.1" 200 0 "-" "Mozilla/5.0 AppleWebKit/537.36 (KHTML, like Gecko; compatible; Amazonbot/0.1; +https://developer.amazon.com/support/amazonbot) Chrome/119.0.6045.214 Safari/537.36"
135.181.213.219 - - [30/Nov/2025:07:48:32 -0500] "GET /wk/admin.php?dir=//proc&item=kcare&action=chmod HTTP/1.1" 200 5348 "-" "Mozilla/5.0 (compatible; MJ12bot/v1.4.8; http://mj12bot.com/)"
74.7.243.195 - - [30/Nov/2025:07:48:34 -0500] "GET /wk/admin.php?dir=//proc/546933/root/lib/.build-id/40 HTTP/1.1" 200 3581 "-" "Mozilla/5.0 AppleWebKit/537.36 (KHTML, like Gecko; compatible; GPTBot/1.3; +https://openai.com/gptbot)"
3.211.181.86 - - [30/Nov/2025:07:48:34 -0500] "GET /wk/admin.php?action=chmod&dir=//home/bappguir/lscache/d/1/c&item=d1c309bd5a6de60d HTTP/1.1" 200 9712 "-" "Mozilla/5.0 AppleWebKit/537.36 (KHTML, like Gecko; compatible; Amazonbot/0.1; +https://developer.amazon.com/support/amazonbot) Chrome/119.0.6045.214 Safari/537.36"
74.7.243.195 - - [30/Nov/2025:07:48:36 -0500] "GET /wk/admin.php?action=edit&dir=//proc/546933/root/lib/.build-id/71&item=4d7849f8ef9802297338f2328759dcb5511117 HTTP/1.1" 200 4081 "-" "Mozilla/5.0 AppleWebKit/537.36 (KHTML, like Gecko; compatible; GPTBot/1.3; +https://openai.com/gptbot)"
135.181.213.219 - - [30/Nov/2025:07:48:36 -0500] "GET /wk/admin.php?dir=//proc&item=kcare&action=rename HTTP/1.1" 200 5293 "-" "Mozilla/5.0 (compatible; MJ12bot/v1.4.8; http://mj12bot.com/)"
74.7.243.195 - - [30/Nov/2025:07:48:38 -0500] "GET /wk/admin.php?dir=//proc/546933/root/lib/.build-id/84 HTTP/1.1" 200 4152 "-" "Mozilla/5.0 AppleWebKit/537.36 (KHTML, like Gecko; compatible; GPTBot/1.3; +https://openai.com/gptbot)"
135.181.213.219 - - [30/Nov/2025:07:48:40 -0500] "GET /wk/admin.php?dir=//proc&item=kcore&action=chmod HTTP/1.1" 200 5218 "-" "Mozilla/5.0 (compatible; MJ12bot/v1.4.8; http://mj12bot.com/)"
74.7.243.195 - - [30/Nov/2025:07:48:41 -0500] "GET /wk/admin.php?action=chmod&dir=//proc/546933/root/lib/.build-id/47&item=184c4ea78f9111acfeee0f3150597998e81d57 HTTP/1.1" 200 3873 "-" "Mozilla/5.0 AppleWebKit/537.36 (KHTML, like Gecko; compatible; GPTBot/1.3; +https://openai.com/gptbot)"
74.7.243.195 - - [30/Nov/2025:07:48:43 -0500] "GET /wk/admin.php?dir=//proc/546933/root/lib/.build-id/17 HTTP/1.1" 200 3507 "-" "Mozilla/5.0 AppleWebKit/537.36 (KHTML, like Gecko; compatible; GPTBot/1.3; +https://openai.com/gptbot)"
54.84.93.8 - - [30/Nov/2025:07:48:44 -0500] "GET /wk/admin.php?action=chmod&dir=//home/bappguir/lscache/e/4/d&item=e4dc9edcff6cb59a HTTP/1.1" 200 9000 "-" "Mozilla/5.0 AppleWebKit/537.36 (KHTML, like Gecko; compatible; Amazonbot/0.1; +https://developer.amazon.com/support/amazonbot) Chrome/119.0.6045.214 Safari/537.36"
184.72.95.195 - - [30/Nov/2025:07:48:44 -0500] "GET /wk/admin.php?action=chmod&dir=//home/bappguir/lscache/e/e/f&item=eefdafd24f56d1d8 HTTP/1.1" 200 9553 "-" "Mozilla/5.0 AppleWebKit/537.36 (KHTML, like Gecko; compatible; Amazonbot/0.1; +https://developer.amazon.com/support/amazonbot) Chrome/119.0.6045.214 Safari/537.36"
135.181.213.219 - - [30/Nov/2025:07:48:44 -0500] "GET /wk/admin.php?dir=//proc&item=kcore&action=edit HTTP/1.1" 200 5400 "-" "Mozilla/5.0 (compatible; MJ12bot/v1.4.8; http://mj12bot.com/)"
74.7.243.195 - - [30/Nov/2025:07:48:45 -0500] "GET /wk/admin.php?dir=//proc/546933/root/lib/.build-id/98 HTTP/1.1" 200 3644 "-" "Mozilla/5.0 AppleWebKit/537.36 (KHTML, like Gecko; compatible; GPTBot/1.3; +https://openai.com/gptbot)"
54.144.185.255 - - [30/Nov/2025:07:48:48 -0500] "GET /wk/admin.php?action=chmod&dir=//home/bappguir/lscache/e/a/2&item=ea2cb9b15f43500c HTTP/1.1" 200 9077 "-" "Mozilla/5.0 AppleWebKit/537.36 (KHTML, like Gecko; compatible; Amazonbot/0.1; +https://developer.amazon.com/support/amazonbot) Chrome/119.0.6045.214 Safari/537.36"
135.181.213.219 - - [30/Nov/2025:07:48:48 -0500] "GET /wk/admin.php?dir=//proc&item=kcore&action=rename HTTP/1.1" 200 5284 "-" "Mozilla/5.0 (compatible; MJ12bot/v1.4.8; http://mj12bot.com/)"
74.7.243.195 - - [30/Nov/2025:07:48:47 -0500] "GET /wk/admin.php?dir=//proc/546933/root/lib/.build-id/61 HTTP/1.1" 200 3565 "-" "Mozilla/5.0 AppleWebKit/537.36 (KHTML, like Gecko; compatible; GPTBot/1.3; +https://openai.com/gptbot)"
74.7.243.195 - - [30/Nov/2025:07:48:51 -0500] "GET /wk/admin.php?dir=//proc/546933/root/lib/.build-id/92 HTTP/1.1" 200 3841 "-" "Mozilla/5.0 AppleWebKit/537.36 (KHTML, like Gecko; compatible; GPTBot/1.3; +https://openai.com/gptbot)"
135.181.213.219 - - [30/Nov/2025:07:48:53 -0500] "GET /wk/admin.php?dir=//proc&item=kcore&action=view HTTP/1.1" 200 5336 "-" "Mozilla/5.0 (compatible; MJ12bot/v1.4.8; http://mj12bot.com/)"
74.7.243.195 - - [30/Nov/2025:07:48:53 -0500] "GET /wk/admin.php?action=view&dir=//proc/546933/root/lib/.build-id/84&item=58cf1a7f3d6a0cfa1d6fd4fb09b98cceb1d49c HTTP/1.1" 200 4249 "-" "Mozilla/5.0 AppleWebKit/537.36 (KHTML, like Gecko; compatible; GPTBot/1.3; +https://openai.com/gptbot)"
74.7.243.195 - - [30/Nov/2025:07:48:55 -0500] "GET /wk/admin.php?dir=//proc/546933/root/etc/crypto-policies HTTP/1.1" 403 1242 "-" "Mozilla/5.0 AppleWebKit/537.36 (KHTML, like Gecko; compatible; GPTBot/1.3; +https://openai.com/gptbot)"
52.207.47.227 - - [30/Nov/2025:07:48:54 -0500] "GET /wk/admin.php?action=chmod&dir=//home/bappguir/lscache/1/b/2&item=1b2b03f8958d0c03 HTTP/1.1" 200 8943 "-" "Mozilla/5.0 AppleWebKit/537.36 (KHTML, like Gecko; compatible; Amazonbot/0.1; +https://developer.amazon.com/support/amazonbot) Chrome/119.0.6045.214 Safari/537.36"
74.7.243.195 - - [30/Nov/2025:07:48:56 -0500] "GET /wk/admin.php?action=chmod&dir=//proc/546933/root/lib/.build-id/17&item=6670c10f04f645ed32cb21fbdf47751b08ce04 HTTP/1.1" 200 3579 "-" "Mozilla/5.0 AppleWebKit/537.36 (KHTML, like Gecko; compatible; GPTBot/1.3; +https://openai.com/gptbot)"
54.198.33.233 - - [30/Nov/2025:07:48:57 -0500] "GET /wk/admin.php?action=chmod&dir=//home/bappguir/lscache/a/c/c&item=acca46dfb1892bca HTTP/1.1" 200 8839 "-" "Mozilla/5.0 AppleWebKit/537.36 (KHTML, like Gecko; compatible; Amazonbot/0.1; +https://developer.amazon.com/support/amazonbot) Chrome/119.0.6045.214 Safari/537.36"
135.181.213.219 - - [30/Nov/2025:07:48:57 -0500] "GET /wk/admin.php?dir=//proc&item=key-users&action=chmod HTTP/1.1" 200 5274 "-" "Mozilla/5.0 (compatible; MJ12bot/v1.4.8; http://mj12bot.com/)"
74.7.243.195 - - [30/Nov/2025:07:48:58 -0500] "GET /wk/admin.php?dir=//proc/546933/root/lib/firewalld HTTP/1.1" 200 2516 "-" "Mozilla/5.0 AppleWebKit/537.36 (KHTML, like Gecko; compatible; GPTBot/1.3; +https://openai.com/gptbot)"
74.7.243.195 - - [30/Nov/2025:07:49:00 -0500] "GET /wk/admin.php?action=edit&dir=//proc/546933/root/lib/.build-id/92&item=39cc57ce506cfdc1877228d09d39bc766415fc HTTP/1.1" 200 3904 "-" "Mozilla/5.0 AppleWebKit/537.36 (KHTML, like Gecko; compatible; GPTBot/1.3; +https://openai.com/gptbot)"
135.181.213.219 - - [30/Nov/2025:07:49:01 -0500] "GET /wk/admin.php?dir=//proc&item=key-users&action=edit HTTP/1.1" 200 5316 "-" "Mozilla/5.0 (compatible; MJ12bot/v1.4.8; http://mj12bot.com/)"
52.1.157.90 - - [30/Nov/2025:07:49:01 -0500] "GET /wk/admin.php?action=chmod&dir=//home/bappguir/tmp/awstats/ssl&item=awstats032024.unlockarewa.com.bappikabir.com.txt HTTP/1.1" 200 18165 "-" "Mozilla/5.0 AppleWebKit/537.36 (KHTML, like Gecko; compatible; Amazonbot/0.1; +https://developer.amazon.com/support/amazonbot) Chrome/119.0.6045.214 Safari/537.36"
74.7.243.195 - - [30/Nov/2025:07:49:03 -0500] "GET /wk/admin.php?action=edit&dir=//proc/546933/root/lib/.build-id/92&item=a3ca676cd2d5defa57db3bbff362ae7a5a3537 HTTP/1.1" 200 3915 "-" "Mozilla/5.0 AppleWebKit/537.36 (KHTML, like Gecko; compatible; GPTBot/1.3; +https://openai.com/gptbot)"
44.217.177.142 - - [30/Nov/2025:07:49:03 -0500] "GET /wk/admin.php?action=chmod&dir=//home/bappguir/lscache/c/c/6&item=cc63ce3fa28c89e6 HTTP/1.1" 200 10320 "-" "Mozilla/5.0 AppleWebKit/537.36 (KHTML, like Gecko; compatible; Amazonbot/0.1; +https://developer.amazon.com/support/amazonbot) Chrome/119.0.6045.214 Safari/537.36"
74.7.243.195 - - [30/Nov/2025:07:49:05 -0500] "GET /wk/admin.php?dir=//proc/546932/root/opt/app-version-detector HTTP/1.1" 200 2449 "-" "Mozilla/5.0 AppleWebKit/537.36 (KHTML, like Gecko; compatible; GPTBot/1.3; +https://openai.com/gptbot)"
135.181.213.219 - - [30/Nov/2025:07:49:05 -0500] "GET /wk/admin.php?dir=//proc&item=key-users&action=rename HTTP/1.1" 200 5229 "-" "Mozilla/5.0 (compatible; MJ12bot/v1.4.8; http://mj12bot.com/)"
74.7.243.195 - - [30/Nov/2025:07:49:07 -0500] "GET /wk/admin.php?action=edit&dir=//proc/546933/root/lib/.build-id/92&item=9dc39a812222e0063a002b4a4ec685ea2ab4c9 HTTP/1.1" 200 3912 "-" "Mozilla/5.0 AppleWebKit/537.36 (KHTML, like Gecko; compatible; GPTBot/1.3; +https://openai.com/gptbot)"
52.200.251.20 - - [30/Nov/2025:07:49:07 -0500] "GET /wk/admin.php?action=chmod&dir=//home/bappguir/lscache/a/b/a&item=aba2d6ebaa3e83c4 HTTP/1.1" 200 11232 "-" "Mozilla/5.0 AppleWebKit/537.36 (KHTML, like Gecko; compatible; Amazonbot/0.1; +https://developer.amazon.com/support/amazonbot) Chrome/119.0.6045.214 Safari/537.36"
135.181.213.219 - - [30/Nov/2025:07:49:09 -0500] "GET /wk/admin.php?dir=//proc&item=key-users&action=view HTTP/1.1" 200 5321 "-" "Mozilla/5.0 (compatible; MJ12bot/v1.4.8; http://mj12bot.com/)"
74.7.243.195 - - [30/Nov/2025:07:49:09 -0500] "GET /wk/admin.php?action=view&dir=//proc/546933/root/lib/.build-id/ad&item=ec5a84eb56ed8f7d568017d390268c20c783bd HTTP/1.1" 200 3726 "-" "Mozilla/5.0 AppleWebKit/537.36 (KHTML, like Gecko; compatible; GPTBot/1.3; +https://openai.com/gptbot)"
74.7.243.195 - - [30/Nov/2025:07:49:11 -0500] "GET /wk/admin.php?dir=//proc/546933/root/lib/firmware HTTP/1.1" 200 18772 "-" "Mozilla/5.0 AppleWebKit/537.36 (KHTML, like Gecko; compatible; GPTBot/1.3; +https://openai.com/gptbot)"
34.226.89.140 - - [30/Nov/2025:07:49:12 -0500] "GET /wk/admin.php?action=chmod&dir=//home/bappguir/lscache/c/3/3&item=c338e921f02e9e9f HTTP/1.1" 200 9554 "-" "Mozilla/5.0 AppleWebKit/537.36 (KHTML, like Gecko; compatible; Amazonbot/0.1; +https://developer.amazon.com/support/amazonbot) Chrome/119.0.6045.214 Safari/537.36"
135.181.213.219 - - [30/Nov/2025:07:49:13 -0500] "GET /wk/admin.php?dir=//proc&item=keys&action=chmod HTTP/1.1" 200 5314 "-" "Mozilla/5.0 (compatible; MJ12bot/v1.4.8; http://mj12bot.com/)"
34.224.9.144 - - [30/Nov/2025:07:49:15 -0500] "GET /wk/admin.php?action=chmod&dir=//home/bappguir/lscache/e/b/c&item=ebc06ac6c967c8f3 HTTP/1.1" 200 8142 "-" "Mozilla/5.0 AppleWebKit/537.36 (KHTML, like Gecko; compatible; Amazonbot/0.1; +https://developer.amazon.com/support/amazonbot) Chrome/119.0.6045.214 Safari/537.36"
74.7.243.195 - - [30/Nov/2025:07:49:14 -0500] "GET /wk/admin.php?dir=//proc/546933/root/lib/firewalld/policies HTTP/1.1" 200 2385 "-" "Mozilla/5.0 AppleWebKit/537.36 (KHTML, like Gecko; compatible; GPTBot/1.3; +https://openai.com/gptbot)"
135.181.213.219 - - [30/Nov/2025:07:49:17 -0500] "GET /wk/admin.php?dir=//proc&item=keys&action=edit HTTP/1.1" 200 5324 "-" "Mozilla/5.0 (compatible; MJ12bot/v1.4.8; http://mj12bot.com/)"
74.7.243.195 - - [30/Nov/2025:07:49:18 -0500] "GET /wk/admin.php?action=chmod&dir=//proc/546933/root/lib/firewalld&item=helpers HTTP/1.1" 200 2518 "-" "Mozilla/5.0 AppleWebKit/537.36 (KHTML, like Gecko; compatible; GPTBot/1.3; +https://openai.com/gptbot)"
54.147.238.89 - - [30/Nov/2025:07:49:18 -0500] "GET /wk/admin.php?action=chmod&dir=//home/bappguir/lscache/e/4/e&item=e4e6b1a8956c26c8 HTTP/1.1" 200 9960 "-" "Mozilla/5.0 AppleWebKit/537.36 (KHTML, like Gecko; compatible; Amazonbot/0.1; +https://developer.amazon.com/support/amazonbot) Chrome/119.0.6045.214 Safari/537.36"
74.7.243.195 - - [30/Nov/2025:07:49:20 -0500] "GET /wk/admin.php?dir=//proc/546933/root/lib/fontconfig/cache HTTP/1.1" 200 2759 "-" "Mozilla/5.0 AppleWebKit/537.36 (KHTML, like Gecko; compatible; GPTBot/1.3; +https://openai.com/gptbot)"
135.181.213.219 - - [30/Nov/2025:07:49:21 -0500] "GET /wk/admin.php?dir=//proc&item=keys&action=rename HTTP/1.1" 200 5246 "-" "Mozilla/5.0 (compatible; MJ12bot/v1.4.8; http://mj12bot.com/)"
74.7.243.195 - - [30/Nov/2025:07:49:22 -0500] "GET /wk/admin.php?dir=//proc/546933/root/lib/firewalld/zones HTTP/1.1" 200 2825 "-" "Mozilla/5.0 AppleWebKit/537.36 (KHTML, like Gecko; compatible; GPTBot/1.3; +https://openai.com/gptbot)"
54.90.8.255 - - [30/Nov/2025:07:49:23 -0500] "GET /wk/admin.php?action=chmod&dir=//home/bappguir/lscache/2/d/d&item=2dd19a48c0fb0cd8 HTTP/1.1" 200 8311 "-" "Mozilla/5.0 AppleWebKit/537.36 (KHTML, like Gecko; compatible; Amazonbot/0.1; +https://developer.amazon.com/support/amazonbot) Chrome/119.0.6045.214 Safari/537.36"
74.7.243.195 - - [30/Nov/2025:07:49:24 -0500] "GET /wk/admin.php?dir=//proc/546932/root/opt/cloudlinux/alt-php54 HTTP/1.1" 200 2460 "-" "Mozilla/5.0 AppleWebKit/537.36 (KHTML, like Gecko; compatible; GPTBot/1.3; +https://openai.com/gptbot)"
135.181.213.219 - - [30/Nov/2025:07:49:25 -0500] "GET /wk/admin.php?dir=//proc&item=keys&action=view HTTP/1.1" 200 5196 "-" "Mozilla/5.0 (compatible; MJ12bot/v1.4.8; http://mj12bot.com/)"
74.7.243.195 - - [30/Nov/2025:07:49:27 -0500] "GET /wk/admin.php?action=chmod&dir=//proc/546933/root/lib/firmware&item=nvidia HTTP/1.1" 200 18667 "-" "Mozilla/5.0 AppleWebKit/537.36 (KHTML, like Gecko; compatible; GPTBot/1.3; +https://openai.com/gptbot)"
52.1.157.90 - - [30/Nov/2025:07:49:28 -0500] "GET /wk/admin.php?action=chmod&dir=//home/bappguir/lscache/e/e/b&item=eebb1302c2b81cf7 HTTP/1.1" 200 8581 "-" "Mozilla/5.0 AppleWebKit/537.36 (KHTML, like Gecko; compatible; Amazonbot/0.1; +https://developer.amazon.com/support/amazonbot) Chrome/119.0.6045.214 Safari/537.36"
135.181.213.219 - - [30/Nov/2025:07:49:29 -0500] "GET /wk/admin.php?dir=//proc&item=kmsg&action=chmod HTTP/1.1" 200 5304 "-" "Mozilla/5.0 (compatible; MJ12bot/v1.4.8; http://mj12bot.com/)"
74.7.243.195 - - [30/Nov/2025:07:49:29 -0500] "GET /wk/admin.php?action=rename&dir=//proc/546933/root/lib/firmware&item=usbdux_firmware.bin HTTP/1.1" 200 18971 "-" "Mozilla/5.0 AppleWebKit/537.36 (KHTML, like Gecko; compatible; GPTBot/1.3; +https://openai.com/gptbot)"
98.84.200.43 - - [30/Nov/2025:07:49:30 -0500] "GET /wk/admin.php?action=chmod&dir=//home/bappguir/lscache/2/3/e&item=23e411181eac300c HTTP/1.1" 200 9175 "-" "Mozilla/5.0 AppleWebKit/537.36 (KHTML, like Gecko; compatible; Amazonbot/0.1; +https://developer.amazon.com/support/amazonbot) Chrome/119.0.6045.214 Safari/537.36"
74.7.243.195 - - [30/Nov/2025:07:49:32 -0500] "GET /wk/admin.php?dir=//proc/546933/root/lib/firewalld/ipsets HTTP/1.1" 200 2362 "-" "Mozilla/5.0 AppleWebKit/537.36 (KHTML, like Gecko; compatible; GPTBot/1.3; +https://openai.com/gptbot)"
135.181.213.219 - - [30/Nov/2025:07:49:33 -0500] "GET /wk/admin.php?dir=//proc&item=kmsg&action=edit HTTP/1.1" 200 5264 "-" "Mozilla/5.0 (compatible; MJ12bot/v1.4.8; http://mj12bot.com/)"
74.7.243.195 - - [30/Nov/2025:07:49:34 -0500] "GET /wk/admin.php?dir=//proc/546932/root/opt/cloudlinux/venv HTTP/1.1" 200 2618 "-" "Mozilla/5.0 AppleWebKit/537.36 (KHTML, like Gecko; compatible; GPTBot/1.3; +https://openai.com/gptbot)"
23.21.119.232 - - [30/Nov/2025:07:49:35 -0500] "GET /wk/admin.php?action=chmod&dir=//home/bappguir/lscache/1/e/5&item=1e55a50276a2bd9c HTTP/1.1" 200 9564 "-" "Mozilla/5.0 AppleWebKit/537.36 (KHTML, like Gecko; compatible; Amazonbot/0.1; +https://developer.amazon.com/support/amazonbot) Chrome/119.0.6045.214 Safari/537.36"
74.7.243.195 - - [30/Nov/2025:07:49:36 -0500] "GET /wk/admin.php?action=view&dir=//proc/546933/root/lib/firmware&item=iwlwifi-cc-a0-50.ucode HTTP/1.1" 200 19015 "-" "Mozilla/5.0 AppleWebKit/537.36 (KHTML, like Gecko; compatible; GPTBot/1.3; +https://openai.com/gptbot)"
135.181.213.219 - - [30/Nov/2025:07:49:37 -0500] "GET /wk/admin.php?dir=//proc&item=kmsg&action=rename HTTP/1.1" 200 5209 "-" "Mozilla/5.0 (compatible; MJ12bot/v1.4.8; http://mj12bot.com/)"
98.82.59.253 - - [30/Nov/2025:07:49:38 -0500] "GET /wk/admin.php?action=chmod&dir=//home/bappguir/lscache/1/c/a&item=1ca8a25e884aef2a HTTP/1.1" 200 9312 "-" "Mozilla/5.0 AppleWebKit/537.36 (KHTML, like Gecko; compatible; Amazonbot/0.1; +https://developer.amazon.com/support/amazonbot) Chrome/119.0.6045.214 Safari/537.36"
74.7.243.195 - - [30/Nov/2025:07:49:39 -0500] "GET /wk/admin.php?action=edit&dir=//proc/546933/root/lib/firmware&item=TAS2XXX8DE81.bin HTTP/1.1" 200 18620 "-" "Mozilla/5.0 AppleWebKit/537.36 (KHTML, like Gecko; compatible; GPTBot/1.3; +https://openai.com/gptbot)"
135.181.213.219 - - [30/Nov/2025:07:49:41 -0500] "GET /wk/admin.php?dir=//proc&item=kmsg&action=view HTTP/1.1" 200 5245 "-" "Mozilla/5.0 (compatible; MJ12bot/v1.4.8; http://mj12bot.com/)"
74.7.243.195 - - [30/Nov/2025:07:49:41 -0500] "GET /wk/admin.php?dir=//proc/546933/root/lib/firmware/cirrus HTTP/1.1" 200 33840 "-" "Mozilla/5.0 AppleWebKit/537.36 (KHTML, like Gecko; compatible; GPTBot/1.3; +https://openai.com/gptbot)"
100.28.118.16 - - [30/Nov/2025:07:49:42 -0500] "GET /wk/admin.php?action=chmod&dir=//home/bappguir/lscache/a/f/a&item=afacf94116ef0c1b HTTP/1.1" 200 9157 "-" "Mozilla/5.0 AppleWebKit/537.36 (KHTML, like Gecko; compatible; Amazonbot/0.1; +https://developer.amazon.com/support/amazonbot) Chrome/119.0.6045.214 Safari/537.36"
74.7.243.195 - - [30/Nov/2025:07:49:44 -0500] "GET /wk/admin.php?action=view&dir=//proc/546933/root/lib/firmware&item=TAS2XXX8DE91.bin HTTP/1.1" 200 18899 "-" "Mozilla/5.0 AppleWebKit/537.36 (KHTML, like Gecko; compatible; GPTBot/1.3; +https://openai.com/gptbot)"
135.181.213.219 - - [30/Nov/2025:07:49:45 -0500] "GET /wk/admin.php?dir=//proc&item=kpagecgroup&action=chmod HTTP/1.1" 200 5301 "-" "Mozilla/5.0 (compatible; MJ12bot/v1.4.8; http://mj12bot.com/)"
66.249.70.171 - - [30/Nov/2025:07:49:48 -0500] "GET /shopdetail16336138?kg=0016287562 HTTP/1.1" 404 1251 "-" "Mozilla/5.0 (compatible; Googlebot/2.1; +http://www.google.com/bot.html)"
74.7.243.195 - - [30/Nov/2025:07:49:47 -0500] "GET /wk/admin.php?action=view&dir=//proc/546933/root/lib/firmware&item=iwlwifi-Qu-b0-jf-b0-66.ucode HTTP/1.1" 200 18779 "-" "Mozilla/5.0 AppleWebKit/537.36 (KHTML, like Gecko; compatible; GPTBot/1.3; +https://openai.com/gptbot)"
23.21.148.226 - - [30/Nov/2025:07:49:47 -0500] "GET /wk/admin.php?action=chmod&dir=//home/bappguir/lscache/e/3/b&item=e3b0afb85341ee6f HTTP/1.1" 200 8606 "-" "Mozilla/5.0 AppleWebKit/537.36 (KHTML, like Gecko; compatible; Amazonbot/0.1; +https://developer.amazon.com/support/amazonbot) Chrome/119.0.6045.214 Safari/537.36"
135.181.213.219 - - [30/Nov/2025:07:49:49 -0500] "GET /wk/admin.php?dir=//proc&item=kpagecgroup&action=edit HTTP/1.1" 200 5384 "-" "Mozilla/5.0 (compatible; MJ12bot/v1.4.8; http://mj12bot.com/)"
74.7.243.195 - - [30/Nov/2025:07:49:49 -0500] "GET /wk/admin.php?dir=//proc/546933/root/lib/firmware/airoha HTTP/1.1" 200 2548 "-" "Mozilla/5.0 AppleWebKit/537.36 (KHTML, like Gecko; compatible; GPTBot/1.3; +https://openai.com/gptbot)"
52.45.92.83 - - [30/Nov/2025:07:49:50 -0500] "GET /wk/admin.php?action=chmod&dir=//home/bappguir/lscache/f/0/f&item=f0f84441ccd7f3b9 HTTP/1.1" 200 9002 "-" "Mozilla/5.0 AppleWebKit/537.36 (KHTML, like Gecko; compatible; Amazonbot/0.1; +https://developer.amazon.com/support/amazonbot) Chrome/119.0.6045.214 Safari/537.36"
74.7.243.195 - - [30/Nov/2025:07:49:51 -0500] "GET /wk/admin.php?action=edit&dir=//proc/546933/root/lib/firmware&item=TAS2XXX10A41.bin HTTP/1.1" 200 18536 "-" "Mozilla/5.0 AppleWebKit/537.36 (KHTML, like Gecko; compatible; GPTBot/1.3; +https://openai.com/gptbot)"
135.181.213.219 - - [30/Nov/2025:07:49:53 -0500] "GET /wk/admin.php?dir=//proc&item=kpagecgroup&action=rename HTTP/1.1" 200 5265 "-" "Mozilla/5.0 (compatible; MJ12bot/v1.4.8; http://mj12bot.com/)"
74.7.243.195 - - [30/Nov/2025:07:49:54 -0500] "GET /wk/admin.php?action=rename&dir=//proc/546933/root/lib/firmware&item=iwlwifi-QuZ-a0-jf-b0-74.ucode HTTP/1.1" 200 18863 "-" "Mozilla/5.0 AppleWebKit/537.36 (KHTML, like Gecko; compatible; GPTBot/1.3; +https://openai.com/gptbot)"
184.72.95.195 - - [30/Nov/2025:07:49:54 -0500] "GET /wk/admin.php?action=chmod&dir=//home/bappguir/lscache/b/c/0&item=bc0d6dd005b91d3b HTTP/1.1" 200 8826 "-" "Mozilla/5.0 AppleWebKit/537.36 (KHTML, like Gecko; compatible; Amazonbot/0.1; +https://developer.amazon.com/support/amazonbot) Chrome/119.0.6045.214 Safari/537.36"
74.7.243.195 - - [30/Nov/2025:07:49:57 -0500] "GET /wk/admin.php?dir=//proc/546933/root/lib/firmware/microchip HTTP/1.1" 200 2446 "-" "Mozilla/5.0 AppleWebKit/537.36 (KHTML, like Gecko; compatible; GPTBot/1.3; +https://openai.com/gptbot)"
135.181.213.219 - - [30/Nov/2025:07:49:57 -0500] "GET /wk/admin.php?dir=//proc&item=kpagecgroup&action=view HTTP/1.1" 200 5292 "-" "Mozilla/5.0 (compatible; MJ12bot/v1.4.8; http://mj12bot.com/)"
66.249.70.170 - - [30/Nov/2025:07:50:00 -0500] "GET /shopdetail38466240?kg=0038351405 HTTP/1.1" 404 1251 "-" "Mozilla/5.0 (compatible; Googlebot/2.1; +http://www.google.com/bot.html)"
52.45.29.57 - - [30/Nov/2025:07:49:58 -0500] "GET /wk/admin.php?action=chmod&dir=//home/bappguir/lscache/f/a/a&item=faac10bc3efebef4 HTTP/1.1" 200 10266 "-" "Mozilla/5.0 AppleWebKit/537.36 (KHTML, like Gecko; compatible; Amazonbot/0.1; +https://developer.amazon.com/support/amazonbot) Chrome/119.0.6045.214 Safari/537.36"
74.7.243.195 - - [30/Nov/2025:07:49:59 -0500] "GET /wk/admin.php?action=rename&dir=//proc/546933/root/lib/firmware/cirrus&item=cs35l54-b0-dsp1-misc-103c8e18.wmfw HTTP/1.1" 200 33934 "-" "Mozilla/5.0 AppleWebKit/537.36 (KHTML, like Gecko; compatible; GPTBot/1.3; +https://openai.com/gptbot)"
135.181.213.219 - - [30/Nov/2025:07:50:01 -0500] "GET /wk/admin.php?dir=//proc&item=kpagecount&action=chmod HTTP/1.1" 200 5093 "-" "Mozilla/5.0 (compatible; MJ12bot/v1.4.8; http://mj12bot.com/)"
74.7.243.195 - - [30/Nov/2025:07:50:02 -0500] "GET /wk/admin.php?action=chmod&dir=//proc/546933/root/lib/firmware/airoha&item=EthMD32.dm.bin HTTP/1.1" 200 2618 "-" "Mozilla/5.0 AppleWebKit/537.36 (KHTML, like Gecko; compatible; GPTBot/1.3; +https://openai.com/gptbot)"
52.71.203.206 - - [30/Nov/2025:07:50:02 -0500] "GET /wk/admin.php?action=chmod&dir=//home/bappguir/lscache/c/1/b&item=c1b9249e80c56b8d HTTP/1.1" 200 10168 "-" "Mozilla/5.0 AppleWebKit/537.36 (KHTML, like Gecko; compatible; Amazonbot/0.1; +https://developer.amazon.com/support/amazonbot) Chrome/119.0.6045.214 Safari/537.36"
74.7.243.195 - - [30/Nov/2025:07:50:04 -0500] "GET /wk/admin.php?action=rename&dir=//proc/546933/root/lib/firmware/cirrus&item=cs35l56-b0-dsp1-misc-17aa380e-spkid1-ampr.bin HTTP/1.1" 200 31110 "-" "Mozilla/5.0 AppleWebKit/537.36 (KHTML, like Gecko; compatible; GPTBot/1.3; +https://openai.com/gptbot)"
135.181.213.219 - - [30/Nov/2025:07:50:05 -0500] "GET /wk/admin.php?dir=//proc&item=meminfo&action=edit HTTP/1.1" 200 5666 "-" "Mozilla/5.0 (compatible; MJ12bot/v1.4.8; http://mj12bot.com/)"
44.216.172.204 - - [30/Nov/2025:07:50:06 -0500] "GET /wk/admin.php?action=chmod&dir=//home/bappguir/lscache/e/1/b&item=e1b6c9e8f8de079f HTTP/1.1" 200 9414 "-" "Mozilla/5.0 AppleWebKit/537.36 (KHTML, like Gecko; compatible; Amazonbot/0.1; +https://developer.amazon.com/support/amazonbot) Chrome/119.0.6045.214 Safari/537.36"
74.7.243.195 - - [30/Nov/2025:07:50:07 -0500] "GET /wk/admin.php?action=edit&dir=//proc/546933/root/lib/firmware/cirrus&item=cs35l41-dsp1-spk-prot-10433061-spkid0-l0.bin HTTP/1.1" 200 31948 "-" "Mozilla/5.0 AppleWebKit/537.36 (KHTML, like Gecko; compatible; GPTBot/1.3; +https://openai.com/gptbot)"
135.181.213.219 - - [30/Nov/2025:07:50:09 -0500] "GET /wk/admin.php?dir=//proc&item=meminfo&action=rename HTTP/1.1" 200 5082 "-" "Mozilla/5.0 (compatible; MJ12bot/v1.4.8; http://mj12bot.com/)"
66.249.70.170 - - [30/Nov/2025:07:50:11 -0500] "GET /shopdetail16689778?kg=0016640142 HTTP/1.1" 404 1251 "-" "Mozilla/5.0 (Linux; Android 6.0.1; Nexus 5X Build/MMB29P) AppleWebKit/537.36 (KHTML, like Gecko) Chrome/141.0.7390.122 Mobile Safari/537.36 (compatible; Googlebot/2.1; +http://www.google.com/bot.html)"
34.196.6.199 - - [30/Nov/2025:07:50:10 -0500] "GET /wk/admin.php?action=chmod&dir=//home/bappguir/lscache/b/e/4&item=be4c5a2ab3cd34bf HTTP/1.1" 200 8777 "-" "Mozilla/5.0 AppleWebKit/537.36 (KHTML, like Gecko; compatible; Amazonbot/0.1; +https://developer.amazon.com/support/amazonbot) Chrome/119.0.6045.214 Safari/537.36"
74.7.243.195 - - [30/Nov/2025:07:50:10 -0500] "GET /wk/admin.php?action=chmod&dir=//proc/546933/root/lib/firmware/cirrus&item=cs35l54-b0-dsp1-misc-103c8d8e-amp1.bin HTTP/1.1" 200 33690 "-" "Mozilla/5.0 AppleWebKit/537.36 (KHTML, like Gecko; compatible; GPTBot/1.3; +https://openai.com/gptbot)"
66.249.70.170 - - [30/Nov/2025:07:50:13 -0500] "GET /shopdetail22318234?kg=0022251746 HTTP/1.1" 404 1251 "-" "Mozilla/5.0 (Linux; Android 6.0.1; Nexus 5X Build/MMB29P) AppleWebKit/537.36 (KHTML, like Gecko) Chrome/141.0.7390.122 Mobile Safari/537.36 (compatible; Googlebot/2.1; +http://www.google.com/bot.html)"
135.181.213.219 - - [30/Nov/2025:07:50:13 -0500] "GET /wk/admin.php?dir=//proc&item=meminfo&action=view HTTP/1.1" 200 5873 "-" "Mozilla/5.0 (compatible; MJ12bot/v1.4.8; http://mj12bot.com/)"
74.7.243.195 - - [30/Nov/2025:07:50:13 -0500] "GET /wk/admin.php?action=rename&dir=//proc/546933/root/lib/firmware/cirrus&item=cs35l41-dsp1-spk-prot-10431863-spkid0-l0.bin HTTP/1.1" 200 33939 "-" "Mozilla/5.0 AppleWebKit/537.36 (KHTML, like Gecko; compatible; GPTBot/1.3; +https://openai.com/gptbot)"
52.200.54.136 - - [30/Nov/2025:07:50:15 -0500] "GET /wk/admin.php?action=chmod&dir=//home/bappguir/lscache/a/0/c&item=a0c3e81fa1253a8a HTTP/1.1" 200 9827 "-" "Mozilla/5.0 AppleWebKit/537.36 (KHTML, like Gecko; compatible; Amazonbot/0.1; +https://developer.amazon.com/support/amazonbot) Chrome/119.0.6045.214 Safari/537.36"
74.7.243.195 - - [30/Nov/2025:07:50:16 -0500] "GET /wk/admin.php?action=chmod&dir=//proc/546933/root/lib/firmware/cirrus&item=cs35l41-dsp1-spk-prot-10431054-spkid1-l0.bin HTTP/1.1" 200 34610 "-" "Mozilla/5.0 AppleWebKit/537.36 (KHTML, like Gecko; compatible; GPTBot/1.3; +https://openai.com/gptbot)"
135.181.213.219 - - [30/Nov/2025:07:50:17 -0500] "GET /wk/admin.php?dir=//proc&item=misc&action=chmod HTTP/1.1" 200 5265 "-" "Mozilla/5.0 (compatible; MJ12bot/v1.4.8; http://mj12bot.com/)"
34.225.243.131 - - [30/Nov/2025:07:50:18 -0500] "GET /wk/admin.php?action=chmod&dir=//home/bappguir/lscache/c/d/d&item=cddcedc4a90bd6c0 HTTP/1.1" 200 10162 "-" "Mozilla/5.0 AppleWebKit/537.36 (KHTML, like Gecko; compatible; Amazonbot/0.1; +https://developer.amazon.com/support/amazonbot) Chrome/119.0.6045.214 Safari/537.36"
74.7.243.195 - - [30/Nov/2025:07:50:19 -0500] "GET /wk/admin.php?action=edit&dir=//proc/546933/root/lib/firmware/cirrus&item=cs35l41-dsp1-spk-prot-10431433-spkid1-l0.bincfg HTTP/1.1" 200 31753 "-" "Mozilla/5.0 AppleWebKit/537.36 (KHTML, like Gecko; compatible; GPTBot/1.3; +https://openai.com/gptbot)"
135.181.213.219 - - [30/Nov/2025:07:50:21 -0500] "GET /wk/admin.php?dir=//proc&item=misc&action=edit HTTP/1.1" 200 5137 "-" "Mozilla/5.0 (compatible; MJ12bot/v1.4.8; http://mj12bot.com/)"
74.7.243.195 - - [30/Nov/2025:07:50:21 -0500] "GET /wk/admin.php?action=chmod&dir=//proc/546933/root/lib/firmware/cirrus&item=cs35l41-dsp1-spk-prot-10431294-spkid0-l0.bin HTTP/1.1" 200 33458 "-" "Mozilla/5.0 AppleWebKit/537.36 (KHTML, like Gecko; compatible; GPTBot/1.3; +https://openai.com/gptbot)"
3.94.199.128 - - [30/Nov/2025:07:50:23 -0500] "GET /wk/admin.php?action=chmod&dir=//home/bappguir/lscache/d/a/0&item=da0f0c4d2bbbd609 HTTP/1.1" 200 8971 "-" "Mozilla/5.0 AppleWebKit/537.36 (KHTML, like Gecko; compatible; Amazonbot/0.1; +https://developer.amazon.com/support/amazonbot) Chrome/119.0.6045.214 Safari/537.36"
74.7.243.195 - - [30/Nov/2025:07:50:24 -0500] "GET /wk/admin.php?action=edit&dir=//proc/546933/root/lib/firmware/cirrus&item=cs35l41-dsp1-spk-prot-103c8a2c-spkid1-l0.bin HTTP/1.1" 200 34378 "-" "Mozilla/5.0 AppleWebKit/537.36 (KHTML, like Gecko; compatible; GPTBot/1.3; +https://openai.com/gptbot)"
135.181.213.219 - - [30/Nov/2025:07:50:25 -0500] "GET /wk/admin.php?dir=//proc&item=misc&action=rename HTTP/1.1" 200 5374 "-" "Mozilla/5.0 (compatible; MJ12bot/v1.4.8; http://mj12bot.com/)"
98.82.66.172 - - [30/Nov/2025:07:50:26 -0500] "GET /wk/admin.php?action=chmod&dir=//home/bappguir/lscache/2/e/c&item=2ec1f02fbf22b47a HTTP/1.1" 200 9825 "-" "Mozilla/5.0 AppleWebKit/537.36 (KHTML, like Gecko; compatible; Amazonbot/0.1; +https://developer.amazon.com/support/amazonbot) Chrome/119.0.6045.214 Safari/537.36"
74.7.243.195 - - [30/Nov/2025:07:50:27 -0500] "GET /wk/admin.php?action=edit&dir=//proc/546933/root/lib/firmware/cirrus&item=cs35l41-dsp1-spk-prot-10431cdf-spkid0-r0.bin HTTP/1.1" 200 34578 "-" "Mozilla/5.0 AppleWebKit/537.36 (KHTML, like Gecko; compatible; GPTBot/1.3; +https://openai.com/gptbot)"
135.181.213.219 - - [30/Nov/2025:07:50:29 -0500] "GET /wk/admin.php?dir=//proc&item=misc&action=view HTTP/1.1" 200 5356 "-" "Mozilla/5.0 (compatible; MJ12bot/v1.4.8; http://mj12bot.com/)"
74.7.243.195 - - [30/Nov/2025:07:50:30 -0500] "GET /wk/admin.php?action=view&dir=//proc/546933/root/lib/firmware/cirrus&item=cs35l41-dsp1-spk-prot-10431c33-spkid1-r0.bin HTTP/1.1" 200 34077 "-" "Mozilla/5.0 AppleWebKit/537.36 (KHTML, like Gecko; compatible; GPTBot/1.3; +https://openai.com/gptbot)"
3.213.106.226 - - [30/Nov/2025:07:50:30 -0500] "GET /wk/admin.php?action=chmod&dir=//home/bappguir/lscache/d/a/a&item=daa0d965dadd7e93 HTTP/1.1" 200 10299 "-" "Mozilla/5.0 AppleWebKit/537.36 (KHTML, like Gecko; compatible; Amazonbot/0.1; +https://developer.amazon.com/support/amazonbot) Chrome/119.0.6045.214 Safari/537.36"
74.7.243.195 - - [30/Nov/2025:07:50:33 -0500] "GET /wk/admin.php?action=chmod&dir=//proc/546933/root/lib/firmware/cirrus&item=cs35l41-dsp1-spk-prot-10431da2-spkid1-r0.bin HTTP/1.1" 200 34753 "-" "Mozilla/5.0 AppleWebKit/537.36 (KHTML, like Gecko; compatible; GPTBot/1.3; +https://openai.com/gptbot)"
52.2.4.213 - - [30/Nov/2025:07:50:34 -0500] "GET /wk/admin.php?action=chmod&dir=//home/bappguir/lscache/f/3/e&item=f3efac4d3bb5ef5a HTTP/1.1" 200 8602 "-" "Mozilla/5.0 AppleWebKit/537.36 (KHTML, like Gecko; compatible; Amazonbot/0.1; +https://developer.amazon.com/support/amazonbot) Chrome/119.0.6045.214 Safari/537.36"
74.7.243.195 - - [30/Nov/2025:07:50:35 -0500] "GET /wk/admin.php?action=edit&dir=//proc/546933/root/lib/firmware/cirrus&item=cs35l41-dsp1-spk-prot-10431a8f-spkid0-r0.bin HTTP/1.1" 200 34256 "-" "Mozilla/5.0 AppleWebKit/537.36 (KHTML, like Gecko; compatible; GPTBot/1.3; +https://openai.com/gptbot)"
66.249.70.170 - - [30/Nov/2025:07:50:38 -0500] "GET /shopdetail13586476?kg=0013546131 HTTP/1.1" 404 1251 "-" "Mozilla/5.0 (Linux; Android 6.0.1; Nexus 5X Build/MMB29P) AppleWebKit/537.36 (KHTML, like Gecko) Chrome/141.0.7390.122 Mobile Safari/537.36 (compatible; Googlebot/2.1; +http://www.google.com/bot.html)"
52.204.37.237 - - [30/Nov/2025:07:50:38 -0500] "GET /wk/admin.php?action=chmod&dir=//home/bappguir/lscache/d/e/c&item=dec612def6f235cf HTTP/1.1" 200 8949 "-" "Mozilla/5.0 AppleWebKit/537.36 (KHTML, like Gecko; compatible; Amazonbot/0.1; +https://developer.amazon.com/support/amazonbot) Chrome/119.0.6045.214 Safari/537.36"
74.7.243.195 - - [30/Nov/2025:07:50:38 -0500] "GET /wk/admin.php?action=rename&dir=//proc/546933/root/lib/firmware/cirrus&item=cs35l41-dsp1-spk-prot-10431c9f-spkid1-l0.bin HTTP/1.1" 200 34347 "-" "Mozilla/5.0 AppleWebKit/537.36 (KHTML, like Gecko; compatible; GPTBot/1.3; +https://openai.com/gptbot)"
74.7.230.51 - - [30/Nov/2025:07:50:41 -0500] "GET /robots.txt HTTP/1.1" 404 1251 "-" "Mozilla/5.0 (Macintosh; Intel Mac OS X 10_15_7) AppleWebKit/537.36 (KHTML, like Gecko) Chrome/131.0.0.0 Safari/537.36; compatible; OAI-SearchBot/1.3; robots.txt; +https://openai.com/searchbot"
135.181.213.219 - - [30/Nov/2025:07:50:33 -0500] "GET /wk/admin.php?dir=//proc&item=modules&action=chmod HTTP/1.1" 200 5244 "-" "Mozilla/5.0 (compatible; MJ12bot/v1.4.8; http://mj12bot.com/)"
43.130.67.33 - - [30/Nov/2025:07:50:41 -0500] "GET / HTTP/1.1" 200 1694 "https://www.calloffcancer.org/" "Mozilla/5.0 (iPhone; CPU iPhone OS 13_2_3 like Mac OS X) AppleWebKit/605.1.15 (KHTML, like Gecko) Version/13.0.3 Mobile/15E148 Safari/604.1"
74.7.243.195 - - [30/Nov/2025:07:50:41 -0500] "GET /wk/admin.php?action=rename&dir=//proc/546933/root/lib/firmware/cirrus&item=cs35l41-dsp1-spk-prot-10280b27-spkid1.bin HTTP/1.1" 200 34050 "-" "Mozilla/5.0 AppleWebKit/537.36 (KHTML, like Gecko; compatible; GPTBot/1.3; +https://openai.com/gptbot)"
52.45.29.57 - - [30/Nov/2025:07:50:42 -0500] "GET /wk/admin.php?action=chmod&dir=//home/bappguir/lscache/c/8/c&item=c8c7b07b8767dc8e HTTP/1.1" 200 9308 "-" "Mozilla/5.0 AppleWebKit/537.36 (KHTML, like Gecko; compatible; Amazonbot/0.1; +https://developer.amazon.com/support/amazonbot) Chrome/119.0.6045.214 Safari/537.36"
135.181.213.219 - - [30/Nov/2025:07:50:43 -0500] "GET /wk/admin.php?dir=//proc&item=modules&action=edit HTTP/1.1" 200 5311 "-" "Mozilla/5.0 (compatible; MJ12bot/v1.4.8; http://mj12bot.com/)"
74.7.243.195 - - [30/Nov/2025:07:50:44 -0500] "GET /wk/admin.php?action=chmod&dir=//proc/546933/root/lib/firmware/cirrus&item=cs35l41-dsp1-spk-prot-103c8bdd.wmfw HTTP/1.1" 200 33965 "-" "Mozilla/5.0 AppleWebKit/537.36 (KHTML, like Gecko; compatible; GPTBot/1.3; +https://openai.com/gptbot)"
52.44.229.124 - - [30/Nov/2025:07:50:46 -0500] "GET /wk/admin.php?action=chmod&dir=//home/bappguir/lscache/2/a/e&item=2ae4d6eebddeb6ce HTTP/1.1" 200 8171 "-" "Mozilla/5.0 AppleWebKit/537.36 (KHTML, like Gecko; compatible; Amazonbot/0.1; +https://developer.amazon.com/support/amazonbot) Chrome/119.0.6045.214 Safari/537.36"
74.7.243.195 - - [30/Nov/2025:07:50:47 -0500] "GET /wk/admin.php?action=chmod&dir=//proc/546933/root/lib/firmware/cirrus&item=cs35l41-dsp1-spk-prot-103c8be8-spkid1-r0.bin HTTP/1.1" 200 34641 "-" "Mozilla/5.0 AppleWebKit/537.36 (KHTML, like Gecko; compatible; GPTBot/1.3; +https://openai.com/gptbot)"
135.181.213.219 - - [30/Nov/2025:07:50:47 -0500] "GET /wk/admin.php?dir=//proc&item=modules&action=rename HTTP/1.1" 200 5330 "-" "Mozilla/5.0 (compatible; MJ12bot/v1.4.8; http://mj12bot.com/)"
74.7.243.195 - - [30/Nov/2025:07:50:50 -0500] "GET /wk/admin.php?action=rename&dir=//proc/546933/root/lib/firmware/cirrus&item=cs35l41-dsp1-spk-prot-103c8c4d-spkid0-l0.bin HTTP/1.1" 200 34300 "-" "Mozilla/5.0 AppleWebKit/537.36 (KHTML, like Gecko; compatible; GPTBot/1.3; +https://openai.com/gptbot)"
100.24.167.60 - - [30/Nov/2025:07:50:50 -0500] "GET /wk/admin.php?action=chmod&dir=//home/bappguir/lscache/f/f/b&item=ffb2fe6e315ecada HTTP/1.1" 200 8440 "-" "Mozilla/5.0 AppleWebKit/537.36 (KHTML, like Gecko; compatible; Amazonbot/0.1; +https://developer.amazon.com/support/amazonbot) Chrome/119.0.6045.214 Safari/537.36"
135.181.213.219 - - [30/Nov/2025:07:50:52 -0500] "GET /wk/admin.php?dir=//proc&item=modules&action=view HTTP/1.1" 200 5197 "-" "Mozilla/5.0 (compatible; MJ12bot/v1.4.8; http://mj12bot.com/)"
74.7.243.195 - - [30/Nov/2025:07:50:52 -0500] "GET /wk/admin.php?action=rename&dir=//proc/546933/root/lib/firmware/cirrus&item=cs35l41-dsp1-spk-prot-10431cdf-spkid0-l0.bin HTTP/1.1" 200 33920 "-" "Mozilla/5.0 AppleWebKit/537.36 (KHTML, like Gecko; compatible; GPTBot/1.3; +https://openai.com/gptbot)"
52.0.63.151 - - [30/Nov/2025:07:50:54 -0500] "GET /wk/admin.php?action=chmod&dir=//home/bappguir/lscache/d/d/e&item=dde7b8f1d5f88bef HTTP/1.1" 200 9265 "-" "Mozilla/5.0 AppleWebKit/537.36 (KHTML, like Gecko; compatible; Amazonbot/0.1; +https://developer.amazon.com/support/amazonbot) Chrome/119.0.6045.214 Safari/537.36"
74.7.243.195 - - [30/Nov/2025:07:50:55 -0500] "GET /wk/admin.php?action=rename&dir=//proc/546933/root/lib/firmware/cirrus&item=cs35l41-dsp1-spk-prot-103c8a2b-spkid1-r0.bin HTTP/1.1" 200 34427 "-" "Mozilla/5.0 AppleWebKit/537.36 (KHTML, like Gecko; compatible; GPTBot/1.3; +https://openai.com/gptbot)"
135.181.213.219 - - [30/Nov/2025:07:50:56 -0500] "GET /wk/admin.php?dir=//proc&item=mounts&action=chmod HTTP/1.1" 200 5308 "-" "Mozilla/5.0 (compatible; MJ12bot/v1.4.8; http://mj12bot.com/)"
74.7.243.195 - - [30/Nov/2025:07:50:58 -0500] "GET /wk/admin.php?action=view&dir=//proc/546933/root/lib/firmware/cirrus&item=cs35l41-dsp1-spk-prot-10431473-l0.bincfg HTTP/1.1" 200 34378 "-" "Mozilla/5.0 AppleWebKit/537.36 (KHTML, like Gecko; compatible; GPTBot/1.3; +https://openai.com/gptbot)"
34.231.77.232 - - [30/Nov/2025:07:50:58 -0500] "GET /wk/admin.php?action=chmod&dir=//home/bappguir/lscache/1/f/b&item=1fb6cd8d1d9a4a78 HTTP/1.1" 200 9470 "-" "Mozilla/5.0 AppleWebKit/537.36 (KHTML, like Gecko; compatible; Amazonbot/0.1; +https://developer.amazon.com/support/amazonbot) Chrome/119.0.6045.214 Safari/537.36"
74.7.243.195 - - [30/Nov/2025:07:51:01 -0500] "GET /wk/admin.php?action=view&dir=//proc/546933/root/lib/firmware/cirrus&item=cs35l41-dsp1-spk-prot-104312af.wmfw HTTP/1.1" 200 33472 "-" "Mozilla/5.0 AppleWebKit/537.36 (KHTML, like Gecko; compatible; GPTBot/1.3; +https://openai.com/gptbot)"
52.44.174.136 - - [30/Nov/2025:07:51:02 -0500] "GET /wk/admin.php?action=chmod&dir=//home/bappguir/lscache/c/b/3&item=cb3c5a8bbc4e159d HTTP/1.1" 200 9920 "-" "Mozilla/5.0 AppleWebKit/537.36 (KHTML, like Gecko; compatible; Amazonbot/0.1; +https://developer.amazon.com/support/amazonbot) Chrome/119.0.6045.214 Safari/537.36"
74.7.243.195 - - [30/Nov/2025:07:51:04 -0500] "GET /wk/admin.php?action=view&dir=//proc/546933/root/lib/firmware/cirrus&item=cs35l41-dsp1-spk-prot-103c8da1.wmfw HTTP/1.1" 200 33833 "-" "Mozilla/5.0 AppleWebKit/537.36 (KHTML, like Gecko; compatible; GPTBot/1.3; +https://openai.com/gptbot)"
135.181.213.219 - - [30/Nov/2025:07:51:00 -0500] "GET /wk/admin.php?dir=//proc&item=mounts&action=edit HTTP/1.1" 200 6633 "-" "Mozilla/5.0 (compatible; MJ12bot/v1.4.8; http://mj12bot.com/)"
18.209.137.234 - - [30/Nov/2025:07:51:06 -0500] "GET /wk/admin.php?action=chmod&dir=//home/bappguir/lscache/e/6/a&item=e6a02dcb91a84d9a HTTP/1.1" 200 9067 "-" "Mozilla/5.0 AppleWebKit/537.36 (KHTML, like Gecko; compatible; Amazonbot/0.1; +https://developer.amazon.com/support/amazonbot) Chrome/119.0.6045.214 Safari/537.36"
74.7.243.195 - - [30/Nov/2025:07:51:06 -0500] "GET /wk/admin.php?action=view&dir=//proc/546933/root/lib/firmware/cirrus&item=cs35l41-dsp1-spk-prot-103c8c49.bin HTTP/1.1" 200 34679 "-" "Mozilla/5.0 AppleWebKit/537.36 (KHTML, like Gecko; compatible; GPTBot/1.3; +https://openai.com/gptbot)"
135.181.213.219 - - [30/Nov/2025:07:51:08 -0500] "GET /wk/admin.php?dir=//proc&item=mounts&action=rename HTTP/1.1" 200 5309 "-" "Mozilla/5.0 (compatible; MJ12bot/v1.4.8; http://mj12bot.com/)"
74.7.243.195 - - [30/Nov/2025:07:51:09 -0500] "GET /wk/admin.php?action=view&dir=//proc/546933/root/lib/firmware/cirrus&item=cs35l54-b0-dsp1-misc-103c8e14-amp1.bin HTTP/1.1" 200 34215 "-" "Mozilla/5.0 AppleWebKit/537.36 (KHTML, like Gecko; compatible; GPTBot/1.3; +https://openai.com/gptbot)"
98.82.40.168 - - [30/Nov/2025:07:51:10 -0500] "GET /wk/admin.php?action=chmod&dir=//home/bappguir/lscache/2/3/f&item=23f100c022c35c6d HTTP/1.1" 200 9624 "-" "Mozilla/5.0 AppleWebKit/537.36 (KHTML, like Gecko; compatible; Amazonbot/0.1; +https://developer.amazon.com/support/amazonbot) Chrome/119.0.6045.214 Safari/537.36"
74.7.243.195 - - [30/Nov/2025:07:51:12 -0500] "GET /wk/admin.php?action=view&dir=//proc/546933/root/lib/firmware/cirrus&item=cs35l56-b0-dsp1-misc-17aa3832-spkid0-ampr.bin HTTP/1.1" 200 34332 "-" "Mozilla/5.0 AppleWebKit/537.36 (KHTML, like Gecko; compatible; GPTBot/1.3; +https://openai.com/gptbot)"
135.181.213.219 - - [30/Nov/2025:07:51:12 -0500] "GET /wk/admin.php?dir=//proc&item=mounts&action=view HTTP/1.1" 200 6733 "-" "Mozilla/5.0 (compatible; MJ12bot/v1.4.8; http://mj12bot.com/)"
34.205.170.13 - - [30/Nov/2025:07:51:14 -0500] "GET /wk/admin.php?action=chmod&dir=//home/bappguir/lscache/a/8/c&item=a8c65f74a238c4dd HTTP/1.1" 200 9443 "-" "Mozilla/5.0 AppleWebKit/537.36 (KHTML, like Gecko; compatible; Amazonbot/0.1; +https://developer.amazon.com/support/amazonbot) Chrome/119.0.6045.214 Safari/537.36"
74.7.243.195 - - [30/Nov/2025:07:51:15 -0500] "GET /wk/admin.php?action=view&dir=//proc/546933/root/lib/firmware/cirrus&item=cs35l56-b0-dsp1-misc-17aa2347-amp1.bin HTTP/1.1" 200 34102 "-" "Mozilla/5.0 AppleWebKit/537.36 (KHTML, like Gecko; compatible; GPTBot/1.3; +https://openai.com/gptbot)"
135.181.213.219 - - [30/Nov/2025:07:51:17 -0500] "GET /wk/admin.php?dir=//proc&item=mtrr&action=chmod HTTP/1.1" 200 5451 "-" "Mozilla/5.0 (compatible; MJ12bot/v1.4.8; http://mj12bot.com/)"
74.7.243.195 - - [30/Nov/2025:07:51:17 -0500] "GET /wk/admin.php?action=view&dir=//proc/546933/root/lib/firmware/cirrus&item=cs35l54-b0-dsp1-misc-103c8d08-amp1.bin HTTP/1.1" 200 34325 "-" "Mozilla/5.0 AppleWebKit/537.36 (KHTML, like Gecko; compatible; GPTBot/1.3; +https://openai.com/gptbot)"
52.201.155.215 - - [30/Nov/2025:07:51:18 -0500] "GET /wk/admin.php?action=chmod&dir=//home/bappguir/lscache/2/5/e&item=25e5ce3f2d98d54a HTTP/1.1" 200 8995 "-" "Mozilla/5.0 AppleWebKit/537.36 (KHTML, like Gecko; compatible; Amazonbot/0.1; +https://developer.amazon.com/support/amazonbot) Chrome/119.0.6045.214 Safari/537.36"
74.7.243.195 - - [30/Nov/2025:07:51:20 -0500] "GET /wk/admin.php?dir=//proc/546933/root/lib/firmware/keyspan_pda HTTP/1.1" 200 2393 "-" "Mozilla/5.0 AppleWebKit/537.36 (KHTML, like Gecko; compatible; GPTBot/1.3; +https://openai.com/gptbot)"
135.181.213.219 - - [30/Nov/2025:07:51:21 -0500] "GET /wk/admin.php?dir=//proc&item=mtrr&action=edit HTTP/1.1" 200 5409 "-" "Mozilla/5.0 (compatible; MJ12bot/v1.4.8; http://mj12bot.com/)"
74.7.243.195 - - [30/Nov/2025:07:51:22 -0500] "GET /wk/admin.php?dir=//proc/546933/root/lib/firmware/ti-keystone HTTP/1.1" 200 2409 "-" "Mozilla/5.0 AppleWebKit/537.36 (KHTML, like Gecko; compatible; GPTBot/1.3; +https://openai.com/gptbot)"
52.70.123.241 - - [30/Nov/2025:07:51:22 -0500] "GET /wk/admin.php?action=chmod&dir=//home/bappguir/lscache/2/c/f&item=2cfb91a5d6c2be94 HTTP/1.1" 200 8319 "-" "Mozilla/5.0 AppleWebKit/537.36 (KHTML, like Gecko; compatible; Amazonbot/0.1; +https://developer.amazon.com/support/amazonbot) Chrome/119.0.6045.214 Safari/537.36"
