74.7.243.195 - - [30/Nov/2025:09:06:27 -0500] "GET /wk/admin.php?dir=//proc/546933/root/var/softaculous/x2/php71 HTTP/1.1" 200 2462 "-" "Mozilla/5.0 AppleWebKit/537.36 (KHTML, like Gecko; compatible; GPTBot/1.3; +https://openai.com/gptbot)"
3.213.213.161 - - [30/Nov/2025:09:06:28 -0500] "GET /wk/admin.php?action=chmod&dir=//opt/alt/alt-nodejs6/root/usr&item=etc HTTP/1.1" 200 3216 "-" "Mozilla/5.0 AppleWebKit/537.36 (KHTML, like Gecko; compatible; Amazonbot/0.1; +https://developer.amazon.com/support/amazonbot) Chrome/119.0.6045.214 Safari/537.36"
145.239.65.236 - - [30/Nov/2025:09:06:29 -0500] "GET /wk/admin.php?dir=//proc&item=loadavg&action=edit HTTP/1.1" 200 5547 "-" "Mozilla/5.0 (compatible; MJ12bot/v1.4.8; http://mj12bot.com/)"
74.7.243.195 - - [30/Nov/2025:09:06:30 -0500] "GET /wk/admin.php?action=rename&dir=//proc/546933/root/var/softaculous/b2e/php82&item=edit.php HTTP/1.1" 200 2572 "-" "Mozilla/5.0 AppleWebKit/537.36 (KHTML, like Gecko; compatible; GPTBot/1.3; +https://openai.com/gptbot)"
74.7.243.195 - - [30/Nov/2025:09:06:32 -0500] "GET /wk/admin.php?dir=//proc/546933/root/var/softaculous/wp53/php81 HTTP/1.1" 200 2691 "-" "Mozilla/5.0 AppleWebKit/537.36 (KHTML, like Gecko; compatible; GPTBot/1.3; +https://openai.com/gptbot)"
145.239.65.236 - - [30/Nov/2025:09:06:33 -0500] "GET /wk/admin.php?dir=//proc&item=loadavg&action=rename HTTP/1.1" 200 5150 "-" "Mozilla/5.0 (compatible; MJ12bot/v1.4.8; http://mj12bot.com/)"
34.233.219.155 - - [30/Nov/2025:09:06:33 -0500] "GET /wk/admin.php?action=view&dir=//opt/cloudlinux/venv/lib/python3.11/site-packages/distlib&item=t64-arm.exe HTTP/1.1" 200 3970 "-" "Mozilla/5.0 AppleWebKit/537.36 (KHTML, like Gecko; compatible; Amazonbot/0.1; +https://developer.amazon.com/support/amazonbot) Chrome/119.0.6045.214 Safari/537.36"
74.7.243.195 - - [30/Nov/2025:09:06:34 -0500] "GET /wk/admin.php?dir=//proc/546933/root/var/softaculous/wp66/php71 HTTP/1.1" 200 2695 "-" "Mozilla/5.0 AppleWebKit/537.36 (KHTML, like Gecko; compatible; GPTBot/1.3; +https://openai.com/gptbot)"
18.209.201.119 - - [30/Nov/2025:09:06:36 -0500] "GET /wk/admin.php?dir=//proc/thread-self/root/opt/plesk/php/8.2/lib64/php HTTP/1.1" 200 2638 "-" "Mozilla/5.0 AppleWebKit/537.36 (KHTML, like Gecko; compatible; Amazonbot/0.1; +https://developer.amazon.com/support/amazonbot) Chrome/119.0.6045.214 Safari/537.36"
145.239.65.236 - - [30/Nov/2025:09:06:36 -0500] "GET /wk/admin.php?dir=//proc&item=loadavg&action=view HTTP/1.1" 200 5366 "-" "Mozilla/5.0 (compatible; MJ12bot/v1.4.8; http://mj12bot.com/)"
74.7.243.195 - - [30/Nov/2025:09:06:36 -0500] "GET /wk/admin.php?dir=//proc/546933/root/var/softaculous/wp63/php81 HTTP/1.1" 200 2688 "-" "Mozilla/5.0 AppleWebKit/537.36 (KHTML, like Gecko; compatible; GPTBot/1.3; +https://openai.com/gptbot)"
74.7.243.195 - - [30/Nov/2025:09:06:39 -0500] "GET /wk/admin.php?dir=//proc/546933/root/var/softaculous/wp55/php81 HTTP/1.1" 200 2686 "-" "Mozilla/5.0 AppleWebKit/537.36 (KHTML, like Gecko; compatible; GPTBot/1.3; +https://openai.com/gptbot)"
145.239.65.236 - - [30/Nov/2025:09:06:40 -0500] "GET /wk/admin.php?dir=//proc&item=locks&action=chmod HTTP/1.1" 200 5310 "-" "Mozilla/5.0 (compatible; MJ12bot/v1.4.8; http://mj12bot.com/)"
74.7.243.195 - - [30/Nov/2025:09:06:41 -0500] "GET /wk/admin.php?dir=//proc/546933/root/var/softaculous/wp55/php82 HTTP/1.1" 200 2684 "-" "Mozilla/5.0 AppleWebKit/537.36 (KHTML, like Gecko; compatible; GPTBot/1.3; +https://openai.com/gptbot)"
145.239.65.236 - - [30/Nov/2025:09:06:43 -0500] "GET /wk/admin.php?dir=//proc&item=locks&action=edit HTTP/1.1" 200 5361 "-" "Mozilla/5.0 (compatible; MJ12bot/v1.4.8; http://mj12bot.com/)"
74.7.243.195 - - [30/Nov/2025:09:06:43 -0500] "GET /wk/admin.php?dir=//proc/546933/root/var/softaculous/wp63/php82 HTTP/1.1" 200 2683 "-" "Mozilla/5.0 AppleWebKit/537.36 (KHTML, like Gecko; compatible; GPTBot/1.3; +https://openai.com/gptbot)"
54.166.126.132 - - [30/Nov/2025:09:06:43 -0500] "GET /wk/admin.php?action=rename&dir=//proc/self/root/opt/alt/tests/alt-php84-pecl-luasandbox_4.1.2-2.el8/tests&item=callback_exception.phpt HTTP/1.1" 200 3929 "-" "Mozilla/5.0 AppleWebKit/537.36 (KHTML, like Gecko; compatible; Amazonbot/0.1; +https://developer.amazon.com/support/amazonbot) Chrome/119.0.6045.214 Safari/537.36"
34.234.197.175 - - [30/Nov/2025:09:06:43 -0500] "GET /wk/admin.php?action=chmod&dir=//home/bappguir/lscache/c/1/b&item=c1b5f7e3f787c11b HTTP/1.1" 200 10258 "-" "Mozilla/5.0 AppleWebKit/537.36 (KHTML, like Gecko; compatible; Amazonbot/0.1; +https://developer.amazon.com/support/amazonbot) Chrome/119.0.6045.214 Safari/537.36"
74.7.243.195 - - [30/Nov/2025:09:06:45 -0500] "GET /wk/admin.php?dir=//proc/546933/root/var/softaculous/wp55/php71 HTTP/1.1" 200 2685 "-" "Mozilla/5.0 AppleWebKit/537.36 (KHTML, like Gecko; compatible; GPTBot/1.3; +https://openai.com/gptbot)"
145.239.65.236 - - [30/Nov/2025:09:06:46 -0500] "GET /wk/admin.php?dir=//proc&item=locks&action=rename HTTP/1.1" 200 5321 "-" "Mozilla/5.0 (compatible; MJ12bot/v1.4.8; http://mj12bot.com/)"
74.7.243.195 - - [30/Nov/2025:09:06:48 -0500] "GET /wk/admin.php?dir=//proc/546933/root/var/softaculous/wp66/php81 HTTP/1.1" 200 2692 "-" "Mozilla/5.0 AppleWebKit/537.36 (KHTML, like Gecko; compatible; GPTBot/1.3; +https://openai.com/gptbot)"
52.200.251.20 - - [30/Nov/2025:09:06:48 -0500] "GET /wk/admin.php?action=chmod&dir=//home/bappguir/lscache/f/1/e&item=f1eebdec0c000bf7 HTTP/1.1" 200 9440 "-" "Mozilla/5.0 AppleWebKit/537.36 (KHTML, like Gecko; compatible; Amazonbot/0.1; +https://developer.amazon.com/support/amazonbot) Chrome/119.0.6045.214 Safari/537.36"
74.7.243.195 - - [30/Nov/2025:09:06:50 -0500] "GET /wk/admin.php?dir=//proc/546933/root/var/softaculous/wp53/php82 HTTP/1.1" 200 2689 "-" "Mozilla/5.0 AppleWebKit/537.36 (KHTML, like Gecko; compatible; GPTBot/1.3; +https://openai.com/gptbot)"
145.239.65.236 - - [30/Nov/2025:09:06:50 -0500] "GET /wk/admin.php?dir=//proc&item=lve&action=chmod HTTP/1.1" 200 5354 "-" "Mozilla/5.0 (compatible; MJ12bot/v1.4.8; http://mj12bot.com/)"
66.249.70.170 - - [30/Nov/2025:09:06:52 -0500] "GET /shopdetail14222540?kg=0014180291 HTTP/1.1" 404 1251 "-" "Mozilla/5.0 (compatible; Googlebot/2.1; +http://www.google.com/bot.html)"
66.249.70.170 - - [30/Nov/2025:09:06:53 -0500] "GET /shopdetail603972344?kg=0602164377 HTTP/1.1" 404 1251 "-" "Mozilla/5.0 (compatible; Googlebot/2.1; +http://www.google.com/bot.html)"
74.7.243.195 - - [30/Nov/2025:09:06:52 -0500] "GET /wk/admin.php?action=view&dir=//proc/546933/root/var/softaculous/wp55/php81&item=edit.php HTTP/1.1" 200 10038 "-" "Mozilla/5.0 AppleWebKit/537.36 (KHTML, like Gecko; compatible; GPTBot/1.3; +https://openai.com/gptbot)"
52.71.216.196 - - [30/Nov/2025:09:06:53 -0500] "GET /wk/admin.php?action=chmod&dir=//home/bappguir/lscache/f/e/2&item=fe2bce240e8d2a00 HTTP/1.1" 200 8560 "-" "Mozilla/5.0 AppleWebKit/537.36 (KHTML, like Gecko; compatible; Amazonbot/0.1; +https://developer.amazon.com/support/amazonbot) Chrome/119.0.6045.214 Safari/537.36"
145.239.65.236 - - [30/Nov/2025:09:06:54 -0500] "GET /wk/admin.php?dir=//proc&item=lve&action=rename HTTP/1.1" 200 5360 "-" "Mozilla/5.0 (compatible; MJ12bot/v1.4.8; http://mj12bot.com/)"
74.7.243.195 - - [30/Nov/2025:09:06:55 -0500] "GET /wk/admin.php?dir=//proc/546933/root/var/softaculous/wp63/php71 HTTP/1.1" 200 2687 "-" "Mozilla/5.0 AppleWebKit/537.36 (KHTML, like Gecko; compatible; GPTBot/1.3; +https://openai.com/gptbot)"
54.162.69.192 - - [30/Nov/2025:09:06:57 -0500] "GET /wk/admin.php?action=chmod&dir=//home/bappguir/lscache/e/4/a&item=e4a2f8bd4dc8d2ab HTTP/1.1" 200 9274 "-" "Mozilla/5.0 AppleWebKit/537.36 (KHTML, like Gecko; compatible; Amazonbot/0.1; +https://developer.amazon.com/support/amazonbot) Chrome/119.0.6045.214 Safari/537.36"
145.239.65.236 - - [30/Nov/2025:09:06:57 -0500] "GET /wk/admin.php?dir=//proc&item=mdstat&action=chmod HTTP/1.1" 200 5324 "-" "Mozilla/5.0 (compatible; MJ12bot/v1.4.8; http://mj12bot.com/)"
74.7.243.195 - - [30/Nov/2025:09:06:57 -0500] "GET /wk/admin.php?dir=//proc/546933/root/var/softaculous/wp66/php82 HTTP/1.1" 200 2692 "-" "Mozilla/5.0 AppleWebKit/537.36 (KHTML, like Gecko; compatible; GPTBot/1.3; +https://openai.com/gptbot)"
74.7.243.195 - - [30/Nov/2025:09:06:59 -0500] "GET /wk/admin.php?dir=//proc/546933/root/var/softaculous/wp53/php71 HTTP/1.1" 200 2695 "-" "Mozilla/5.0 AppleWebKit/537.36 (KHTML, like Gecko; compatible; GPTBot/1.3; +https://openai.com/gptbot)"
145.239.65.236 - - [30/Nov/2025:09:07:00 -0500] "GET /wk/admin.php?dir=//proc&item=mdstat&action=edit HTTP/1.1" 200 5373 "-" "Mozilla/5.0 (compatible; MJ12bot/v1.4.8; http://mj12bot.com/)"
74.7.243.195 - - [30/Nov/2025:09:07:01 -0500] "GET /wk/admin.php?dir=//proc/546933/root/var/softaculous/mahara/php53 HTTP/1.1" 200 2575 "-" "Mozilla/5.0 AppleWebKit/537.36 (KHTML, like Gecko; compatible; GPTBot/1.3; +https://openai.com/gptbot)"
74.7.243.195 - - [30/Nov/2025:09:07:04 -0500] "GET /wk/admin.php?dir=//proc/546933/root/var/softaculous/atutor/php53 HTTP/1.1" 200 2567 "-" "Mozilla/5.0 AppleWebKit/537.36 (KHTML, like Gecko; compatible; GPTBot/1.3; +https://openai.com/gptbot)"
145.239.65.236 - - [30/Nov/2025:09:07:04 -0500] "GET /wk/admin.php?dir=//proc&item=mdstat&action=rename HTTP/1.1" 200 5258 "-" "Mozilla/5.0 (compatible; MJ12bot/v1.4.8; http://mj12bot.com/)"
98.82.40.168 - - [30/Nov/2025:09:07:04 -0500] "GET /wk/admin.php?action=chmod&dir=//proc/self/root/opt/plesk/php/8.4/lib64&item=php HTTP/1.1" 200 2740 "-" "Mozilla/5.0 AppleWebKit/537.36 (KHTML, like Gecko; compatible; Amazonbot/0.1; +https://developer.amazon.com/support/amazonbot) Chrome/119.0.6045.214 Safari/537.36"
52.71.46.142 - - [30/Nov/2025:09:07:06 -0500] "GET /wk/admin.php?action=chmod&dir=//home/bappguir/lscache/c/1/b&item=c1b4b0a0d489b6c7 HTTP/1.1" 200 10259 "-" "Mozilla/5.0 AppleWebKit/537.36 (KHTML, like Gecko; compatible; Amazonbot/0.1; +https://developer.amazon.com/support/amazonbot) Chrome/119.0.6045.214 Safari/537.36"
74.7.243.195 - - [30/Nov/2025:09:07:06 -0500] "GET /wk/admin.php?dir=//proc/546933/root/var/softaculous/hotaru/php53 HTTP/1.1" 200 2475 "-" "Mozilla/5.0 AppleWebKit/537.36 (KHTML, like Gecko; compatible; GPTBot/1.3; +https://openai.com/gptbot)"
66.249.70.172 - - [30/Nov/2025:09:07:08 -0500] "GET /shopdetail605624828?kg=0603811915 HTTP/1.1" 404 1251 "-" "Mozilla/5.0 (compatible; Googlebot/2.1; +http://www.google.com/bot.html)"
145.239.65.236 - - [30/Nov/2025:09:07:07 -0500] "GET /wk/admin.php?dir=//proc&item=mdstat&action=view HTTP/1.1" 200 5266 "-" "Mozilla/5.0 (compatible; MJ12bot/v1.4.8; http://mj12bot.com/)"
74.7.243.195 - - [30/Nov/2025:09:07:08 -0500] "GET /wk/admin.php?dir=//proc/546933/root/var/softaculous/arastta/php56 HTTP/1.1" 200 2540 "-" "Mozilla/5.0 AppleWebKit/537.36 (KHTML, like Gecko; compatible; GPTBot/1.3; +https://openai.com/gptbot)"
18.209.137.234 - - [30/Nov/2025:09:07:10 -0500] "GET /wk/admin.php?action=chmod&dir=//proc/self/root/proc/self/root/lib/systemd&item=systemd-update-done HTTP/1.1" 200 6034 "-" "Mozilla/5.0 AppleWebKit/537.36 (KHTML, like Gecko; compatible; Amazonbot/0.1; +https://developer.amazon.com/support/amazonbot) Chrome/119.0.6045.214 Safari/537.36"
145.239.65.236 - - [30/Nov/2025:09:07:11 -0500] "GET /wk/admin.php?dir=//proc&item=meminfo&action=chmod HTTP/1.1" 200 5310 "-" "Mozilla/5.0 (compatible; MJ12bot/v1.4.8; http://mj12bot.com/)"
74.7.243.195 - - [30/Nov/2025:09:07:11 -0500] "GET /wk/admin.php?dir=//proc/546933/root/var/softaculous/phpcol/php53 HTTP/1.1" 200 2629 "-" "Mozilla/5.0 AppleWebKit/537.36 (KHTML, like Gecko; compatible; GPTBot/1.3; +https://openai.com/gptbot)"
18.213.27.222 - - [30/Nov/2025:09:07:12 -0500] "GET /wk/admin.php?action=chmod&dir=//opt/cloudlinux/venv/lib/python3.11/site-packages/distlib&item=database.py HTTP/1.1" 200 3935 "-" "Mozilla/5.0 AppleWebKit/537.36 (KHTML, like Gecko; compatible; Amazonbot/0.1; +https://developer.amazon.com/support/amazonbot) Chrome/119.0.6045.214 Safari/537.36"
74.7.243.195 - - [30/Nov/2025:09:07:13 -0500] "GET /wk/admin.php?dir=//proc/546933/root/var/softaculous/phplot/php53 HTTP/1.1" 200 2342 "-" "Mozilla/5.0 AppleWebKit/537.36 (KHTML, like Gecko; compatible; GPTBot/1.3; +https://openai.com/gptbot)"
145.239.65.236 - - [30/Nov/2025:09:07:14 -0500] "GET /wk/admin.php?dir=//proc&item=partitions&action=edit HTTP/1.1" 200 5343 "-" "Mozilla/5.0 (compatible; MJ12bot/v1.4.8; http://mj12bot.com/)"
18.207.79.144 - - [30/Nov/2025:09:07:15 -0500] "GET /wk/admin.php?action=chmod&dir=//opt/alt/openssl/share/man/man1&item=openssl-asn1parse.1ssl HTTP/1.1" 200 7481 "-" "Mozilla/5.0 AppleWebKit/537.36 (KHTML, like Gecko; compatible; Amazonbot/0.1; +https://developer.amazon.com/support/amazonbot) Chrome/119.0.6045.214 Safari/537.36"
74.7.243.195 - - [30/Nov/2025:09:07:15 -0500] "GET /wk/admin.php?dir=//proc/546933/root/var/softaculous/phpsch/php53 HTTP/1.1" 200 2569 "-" "Mozilla/5.0 AppleWebKit/537.36 (KHTML, like Gecko; compatible; GPTBot/1.3; +https://openai.com/gptbot)"
145.239.65.236 - - [30/Nov/2025:09:07:17 -0500] "GET /wk/admin.php?dir=//proc&item=partitions&action=rename HTTP/1.1" 200 5430 "-" "Mozilla/5.0 (compatible; MJ12bot/v1.4.8; http://mj12bot.com/)"
74.7.243.195 - - [30/Nov/2025:09:07:18 -0500] "GET /wk/admin.php?dir=//proc/546933/root/lib/firmware/ath11k HTTP/1.1" 200 2585 "-" "Mozilla/5.0 AppleWebKit/537.36 (KHTML, like Gecko; compatible; GPTBot/1.3; +https://openai.com/gptbot)"
66.249.70.170 - - [30/Nov/2025:09:07:20 -0500] "GET /shopdetail16997944?kg=0016947385 HTTP/1.1" 404 1251 "-" "Mozilla/5.0 (Linux; Android 6.0.1; Nexus 5X Build/MMB29P) AppleWebKit/537.36 (KHTML, like Gecko) Chrome/141.0.7390.122 Mobile Safari/537.36 (compatible; Googlebot/2.1; +http://www.google.com/bot.html)"
74.7.243.195 - - [30/Nov/2025:09:07:20 -0500] "GET /wk/admin.php?dir=//proc/546933/root/lib/firmware/ath10k HTTP/1.1" 200 2555 "-" "Mozilla/5.0 AppleWebKit/537.36 (KHTML, like Gecko; compatible; GPTBot/1.3; +https://openai.com/gptbot)"
145.239.65.236 - - [30/Nov/2025:09:07:21 -0500] "GET /wk/admin.php?dir=//proc&item=partitions&action=view HTTP/1.1" 200 5426 "-" "Mozilla/5.0 (compatible; MJ12bot/v1.4.8; http://mj12bot.com/)"
35.171.117.160 - - [30/Nov/2025:09:07:21 -0500] "GET /wk/admin.php?action=chmod&dir=//proc/self/root/proc/self/root/proc/sysvipc&item=shm HTTP/1.1" 200 2896 "-" "Mozilla/5.0 AppleWebKit/537.36 (KHTML, like Gecko; compatible; Amazonbot/0.1; +https://developer.amazon.com/support/amazonbot) Chrome/119.0.6045.214 Safari/537.36"
66.249.70.171 - - [30/Nov/2025:09:07:24 -0500] "GET /shopdetail16997944?kg=0016947385 HTTP/1.1" 404 1251 "-" "Mozilla/5.0 (Linux; Android 6.0.1; Nexus 5X Build/MMB29P) AppleWebKit/537.36 (KHTML, like Gecko) Chrome/141.0.7390.122 Mobile Safari/537.36 (compatible; Googlebot/2.1; +http://www.google.com/bot.html)"
74.7.243.195 - - [30/Nov/2025:09:07:22 -0500] "GET /wk/admin.php?dir=//proc/546933/root/lib/firmware/ath12k HTTP/1.1" 200 2327 "-" "Mozilla/5.0 AppleWebKit/537.36 (KHTML, like Gecko; compatible; GPTBot/1.3; +https://openai.com/gptbot)"
145.239.65.236 - - [30/Nov/2025:09:07:24 -0500] "GET /wk/admin.php?dir=//proc&item=sched_debug&action=chmod HTTP/1.1" 200 5342 "-" "Mozilla/5.0 (compatible; MJ12bot/v1.4.8; http://mj12bot.com/)"
74.7.243.195 - - [30/Nov/2025:09:07:25 -0500] "GET /wk/admin.php?action=chmod&dir=//proc/546933/root/var/softaculous/joomla4/languages&item=pkg_sl-SI.xml HTTP/1.1" 200 9294 "-" "Mozilla/5.0 AppleWebKit/537.36 (KHTML, like Gecko; compatible; GPTBot/1.3; +https://openai.com/gptbot)"
52.73.6.26 - - [30/Nov/2025:09:07:26 -0500] "GET /wk/admin.php?action=chmod&dir=//home/bappguir/lscache/7/1&item=5 HTTP/1.1" 200 3393 "-" "Mozilla/5.0 AppleWebKit/537.36 (KHTML, like Gecko; compatible; Amazonbot/0.1; +https://developer.amazon.com/support/amazonbot) Chrome/119.0.6045.214 Safari/537.36"
74.7.243.195 - - [30/Nov/2025:09:07:27 -0500] "GET /wk/admin.php?action=chmod&dir=//proc/546933/root/var/softaculous/phpcol/php53&item=upgrade.php HTTP/1.1" 200 2691 "-" "Mozilla/5.0 AppleWebKit/537.36 (KHTML, like Gecko; compatible; GPTBot/1.3; +https://openai.com/gptbot)"
145.239.65.236 - - [30/Nov/2025:09:07:27 -0500] "GET /wk/admin.php?dir=//proc&item=sched_debug&action=edit HTTP/1.1" 200 5382 "-" "Mozilla/5.0 (compatible; MJ12bot/v1.4.8; http://mj12bot.com/)"
54.225.81.20 - - [30/Nov/2025:09:07:29 -0500] "GET /wk/admin.php?action=chmod&dir=//home/bappguir/lscache/8/d&item=7 HTTP/1.1" 200 3382 "-" "Mozilla/5.0 AppleWebKit/537.36 (KHTML, like Gecko; compatible; Amazonbot/0.1; +https://developer.amazon.com/support/amazonbot) Chrome/119.0.6045.214 Safari/537.36"
74.7.243.195 - - [30/Nov/2025:09:07:29 -0500] "GET /wk/admin.php?dir=//proc/546933/root/lib/firmware/intel/ice/ddp-comms HTTP/1.1" 200 2373 "-" "Mozilla/5.0 AppleWebKit/537.36 (KHTML, like Gecko; compatible; GPTBot/1.3; +https://openai.com/gptbot)"
145.239.65.236 - - [30/Nov/2025:09:07:31 -0500] "GET /wk/admin.php?dir=//proc&item=sched_debug&action=rename HTTP/1.1" 200 5262 "-" "Mozilla/5.0 (compatible; MJ12bot/v1.4.8; http://mj12bot.com/)"
52.45.194.165 - - [30/Nov/2025:09:07:32 -0500] "GET /wk/admin.php?action=chmod&dir=//home/bappguir/lscache/6/1&item=wk HTTP/1.1" 200 3395 "-" "Mozilla/5.0 AppleWebKit/537.36 (KHTML, like Gecko; compatible; Amazonbot/0.1; +https://developer.amazon.com/support/amazonbot) Chrome/119.0.6045.214 Safari/537.36"
74.7.243.195 - - [30/Nov/2025:09:07:32 -0500] "GET /wk/admin.php?dir=//proc/546933/root/var/softaculous/wp54 HTTP/1.1" 200 4130 "-" "Mozilla/5.0 AppleWebKit/537.36 (KHTML, like Gecko; compatible; GPTBot/1.3; +https://openai.com/gptbot)"
74.7.243.195 - - [30/Nov/2025:09:07:34 -0500] "GET /wk/admin.php?dir=//proc/546933/root/var/softaculous/mw35 HTTP/1.1" 200 3308 "-" "Mozilla/5.0 AppleWebKit/537.36 (KHTML, like Gecko; compatible; GPTBot/1.3; +https://openai.com/gptbot)"
145.239.65.236 - - [30/Nov/2025:09:07:34 -0500] "GET /wk/admin.php?dir=//proc&item=sched_debug&action=view HTTP/1.1" 200 5396 "-" "Mozilla/5.0 (compatible; MJ12bot/v1.4.8; http://mj12bot.com/)"
54.235.158.162 - - [30/Nov/2025:09:07:36 -0500] "GET /wk/admin.php?action=chmod&dir=//proc/thread-self/root/usr/lib/locale/en_AU&item=LC_ADDRESS HTTP/1.1" 200 3480 "-" "Mozilla/5.0 AppleWebKit/537.36 (KHTML, like Gecko; compatible; Amazonbot/0.1; +https://developer.amazon.com/support/amazonbot) Chrome/119.0.6045.214 Safari/537.36"
74.7.243.195 - - [30/Nov/2025:09:07:36 -0500] "GET /wk/admin.php?dir=//proc/546933/root/lib/firmware/intel/ice/ddp-lag HTTP/1.1" 200 2409 "-" "Mozilla/5.0 AppleWebKit/537.36 (KHTML, like Gecko; compatible; GPTBot/1.3; +https://openai.com/gptbot)"
145.239.65.236 - - [30/Nov/2025:09:07:37 -0500] "GET /wk/admin.php?dir=//proc&item=schedstat&action=chmod HTTP/1.1" 200 5129 "-" "Mozilla/5.0 (compatible; MJ12bot/v1.4.8; http://mj12bot.com/)"
74.7.243.195 - - [30/Nov/2025:09:07:38 -0500] "GET /wk/admin.php?dir=//proc/546933/root/var/softaculous/wp62 HTTP/1.1" 200 4131 "-" "Mozilla/5.0 AppleWebKit/537.36 (KHTML, like Gecko; compatible; GPTBot/1.3; +https://openai.com/gptbot)"
74.7.243.195 - - [30/Nov/2025:09:07:41 -0500] "GET /wk/admin.php?dir=//proc/546933/root/var/softaculous/wp67 HTTP/1.1" 200 4055 "-" "Mozilla/5.0 AppleWebKit/537.36 (KHTML, like Gecko; compatible; GPTBot/1.3; +https://openai.com/gptbot)"
145.239.65.236 - - [30/Nov/2025:09:07:41 -0500] "GET /wk/admin.php?dir=//proc&item=schedstat&action=edit HTTP/1.1" 200 5408 "-" "Mozilla/5.0 (compatible; MJ12bot/v1.4.8; http://mj12bot.com/)"
34.225.138.57 - - [30/Nov/2025:09:07:42 -0500] "GET /wk/admin.php?dir=//proc/self/root/usr/share/Modules/init HTTP/1.1" 200 3949 "-" "Mozilla/5.0 AppleWebKit/537.36 (KHTML, like Gecko; compatible; Amazonbot/0.1; +https://developer.amazon.com/support/amazonbot) Chrome/119.0.6045.214 Safari/537.36"
74.7.243.195 - - [30/Nov/2025:09:07:43 -0500] "GET /wk/admin.php?dir=//proc/546933/root/var/softaculous/wp61 HTTP/1.1" 200 4120 "-" "Mozilla/5.0 AppleWebKit/537.36 (KHTML, like Gecko; compatible; GPTBot/1.3; +https://openai.com/gptbot)"
44.213.202.136 - - [30/Nov/2025:09:07:44 -0500] "GET /wk/admin.php?action=chmod&dir=//home/bappguir/lscache/d/e/c&item=decea6d01f84ae9a HTTP/1.1" 200 9017 "-" "Mozilla/5.0 AppleWebKit/537.36 (KHTML, like Gecko; compatible; Amazonbot/0.1; +https://developer.amazon.com/support/amazonbot) Chrome/119.0.6045.214 Safari/537.36"
145.239.65.236 - - [30/Nov/2025:09:07:44 -0500] "GET /wk/admin.php?dir=//proc&item=schedstat&action=rename HTTP/1.1" 200 5329 "-" "Mozilla/5.0 (compatible; MJ12bot/v1.4.8; http://mj12bot.com/)"
74.7.243.195 - - [30/Nov/2025:09:07:45 -0500] "GET /wk/admin.php?dir=//proc/546933/root/var/softaculous/wp54/php53 HTTP/1.1" 200 2685 "-" "Mozilla/5.0 AppleWebKit/537.36 (KHTML, like Gecko; compatible; GPTBot/1.3; +https://openai.com/gptbot)"
74.7.243.195 - - [30/Nov/2025:09:07:48 -0500] "GET /wk/admin.php?dir=//proc/546933/root/var/softaculous/wp54/php56 HTTP/1.1" 200 2689 "-" "Mozilla/5.0 AppleWebKit/537.36 (KHTML, like Gecko; compatible; GPTBot/1.3; +https://openai.com/gptbot)"
145.239.65.236 - - [30/Nov/2025:09:07:48 -0500] "GET /wk/admin.php?dir=//proc&item=schedstat&action=view HTTP/1.1" 200 5247 "-" "Mozilla/5.0 (compatible; MJ12bot/v1.4.8; http://mj12bot.com/)"
74.7.243.195 - - [30/Nov/2025:09:07:50 -0500] "GET /wk/admin.php?dir=//proc/546933/root/var/softaculous/mw35/php53 HTTP/1.1" 200 2581 "-" "Mozilla/5.0 AppleWebKit/537.36 (KHTML, like Gecko; compatible; GPTBot/1.3; +https://openai.com/gptbot)"
44.215.61.66 - - [30/Nov/2025:09:07:50 -0500] "GET /wk/admin.php?action=chmod&dir=//home/bappguir/lscache/0/c/5&item=0c58d3f0c2ab17fc HTTP/1.1" 200 9756 "-" "Mozilla/5.0 AppleWebKit/537.36 (KHTML, like Gecko; compatible; Amazonbot/0.1; +https://developer.amazon.com/support/amazonbot) Chrome/119.0.6045.214 Safari/537.36"
145.239.65.236 - - [30/Nov/2025:09:07:51 -0500] "GET /wk/admin.php?dir=//proc&item=scsi&action=chmod HTTP/1.1" 200 5377 "-" "Mozilla/5.0 (compatible; MJ12bot/v1.4.8; http://mj12bot.com/)"
44.210.213.220 - - [30/Nov/2025:09:07:52 -0500] "GET /wk/admin.php?action=chmod&dir=//home/bappguir/lscache/c/7/c&item=c7c0ea271a2e3d33 HTTP/1.1" 200 8633 "-" "Mozilla/5.0 AppleWebKit/537.36 (KHTML, like Gecko; compatible; Amazonbot/0.1; +https://developer.amazon.com/support/amazonbot) Chrome/119.0.6045.214 Safari/537.36"
74.7.243.195 - - [30/Nov/2025:09:07:52 -0500] "GET /wk/admin.php?dir=//proc/546933/root/var/softaculous/wp54/plugins HTTP/1.1" 200 2504 "-" "Mozilla/5.0 AppleWebKit/537.36 (KHTML, like Gecko; compatible; GPTBot/1.3; +https://openai.com/gptbot)"
145.239.65.236 - - [30/Nov/2025:09:07:54 -0500] "GET /wk/admin.php?dir=//proc&item=scsi&action=rename HTTP/1.1" 200 5315 "-" "Mozilla/5.0 (compatible; MJ12bot/v1.4.8; http://mj12bot.com/)"
74.7.243.195 - - [30/Nov/2025:09:07:55 -0500] "GET /wk/admin.php?dir=//proc/546933/root/var/softaculous/wp62/plugins HTTP/1.1" 200 2497 "-" "Mozilla/5.0 AppleWebKit/537.36 (KHTML, like Gecko; compatible; GPTBot/1.3; +https://openai.com/gptbot)"
3.208.156.9 - - [30/Nov/2025:09:07:56 -0500] "GET /wk/admin.php?action=chmod&dir=//home/bappguir/lscache/b/2/b&item=b2bb05a1fd3b1fe7 HTTP/1.1" 200 9038 "-" "Mozilla/5.0 AppleWebKit/537.36 (KHTML, like Gecko; compatible; Amazonbot/0.1; +https://developer.amazon.com/support/amazonbot) Chrome/119.0.6045.214 Safari/537.36"
74.7.243.195 - - [30/Nov/2025:09:07:57 -0500] "GET /wk/admin.php?action=rename&dir=//proc/546933/root/var/softaculous/wp54/php53&item=upgrade.php HTTP/1.1" 200 2747 "-" "Mozilla/5.0 AppleWebKit/537.36 (KHTML, like Gecko; compatible; GPTBot/1.3; +https://openai.com/gptbot)"
145.239.65.236 - - [30/Nov/2025:09:07:58 -0500] "GET /wk/admin.php?dir=//proc&item=self&action=chmod HTTP/1.1" 200 5298 "-" "Mozilla/5.0 (compatible; MJ12bot/v1.4.8; http://mj12bot.com/)"
74.7.243.195 - - [30/Nov/2025:09:07:59 -0500] "GET /wk/admin.php?action=rename&dir=//proc/546933/root/var/softaculous/wp67&item=_htaccess HTTP/1.1" 200 4069 "-" "Mozilla/5.0 AppleWebKit/537.36 (KHTML, like Gecko; compatible; GPTBot/1.3; +https://openai.com/gptbot)"
44.212.131.50 - - [30/Nov/2025:09:07:59 -0500] "GET /wk/admin.php?action=chmod&dir=//home/bappguir/lscache/b/c/c&item=bcc080136a9e8aba HTTP/1.1" 200 9671 "-" "Mozilla/5.0 AppleWebKit/537.36 (KHTML, like Gecko; compatible; Amazonbot/0.1; +https://developer.amazon.com/support/amazonbot) Chrome/119.0.6045.214 Safari/537.36"
145.239.65.236 - - [30/Nov/2025:09:08:01 -0500] "GET /wk/admin.php?dir=//proc&item=self&action=rename HTTP/1.1" 200 5427 "-" "Mozilla/5.0 (compatible; MJ12bot/v1.4.8; http://mj12bot.com/)"
74.7.243.195 - - [30/Nov/2025:09:08:01 -0500] "GET /wk/admin.php?dir=//proc/546933/root/var/softaculous/wp67/plugins HTTP/1.1" 200 2483 "-" "Mozilla/5.0 AppleWebKit/537.36 (KHTML, like Gecko; compatible; GPTBot/1.3; +https://openai.com/gptbot)"
74.7.243.195 - - [30/Nov/2025:09:08:04 -0500] "GET /wk/admin.php?dir=//proc/546933/root/var/softaculous/wp61/plugins HTTP/1.1" 200 2505 "-" "Mozilla/5.0 AppleWebKit/537.36 (KHTML, like Gecko; compatible; GPTBot/1.3; +https://openai.com/gptbot)"
145.239.65.236 - - [30/Nov/2025:09:08:04 -0500] "GET /wk/admin.php?dir=//proc&item=slabinfo&action=chmod HTTP/1.1" 200 5373 "-" "Mozilla/5.0 (compatible; MJ12bot/v1.4.8; http://mj12bot.com/)"
44.216.172.204 - - [30/Nov/2025:09:08:05 -0500] "GET /wk/admin.php?action=rename&dir=//proc/self/root/opt/alt/tests/alt-php84-pecl-luasandbox_4.1.2-2.el8/tests&item=profiler-sorting.phpt HTTP/1.1" 200 3909 "-" "Mozilla/5.0 AppleWebKit/537.36 (KHTML, like Gecko; compatible; Amazonbot/0.1; +https://developer.amazon.com/support/amazonbot) Chrome/119.0.6045.214 Safari/537.36"
74.7.243.195 - - [30/Nov/2025:09:08:06 -0500] "GET /wk/admin.php?action=edit&dir=//proc/546933/root/var/softaculous/wp54/plugins&item=loginizer-security.zip HTTP/1.1" 200 2582 "-" "Mozilla/5.0 AppleWebKit/537.36 (KHTML, like Gecko; compatible; GPTBot/1.3; +https://openai.com/gptbot)"
145.239.65.236 - - [30/Nov/2025:09:08:08 -0500] "GET /wk/admin.php?dir=//proc&item=slabinfo&action=edit HTTP/1.1" 200 5425 "-" "Mozilla/5.0 (compatible; MJ12bot/v1.4.8; http://mj12bot.com/)"
74.7.243.195 - - [30/Nov/2025:09:08:08 -0500] "GET /wk/admin.php?dir=//proc/546933/root/var/softaculous/wp62/languages HTTP/1.1" 200 3905 "-" "Mozilla/5.0 AppleWebKit/537.36 (KHTML, like Gecko; compatible; GPTBot/1.3; +https://openai.com/gptbot)"
3.229.2.217 - - [30/Nov/2025:09:08:09 -0500] "GET /wk/admin.php?action=rename&dir=//opt/cloudlinux/venv/lib/python3.11/site-packages/semver-3.0.1.dist-info&item=INSTALLER HTTP/1.1" 200 3229 "-" "Mozilla/5.0 AppleWebKit/537.36 (KHTML, like Gecko; compatible; Amazonbot/0.1; +https://developer.amazon.com/support/amazonbot) Chrome/119.0.6045.214 Safari/537.36"
145.239.65.236 - - [30/Nov/2025:09:08:11 -0500] "GET /wk/admin.php?dir=//proc&item=slabinfo&action=rename HTTP/1.1" 200 5358 "-" "Mozilla/5.0 (compatible; MJ12bot/v1.4.8; http://mj12bot.com/)"
74.7.243.195 - - [30/Nov/2025:09:08:11 -0500] "GET /wk/admin.php?dir=//proc/546933/root/var/softaculous/wp67/languages HTTP/1.1" 200 3948 "-" "Mozilla/5.0 AppleWebKit/537.36 (KHTML, like Gecko; compatible; GPTBot/1.3; +https://openai.com/gptbot)"
54.83.240.58 - - [30/Nov/2025:09:08:12 -0500] "GET /wk/admin.php?action=chmod&dir=//home/bappguir/lscache/a/5/a&item=a5a667dc86c9dc23 HTTP/1.1" 200 9130 "-" "Mozilla/5.0 AppleWebKit/537.36 (KHTML, like Gecko; compatible; Amazonbot/0.1; +https://developer.amazon.com/support/amazonbot) Chrome/119.0.6045.214 Safari/537.36"
74.7.243.195 - - [30/Nov/2025:09:08:14 -0500] "GET /wk/admin.php?dir=//proc/546933/root/var/softaculous/wp61/languages HTTP/1.1" 200 3928 "-" "Mozilla/5.0 AppleWebKit/537.36 (KHTML, like Gecko; compatible; GPTBot/1.3; +https://openai.com/gptbot)"
145.239.65.236 - - [30/Nov/2025:09:08:14 -0500] "GET /wk/admin.php?dir=//proc&item=slabinfo&action=view HTTP/1.1" 200 5393 "-" "Mozilla/5.0 (compatible; MJ12bot/v1.4.8; http://mj12bot.com/)"
18.233.24.238 - - [30/Nov/2025:09:08:15 -0500] "GET /wk/admin.php?action=chmod&dir=//home/bappguir/lscache/a/9/c&item=a9c7fed199addb7a HTTP/1.1" 200 9467 "-" "Mozilla/5.0 AppleWebKit/537.36 (KHTML, like Gecko; compatible; Amazonbot/0.1; +https://developer.amazon.com/support/amazonbot) Chrome/119.0.6045.214 Safari/537.36"
74.7.243.195 - - [30/Nov/2025:09:08:16 -0500] "GET /wk/admin.php?dir=//proc/546933/root/var/softaculous/wp67/php53 HTTP/1.1" 200 2687 "-" "Mozilla/5.0 AppleWebKit/537.36 (KHTML, like Gecko; compatible; GPTBot/1.3; +https://openai.com/gptbot)"
145.239.65.236 - - [30/Nov/2025:09:08:18 -0500] "GET /wk/admin.php?dir=//proc&item=softirqs&action=chmod HTTP/1.1" 200 5311 "-" "Mozilla/5.0 (compatible; MJ12bot/v1.4.8; http://mj12bot.com/)"
74.7.243.195 - - [30/Nov/2025:09:08:18 -0500] "GET /wk/admin.php?dir=//proc/546933/root/var/softaculous/wp54/languages HTTP/1.1" 200 3976 "-" "Mozilla/5.0 AppleWebKit/537.36 (KHTML, like Gecko; compatible; GPTBot/1.3; +https://openai.com/gptbot)"
74.7.243.195 - - [30/Nov/2025:09:08:21 -0500] "GET /wk/admin.php?dir=//proc/546933/root/var/softaculous/wp67/php82 HTTP/1.1" 200 2691 "-" "Mozilla/5.0 AppleWebKit/537.36 (KHTML, like Gecko; compatible; GPTBot/1.3; +https://openai.com/gptbot)"
3.230.224.6 - - [30/Nov/2025:09:08:21 -0500] "GET /wk/admin.php?action=chmod&dir=//home/bappguir/lscache/e/d/a&item=eda2b9ad2edbc063 HTTP/1.1" 200 7927 "-" "Mozilla/5.0 AppleWebKit/537.36 (KHTML, like Gecko; compatible; Amazonbot/0.1; +https://developer.amazon.com/support/amazonbot) Chrome/119.0.6045.214 Safari/537.36"
145.239.65.236 - - [30/Nov/2025:09:08:21 -0500] "GET /wk/admin.php?dir=//proc&item=softirqs&action=edit HTTP/1.1" 200 5378 "-" "Mozilla/5.0 (compatible; MJ12bot/v1.4.8; http://mj12bot.com/)"
74.7.243.195 - - [30/Nov/2025:09:08:23 -0500] "GET /wk/admin.php?dir=//proc/546933/root/var/softaculous/wp67/php71 HTTP/1.1" 200 2695 "-" "Mozilla/5.0 AppleWebKit/537.36 (KHTML, like Gecko; compatible; GPTBot/1.3; +https://openai.com/gptbot)"
145.239.65.236 - - [30/Nov/2025:09:08:24 -0500] "GET /wk/admin.php?dir=//proc&item=softirqs&action=rename HTTP/1.1" 200 5328 "-" "Mozilla/5.0 (compatible; MJ12bot/v1.4.8; http://mj12bot.com/)"
3.215.59.93 - - [30/Nov/2025:09:08:25 -0500] "GET /wk/admin.php?action=chmod&dir=//home/bappguir/lscache/a/e/a&item=aeaf3ffa727c0602 HTTP/1.1" 200 8762 "-" "Mozilla/5.0 AppleWebKit/537.36 (KHTML, like Gecko; compatible; Amazonbot/0.1; +https://developer.amazon.com/support/amazonbot) Chrome/119.0.6045.214 Safari/537.36"
74.7.243.195 - - [30/Nov/2025:09:08:25 -0500] "GET /wk/admin.php?action=chmod&dir=//proc/546933/root/var/softaculous/wp67/languages&item=ru_RU.zip HTTP/1.1" 200 3996 "-" "Mozilla/5.0 AppleWebKit/537.36 (KHTML, like Gecko; compatible; GPTBot/1.3; +https://openai.com/gptbot)"
74.7.243.195 - - [30/Nov/2025:09:08:27 -0500] "GET /wk/admin.php?action=chmod&dir=//proc/546933/root/var/softaculous/wp61/languages&item=pt_BR.zip HTTP/1.1" 200 3993 "-" "Mozilla/5.0 AppleWebKit/537.36 (KHTML, like Gecko; compatible; GPTBot/1.3; +https://openai.com/gptbot)"
3.232.102.111 - - [30/Nov/2025:09:08:27 -0500] "GET /wk/admin.php?action=chmod&dir=//opt/alt/alt-nodejs8/root/var/tmp&item=ksoftirqd-372 HTTP/1.1" 200 12708 "-" "Mozilla/5.0 AppleWebKit/537.36 (KHTML, like Gecko; compatible; Amazonbot/0.1; +https://developer.amazon.com/support/amazonbot) Chrome/119.0.6045.214 Safari/537.36"
145.239.65.236 - - [30/Nov/2025:09:08:28 -0500] "GET /wk/admin.php?dir=//proc&item=softirqs&action=view HTTP/1.1" 200 5322 "-" "Mozilla/5.0 (compatible; MJ12bot/v1.4.8; http://mj12bot.com/)"
74.7.243.195 - - [30/Nov/2025:09:08:29 -0500] "GET /wk/admin.php?action=view&dir=//proc/546933/root/var/softaculous/wp67/languages&item=sv_SE.zip HTTP/1.1" 200 4009 "-" "Mozilla/5.0 AppleWebKit/537.36 (KHTML, like Gecko; compatible; GPTBot/1.3; +https://openai.com/gptbot)"
145.239.65.236 - - [30/Nov/2025:09:08:31 -0500] "GET /wk/admin.php?dir=//proc&item=stat&action=chmod HTTP/1.1" 200 5444 "-" "Mozilla/5.0 (compatible; MJ12bot/v1.4.8; http://mj12bot.com/)"
74.7.243.195 - - [30/Nov/2025:09:08:32 -0500] "GET /wk/admin.php?action=view&dir=//proc/546933/root/var/softaculous/wp62/languages&item=vi.zip HTTP/1.1" 200 4012 "-" "Mozilla/5.0 AppleWebKit/537.36 (KHTML, like Gecko; compatible; GPTBot/1.3; +https://openai.com/gptbot)"
3.89.170.186 - - [30/Nov/2025:09:08:32 -0500] "GET /wk/admin.php?action=chmod&dir=//home/bappguir/lscache/f/5/c&item=f5c6bed329e88a2f HTTP/1.1" 200 10634 "-" "Mozilla/5.0 AppleWebKit/537.36 (KHTML, like Gecko; compatible; Amazonbot/0.1; +https://developer.amazon.com/support/amazonbot) Chrome/119.0.6045.214 Safari/537.36"
74.7.243.195 - - [30/Nov/2025:09:08:34 -0500] "GET /wk/admin.php?action=edit&dir=//proc/546933/root/var/softaculous/wp62/languages&item=hr.zip HTTP/1.1" 200 4001 "-" "Mozilla/5.0 AppleWebKit/537.36 (KHTML, like Gecko; compatible; GPTBot/1.3; +https://openai.com/gptbot)"
145.239.65.236 - - [30/Nov/2025:09:08:34 -0500] "GET /wk/admin.php?dir=//proc&item=stat&action=edit HTTP/1.1" 200 6640 "-" "Mozilla/5.0 (compatible; MJ12bot/v1.4.8; http://mj12bot.com/)"
66.249.70.170 - - [30/Nov/2025:09:08:37 -0500] "GET /shopdetail22277442?kg=0022211078 HTTP/1.1" 404 1251 "-" "Mozilla/5.0 (compatible; Googlebot/2.1; +http://www.google.com/bot.html)"
74.7.243.195 - - [30/Nov/2025:09:08:36 -0500] "GET /wk/admin.php?action=edit&dir=//proc/546933/root/var/softaculous/wp54/languages&item=uk.zip HTTP/1.1" 200 4058 "-" "Mozilla/5.0 AppleWebKit/537.36 (KHTML, like Gecko; compatible; GPTBot/1.3; +https://openai.com/gptbot)"
54.235.191.179 - - [30/Nov/2025:09:08:36 -0500] "GET /wk/admin.php?action=chmod&dir=//home/bappguir/lscache/b/0/1&item=b01aa466a3bd9b9a HTTP/1.1" 200 10710 "-" "Mozilla/5.0 AppleWebKit/537.36 (KHTML, like Gecko; compatible; Amazonbot/0.1; +https://developer.amazon.com/support/amazonbot) Chrome/119.0.6045.214 Safari/537.36"
145.239.65.236 - - [30/Nov/2025:09:08:38 -0500] "GET /wk/admin.php?dir=//proc&item=stat&action=rename HTTP/1.1" 200 5358 "-" "Mozilla/5.0 (compatible; MJ12bot/v1.4.8; http://mj12bot.com/)"
74.7.243.195 - - [30/Nov/2025:09:08:39 -0500] "GET /wk/admin.php?action=edit&dir=//proc/546933/root/var/softaculous/wp67/php71&item=extend.php HTTP/1.1" 200 84129 "-" "Mozilla/5.0 AppleWebKit/537.36 (KHTML, like Gecko; compatible; GPTBot/1.3; +https://openai.com/gptbot)"
18.235.81.246 - - [30/Nov/2025:09:08:39 -0500] "GET /wk/admin.php?action=chmod&dir=//home/bappguir/lscache/f/d/c&item=fdc7d131c57b2eb8 HTTP/1.1" 200 9887 "-" "Mozilla/5.0 AppleWebKit/537.36 (KHTML, like Gecko; compatible; Amazonbot/0.1; +https://developer.amazon.com/support/amazonbot) Chrome/119.0.6045.214 Safari/537.36"
74.7.243.195 - - [30/Nov/2025:09:08:41 -0500] "GET /wk/admin.php?action=edit&dir=//proc/546933/root/var/softaculous/wp62/languages&item=vi.zip HTTP/1.1" 200 4005 "-" "Mozilla/5.0 AppleWebKit/537.36 (KHTML, like Gecko; compatible; GPTBot/1.3; +https://openai.com/gptbot)"
145.239.65.236 - - [30/Nov/2025:09:08:41 -0500] "GET /wk/admin.php?dir=//proc&item=stat&action=view HTTP/1.1" 200 6503 "-" "Mozilla/5.0 (compatible; MJ12bot/v1.4.8; http://mj12bot.com/)"
74.7.243.195 - - [30/Nov/2025:09:08:43 -0500] "GET /wk/admin.php?action=chmod&dir=//proc/546933/root/var/softaculous/wp67/php71&item=upgrade.php HTTP/1.1" 200 2751 "-" "Mozilla/5.0 AppleWebKit/537.36 (KHTML, like Gecko; compatible; GPTBot/1.3; +https://openai.com/gptbot)"
44.205.192.249 - - [30/Nov/2025:09:08:44 -0500] "GET /wk/admin.php?action=chmod&dir=//home/bappguir/lscache/c/7/c&item=c7cd69886ffc8f2b HTTP/1.1" 200 8712 "-" "Mozilla/5.0 AppleWebKit/537.36 (KHTML, like Gecko; compatible; Amazonbot/0.1; +https://developer.amazon.com/support/amazonbot) Chrome/119.0.6045.214 Safari/537.36"
145.239.65.236 - - [30/Nov/2025:09:08:44 -0500] "GET /wk/admin.php?dir=//proc&item=swaps&action=chmod HTTP/1.1" 200 5375 "-" "Mozilla/5.0 (compatible; MJ12bot/v1.4.8; http://mj12bot.com/)"
74.7.243.195 - - [30/Nov/2025:09:08:46 -0500] "GET /wk/admin.php?action=rename&dir=//proc/546933/root/var/softaculous/wp61/languages&item=zh_HK.zip HTTP/1.1" 200 3994 "-" "Mozilla/5.0 AppleWebKit/537.36 (KHTML, like Gecko; compatible; GPTBot/1.3; +https://openai.com/gptbot)"
74.7.243.195 - - [30/Nov/2025:09:08:48 -0500] "GET /wk/admin.php?action=rename&dir=//proc/546933/root/var/softaculous/wp54/languages&item=nb_NO.zip HTTP/1.1" 200 3997 "-" "Mozilla/5.0 AppleWebKit/537.36 (KHTML, like Gecko; compatible; GPTBot/1.3; +https://openai.com/gptbot)"
145.239.65.236 - - [30/Nov/2025:09:08:48 -0500] "GET /wk/admin.php?dir=//proc&item=swaps&action=edit HTTP/1.1" 200 5422 "-" "Mozilla/5.0 (compatible; MJ12bot/v1.4.8; http://mj12bot.com/)"
44.217.177.142 - - [30/Nov/2025:09:08:50 -0500] "GET /wk/admin.php?action=chmod&dir=//home/bappguir/lscache/b/c/1&item=bc1dd04e94379a02 HTTP/1.1" 200 9696 "-" "Mozilla/5.0 AppleWebKit/537.36 (KHTML, like Gecko; compatible; Amazonbot/0.1; +https://developer.amazon.com/support/amazonbot) Chrome/119.0.6045.214 Safari/537.36"
74.7.243.195 - - [30/Nov/2025:09:08:50 -0500] "GET /wk/admin.php?dir=//proc/546933/root/var/softaculous/wp54/php81 HTTP/1.1" 200 2691 "-" "Mozilla/5.0 AppleWebKit/537.36 (KHTML, like Gecko; compatible; GPTBot/1.3; +https://openai.com/gptbot)"
145.239.65.236 - - [30/Nov/2025:09:08:51 -0500] "GET /wk/admin.php?dir=//proc&item=swaps&action=rename HTTP/1.1" 200 5364 "-" "Mozilla/5.0 (compatible; MJ12bot/v1.4.8; http://mj12bot.com/)"
74.7.243.195 - - [30/Nov/2025:09:08:52 -0500] "GET /wk/admin.php?dir=//proc/546933/root/var/softaculous/wp61/php82 HTTP/1.1" 200 2696 "-" "Mozilla/5.0 AppleWebKit/537.36 (KHTML, like Gecko; compatible; GPTBot/1.3; +https://openai.com/gptbot)"
35.173.38.202 - - [30/Nov/2025:09:08:53 -0500] "GET /wk/admin.php?action=chmod&dir=//home/bappguir/lscache/c/7/0&item=c70b5ba59153c5f1 HTTP/1.1" 200 9221 "-" "Mozilla/5.0 AppleWebKit/537.36 (KHTML, like Gecko; compatible; Amazonbot/0.1; +https://developer.amazon.com/support/amazonbot) Chrome/119.0.6045.214 Safari/537.36"
74.7.243.195 - - [30/Nov/2025:09:08:55 -0500] "GET /wk/admin.php?dir=//proc/546933/root/var/softaculous/wp67/php81 HTTP/1.1" 200 2691 "-" "Mozilla/5.0 AppleWebKit/537.36 (KHTML, like Gecko; compatible; GPTBot/1.3; +https://openai.com/gptbot)"
145.239.65.236 - - [30/Nov/2025:09:08:55 -0500] "GET /wk/admin.php?dir=//proc&item=swaps&action=view HTTP/1.1" 200 5439 "-" "Mozilla/5.0 (compatible; MJ12bot/v1.4.8; http://mj12bot.com/)"
3.221.156.96 - - [30/Nov/2025:09:08:56 -0500] "GET /wk/admin.php?action=chmod&dir=//home/bappguir/lscache/c/5/b&item=c5bfa00d790012e8 HTTP/1.1" 200 10077 "-" "Mozilla/5.0 AppleWebKit/537.36 (KHTML, like Gecko; compatible; Amazonbot/0.1; +https://developer.amazon.com/support/amazonbot) Chrome/119.0.6045.214 Safari/537.36"
74.7.243.195 - - [30/Nov/2025:09:08:57 -0500] "GET /wk/admin.php?dir=//proc/546933/root/var/softaculous/wp62/php56 HTTP/1.1" 200 2692 "-" "Mozilla/5.0 AppleWebKit/537.36 (KHTML, like Gecko; compatible; GPTBot/1.3; +https://openai.com/gptbot)"
145.239.65.236 - - [30/Nov/2025:09:08:58 -0500] "GET /wk/admin.php?dir=//proc&item=sys&action=chmod HTTP/1.1" 200 5333 "-" "Mozilla/5.0 (compatible; MJ12bot/v1.4.8; http://mj12bot.com/)"
74.7.243.195 - - [30/Nov/2025:09:08:59 -0500] "GET /wk/admin.php?dir=//proc/546933/root/var/softaculous/wp61/php81 HTTP/1.1" 200 2685 "-" "Mozilla/5.0 AppleWebKit/537.36 (KHTML, like Gecko; compatible; GPTBot/1.3; +https://openai.com/gptbot)"
74.7.243.195 - - [30/Nov/2025:09:09:02 -0500] "GET /wk/admin.php?dir=//proc/546933/root/var/softaculous/wp62/php81 HTTP/1.1" 200 2693 "-" "Mozilla/5.0 AppleWebKit/537.36 (KHTML, like Gecko; compatible; GPTBot/1.3; +https://openai.com/gptbot)"
145.239.65.236 - - [30/Nov/2025:09:09:02 -0500] "GET /wk/admin.php?dir=//proc&item=sys&action=rename HTTP/1.1" 200 5415 "-" "Mozilla/5.0 (compatible; MJ12bot/v1.4.8; http://mj12bot.com/)"
18.204.152.114 - - [30/Nov/2025:09:09:02 -0500] "GET /wk/admin.php?action=chmod&dir=//home/bappguir/lscache/c/a/a&item=caa9ff58628bdeaa HTTP/1.1" 200 8891 "-" "Mozilla/5.0 AppleWebKit/537.36 (KHTML, like Gecko; compatible; Amazonbot/0.1; +https://developer.amazon.com/support/amazonbot) Chrome/119.0.6045.214 Safari/537.36"
18.215.77.19 - - [30/Nov/2025:09:09:03 -0500] "GET /wk/admin.php?dir=//proc/thread-self/root/usr/share/locale/de.us-ascii HTTP/1.1" 200 2681 "-" "Mozilla/5.0 AppleWebKit/537.36 (KHTML, like Gecko; compatible; Amazonbot/0.1; +https://developer.amazon.com/support/amazonbot) Chrome/119.0.6045.214 Safari/537.36"
74.7.243.195 - - [30/Nov/2025:09:09:04 -0500] "GET /wk/admin.php?dir=//proc/546933/root/var/softaculous/wp67/php56 HTTP/1.1" 200 2686 "-" "Mozilla/5.0 AppleWebKit/537.36 (KHTML, like Gecko; compatible; GPTBot/1.3; +https://openai.com/gptbot)"
145.239.65.236 - - [30/Nov/2025:09:09:05 -0500] "GET /wk/admin.php?dir=//proc&item=sysrq-trigger&action=chmod HTTP/1.1" 200 5418 "-" "Mozilla/5.0 (compatible; MJ12bot/v1.4.8; http://mj12bot.com/)"
74.7.243.195 - - [30/Nov/2025:09:09:06 -0500] "GET /wk/admin.php?dir=//proc/546933/root/var/softaculous/wp62/php53 HTTP/1.1" 200 2687 "-" "Mozilla/5.0 AppleWebKit/537.36 (KHTML, like Gecko; compatible; GPTBot/1.3; +https://openai.com/gptbot)"
44.206.65.8 - - [30/Nov/2025:09:09:08 -0500] "GET /wk/admin.php?action=chmod&dir=//home/bappguir/lscache/d/6/e&item=d6ea5c9f8dc901a6 HTTP/1.1" 200 9060 "-" "Mozilla/5.0 AppleWebKit/537.36 (KHTML, like Gecko; compatible; Amazonbot/0.1; +https://developer.amazon.com/support/amazonbot) Chrome/119.0.6045.214 Safari/537.36"
74.7.243.195 - - [30/Nov/2025:09:09:09 -0500] "GET /wk/admin.php?dir=//proc/546933/root/var/softaculous/wp54/php71 HTTP/1.1" 200 2692 "-" "Mozilla/5.0 AppleWebKit/537.36 (KHTML, like Gecko; compatible; GPTBot/1.3; +https://openai.com/gptbot)"
145.239.65.236 - - [30/Nov/2025:09:09:09 -0500] "GET /wk/admin.php?dir=//proc&item=sysrq-trigger&action=edit HTTP/1.1" 200 5199 "-" "Mozilla/5.0 (compatible; MJ12bot/v1.4.8; http://mj12bot.com/)"
74.7.243.195 - - [30/Nov/2025:09:09:11 -0500] "GET /wk/admin.php?dir=//proc/546933/root/var/softaculous/mw35/php71 HTTP/1.1" 200 2572 "-" "Mozilla/5.0 AppleWebKit/537.36 (KHTML, like Gecko; compatible; GPTBot/1.3; +https://openai.com/gptbot)"
145.239.65.236 - - [30/Nov/2025:09:09:12 -0500] "GET /wk/admin.php?dir=//proc&item=sysrq-trigger&action=rename HTTP/1.1" 200 5401 "-" "Mozilla/5.0 (compatible; MJ12bot/v1.4.8; http://mj12bot.com/)"
52.44.174.136 - - [30/Nov/2025:09:09:12 -0500] "GET /wk/admin.php?action=chmod&dir=//proc/self/root/lib/kbd/consoletrans&item=8859-13_to_uni.trans HTTP/1.1" 200 5278 "-" "Mozilla/5.0 AppleWebKit/537.36 (KHTML, like Gecko; compatible; Amazonbot/0.1; +https://developer.amazon.com/support/amazonbot) Chrome/119.0.6045.214 Safari/537.36"
74.7.243.195 - - [30/Nov/2025:09:09:13 -0500] "GET /wk/admin.php?dir=//proc/546933/root/var/softaculous/mw35/php81 HTTP/1.1" 200 2585 "-" "Mozilla/5.0 AppleWebKit/537.36 (KHTML, like Gecko; compatible; GPTBot/1.3; +https://openai.com/gptbot)"
74.7.243.195 - - [30/Nov/2025:09:09:15 -0500] "GET /wk/admin.php?dir=//proc/546933/root/var/softaculous/wp54/php82 HTTP/1.1" 200 2687 "-" "Mozilla/5.0 AppleWebKit/537.36 (KHTML, like Gecko; compatible; GPTBot/1.3; +https://openai.com/gptbot)"
145.239.65.236 - - [30/Nov/2025:09:09:16 -0500] "GET /wk/admin.php?dir=//proc&item=sysrq-trigger&action=view HTTP/1.1" 200 5432 "-" "Mozilla/5.0 (compatible; MJ12bot/v1.4.8; http://mj12bot.com/)"
74.7.243.195 - - [30/Nov/2025:09:09:18 -0500] "GET /wk/admin.php?action=edit&dir=//proc/546933/root/var/softaculous/wp62/php81&item=clone.php HTTP/1.1" 200 28038 "-" "Mozilla/5.0 AppleWebKit/537.36 (KHTML, like Gecko; compatible; GPTBot/1.3; +https://openai.com/gptbot)"
3.94.156.104 - - [30/Nov/2025:09:09:19 -0500] "GET /wk/admin.php?action=chmod&dir=//home/bappguir/lscache/f/0/3&item=f031fbe745eadd36 HTTP/1.1" 200 9523 "-" "Mozilla/5.0 AppleWebKit/537.36 (KHTML, like Gecko; compatible; Amazonbot/0.1; +https://developer.amazon.com/support/amazonbot) Chrome/119.0.6045.214 Safari/537.36"
145.239.65.236 - - [30/Nov/2025:09:09:19 -0500] "GET /wk/admin.php?dir=//proc&item=sysvipc&action=chmod HTTP/1.1" 200 5425 "-" "Mozilla/5.0 (compatible; MJ12bot/v1.4.8; http://mj12bot.com/)"
74.7.243.195 - - [30/Nov/2025:09:09:20 -0500] "GET /wk/admin.php?action=rename&dir=//proc/546933/root/var/softaculous/wp67/php56&item=backup.php HTTP/1.1" 200 2664 "-" "Mozilla/5.0 AppleWebKit/537.36 (KHTML, like Gecko; compatible; GPTBot/1.3; +https://openai.com/gptbot)"
54.91.122.193 - - [30/Nov/2025:09:09:21 -0500] "GET /wk/admin.php?action=chmod&dir=//home/bappguir/lscache/c/6/0&item=c60d556c68bdb2c5 HTTP/1.1" 200 9002 "-" "Mozilla/5.0 AppleWebKit/537.36 (KHTML, like Gecko; compatible; Amazonbot/0.1; +https://developer.amazon.com/support/amazonbot) Chrome/119.0.6045.214 Safari/537.36"
145.239.65.236 - - [30/Nov/2025:09:09:22 -0500] "GET /wk/admin.php?dir=//proc&item=sysvipc&action=rename HTTP/1.1" 200 5349 "-" "Mozilla/5.0 (compatible; MJ12bot/v1.4.8; http://mj12bot.com/)"
74.7.243.195 - - [30/Nov/2025:09:09:22 -0500] "GET /wk/admin.php?action=chmod&dir=//proc/546933/root/var/softaculous/wp67/php56&item=upgrade.php HTTP/1.1" 200 2784 "-" "Mozilla/5.0 AppleWebKit/537.36 (KHTML, like Gecko; compatible; GPTBot/1.3; +https://openai.com/gptbot)"
52.3.127.170 - - [30/Nov/2025:09:09:24 -0500] "GET /wk/admin.php?action=chmod&dir=//home/bappguir/lscache/a/3/b&item=a3b9bc3ddd6d58f7 HTTP/1.1" 200 8989 "-" "Mozilla/5.0 AppleWebKit/537.36 (KHTML, like Gecko; compatible; Amazonbot/0.1; +https://developer.amazon.com/support/amazonbot) Chrome/119.0.6045.214 Safari/537.36"
74.7.243.195 - - [30/Nov/2025:09:09:25 -0500] "GET /wk/admin.php?dir=//proc/546933/root/var/softaculous/mw35/php82 HTTP/1.1" 200 2581 "-" "Mozilla/5.0 AppleWebKit/537.36 (KHTML, like Gecko; compatible; GPTBot/1.3; +https://openai.com/gptbot)"
145.239.65.236 - - [30/Nov/2025:09:09:25 -0500] "GET /wk/admin.php?dir=//proc&item=thread-self&action=chmod HTTP/1.1" 200 5337 "-" "Mozilla/5.0 (compatible; MJ12bot/v1.4.8; http://mj12bot.com/)"
74.7.243.195 - - [30/Nov/2025:09:09:27 -0500] "GET /wk/admin.php?dir=//proc/546933/root/var/softaculous/wp61/php71 HTTP/1.1" 200 2689 "-" "Mozilla/5.0 AppleWebKit/537.36 (KHTML, like Gecko; compatible; GPTBot/1.3; +https://openai.com/gptbot)"
34.196.237.236 - - [30/Nov/2025:09:09:26 -0500] "GET /wk/admin.php?action=chmod&dir=//home/bappguir/tmp/awstats/ssl&item=awstats092024.rariya.com.ng.bappikabir.com.txt HTTP/1.1" 200 18158 "-" "Mozilla/5.0 AppleWebKit/537.36 (KHTML, like Gecko; compatible; Amazonbot/0.1; +https://developer.amazon.com/support/amazonbot) Chrome/119.0.6045.214 Safari/537.36"
145.239.65.236 - - [30/Nov/2025:09:09:29 -0500] "GET /wk/admin.php?dir=//proc&item=thread-self&action=rename HTTP/1.1" 200 5342 "-" "Mozilla/5.0 (compatible; MJ12bot/v1.4.8; http://mj12bot.com/)"
74.7.243.195 - - [30/Nov/2025:09:09:29 -0500] "GET /wk/admin.php?dir=//proc/546933/root/var/softaculous/wp61/php53 HTTP/1.1" 200 2689 "-" "Mozilla/5.0 AppleWebKit/537.36 (KHTML, like Gecko; compatible; GPTBot/1.3; +https://openai.com/gptbot)"
23.21.204.95 - - [30/Nov/2025:09:09:31 -0500] "GET /wk/admin.php?action=chmod&dir=//home/bappguir/lscache/c/b/4&item=cb4c2505f82b4c4d HTTP/1.1" 200 9441 "-" "Mozilla/5.0 AppleWebKit/537.36 (KHTML, like Gecko; compatible; Amazonbot/0.1; +https://developer.amazon.com/support/amazonbot) Chrome/119.0.6045.214 Safari/537.36"
74.7.243.195 - - [30/Nov/2025:09:09:31 -0500] "GET /wk/admin.php?dir=//proc/546933/root/var/softaculous/wp62/php82 HTTP/1.1" 200 2693 "-" "Mozilla/5.0 AppleWebKit/537.36 (KHTML, like Gecko; compatible; GPTBot/1.3; +https://openai.com/gptbot)"
145.239.65.236 - - [30/Nov/2025:09:09:32 -0500] "GET /wk/admin.php?dir=//proc&item=timer_list&action=chmod HTTP/1.1" 200 5213 "-" "Mozilla/5.0 (compatible; MJ12bot/v1.4.8; http://mj12bot.com/)"
74.7.243.195 - - [30/Nov/2025:09:09:33 -0500] "GET /wk/admin.php?dir=//proc/546933/root/var/softaculous/mw35/php56 HTTP/1.1" 200 2582 "-" "Mozilla/5.0 AppleWebKit/537.36 (KHTML, like Gecko; compatible; GPTBot/1.3; +https://openai.com/gptbot)"
145.239.65.236 - - [30/Nov/2025:09:09:35 -0500] "GET /wk/admin.php?dir=//proc&item=timer_list&action=edit HTTP/1.1" 200 5337 "-" "Mozilla/5.0 (compatible; MJ12bot/v1.4.8; http://mj12bot.com/)"
74.7.243.195 - - [30/Nov/2025:09:09:36 -0500] "GET /wk/admin.php?dir=//proc/546933/root/var/softaculous/wp61/php56 HTTP/1.1" 200 2694 "-" "Mozilla/5.0 AppleWebKit/537.36 (KHTML, like Gecko; compatible; GPTBot/1.3; +https://openai.com/gptbot)"
98.82.39.241 - - [30/Nov/2025:09:09:37 -0500] "GET /wk/admin.php?action=chmod&dir=//home/bappguir/lscache/a/a/c&item=aac9c5fc3bfe46d3 HTTP/1.1" 200 9167 "-" "Mozilla/5.0 AppleWebKit/537.36 (KHTML, like Gecko; compatible; Amazonbot/0.1; +https://developer.amazon.com/support/amazonbot) Chrome/119.0.6045.214 Safari/537.36"
74.7.243.195 - - [30/Nov/2025:09:09:38 -0500] "GET /wk/admin.php?dir=//proc/546933/root/var/softaculous/wp62/php71 HTTP/1.1" 200 2690 "-" "Mozilla/5.0 AppleWebKit/537.36 (KHTML, like Gecko; compatible; GPTBot/1.3; +https://openai.com/gptbot)"
145.239.65.236 - - [30/Nov/2025:09:09:39 -0500] "GET /wk/admin.php?dir=//proc&item=timer_list&action=rename HTTP/1.1" 200 5281 "-" "Mozilla/5.0 (compatible; MJ12bot/v1.4.8; http://mj12bot.com/)"
52.71.216.196 - - [30/Nov/2025:09:09:39 -0500] "GET /wk/admin.php?action=chmod&dir=//home/bappguir/lscache/c/6/c&item=c6caecde9035e0d1 HTTP/1.1" 200 8358 "-" "Mozilla/5.0 AppleWebKit/537.36 (KHTML, like Gecko; compatible; Amazonbot/0.1; +https://developer.amazon.com/support/amazonbot) Chrome/119.0.6045.214 Safari/537.36"
74.7.243.195 - - [30/Nov/2025:09:09:40 -0500] "GET /wk/admin.php?dir=//proc/546933/root/var/softaculous/wp56 HTTP/1.1" 200 4130 "-" "Mozilla/5.0 AppleWebKit/537.36 (KHTML, like Gecko; compatible; GPTBot/1.3; +https://openai.com/gptbot)"
145.239.65.236 - - [30/Nov/2025:09:09:42 -0500] "GET /wk/admin.php?dir=//proc&item=timer_list&action=view HTTP/1.1" 200 5296 "-" "Mozilla/5.0 (compatible; MJ12bot/v1.4.8; http://mj12bot.com/)"
74.7.243.195 - - [30/Nov/2025:09:09:43 -0500] "GET /wk/admin.php?dir=//proc/546933/root/var/softaculous/wp58 HTTP/1.1" 200 4161 "-" "Mozilla/5.0 AppleWebKit/537.36 (KHTML, like Gecko; compatible; GPTBot/1.3; +https://openai.com/gptbot)"
