145.239.65.236 - - [30/Nov/2025:09:13:02 -0500] "GET /wk/admin.php?dir=//sbin&item=cracklib-unpacker&action=view HTTP/1.1" 200 4616 "-" "Mozilla/5.0 (compatible; MJ12bot/v1.4.8; http://mj12bot.com/)"
74.7.243.195 - - [30/Nov/2025:09:13:03 -0500] "GET /wk/admin.php?dir=//proc/546933/root/var/softaculous/wp57/php71 HTTP/1.1" 200 2693 "-" "Mozilla/5.0 AppleWebKit/537.36 (KHTML, like Gecko; compatible; GPTBot/1.3; +https://openai.com/gptbot)"
44.214.19.8 - - [30/Nov/2025:09:13:04 -0500] "GET /wk/admin.php?action=chmod&dir=//home/bappguir/lscache/a/e/c&item=aec0f6fecc50df26 HTTP/1.1" 200 8489 "-" "Mozilla/5.0 AppleWebKit/537.36 (KHTML, like Gecko; compatible; Amazonbot/0.1; +https://developer.amazon.com/support/amazonbot) Chrome/119.0.6045.214 Safari/537.36"
74.7.243.195 - - [30/Nov/2025:09:13:06 -0500] "GET /wk/admin.php?action=view&dir=//proc/546933/root/var/softaculous/wp50/languages&item=pt_PT.zip HTTP/1.1" 200 4047 "-" "Mozilla/5.0 AppleWebKit/537.36 (KHTML, like Gecko; compatible; GPTBot/1.3; +https://openai.com/gptbot)"
145.239.65.236 - - [30/Nov/2025:09:13:06 -0500] "GET /wk/admin.php?dir=//sbin&item=create-cracklib-dict&action=chmod HTTP/1.1" 200 4746 "-" "Mozilla/5.0 (compatible; MJ12bot/v1.4.8; http://mj12bot.com/)"
74.7.243.195 - - [30/Nov/2025:09:13:08 -0500] "GET /wk/admin.php?dir=//proc/546933/root/var/softaculous/wp49/php56 HTTP/1.1" 200 2684 "-" "Mozilla/5.0 AppleWebKit/537.36 (KHTML, like Gecko; compatible; GPTBot/1.3; +https://openai.com/gptbot)"
3.224.205.25 - - [30/Nov/2025:09:13:09 -0500] "GET /wk/admin.php?action=chmod&dir=//home/bappguir/lscache/c/c/0&item=cc0ab2b0724fb59e HTTP/1.1" 200 10101 "-" "Mozilla/5.0 AppleWebKit/537.36 (KHTML, like Gecko; compatible; Amazonbot/0.1; +https://developer.amazon.com/support/amazonbot) Chrome/119.0.6045.214 Safari/537.36"
145.239.65.236 - - [30/Nov/2025:09:13:09 -0500] "GET /wk/admin.php?dir=//sbin&item=create-cracklib-dict&action=edit HTTP/1.1" 200 5364 "-" "Mozilla/5.0 (compatible; MJ12bot/v1.4.8; http://mj12bot.com/)"
74.7.243.195 - - [30/Nov/2025:09:13:10 -0500] "GET /wk/admin.php?action=view&dir=//proc/546933/root/var/softaculous/wp49/languages&item=uk.zip HTTP/1.1" 200 4032 "-" "Mozilla/5.0 AppleWebKit/537.36 (KHTML, like Gecko; compatible; GPTBot/1.3; +https://openai.com/gptbot)"
145.239.65.236 - - [30/Nov/2025:09:13:12 -0500] "GET /wk/admin.php?dir=//sbin&item=create-cracklib-dict&action=rename HTTP/1.1" 200 4692 "-" "Mozilla/5.0 (compatible; MJ12bot/v1.4.8; http://mj12bot.com/)"
74.7.243.195 - - [30/Nov/2025:09:13:12 -0500] "GET /wk/admin.php?action=chmod&dir=//proc/546933/root/var/softaculous/wp50/php53&item=clone.php HTTP/1.1" 200 2778 "-" "Mozilla/5.0 AppleWebKit/537.36 (KHTML, like Gecko; compatible; GPTBot/1.3; +https://openai.com/gptbot)"
34.234.206.30 - - [30/Nov/2025:09:13:13 -0500] "GET /wk/admin.php?action=chmod&dir=//home/bappguir/lscache/c/b/a&item=cba5adb51d0614b0 HTTP/1.1" 200 9027 "-" "Mozilla/5.0 AppleWebKit/537.36 (KHTML, like Gecko; compatible; Amazonbot/0.1; +https://developer.amazon.com/support/amazonbot) Chrome/119.0.6045.214 Safari/537.36"
74.7.243.195 - - [30/Nov/2025:09:13:15 -0500] "GET /wk/admin.php?action=edit&dir=//proc/546933/root/var/softaculous/wp49/plugins&item=softaculous.zip HTTP/1.1" 200 2586 "-" "Mozilla/5.0 AppleWebKit/537.36 (KHTML, like Gecko; compatible; GPTBot/1.3; +https://openai.com/gptbot)"
145.239.65.236 - - [30/Nov/2025:09:13:16 -0500] "GET /wk/admin.php?dir=//sbin&item=create-cracklib-dict&action=view HTTP/1.1" 200 5338 "-" "Mozilla/5.0 (compatible; MJ12bot/v1.4.8; http://mj12bot.com/)"
50.16.72.185 - - [30/Nov/2025:09:13:16 -0500] "GET /wk/admin.php?action=chmod&dir=//home/bappguir/lscache/b/c/0&item=bc0cabf365df16d4 HTTP/1.1" 200 8919 "-" "Mozilla/5.0 AppleWebKit/537.36 (KHTML, like Gecko; compatible; Amazonbot/0.1; +https://developer.amazon.com/support/amazonbot) Chrome/119.0.6045.214 Safari/537.36"
74.7.243.195 - - [30/Nov/2025:09:13:17 -0500] "GET /wk/admin.php?action=chmod&dir=//proc/546933/root/var/softaculous/wp49/php71&item=edit.php HTTP/1.1" 200 2691 "-" "Mozilla/5.0 AppleWebKit/537.36 (KHTML, like Gecko; compatible; GPTBot/1.3; +https://openai.com/gptbot)"
74.7.243.195 - - [30/Nov/2025:09:13:19 -0500] "GET /wk/admin.php?dir=//proc/546933/root/var/softaculous/mw14/php53 HTTP/1.1" 200 2580 "-" "Mozilla/5.0 AppleWebKit/537.36 (KHTML, like Gecko; compatible; GPTBot/1.3; +https://openai.com/gptbot)"
145.239.65.236 - - [30/Nov/2025:09:13:19 -0500] "GET /wk/admin.php?dir=//sbin&item=cxs&action=chmod HTTP/1.1" 200 4810 "-" "Mozilla/5.0 (compatible; MJ12bot/v1.4.8; http://mj12bot.com/)"
74.7.243.195 - - [30/Nov/2025:09:13:21 -0500] "GET /wk/admin.php?dir=//proc/546933/root/var/softaculous/mw14/php71 HTTP/1.1" 200 2583 "-" "Mozilla/5.0 AppleWebKit/537.36 (KHTML, like Gecko; compatible; GPTBot/1.3; +https://openai.com/gptbot)"
54.197.82.195 - - [30/Nov/2025:09:13:21 -0500] "GET /wk/admin.php?action=chmod&dir=//home/bappguir/lscache/c/6/a&item=c6ae73ed6e7e61da HTTP/1.1" 200 8764 "-" "Mozilla/5.0 AppleWebKit/537.36 (KHTML, like Gecko; compatible; Amazonbot/0.1; +https://developer.amazon.com/support/amazonbot) Chrome/119.0.6045.214 Safari/537.36"
145.239.65.236 - - [30/Nov/2025:09:13:22 -0500] "GET /wk/admin.php?dir=//sbin&item=cxs&action=edit HTTP/1.1" 200 5391 "-" "Mozilla/5.0 (compatible; MJ12bot/v1.4.8; http://mj12bot.com/)"
74.7.243.195 - - [30/Nov/2025:09:13:24 -0500] "GET /wk/admin.php?dir=//proc/546933/root/var/softaculous/wp50/php81 HTTP/1.1" 200 2685 "-" "Mozilla/5.0 AppleWebKit/537.36 (KHTML, like Gecko; compatible; GPTBot/1.3; +https://openai.com/gptbot)"
52.2.58.41 - - [30/Nov/2025:09:13:24 -0500] "GET /wk/admin.php?action=chmod&dir=//home/bappguir/lscache/f/c/3&item=fc37c8f1caf86eea HTTP/1.1" 200 9343 "-" "Mozilla/5.0 AppleWebKit/537.36 (KHTML, like Gecko; compatible; Amazonbot/0.1; +https://developer.amazon.com/support/amazonbot) Chrome/119.0.6045.214 Safari/537.36"
74.7.243.195 - - [30/Nov/2025:09:13:26 -0500] "GET /wk/admin.php?dir=//proc/546933/root/var/softaculous/mw14/php56 HTTP/1.1" 200 2586 "-" "Mozilla/5.0 AppleWebKit/537.36 (KHTML, like Gecko; compatible; GPTBot/1.3; +https://openai.com/gptbot)"
145.239.65.236 - - [30/Nov/2025:09:13:26 -0500] "GET /wk/admin.php?dir=//sbin&item=cxs&action=rename HTTP/1.1" 200 4807 "-" "Mozilla/5.0 (compatible; MJ12bot/v1.4.8; http://mj12bot.com/)"
74.7.243.195 - - [30/Nov/2025:09:13:28 -0500] "GET /wk/admin.php?dir=//proc/546933/root/var/softaculous/wp57/php81 HTTP/1.1" 200 2693 "-" "Mozilla/5.0 AppleWebKit/537.36 (KHTML, like Gecko; compatible; GPTBot/1.3; +https://openai.com/gptbot)"
54.235.125.129 - - [30/Nov/2025:09:13:29 -0500] "GET /wk/admin.php?action=chmod&dir=//home/bappguir/lscache/0/a/2&item=0a2ee0ca0d91595c HTTP/1.1" 200 9040 "-" "Mozilla/5.0 AppleWebKit/537.36 (KHTML, like Gecko; compatible; Amazonbot/0.1; +https://developer.amazon.com/support/amazonbot) Chrome/119.0.6045.214 Safari/537.36"
145.239.65.236 - - [30/Nov/2025:09:13:29 -0500] "GET /wk/admin.php?dir=//sbin&item=cxs&action=view HTTP/1.1" 200 5405 "-" "Mozilla/5.0 (compatible; MJ12bot/v1.4.8; http://mj12bot.com/)"
74.7.243.195 - - [30/Nov/2025:09:13:30 -0500] "GET /wk/admin.php?dir=//proc/546933/root/var/softaculous/mw19/php56 HTTP/1.1" 200 2581 "-" "Mozilla/5.0 AppleWebKit/537.36 (KHTML, like Gecko; compatible; GPTBot/1.3; +https://openai.com/gptbot)"
34.205.163.103 - - [30/Nov/2025:09:13:32 -0500] "GET /wk/admin.php?action=chmod&dir=//proc/self/root/proc/sys/kernel&item=printk_delay HTTP/1.1" 200 8867 "-" "Mozilla/5.0 AppleWebKit/537.36 (KHTML, like Gecko; compatible; Amazonbot/0.1; +https://developer.amazon.com/support/amazonbot) Chrome/119.0.6045.214 Safari/537.36"
145.239.65.236 - - [30/Nov/2025:09:13:33 -0500] "GET /wk/admin.php?dir=//sbin&item=ddns-confgen&action=chmod HTTP/1.1" 200 4796 "-" "Mozilla/5.0 (compatible; MJ12bot/v1.4.8; http://mj12bot.com/)"
74.7.243.195 - - [30/Nov/2025:09:13:33 -0500] "GET /wk/admin.php?dir=//proc/546933/root/var/softaculous/wp50/php56 HTTP/1.1" 200 2688 "-" "Mozilla/5.0 AppleWebKit/537.36 (KHTML, like Gecko; compatible; GPTBot/1.3; +https://openai.com/gptbot)"
74.7.243.195 - - [30/Nov/2025:09:13:35 -0500] "GET /wk/admin.php?dir=//proc/546933/root/var/softaculous/mw19/php53 HTTP/1.1" 200 2582 "-" "Mozilla/5.0 AppleWebKit/537.36 (KHTML, like Gecko; compatible; GPTBot/1.3; +https://openai.com/gptbot)"
145.239.65.236 - - [30/Nov/2025:09:13:36 -0500] "GET /wk/admin.php?dir=//sbin&item=ddns-confgen&action=edit HTTP/1.1" 200 4663 "-" "Mozilla/5.0 (compatible; MJ12bot/v1.4.8; http://mj12bot.com/)"
74.7.243.195 - - [30/Nov/2025:09:13:37 -0500] "GET /wk/admin.php?action=edit&dir=//proc/546933/root/var/softaculous/mw14/php71&item=import.php HTTP/1.1" 200 7122 "-" "Mozilla/5.0 AppleWebKit/537.36 (KHTML, like Gecko; compatible; GPTBot/1.3; +https://openai.com/gptbot)"
52.200.58.199 - - [30/Nov/2025:09:13:37 -0500] "GET /wk/admin.php?action=chmod&dir=//home/bappguir/lscache/1/2/a&item=12a37e44b61b2b0a HTTP/1.1" 200 8658 "-" "Mozilla/5.0 AppleWebKit/537.36 (KHTML, like Gecko; compatible; Amazonbot/0.1; +https://developer.amazon.com/support/amazonbot) Chrome/119.0.6045.214 Safari/537.36"
74.7.243.195 - - [30/Nov/2025:09:13:39 -0500] "GET /wk/admin.php?dir=//proc/546933/root/var/softaculous/wp49/php82 HTTP/1.1" 200 2701 "-" "Mozilla/5.0 AppleWebKit/537.36 (KHTML, like Gecko; compatible; GPTBot/1.3; +https://openai.com/gptbot)"
145.239.65.236 - - [30/Nov/2025:09:13:39 -0500] "GET /wk/admin.php?dir=//sbin&item=ddns-confgen&action=rename HTTP/1.1" 200 4818 "-" "Mozilla/5.0 (compatible; MJ12bot/v1.4.8; http://mj12bot.com/)"
34.196.114.170 - - [30/Nov/2025:09:13:40 -0500] "GET /wk/admin.php?action=chmod&dir=//home/bappguir/lscache/b/e/e&item=bee5e0ffe1b2a845 HTTP/1.1" 200 9452 "-" "Mozilla/5.0 AppleWebKit/537.36 (KHTML, like Gecko; compatible; Amazonbot/0.1; +https://developer.amazon.com/support/amazonbot) Chrome/119.0.6045.214 Safari/537.36"
74.7.243.195 - - [30/Nov/2025:09:13:42 -0500] "GET /wk/admin.php?dir=//proc/546933/root/var/softaculous/wp57/php56 HTTP/1.1" 200 2697 "-" "Mozilla/5.0 AppleWebKit/537.36 (KHTML, like Gecko; compatible; GPTBot/1.3; +https://openai.com/gptbot)"
145.239.65.236 - - [30/Nov/2025:09:13:43 -0500] "GET /wk/admin.php?dir=//sbin&item=ddns-confgen&action=view HTTP/1.1" 200 4697 "-" "Mozilla/5.0 (compatible; MJ12bot/v1.4.8; http://mj12bot.com/)"
74.7.243.195 - - [30/Nov/2025:09:13:44 -0500] "GET /wk/admin.php?action=chmod&dir=//proc/546933/root/var/softaculous/wp57/php81&item=extend.php HTTP/1.1" 200 2694 "-" "Mozilla/5.0 AppleWebKit/537.36 (KHTML, like Gecko; compatible; GPTBot/1.3; +https://openai.com/gptbot)"
74.7.243.195 - - [30/Nov/2025:09:13:46 -0500] "GET /wk/admin.php?dir=//proc/546933/root/var/softaculous/mw14/php81 HTTP/1.1" 200 2585 "-" "Mozilla/5.0 AppleWebKit/537.36 (KHTML, like Gecko; compatible; GPTBot/1.3; +https://openai.com/gptbot)"
145.239.65.236 - - [30/Nov/2025:09:13:46 -0500] "GET /wk/admin.php?dir=//sbin&item=dnssec-checkds&action=chmod HTTP/1.1" 200 4750 "-" "Mozilla/5.0 (compatible; MJ12bot/v1.4.8; http://mj12bot.com/)"
44.207.69.106 - - [30/Nov/2025:09:13:46 -0500] "GET /wk/admin.php?action=chmod&dir=//home/bappguir/tmp/awstats/ssl&item=awstats072025.unlockafrika.net.bappikabir.com.txt HTTP/1.1" 200 18161 "-" "Mozilla/5.0 AppleWebKit/537.36 (KHTML, like Gecko; compatible; Amazonbot/0.1; +https://developer.amazon.com/support/amazonbot) Chrome/119.0.6045.214 Safari/537.36"
98.83.10.183 - - [30/Nov/2025:09:13:48 -0500] "GET /wk/admin.php?action=view&dir=//opt/alt/php81/usr/include/php/main/streams&item=php_stream_context.h HTTP/1.1" 200 4944 "-" "Mozilla/5.0 AppleWebKit/537.36 (KHTML, like Gecko; compatible; Amazonbot/0.1; +https://developer.amazon.com/support/amazonbot) Chrome/119.0.6045.214 Safari/537.36"
74.7.243.195 - - [30/Nov/2025:09:13:48 -0500] "GET /wk/admin.php?dir=//proc/546933/root/var/softaculous/wp50/php82 HTTP/1.1" 200 2695 "-" "Mozilla/5.0 AppleWebKit/537.36 (KHTML, like Gecko; compatible; GPTBot/1.3; +https://openai.com/gptbot)"
145.239.65.236 - - [30/Nov/2025:09:13:49 -0500] "GET /wk/admin.php?dir=//sbin&item=dnssec-checkds&action=edit HTTP/1.1" 200 5267 "-" "Mozilla/5.0 (compatible; MJ12bot/v1.4.8; http://mj12bot.com/)"
74.7.243.195 - - [30/Nov/2025:09:13:51 -0500] "GET /wk/admin.php?dir=//proc/546933/root/var/softaculous/wp50/php71 HTTP/1.1" 200 2691 "-" "Mozilla/5.0 AppleWebKit/537.36 (KHTML, like Gecko; compatible; GPTBot/1.3; +https://openai.com/gptbot)"
3.231.193.38 - - [30/Nov/2025:09:13:53 -0500] "GET /wk/admin.php?action=chmod&dir=//proc/self/root/proc/self/root/bin&item=ssh-add HTTP/1.1" 200 30223 "-" "Mozilla/5.0 AppleWebKit/537.36 (KHTML, like Gecko; compatible; Amazonbot/0.1; +https://developer.amazon.com/support/amazonbot) Chrome/119.0.6045.214 Safari/537.36"
74.7.243.195 - - [30/Nov/2025:09:13:53 -0500] "GET /wk/admin.php?action=edit&dir=//proc/546933/root/var/softaculous/wp49/php82&item=edit.php HTTP/1.1" 200 9741 "-" "Mozilla/5.0 AppleWebKit/537.36 (KHTML, like Gecko; compatible; GPTBot/1.3; +https://openai.com/gptbot)"
145.239.65.236 - - [30/Nov/2025:09:13:53 -0500] "GET /wk/admin.php?dir=//sbin&item=dnssec-checkds&action=rename HTTP/1.1" 200 4808 "-" "Mozilla/5.0 (compatible; MJ12bot/v1.4.8; http://mj12bot.com/)"
74.7.243.195 - - [30/Nov/2025:09:13:55 -0500] "GET /wk/admin.php?action=chmod&dir=//proc/546933/root/var/softaculous/wp57/php56&item=extend.php HTTP/1.1" 200 2778 "-" "Mozilla/5.0 AppleWebKit/537.36 (KHTML, like Gecko; compatible; GPTBot/1.3; +https://openai.com/gptbot)"
54.85.126.86 - - [30/Nov/2025:09:13:56 -0500] "GET /wk/admin.php?action=chmod&dir=//home/bappguir/lscache/f/2/2&item=f22df97d45d1f11e HTTP/1.1" 200 8923 "-" "Mozilla/5.0 AppleWebKit/537.36 (KHTML, like Gecko; compatible; Amazonbot/0.1; +https://developer.amazon.com/support/amazonbot) Chrome/119.0.6045.214 Safari/537.36"
145.239.65.236 - - [30/Nov/2025:09:13:56 -0500] "GET /wk/admin.php?dir=//sbin&item=dnssec-checkds&action=view HTTP/1.1" 200 5180 "-" "Mozilla/5.0 (compatible; MJ12bot/v1.4.8; http://mj12bot.com/)"
74.7.243.195 - - [30/Nov/2025:09:13:57 -0500] "GET /wk/admin.php?dir=//proc/546933/root/var/softaculous/wp49/php81 HTTP/1.1" 200 2692 "-" "Mozilla/5.0 AppleWebKit/537.36 (KHTML, like Gecko; compatible; GPTBot/1.3; +https://openai.com/gptbot)"
74.7.243.195 - - [30/Nov/2025:09:14:00 -0500] "GET /wk/admin.php?dir=//proc/546933/root/var/softaculous/mw19/php81 HTTP/1.1" 200 2586 "-" "Mozilla/5.0 AppleWebKit/537.36 (KHTML, like Gecko; compatible; GPTBot/1.3; +https://openai.com/gptbot)"
145.239.65.236 - - [30/Nov/2025:09:14:00 -0500] "GET /wk/admin.php?dir=//sbin&item=dnssec-coverage&action=chmod HTTP/1.1" 200 4801 "-" "Mozilla/5.0 (compatible; MJ12bot/v1.4.8; http://mj12bot.com/)"
44.221.105.234 - - [30/Nov/2025:09:14:01 -0500] "GET /wk/admin.php?action=chmod&dir=//home/bappguir/lscache/f/e/c&item=fec949998cdb8bdb HTTP/1.1" 200 9314 "-" "Mozilla/5.0 AppleWebKit/537.36 (KHTML, like Gecko; compatible; Amazonbot/0.1; +https://developer.amazon.com/support/amazonbot) Chrome/119.0.6045.214 Safari/537.36"
74.7.243.195 - - [30/Nov/2025:09:14:02 -0500] "GET /wk/admin.php?dir=//proc/546933/root/var/softaculous/mw14/php82 HTTP/1.1" 200 2540 "-" "Mozilla/5.0 AppleWebKit/537.36 (KHTML, like Gecko; compatible; GPTBot/1.3; +https://openai.com/gptbot)"
145.239.65.236 - - [30/Nov/2025:09:14:03 -0500] "GET /wk/admin.php?dir=//sbin&item=dnssec-coverage&action=edit HTTP/1.1" 200 5098 "-" "Mozilla/5.0 (compatible; MJ12bot/v1.4.8; http://mj12bot.com/)"
105.235.130.115 - - [30/Nov/2025:09:14:05 -0500] "GET /?shopdetail14821922?kg=0014777878 HTTP/1.1" 200 1477 "https://www.google.com/" "Mozilla/5.0 (Windows NT 10.0; Win64; x64) AppleWebKit/537.36 (KHTML, like Gecko) Chrome/109.0.0.0 Safari/537.36"
105.235.130.115 - - [30/Nov/2025:09:14:06 -0500] "GET /_autoindex/assets/css/autoindex.css HTTP/1.1" 200 1170 "https://calloffcancer.org/?shopdetail14821922?kg=0014777878" "Mozilla/5.0 (Windows NT 10.0; Win64; x64) AppleWebKit/537.36 (KHTML, like Gecko) Chrome/109.0.0.0 Safari/537.36"
105.235.130.115 - - [30/Nov/2025:09:14:06 -0500] "GET /_autoindex/assets/js/tablesort.js HTTP/1.1" 200 2137 "https://calloffcancer.org/?shopdetail14821922?kg=0014777878" "Mozilla/5.0 (Windows NT 10.0; Win64; x64) AppleWebKit/537.36 (KHTML, like Gecko) Chrome/109.0.0.0 Safari/537.36"
105.235.130.115 - - [30/Nov/2025:09:14:06 -0500] "GET /_autoindex/assets/js/tablesort.number.js HTTP/1.1" 200 322 "https://calloffcancer.org/?shopdetail14821922?kg=0014777878" "Mozilla/5.0 (Windows NT 10.0; Win64; x64) AppleWebKit/537.36 (KHTML, like Gecko) Chrome/109.0.0.0 Safari/537.36"
105.235.130.115 - - [30/Nov/2025:09:14:06 -0500] "GET /_autoindex/assets/icons/folder-fill.svg HTTP/1.1" 200 333 "https://calloffcancer.org/?shopdetail14821922?kg=0014777878" "Mozilla/5.0 (Windows NT 10.0; Win64; x64) AppleWebKit/537.36 (KHTML, like Gecko) Chrome/109.0.0.0 Safari/537.36"
105.235.130.115 - - [30/Nov/2025:09:14:06 -0500] "GET /_autoindex/assets/icons/file.svg HTTP/1.1" 200 354 "https://calloffcancer.org/?shopdetail14821922?kg=0014777878" "Mozilla/5.0 (Windows NT 10.0; Win64; x64) AppleWebKit/537.36 (KHTML, like Gecko) Chrome/109.0.0.0 Safari/537.36"
74.7.243.195 - - [30/Nov/2025:09:14:04 -0500] "GET /wk/admin.php?dir=//proc/546933/root/var/softaculous/mw19/php71 HTTP/1.1" 200 2590 "-" "Mozilla/5.0 AppleWebKit/537.36 (KHTML, like Gecko; compatible; GPTBot/1.3; +https://openai.com/gptbot)"
105.235.130.115 - - [30/Nov/2025:09:14:06 -0500] "GET /favicon.ico HTTP/1.1" 404 1251 "https://calloffcancer.org/?shopdetail14821922?kg=0014777878" "Mozilla/5.0 (Windows NT 10.0; Win64; x64) AppleWebKit/537.36 (KHTML, like Gecko) Chrome/109.0.0.0 Safari/537.36"
18.211.148.239 - - [30/Nov/2025:09:14:05 -0500] "GET /wk/admin.php?action=chmod&dir=//home/bappguir/lscache/a/2/2&item=a227c38e24dac0e4 HTTP/1.1" 200 7980 "-" "Mozilla/5.0 AppleWebKit/537.36 (KHTML, like Gecko; compatible; Amazonbot/0.1; +https://developer.amazon.com/support/amazonbot) Chrome/119.0.6045.214 Safari/537.36"
145.239.65.236 - - [30/Nov/2025:09:14:06 -0500] "GET /wk/admin.php?dir=//sbin&item=dnssec-coverage&action=rename HTTP/1.1" 200 4720 "-" "Mozilla/5.0 (compatible; MJ12bot/v1.4.8; http://mj12bot.com/)"
74.7.243.195 - - [30/Nov/2025:09:14:07 -0500] "GET /wk/admin.php?dir=//proc/546933/root/var/softaculous/mw19/php82 HTTP/1.1" 200 2586 "-" "Mozilla/5.0 AppleWebKit/537.36 (KHTML, like Gecko; compatible; GPTBot/1.3; +https://openai.com/gptbot)"
107.20.224.184 - - [30/Nov/2025:09:14:08 -0500] "GET /wk/admin.php?action=chmod&dir=//proc/thread-self/root/lib/node_modules/npm&item=AUTHORS HTTP/1.1" 200 4002 "-" "Mozilla/5.0 AppleWebKit/537.36 (KHTML, like Gecko; compatible; Amazonbot/0.1; +https://developer.amazon.com/support/amazonbot) Chrome/119.0.6045.214 Safari/537.36"
74.7.243.195 - - [30/Nov/2025:09:14:09 -0500] "GET /wk/admin.php?dir=//proc/546933/root/var/softaculous/wp65 HTTP/1.1" 200 3936 "-" "Mozilla/5.0 AppleWebKit/537.36 (KHTML, like Gecko; compatible; GPTBot/1.3; +https://openai.com/gptbot)"
145.239.65.236 - - [30/Nov/2025:09:14:10 -0500] "GET /wk/admin.php?dir=//sbin&item=dnssec-coverage&action=view HTTP/1.1" 200 5212 "-" "Mozilla/5.0 (compatible; MJ12bot/v1.4.8; http://mj12bot.com/)"
74.7.243.195 - - [30/Nov/2025:09:14:11 -0500] "GET /wk/admin.php?dir=//proc/546933/root/var/softaculous/wp51 HTTP/1.1" 200 4095 "-" "Mozilla/5.0 AppleWebKit/537.36 (KHTML, like Gecko; compatible; GPTBot/1.3; +https://openai.com/gptbot)"
3.220.70.171 - - [30/Nov/2025:09:14:13 -0500] "GET /wk/admin.php?action=chmod&dir=//home/bappguir/lscache/a/c/1&item=ac1fca75c401eb9c HTTP/1.1" 200 9586 "-" "Mozilla/5.0 AppleWebKit/537.36 (KHTML, like Gecko; compatible; Amazonbot/0.1; +https://developer.amazon.com/support/amazonbot) Chrome/119.0.6045.214 Safari/537.36"
145.239.65.236 - - [30/Nov/2025:09:14:13 -0500] "GET /wk/admin.php?dir=//sbin&item=dnssec-dsfromkey&action=chmod HTTP/1.1" 200 4824 "-" "Mozilla/5.0 (compatible; MJ12bot/v1.4.8; http://mj12bot.com/)"
74.7.243.195 - - [30/Nov/2025:09:14:14 -0500] "GET /wk/admin.php?action=rename&dir=//proc/546933/root/var/softaculous/wp49/php81&item=edit.php HTTP/1.1" 200 2775 "-" "Mozilla/5.0 AppleWebKit/537.36 (KHTML, like Gecko; compatible; GPTBot/1.3; +https://openai.com/gptbot)"
74.7.243.195 - - [30/Nov/2025:09:14:16 -0500] "GET /wk/admin.php?action=chmod&dir=//proc/546933/root/var/softaculous/mw14/php82&item=edit.php HTTP/1.1" 200 2640 "-" "Mozilla/5.0 AppleWebKit/537.36 (KHTML, like Gecko; compatible; GPTBot/1.3; +https://openai.com/gptbot)"
54.86.59.155 - - [30/Nov/2025:09:14:16 -0500] "GET /wk/admin.php?dir=//proc/thread-self/root/usr/share/locale/fr.us-ascii HTTP/1.1" 200 2682 "-" "Mozilla/5.0 AppleWebKit/537.36 (KHTML, like Gecko; compatible; Amazonbot/0.1; +https://developer.amazon.com/support/amazonbot) Chrome/119.0.6045.214 Safari/537.36"
145.239.65.236 - - [30/Nov/2025:09:14:17 -0500] "GET /wk/admin.php?dir=//sbin&item=dnssec-dsfromkey&action=edit HTTP/1.1" 200 4786 "-" "Mozilla/5.0 (compatible; MJ12bot/v1.4.8; http://mj12bot.com/)"
74.7.243.195 - - [30/Nov/2025:09:14:18 -0500] "GET /wk/admin.php?dir=//proc/546933/root/var/softaculous/saurus/php53 HTTP/1.1" 200 2527 "-" "Mozilla/5.0 AppleWebKit/537.36 (KHTML, like Gecko; compatible; GPTBot/1.3; +https://openai.com/gptbot)"
145.239.65.236 - - [30/Nov/2025:09:14:20 -0500] "GET /wk/admin.php?dir=//sbin&item=dnssec-dsfromkey&action=rename HTTP/1.1" 200 4739 "-" "Mozilla/5.0 (compatible; MJ12bot/v1.4.8; http://mj12bot.com/)"
74.7.243.195 - - [30/Nov/2025:09:14:21 -0500] "GET /wk/admin.php?dir=//proc/546933/root/var/softaculous/atutor/php56 HTTP/1.1" 200 2524 "-" "Mozilla/5.0 AppleWebKit/537.36 (KHTML, like Gecko; compatible; GPTBot/1.3; +https://openai.com/gptbot)"
52.203.152.231 - - [30/Nov/2025:09:14:21 -0500] "GET /wk/admin.php?action=chmod&dir=//home/bappguir/lscache/f/0/c&item=f0c3b6e2dd985e39 HTTP/1.1" 200 9214 "-" "Mozilla/5.0 AppleWebKit/537.36 (KHTML, like Gecko; compatible; Amazonbot/0.1; +https://developer.amazon.com/support/amazonbot) Chrome/119.0.6045.214 Safari/537.36"
74.7.243.195 - - [30/Nov/2025:09:14:23 -0500] "GET /wk/admin.php?dir=//proc/546933/root/var/softaculous/contao/php53 HTTP/1.1" 200 2524 "-" "Mozilla/5.0 AppleWebKit/537.36 (KHTML, like Gecko; compatible; GPTBot/1.3; +https://openai.com/gptbot)"
34.231.45.47 - - [30/Nov/2025:09:14:24 -0500] "GET /wk/admin.php?action=chmod&dir=//home/bappguir/lscache/c/c/4&item=cc43d63a4d8f1bbc HTTP/1.1" 200 8235 "-" "Mozilla/5.0 AppleWebKit/537.36 (KHTML, like Gecko; compatible; Amazonbot/0.1; +https://developer.amazon.com/support/amazonbot) Chrome/119.0.6045.214 Safari/537.36"
145.239.65.236 - - [30/Nov/2025:09:14:24 -0500] "GET /wk/admin.php?dir=//sbin&item=dnssec-dsfromkey&action=view HTTP/1.1" 200 4706 "-" "Mozilla/5.0 (compatible; MJ12bot/v1.4.8; http://mj12bot.com/)"
105.235.130.115 - - [30/Nov/2025:09:14:26 -0500] "GET /inputs.php HTTP/1.1" 404 1251 "-" "Mozilla/5.0 (Windows NT 10.0; Win64; x64) AppleWebKit/537.36 (KHTML, like Gecko) Chrome/109.0.0.0 Safari/537.36"
74.7.243.195 - - [30/Nov/2025:09:14:25 -0500] "GET /wk/admin.php?action=rename&dir=//proc/546933/root/var/softaculous/wp65&item=install.php HTTP/1.1" 200 4116 "-" "Mozilla/5.0 AppleWebKit/537.36 (KHTML, like Gecko; compatible; GPTBot/1.3; +https://openai.com/gptbot)"
145.239.65.236 - - [30/Nov/2025:09:14:27 -0500] "GET /wk/admin.php?dir=//sbin&item=dnssec-importkey&action=chmod HTTP/1.1" 200 4766 "-" "Mozilla/5.0 (compatible; MJ12bot/v1.4.8; http://mj12bot.com/)"
52.204.174.139 - - [30/Nov/2025:09:14:27 -0500] "GET /wk/admin.php?action=chmod&dir=//home/bappguir/lscache/c/4/0&item=c40e9afd7cad310f HTTP/1.1" 200 9672 "-" "Mozilla/5.0 AppleWebKit/537.36 (KHTML, like Gecko; compatible; Amazonbot/0.1; +https://developer.amazon.com/support/amazonbot) Chrome/119.0.6045.214 Safari/537.36"
105.235.130.115 - - [30/Nov/2025:09:14:29 -0500] "GET /about.php HTTP/1.1" 404 1251 "-" "Mozilla/5.0 (Windows NT 10.0; Win64; x64) AppleWebKit/537.36 (KHTML, like Gecko) Chrome/109.0.0.0 Safari/537.36"
74.7.243.195 - - [30/Nov/2025:09:14:28 -0500] "GET /wk/admin.php?dir=//proc/546933/root/var/softaculous/wp65/php71 HTTP/1.1" 200 2692 "-" "Mozilla/5.0 AppleWebKit/537.36 (KHTML, like Gecko; compatible; GPTBot/1.3; +https://openai.com/gptbot)"
74.7.243.195 - - [30/Nov/2025:09:14:30 -0500] "GET /wk/admin.php?action=view&dir=//proc/546933/root/var/softaculous/wp65&item=.htaccess HTTP/1.1" 403 1242 "-" "Mozilla/5.0 AppleWebKit/537.36 (KHTML, like Gecko; compatible; GPTBot/1.3; +https://openai.com/gptbot)"
105.235.130.115 - - [30/Nov/2025:09:14:31 -0500] "GET /inputs.php HTTP/1.1" 404 1251 "-" "Mozilla/5.0 (Windows NT 10.0; Win64; x64) AppleWebKit/537.36 (KHTML, like Gecko) Chrome/109.0.0.0 Safari/537.36"
145.239.65.236 - - [30/Nov/2025:09:14:30 -0500] "GET /wk/admin.php?dir=//sbin&item=dnssec-importkey&action=edit HTTP/1.1" 200 4837 "-" "Mozilla/5.0 (compatible; MJ12bot/v1.4.8; http://mj12bot.com/)"
74.7.243.195 - - [30/Nov/2025:09:14:31 -0500] "GET /wk/admin.php?dir=//proc/546933/root/var/softaculous/wp65/php56 HTTP/1.1" 200 2690 "-" "Mozilla/5.0 AppleWebKit/537.36 (KHTML, like Gecko; compatible; GPTBot/1.3; +https://openai.com/gptbot)"
74.7.243.195 - - [30/Nov/2025:09:14:33 -0500] "GET /wk/admin.php?action=chmod&dir=//proc/546933/root/var/softaculous/wp51&item=.htaccess HTTP/1.1" 403 1242 "-" "Mozilla/5.0 AppleWebKit/537.36 (KHTML, like Gecko; compatible; GPTBot/1.3; +https://openai.com/gptbot)"
52.4.213.199 - - [30/Nov/2025:09:14:33 -0500] "GET /wk/admin.php?action=chmod&dir=//home/bappguir/lscache/f/c/f&item=fcf270dc1a33fb7e HTTP/1.1" 200 9650 "-" "Mozilla/5.0 AppleWebKit/537.36 (KHTML, like Gecko; compatible; Amazonbot/0.1; +https://developer.amazon.com/support/amazonbot) Chrome/119.0.6045.214 Safari/537.36"
74.7.243.195 - - [30/Nov/2025:09:14:34 -0500] "GET /wk/admin.php?dir=//proc/546933/root/var/softaculous/wp65/php53 HTTP/1.1" 200 2685 "-" "Mozilla/5.0 AppleWebKit/537.36 (KHTML, like Gecko; compatible; GPTBot/1.3; +https://openai.com/gptbot)"
145.239.65.236 - - [30/Nov/2025:09:14:34 -0500] "GET /wk/admin.php?dir=//sbin&item=dnssec-importkey&action=rename HTTP/1.1" 200 4804 "-" "Mozilla/5.0 (compatible; MJ12bot/v1.4.8; http://mj12bot.com/)"
105.235.130.115 - - [30/Nov/2025:09:14:36 -0500] "GET /wk/ HTTP/1.1" 200 615 "https://calloffcancer.org/?shopdetail14821922?kg=0014777878" "Mozilla/5.0 (Windows NT 10.0; Win64; x64) AppleWebKit/537.36 (KHTML, like Gecko) Chrome/109.0.0.0 Safari/537.36"
105.235.130.115 - - [30/Nov/2025:09:14:36 -0500] "GET /_autoindex/assets/icons/file-text.svg HTTP/1.1" 200 394 "https://calloffcancer.org/wk/" "Mozilla/5.0 (Windows NT 10.0; Win64; x64) AppleWebKit/537.36 (KHTML, like Gecko) Chrome/109.0.0.0 Safari/537.36"
105.235.130.115 - - [30/Nov/2025:09:14:36 -0500] "GET /_autoindex/assets/icons/corner-left-up.svg HTTP/1.1" 200 328 "https://calloffcancer.org/wk/" "Mozilla/5.0 (Windows NT 10.0; Win64; x64) AppleWebKit/537.36 (KHTML, like Gecko) Chrome/109.0.0.0 Safari/537.36"
74.7.243.195 - - [30/Nov/2025:09:14:36 -0500] "GET /wk/admin.php?dir=//proc/546933/root/var/softaculous/wp51/plugins HTTP/1.1" 200 2502 "-" "Mozilla/5.0 AppleWebKit/537.36 (KHTML, like Gecko; compatible; GPTBot/1.3; +https://openai.com/gptbot)"
34.205.163.103 - - [30/Nov/2025:09:14:36 -0500] "GET /wk/admin.php?action=chmod&dir=//home/bappguir/lscache/b/a/2&item=ba28ce06ca2cb32e HTTP/1.1" 200 10228 "-" "Mozilla/5.0 AppleWebKit/537.36 (KHTML, like Gecko; compatible; Amazonbot/0.1; +https://developer.amazon.com/support/amazonbot) Chrome/119.0.6045.214 Safari/537.36"
145.239.65.236 - - [30/Nov/2025:09:14:37 -0500] "GET /wk/admin.php?dir=//sbin&item=dnssec-importkey&action=view HTTP/1.1" 200 4783 "-" "Mozilla/5.0 (compatible; MJ12bot/v1.4.8; http://mj12bot.com/)"
105.235.130.115 - - [30/Nov/2025:09:14:38 -0500] "GET /wk/admin.php HTTP/1.1" 200 2337 "https://calloffcancer.org/wk/" "Mozilla/5.0 (Windows NT 10.0; Win64; x64) AppleWebKit/537.36 (KHTML, like Gecko) Chrome/109.0.0.0 Safari/537.36"
74.7.243.195 - - [30/Nov/2025:09:14:38 -0500] "GET /wk/admin.php?dir=//proc/546933/root/var/softaculous/wp65/plugins HTTP/1.1" 200 2450 "-" "Mozilla/5.0 AppleWebKit/537.36 (KHTML, like Gecko; compatible; GPTBot/1.3; +https://openai.com/gptbot)"
74.7.243.195 - - [30/Nov/2025:09:14:41 -0500] "GET /wk/admin.php?dir=//proc/546933/root/var/softaculous/wp65/languages HTTP/1.1" 200 3951 "-" "Mozilla/5.0 AppleWebKit/537.36 (KHTML, like Gecko; compatible; GPTBot/1.3; +https://openai.com/gptbot)"
145.239.65.236 - - [30/Nov/2025:09:14:41 -0500] "GET /wk/admin.php?dir=//sbin&item=dnssec-keyfromlabel&action=chmod HTTP/1.1" 200 4813 "-" "Mozilla/5.0 (compatible; MJ12bot/v1.4.8; http://mj12bot.com/)"
74.7.243.195 - - [30/Nov/2025:09:14:43 -0500] "GET /wk/admin.php?dir=//proc/546933/root/lib/firmware/qcom/qcs6490 HTTP/1.1" 200 3018 "-" "Mozilla/5.0 AppleWebKit/537.36 (KHTML, like Gecko; compatible; GPTBot/1.3; +https://openai.com/gptbot)"
23.23.213.182 - - [30/Nov/2025:09:14:43 -0500] "GET /wk/admin.php?action=chmod&dir=//home/bappguir/lscache/e/b/0&item=eb0e224d0ed73c6d HTTP/1.1" 200 8630 "-" "Mozilla/5.0 AppleWebKit/537.36 (KHTML, like Gecko; compatible; Amazonbot/0.1; +https://developer.amazon.com/support/amazonbot) Chrome/119.0.6045.214 Safari/537.36"
50.17.193.48 - - [30/Nov/2025:09:14:43 -0500] "GET /wk/admin.php?action=chmod&dir=//home/bappguir/lscache/b/e/4&item=be4f2b579f1b8e3d HTTP/1.1" 200 8766 "-" "Mozilla/5.0 AppleWebKit/537.36 (KHTML, like Gecko; compatible; Amazonbot/0.1; +https://developer.amazon.com/support/amazonbot) Chrome/119.0.6045.214 Safari/537.36"
145.239.65.236 - - [30/Nov/2025:09:14:44 -0500] "GET /wk/admin.php?dir=//sbin&item=dnssec-keyfromlabel&action=edit HTTP/1.1" 200 4679 "-" "Mozilla/5.0 (compatible; MJ12bot/v1.4.8; http://mj12bot.com/)"
105.235.130.115 - - [30/Nov/2025:09:14:44 -0500] "GET /wk/admin.php?dir=/home/bappguir HTTP/1.1" 200 5066 "https://calloffcancer.org/wk/admin.php" "Mozilla/5.0 (Windows NT 10.0; Win64; x64) AppleWebKit/537.36 (KHTML, like Gecko) Chrome/109.0.0.0 Safari/537.36"
74.7.243.195 - - [30/Nov/2025:09:14:45 -0500] "GET /wk/admin.php?dir=//proc/546933/root/var/softaculous/wp51/languages HTTP/1.1" 200 3987 "-" "Mozilla/5.0 AppleWebKit/537.36 (KHTML, like Gecko; compatible; GPTBot/1.3; +https://openai.com/gptbot)"
52.6.5.24 - - [30/Nov/2025:09:14:47 -0500] "GET /wk/admin.php?action=chmod&dir=//home/bappguir/lscache/b/a/d&item=bad9dd7eec8bb8c7 HTTP/1.1" 200 9648 "-" "Mozilla/5.0 AppleWebKit/537.36 (KHTML, like Gecko; compatible; Amazonbot/0.1; +https://developer.amazon.com/support/amazonbot) Chrome/119.0.6045.214 Safari/537.36"
145.239.65.236 - - [30/Nov/2025:09:14:48 -0500] "GET /wk/admin.php?dir=//sbin&item=dnssec-keyfromlabel&action=rename HTTP/1.1" 200 4742 "-" "Mozilla/5.0 (compatible; MJ12bot/v1.4.8; http://mj12bot.com/)"
74.7.243.195 - - [30/Nov/2025:09:14:48 -0500] "GET /wk/admin.php?dir=//proc/546933/root/var/softaculous/wp65/php82 HTTP/1.1" 200 2692 "-" "Mozilla/5.0 AppleWebKit/537.36 (KHTML, like Gecko; compatible; GPTBot/1.3; +https://openai.com/gptbot)"
74.7.243.195 - - [30/Nov/2025:09:14:50 -0500] "GET /wk/admin.php?dir=//proc/546933/root/var/softaculous/wp65/php81 HTTP/1.1" 200 2666 "-" "Mozilla/5.0 AppleWebKit/537.36 (KHTML, like Gecko; compatible; GPTBot/1.3; +https://openai.com/gptbot)"
145.239.65.236 - - [30/Nov/2025:09:14:51 -0500] "GET /wk/admin.php?dir=//sbin&item=dnssec-keyfromlabel&action=view HTTP/1.1" 200 4804 "-" "Mozilla/5.0 (compatible; MJ12bot/v1.4.8; http://mj12bot.com/)"
3.219.81.66 - - [30/Nov/2025:09:14:51 -0500] "GET /wk/admin.php?action=chmod&dir=//home/bappguir/lscache/f/c/e&item=fce7c36e41f0fd32 HTTP/1.1" 200 8541 "-" "Mozilla/5.0 AppleWebKit/537.36 (KHTML, like Gecko; compatible; Amazonbot/0.1; +https://developer.amazon.com/support/amazonbot) Chrome/119.0.6045.214 Safari/537.36"
74.7.243.195 - - [30/Nov/2025:09:14:52 -0500] "GET /wk/admin.php?action=view&dir=//proc/546933/root/var/softaculous/wp65/languages&item=hu_HU.zip HTTP/1.1" 200 3975 "-" "Mozilla/5.0 AppleWebKit/537.36 (KHTML, like Gecko; compatible; GPTBot/1.3; +https://openai.com/gptbot)"
145.239.65.236 - - [30/Nov/2025:09:14:54 -0500] "GET /wk/admin.php?dir=//sbin&item=dnssec-keygen&action=chmod HTTP/1.1" 200 4593 "-" "Mozilla/5.0 (compatible; MJ12bot/v1.4.8; http://mj12bot.com/)"
74.7.243.195 - - [30/Nov/2025:09:14:54 -0500] "GET /wk/admin.php?dir=//proc/546933/root/var/softaculous/wp51/php82 HTTP/1.1" 200 2632 "-" "Mozilla/5.0 AppleWebKit/537.36 (KHTML, like Gecko; compatible; GPTBot/1.3; +https://openai.com/gptbot)"
74.7.243.195 - - [30/Nov/2025:09:14:57 -0500] "GET /wk/admin.php?dir=//proc/546933/root/var/softaculous/wp51/php71 HTTP/1.1" 200 2692 "-" "Mozilla/5.0 AppleWebKit/537.36 (KHTML, like Gecko; compatible; GPTBot/1.3; +https://openai.com/gptbot)"
145.239.65.236 - - [30/Nov/2025:09:14:58 -0500] "GET /wk/admin.php?dir=//sbin&item=dnssec-keygen&action=edit HTTP/1.1" 200 4846 "-" "Mozilla/5.0 (compatible; MJ12bot/v1.4.8; http://mj12bot.com/)"
98.84.70.201 - - [30/Nov/2025:09:14:58 -0500] "GET /wk/admin.php?action=chmod&dir=//home/bappguir/lscache/a/4/e&item=a4e9a296a5f2b0b9 HTTP/1.1" 200 10033 "-" "Mozilla/5.0 AppleWebKit/537.36 (KHTML, like Gecko; compatible; Amazonbot/0.1; +https://developer.amazon.com/support/amazonbot) Chrome/119.0.6045.214 Safari/537.36"
44.197.76.210 - - [30/Nov/2025:09:14:58 -0500] "GET /wk/admin.php?action=chmod&dir=//home/bappguir/lscache/b/e/c&item=becbf521ddd0ff9d HTTP/1.1" 200 10571 "-" "Mozilla/5.0 AppleWebKit/537.36 (KHTML, like Gecko; compatible; Amazonbot/0.1; +https://developer.amazon.com/support/amazonbot) Chrome/119.0.6045.214 Safari/537.36"
74.7.243.195 - - [30/Nov/2025:09:14:59 -0500] "GET /wk/admin.php?action=rename&dir=//proc/546933/root/lib/firmware/qcom/qcs6490&item=QCS6490-RB3Gen2-tplg.bin HTTP/1.1" 200 3064 "-" "Mozilla/5.0 AppleWebKit/537.36 (KHTML, like Gecko; compatible; GPTBot/1.3; +https://openai.com/gptbot)"
145.239.65.236 - - [30/Nov/2025:09:15:01 -0500] "GET /wk/admin.php?dir=//sbin&item=dnssec-keygen&action=rename HTTP/1.1" 200 4665 "-" "Mozilla/5.0 (compatible; MJ12bot/v1.4.8; http://mj12bot.com/)"
74.7.243.195 - - [30/Nov/2025:09:15:01 -0500] "GET /wk/admin.php?action=view&dir=//proc/546933/root/var/softaculous/wp65/php82&item=extend.php HTTP/1.1" 200 69697 "-" "Mozilla/5.0 AppleWebKit/537.36 (KHTML, like Gecko; compatible; GPTBot/1.3; +https://openai.com/gptbot)"
54.86.59.155 - - [30/Nov/2025:09:15:02 -0500] "GET /wk/admin.php?action=chmod&dir=//home/bappguir/lscache/c/a/7&item=ca7b4afafa4682c7 HTTP/1.1" 200 8385 "-" "Mozilla/5.0 AppleWebKit/537.36 (KHTML, like Gecko; compatible; Amazonbot/0.1; +https://developer.amazon.com/support/amazonbot) Chrome/119.0.6045.214 Safari/537.36"
74.7.243.195 - - [30/Nov/2025:09:15:03 -0500] "GET /wk/admin.php?action=rename&dir=//proc/546933/root/var/softaculous/wp51/languages&item=ja.zip HTTP/1.1" 200 3935 "-" "Mozilla/5.0 AppleWebKit/537.36 (KHTML, like Gecko; compatible; GPTBot/1.3; +https://openai.com/gptbot)"
145.239.65.236 - - [30/Nov/2025:09:15:05 -0500] "GET /wk/admin.php?dir=//sbin&item=dnssec-keygen&action=view HTTP/1.1" 200 4604 "-" "Mozilla/5.0 (compatible; MJ12bot/v1.4.8; http://mj12bot.com/)"
74.7.243.195 - - [30/Nov/2025:09:15:06 -0500] "GET /wk/admin.php?dir=//proc/546933/root/var/softaculous/wp51/php53 HTTP/1.1" 200 2616 "-" "Mozilla/5.0 AppleWebKit/537.36 (KHTML, like Gecko; compatible; GPTBot/1.3; +https://openai.com/gptbot)"
74.7.243.195 - - [30/Nov/2025:09:15:08 -0500] "GET /wk/admin.php?dir=//proc/546933/root/var/softaculous/wp51/php56 HTTP/1.1" 200 1986 "-" "Mozilla/5.0 AppleWebKit/537.36 (KHTML, like Gecko; compatible; GPTBot/1.3; +https://openai.com/gptbot)"
145.239.65.236 - - [30/Nov/2025:09:15:08 -0500] "GET /wk/admin.php?dir=//sbin&item=dnssec-keymgr&action=chmod HTTP/1.1" 200 4591 "-" "Mozilla/5.0 (compatible; MJ12bot/v1.4.8; http://mj12bot.com/)"
74.7.243.195 - - [30/Nov/2025:09:15:10 -0500] "GET /wk/admin.php?dir=//proc/546933/root/var/softaculous/popoji/php53 HTTP/1.1" 200 1976 "-" "Mozilla/5.0 AppleWebKit/537.36 (KHTML, like Gecko; compatible; GPTBot/1.3; +https://openai.com/gptbot)"
54.210.155.69 - - [30/Nov/2025:09:15:10 -0500] "GET /wk/admin.php?action=chmod&dir=//home/bappguir/lscache/1/d/d&item=1dd5dc5e77779e5f HTTP/1.1" 200 9835 "-" "Mozilla/5.0 AppleWebKit/537.36 (KHTML, like Gecko; compatible; Amazonbot/0.1; +https://developer.amazon.com/support/amazonbot) Chrome/119.0.6045.214 Safari/537.36"
54.166.104.83 - - [30/Nov/2025:09:15:10 -0500] "GET /wk/admin.php?action=chmod&dir=//home/bappguir/lscache/0/a/0&item=0a0dd455a1f06af5 HTTP/1.1" 200 9046 "-" "Mozilla/5.0 AppleWebKit/537.36 (KHTML, like Gecko; compatible; Amazonbot/0.1; +https://developer.amazon.com/support/amazonbot) Chrome/119.0.6045.214 Safari/537.36"
145.239.65.236 - - [30/Nov/2025:09:15:12 -0500] "GET /wk/admin.php?dir=//sbin&item=dnssec-keymgr&action=edit HTTP/1.1" 200 5249 "-" "Mozilla/5.0 (compatible; MJ12bot/v1.4.8; http://mj12bot.com/)"
74.7.243.195 - - [30/Nov/2025:09:15:13 -0500] "GET /wk/admin.php?dir=//proc/546933/root/var/softaculous/croogo/php53 HTTP/1.1" 200 1976 "-" "Mozilla/5.0 AppleWebKit/537.36 (KHTML, like Gecko; compatible; GPTBot/1.3; +https://openai.com/gptbot)"
74.7.243.195 - - [30/Nov/2025:09:15:15 -0500] "GET /wk/admin.php?action=view&dir=//proc/546933/root/lib/firmware&item=iwlwifi-ty-a0-gf-a0-66.ucode HTTP/1.1" 200 2049 "-" "Mozilla/5.0 AppleWebKit/537.36 (KHTML, like Gecko; compatible; GPTBot/1.3; +https://openai.com/gptbot)"
145.239.65.236 - - [30/Nov/2025:09:15:15 -0500] "GET /wk/admin.php?dir=//sbin&item=dnssec-keymgr&action=rename HTTP/1.1" 200 4839 "-" "Mozilla/5.0 (compatible; MJ12bot/v1.4.8; http://mj12bot.com/)"
54.147.238.89 - - [30/Nov/2025:09:15:17 -0500] "GET /wk/admin.php?action=chmod&dir=//home/bappguir/lscache/d/3/d&item=d3de528d0e7f9e26 HTTP/1.1" 200 8648 "-" "Mozilla/5.0 AppleWebKit/537.36 (KHTML, like Gecko; compatible; Amazonbot/0.1; +https://developer.amazon.com/support/amazonbot) Chrome/119.0.6045.214 Safari/537.36"
74.7.243.195 - - [30/Nov/2025:09:15:17 -0500] "GET /wk/admin.php?dir=//proc/546933/root/var/softaculous/wacart/php53 HTTP/1.1" 200 1973 "-" "Mozilla/5.0 AppleWebKit/537.36 (KHTML, like Gecko; compatible; GPTBot/1.3; +https://openai.com/gptbot)"
184.72.95.195 - - [30/Nov/2025:09:15:18 -0500] "GET /wk/admin.php?action=chmod&dir=//opt/cloudlinux/venv/lib/python3.11/site-packages&item=lveapi.py HTTP/1.1" 200 14196 "-" "Mozilla/5.0 AppleWebKit/537.36 (KHTML, like Gecko; compatible; Amazonbot/0.1; +https://developer.amazon.com/support/amazonbot) Chrome/119.0.6045.214 Safari/537.36"
145.239.65.236 - - [30/Nov/2025:09:15:19 -0500] "GET /wk/admin.php?dir=//sbin&item=dnssec-keymgr&action=view HTTP/1.1" 200 5095 "-" "Mozilla/5.0 (compatible; MJ12bot/v1.4.8; http://mj12bot.com/)"
74.7.243.195 - - [30/Nov/2025:09:15:19 -0500] "GET /wk/admin.php?dir=//proc/546933/root/var/softaculous/wacart/php56 HTTP/1.1" 200 1973 "-" "Mozilla/5.0 AppleWebKit/537.36 (KHTML, like Gecko; compatible; GPTBot/1.3; +https://openai.com/gptbot)"
74.7.243.195 - - [30/Nov/2025:09:15:21 -0500] "GET /wk/admin.php?dir=//proc/546933/root/var/softaculous/chamilo/php56 HTTP/1.1" 200 1978 "-" "Mozilla/5.0 AppleWebKit/537.36 (KHTML, like Gecko; compatible; GPTBot/1.3; +https://openai.com/gptbot)"
145.239.65.236 - - [30/Nov/2025:09:15:22 -0500] "GET /wk/admin.php?dir=//sbin&item=dnssec-revoke&action=chmod HTTP/1.1" 200 4811 "-" "Mozilla/5.0 (compatible; MJ12bot/v1.4.8; http://mj12bot.com/)"
23.21.225.190 - - [30/Nov/2025:09:15:23 -0500] "GET /wk/admin.php?action=chmod&dir=//home/bappguir/lscache/a/0/2&item=a02e36872ab3c5c6 HTTP/1.1" 200 9274 "-" "Mozilla/5.0 AppleWebKit/537.36 (KHTML, like Gecko; compatible; Amazonbot/0.1; +https://developer.amazon.com/support/amazonbot) Chrome/119.0.6045.214 Safari/537.36"
74.7.243.195 - - [30/Nov/2025:09:15:24 -0500] "GET /wk/admin.php?dir=//proc/546933/root/var/softaculous/cumulus/php53 HTTP/1.1" 200 1977 "-" "Mozilla/5.0 AppleWebKit/537.36 (KHTML, like Gecko; compatible; GPTBot/1.3; +https://openai.com/gptbot)"
145.239.65.236 - - [30/Nov/2025:09:15:25 -0500] "GET /wk/admin.php?dir=//sbin&item=dnssec-revoke&action=edit HTTP/1.1" 200 4868 "-" "Mozilla/5.0 (compatible; MJ12bot/v1.4.8; http://mj12bot.com/)"
74.7.243.195 - - [30/Nov/2025:09:15:26 -0500] "GET /wk/admin.php?dir=//proc/546933/root/var/softaculous/hotaru/php56 HTTP/1.1" 200 1976 "-" "Mozilla/5.0 AppleWebKit/537.36 (KHTML, like Gecko; compatible; GPTBot/1.3; +https://openai.com/gptbot)"
3.81.253.213 - - [30/Nov/2025:09:15:27 -0500] "GET /wk/admin.php?action=chmod&dir=//home/bappguir/lscache/c/1/e&item=c1e34c7d3741d69c HTTP/1.1" 200 9563 "-" "Mozilla/5.0 AppleWebKit/537.36 (KHTML, like Gecko; compatible; Amazonbot/0.1; +https://developer.amazon.com/support/amazonbot) Chrome/119.0.6045.214 Safari/537.36"
74.7.243.195 - - [30/Nov/2025:09:15:29 -0500] "GET /wk/admin.php?dir=//proc/546933/root/var/softaculous/monsta/php56 HTTP/1.1" 200 1976 "-" "Mozilla/5.0 AppleWebKit/537.36 (KHTML, like Gecko; compatible; GPTBot/1.3; +https://openai.com/gptbot)"
145.239.65.236 - - [30/Nov/2025:09:15:29 -0500] "GET /wk/admin.php?dir=//sbin&item=dnssec-revoke&action=rename HTTP/1.1" 200 4835 "-" "Mozilla/5.0 (compatible; MJ12bot/v1.4.8; http://mj12bot.com/)"
74.7.243.195 - - [30/Nov/2025:09:15:31 -0500] "GET /wk/admin.php?dir=//proc/546933/root/var/softaculous/wp51/php81 HTTP/1.1" 200 1985 "-" "Mozilla/5.0 AppleWebKit/537.36 (KHTML, like Gecko; compatible; GPTBot/1.3; +https://openai.com/gptbot)"
145.239.65.236 - - [30/Nov/2025:09:15:32 -0500] "GET /wk/admin.php?dir=//sbin&item=dnssec-revoke&action=view HTTP/1.1" 200 4804 "-" "Mozilla/5.0 (compatible; MJ12bot/v1.4.8; http://mj12bot.com/)"
34.206.193.60 - - [30/Nov/2025:09:15:33 -0500] "GET /wk/admin.php?action=chmod&dir=//home/bappguir/lscache/e/f/3&item=ef33b8eea291b10c HTTP/1.1" 200 8555 "-" "Mozilla/5.0 AppleWebKit/537.36 (KHTML, like Gecko; compatible; Amazonbot/0.1; +https://developer.amazon.com/support/amazonbot) Chrome/119.0.6045.214 Safari/537.36"
74.7.243.195 - - [30/Nov/2025:09:15:33 -0500] "GET /wk/admin.php?dir=//proc/546933/root/var/softaculous/vision/php56 HTTP/1.1" 200 1978 "-" "Mozilla/5.0 AppleWebKit/537.36 (KHTML, like Gecko; compatible; GPTBot/1.3; +https://openai.com/gptbot)"
145.239.65.236 - - [30/Nov/2025:09:15:36 -0500] "GET /wk/admin.php?dir=//sbin&item=dnssec-settime&action=chmod HTTP/1.1" 200 4805 "-" "Mozilla/5.0 (compatible; MJ12bot/v1.4.8; http://mj12bot.com/)"
74.7.243.195 - - [30/Nov/2025:09:15:36 -0500] "GET /wk/admin.php?dir=//proc/546933/root/var/softaculous/presta/php53 HTTP/1.1" 200 1977 "-" "Mozilla/5.0 AppleWebKit/537.36 (KHTML, like Gecko; compatible; GPTBot/1.3; +https://openai.com/gptbot)"
52.204.81.148 - - [30/Nov/2025:09:15:37 -0500] "GET /wk/admin.php?action=chmod&dir=//home/bappguir/lscache/e/a/e&item=eae08ef6001fb3ff HTTP/1.1" 200 9397 "-" "Mozilla/5.0 AppleWebKit/537.36 (KHTML, like Gecko; compatible; Amazonbot/0.1; +https://developer.amazon.com/support/amazonbot) Chrome/119.0.6045.214 Safari/537.36"
74.7.243.195 - - [30/Nov/2025:09:15:38 -0500] "GET /wk/admin.php?dir=//proc/546933/root/var/softaculous/avactis/php53 HTTP/1.1" 200 1977 "-" "Mozilla/5.0 AppleWebKit/537.36 (KHTML, like Gecko; compatible; GPTBot/1.3; +https://openai.com/gptbot)"
52.5.242.243 - - [30/Nov/2025:09:15:38 -0500] "GET /wk/admin.php?action=chmod&dir=//home/bappguir/lscache/e/c/4&item=ec47253fe3c042c0 HTTP/1.1" 200 8771 "-" "Mozilla/5.0 AppleWebKit/537.36 (KHTML, like Gecko; compatible; Amazonbot/0.1; +https://developer.amazon.com/support/amazonbot) Chrome/119.0.6045.214 Safari/537.36"
145.239.65.236 - - [30/Nov/2025:09:15:39 -0500] "GET /wk/admin.php?dir=//sbin&item=dnssec-settime&action=edit HTTP/1.1" 200 4849 "-" "Mozilla/5.0 (compatible; MJ12bot/v1.4.8; http://mj12bot.com/)"
74.7.243.195 - - [30/Nov/2025:09:15:40 -0500] "GET /wk/admin.php?dir=//proc/546933/root/var/softaculous/contao/php56 HTTP/1.1" 200 1976 "-" "Mozilla/5.0 AppleWebKit/537.36 (KHTML, like Gecko; compatible; GPTBot/1.3; +https://openai.com/gptbot)"
145.239.65.236 - - [30/Nov/2025:09:15:43 -0500] "GET /wk/admin.php?dir=//sbin&item=dnssec-settime&action=rename HTTP/1.1" 200 4816 "-" "Mozilla/5.0 (compatible; MJ12bot/v1.4.8; http://mj12bot.com/)"
74.7.243.195 - - [30/Nov/2025:09:15:42 -0500] "GET /wk/admin.php?dir=//proc/546933/root/var/softaculous/jamroom/php53 HTTP/1.1" 200 1978 "-" "Mozilla/5.0 AppleWebKit/537.36 (KHTML, like Gecko; compatible; GPTBot/1.3; +https://openai.com/gptbot)"
3.213.85.234 - - [30/Nov/2025:09:15:43 -0500] "GET /wk/admin.php?action=chmod&dir=//home/bappguir/lscache/2/e/2&item=2e2ecd9ea7b99bcc HTTP/1.1" 200 8189 "-" "Mozilla/5.0 AppleWebKit/537.36 (KHTML, like Gecko; compatible; Amazonbot/0.1; +https://developer.amazon.com/support/amazonbot) Chrome/119.0.6045.214 Safari/537.36"
105.235.130.115 - - [30/Nov/2025:09:15:44 -0500] "GET /wk/admin.php?dir=/home/bappguir/public_html HTTP/1.1" 200 2855 "https://calloffcancer.org/wk/admin.php?dir=/home/bappguir" "Mozilla/5.0 (Windows NT 10.0; Win64; x64) AppleWebKit/537.36 (KHTML, like Gecko) Chrome/109.0.0.0 Safari/537.36"
74.7.243.195 - - [30/Nov/2025:09:15:45 -0500] "GET /wk/admin.php?dir=//proc/546933/root/var/softaculous/carbon/php53 HTTP/1.1" 200 1977 "-" "Mozilla/5.0 AppleWebKit/537.36 (KHTML, like Gecko; compatible; GPTBot/1.3; +https://openai.com/gptbot)"
145.239.65.236 - - [30/Nov/2025:09:15:46 -0500] "GET /wk/admin.php?dir=//sbin&item=dnssec-settime&action=view HTTP/1.1" 200 4826 "-" "Mozilla/5.0 (compatible; MJ12bot/v1.4.8; http://mj12bot.com/)"
74.7.243.195 - - [30/Nov/2025:09:15:47 -0500] "GET /wk/admin.php?dir=//proc/546933/root/var/softaculous/toaster/php53 HTTP/1.1" 200 1977 "-" "Mozilla/5.0 AppleWebKit/537.36 (KHTML, like Gecko; compatible; GPTBot/1.3; +https://openai.com/gptbot)"
34.206.193.60 - - [30/Nov/2025:09:15:49 -0500] "GET /wk/admin.php?action=chmod&dir=//home/bappguir/lscache/e/2/0&item=e209916a46e3a7c3 HTTP/1.1" 200 9140 "-" "Mozilla/5.0 AppleWebKit/537.36 (KHTML, like Gecko; compatible; Amazonbot/0.1; +https://developer.amazon.com/support/amazonbot) Chrome/119.0.6045.214 Safari/537.36"
145.239.65.236 - - [30/Nov/2025:09:15:49 -0500] "GET /wk/admin.php?dir=//sbin&item=dnssec-signzone&action=chmod HTTP/1.1" 200 4722 "-" "Mozilla/5.0 (compatible; MJ12bot/v1.4.8; http://mj12bot.com/)"
74.7.243.195 - - [30/Nov/2025:09:15:50 -0500] "GET /wk/admin.php?dir=//proc/546933/root/var/softaculous/mautic/php53 HTTP/1.1" 200 1976 "-" "Mozilla/5.0 AppleWebKit/537.36 (KHTML, like Gecko; compatible; GPTBot/1.3; +https://openai.com/gptbot)"
105.235.130.115 - - [30/Nov/2025:09:15:52 -0500] "GET / HTTP/1.1" 200 1475 "-" "Mozilla/5.0 (Windows NT 10.0; Win64; x64) AppleWebKit/537.36 (KHTML, like Gecko) Chrome/109.0.0.0 Safari/537.36"
44.214.19.8 - - [30/Nov/2025:09:15:51 -0500] "GET /wk/admin.php?action=chmod&dir=//home/bappguir/lscache/2/e/c&item=2ec43ea55e21cfa8 HTTP/1.1" 200 9793 "-" "Mozilla/5.0 AppleWebKit/537.36 (KHTML, like Gecko; compatible; Amazonbot/0.1; +https://developer.amazon.com/support/amazonbot) Chrome/119.0.6045.214 Safari/537.36"
74.7.243.195 - - [30/Nov/2025:09:15:52 -0500] "GET /wk/admin.php?dir=//proc/546933/root/var/softaculous/mautic/php56 HTTP/1.1" 200 1976 "-" "Mozilla/5.0 AppleWebKit/537.36 (KHTML, like Gecko; compatible; GPTBot/1.3; +https://openai.com/gptbot)"
145.239.65.236 - - [30/Nov/2025:09:15:53 -0500] "GET /wk/admin.php?dir=//sbin&item=dnssec-signzone&action=edit HTTP/1.1" 200 4828 "-" "Mozilla/5.0 (compatible; MJ12bot/v1.4.8; http://mj12bot.com/)"
105.235.130.115 - - [30/Nov/2025:09:15:55 -0500] "GET /postnews.php HTTP/1.1" 404 1251 "-" "Mozilla/5.0 (Windows NT 10.0; Win64; x64) AppleWebKit/537.36 (KHTML, like Gecko) Chrome/109.0.0.0 Safari/537.36"
74.7.243.195 - - [30/Nov/2025:09:15:54 -0500] "GET /wk/admin.php?dir=//proc/546933/root/var/softaculous/txtpat/php53 HTTP/1.1" 200 1976 "-" "Mozilla/5.0 AppleWebKit/537.36 (KHTML, like Gecko; compatible; GPTBot/1.3; +https://openai.com/gptbot)"
145.239.65.236 - - [30/Nov/2025:09:15:56 -0500] "GET /wk/admin.php?dir=//sbin&item=dnssec-signzone&action=rename HTTP/1.1" 200 4773 "-" "Mozilla/5.0 (compatible; MJ12bot/v1.4.8; http://mj12bot.com/)"
74.7.243.195 - - [30/Nov/2025:09:15:56 -0500] "GET /wk/admin.php?dir=//proc/546933/root/var/softaculous/drupal/php53 HTTP/1.1" 200 1976 "-" "Mozilla/5.0 AppleWebKit/537.36 (KHTML, like Gecko; compatible; GPTBot/1.3; +https://openai.com/gptbot)"
18.213.70.100 - - [30/Nov/2025:09:15:58 -0500] "GET /wk/admin.php?action=chmod&dir=//home/bappguir/lscache/2/b/1&item=2b14fdcc81de2f4b HTTP/1.1" 200 9533 "-" "Mozilla/5.0 AppleWebKit/537.36 (KHTML, like Gecko; compatible; Amazonbot/0.1; +https://developer.amazon.com/support/amazonbot) Chrome/119.0.6045.214 Safari/537.36"
74.7.243.195 - - [30/Nov/2025:09:15:59 -0500] "GET /wk/admin.php?dir=//proc/546933/root/var/softaculous/drupal/php56 HTTP/1.1" 200 1976 "-" "Mozilla/5.0 AppleWebKit/537.36 (KHTML, like Gecko; compatible; GPTBot/1.3; +https://openai.com/gptbot)"
145.239.65.236 - - [30/Nov/2025:09:15:59 -0500] "GET /wk/admin.php?dir=//sbin&item=dnssec-signzone&action=view HTTP/1.1" 200 4645 "-" "Mozilla/5.0 (compatible; MJ12bot/v1.4.8; http://mj12bot.com/)"
44.207.69.106 - - [30/Nov/2025:09:15:59 -0500] "GET /wk/admin.php?action=chmod&dir=//home/bappguir/lscache/b/c/2&item=bc227e9a85160e3e HTTP/1.1" 200 9871 "-" "Mozilla/5.0 AppleWebKit/537.36 (KHTML, like Gecko; compatible; Amazonbot/0.1; +https://developer.amazon.com/support/amazonbot) Chrome/119.0.6045.214 Safari/537.36"
74.7.243.195 - - [30/Nov/2025:09:16:01 -0500] "GET /wk/admin.php?dir=//proc/546933/root/var/softaculous/anchor/php53 HTTP/1.1" 200 1976 "-" "Mozilla/5.0 AppleWebKit/537.36 (KHTML, like Gecko; compatible; GPTBot/1.3; +https://openai.com/gptbot)"
145.239.65.236 - - [30/Nov/2025:09:16:03 -0500] "GET /wk/admin.php?dir=//sbin&item=dnssec-verify&action=chmod HTTP/1.1" 200 4817 "-" "Mozilla/5.0 (compatible; MJ12bot/v1.4.8; http://mj12bot.com/)"
